[INFO] cloning repository https://github.com/ctaoist/serde_default
[INFO] running `Command { std: "git" "-c" "credential.helper=" "-c" "credential.helper=/workspace/cargo-home/bin/git-credential-null" "clone" "--bare" "https://github.com/ctaoist/serde_default" "/workspace/cache/git-repos/https%3A%2F%2Fgithub.com%2Fctaoist%2Fserde_default", kill_on_drop: false }`
[INFO] [stderr] Cloning into bare repository '/workspace/cache/git-repos/https%3A%2F%2Fgithub.com%2Fctaoist%2Fserde_default'...
[INFO] running `Command { std: "git" "rev-parse" "HEAD", kill_on_drop: false }`
[INFO] [stdout] 3962b405e680cc7d9cc4d47ab11adbd111b7449d
[INFO] testing ctaoist/serde_default against 1.83.0 for beta-1.84.0-4-retry
[INFO] running `Command { std: "git" "clone" "/workspace/cache/git-repos/https%3A%2F%2Fgithub.com%2Fctaoist%2Fserde_default" "/workspace/builds/worker-1-tc1/source", kill_on_drop: false }`
[INFO] [stderr] Cloning into '/workspace/builds/worker-1-tc1/source'...
[INFO] [stderr] done.
[INFO] validating manifest of git repo https://github.com/ctaoist/serde_default on toolchain 1.83.0
[INFO] running `Command { std: CARGO_HOME="/workspace/cargo-home" RUSTUP_HOME="/workspace/rustup-home" "/workspace/cargo-home/bin/cargo" "+1.83.0" "metadata" "--manifest-path" "Cargo.toml" "--no-deps", kill_on_drop: false }`
[INFO] started tweaking git repo https://github.com/ctaoist/serde_default
[INFO] finished tweaking git repo https://github.com/ctaoist/serde_default
[INFO] tweaked toml for git repo https://github.com/ctaoist/serde_default written to /workspace/builds/worker-1-tc1/source/Cargo.toml
[INFO] crate git repo https://github.com/ctaoist/serde_default already has a lockfile, it will not be regenerated
[INFO] running `Command { std: CARGO_HOME="/workspace/cargo-home" RUSTUP_HOME="/workspace/rustup-home" "/workspace/cargo-home/bin/cargo" "+1.83.0" "fetch" "--manifest-path" "Cargo.toml", kill_on_drop: false }`
[INFO] running `Command { std: "docker" "create" "-v" "/var/lib/crater-agent-workspace/builds/worker-1-tc1/target:/opt/rustwide/target:rw,Z" "-v" "/var/lib/crater-agent-workspace/builds/worker-1-tc1/source:/opt/rustwide/workdir:ro,Z" "-v" "/var/lib/crater-agent-workspace/cargo-home:/opt/rustwide/cargo-home:ro,Z" "-v" "/var/lib/crater-agent-workspace/rustup-home:/opt/rustwide/rustup-home:ro,Z" "-e" "SOURCE_DIR=/opt/rustwide/workdir" "-e" "CARGO_TARGET_DIR=/opt/rustwide/target" "-e" "CARGO_HOME=/opt/rustwide/cargo-home" "-e" "RUSTUP_HOME=/opt/rustwide/rustup-home" "-w" "/opt/rustwide/workdir" "-m" "1610612736" "--user" "0:0" "--network" "none" "ghcr.io/rust-lang/crates-build-env/linux@sha256:f3a9d4ad9d972b27faf3965f35b62e55ba32bbce8f20bc8fe909558a86702fde" "/opt/rustwide/cargo-home/bin/cargo" "+1.83.0" "metadata" "--no-deps" "--format-version=1", kill_on_drop: false }`
[INFO] [stdout] cfa143458b5c47f21ee1a57eccd396eee50750521dc10825dd3a9e15dce5aed7
[INFO] running `Command { std: "docker" "start" "-a" "cfa143458b5c47f21ee1a57eccd396eee50750521dc10825dd3a9e15dce5aed7", kill_on_drop: false }`
[INFO] running `Command { std: "docker" "inspect" "cfa143458b5c47f21ee1a57eccd396eee50750521dc10825dd3a9e15dce5aed7", kill_on_drop: false }`
[INFO] running `Command { std: "docker" "rm" "-f" "cfa143458b5c47f21ee1a57eccd396eee50750521dc10825dd3a9e15dce5aed7", kill_on_drop: false }`
[INFO] [stdout] cfa143458b5c47f21ee1a57eccd396eee50750521dc10825dd3a9e15dce5aed7
[INFO] running `Command { std: "docker" "create" "-v" "/var/lib/crater-agent-workspace/builds/worker-1-tc1/target:/opt/rustwide/target:rw,Z" "-v" "/var/lib/crater-agent-workspace/builds/worker-1-tc1/source:/opt/rustwide/workdir:ro,Z" "-v" "/var/lib/crater-agent-workspace/cargo-home:/opt/rustwide/cargo-home:ro,Z" "-v" "/var/lib/crater-agent-workspace/rustup-home:/opt/rustwide/rustup-home:ro,Z" "-e" "SOURCE_DIR=/opt/rustwide/workdir" "-e" "CARGO_TARGET_DIR=/opt/rustwide/target" "-e" "CARGO_INCREMENTAL=0" "-e" "RUST_BACKTRACE=full" "-e" "RUSTFLAGS=--cap-lints=warn" "-e" "RUSTDOCFLAGS=--cap-lints=warn" "-e" "CARGO_HOME=/opt/rustwide/cargo-home" "-e" "RUSTUP_HOME=/opt/rustwide/rustup-home" "-w" "/opt/rustwide/workdir" "-m" "1610612736" "--user" "0:0" "--network" "none" "ghcr.io/rust-lang/crates-build-env/linux@sha256:f3a9d4ad9d972b27faf3965f35b62e55ba32bbce8f20bc8fe909558a86702fde" "/opt/rustwide/cargo-home/bin/cargo" "+1.83.0" "build" "--frozen" "--message-format=json", kill_on_drop: false }`
[INFO] [stdout] 950ecce00ecc94406c3382988268e1229dc7ba942ede9f0fda2424e6d159eadb
[INFO] running `Command { std: "docker" "start" "-a" "950ecce00ecc94406c3382988268e1229dc7ba942ede9f0fda2424e6d159eadb", kill_on_drop: false }`
[INFO] [stderr]    Compiling proc-macro2 v1.0.63
[INFO] [stderr]    Compiling unicode-ident v1.0.10
[INFO] [stderr]    Compiling quote v1.0.29
[INFO] [stderr]    Compiling syn v2.0.23
[INFO] [stderr]    Compiling serde_default v0.1.0 (/opt/rustwide/workdir)
[INFO] [stderr]     Finished `dev` profile [unoptimized + debuginfo] target(s) in 5.89s
[INFO] running `Command { std: "docker" "inspect" "950ecce00ecc94406c3382988268e1229dc7ba942ede9f0fda2424e6d159eadb", kill_on_drop: false }`
[INFO] running `Command { std: "docker" "rm" "-f" "950ecce00ecc94406c3382988268e1229dc7ba942ede9f0fda2424e6d159eadb", kill_on_drop: false }`
[INFO] [stdout] 950ecce00ecc94406c3382988268e1229dc7ba942ede9f0fda2424e6d159eadb
[INFO] running `Command { std: "docker" "create" "-v" "/var/lib/crater-agent-workspace/builds/worker-1-tc1/target:/opt/rustwide/target:rw,Z" "-v" "/var/lib/crater-agent-workspace/builds/worker-1-tc1/source:/opt/rustwide/workdir:ro,Z" "-v" "/var/lib/crater-agent-workspace/cargo-home:/opt/rustwide/cargo-home:ro,Z" "-v" "/var/lib/crater-agent-workspace/rustup-home:/opt/rustwide/rustup-home:ro,Z" "-e" "SOURCE_DIR=/opt/rustwide/workdir" "-e" "CARGO_TARGET_DIR=/opt/rustwide/target" "-e" "CARGO_INCREMENTAL=0" "-e" "RUST_BACKTRACE=full" "-e" "RUSTFLAGS=--cap-lints=warn" "-e" "RUSTDOCFLAGS=--cap-lints=warn" "-e" "CARGO_HOME=/opt/rustwide/cargo-home" "-e" "RUSTUP_HOME=/opt/rustwide/rustup-home" "-w" "/opt/rustwide/workdir" "-m" "1610612736" "--user" "0:0" "--network" "none" "ghcr.io/rust-lang/crates-build-env/linux@sha256:f3a9d4ad9d972b27faf3965f35b62e55ba32bbce8f20bc8fe909558a86702fde" "/opt/rustwide/cargo-home/bin/cargo" "+1.83.0" "test" "--frozen" "--no-run" "--message-format=json", kill_on_drop: false }`
[INFO] [stdout] 5f96edf9c45874372bd311d3158fc5d68f39982991f1ae53abc927cbe911f743
[INFO] running `Command { std: "docker" "start" "-a" "5f96edf9c45874372bd311d3158fc5d68f39982991f1ae53abc927cbe911f743", kill_on_drop: false }`
[INFO] [stderr]    Compiling serde_default v0.1.0 (/opt/rustwide/workdir)
[INFO] [stderr]     Finished `test` profile [unoptimized + debuginfo] target(s) in 0.85s
[INFO] running `Command { std: "docker" "inspect" "5f96edf9c45874372bd311d3158fc5d68f39982991f1ae53abc927cbe911f743", kill_on_drop: false }`
[INFO] running `Command { std: "docker" "rm" "-f" "5f96edf9c45874372bd311d3158fc5d68f39982991f1ae53abc927cbe911f743", kill_on_drop: false }`
[INFO] [stdout] 5f96edf9c45874372bd311d3158fc5d68f39982991f1ae53abc927cbe911f743
[INFO] running `Command { std: "docker" "create" "-v" "/var/lib/crater-agent-workspace/builds/worker-1-tc1/target:/opt/rustwide/target:rw,Z" "-v" "/var/lib/crater-agent-workspace/builds/worker-1-tc1/source:/opt/rustwide/workdir:ro,Z" "-v" "/var/lib/crater-agent-workspace/cargo-home:/opt/rustwide/cargo-home:ro,Z" "-v" "/var/lib/crater-agent-workspace/rustup-home:/opt/rustwide/rustup-home:ro,Z" "-e" "SOURCE_DIR=/opt/rustwide/workdir" "-e" "CARGO_TARGET_DIR=/opt/rustwide/target" "-e" "CARGO_INCREMENTAL=0" "-e" "RUST_BACKTRACE=full" "-e" "RUSTFLAGS=--cap-lints=warn" "-e" "RUSTDOCFLAGS=--cap-lints=warn" "-e" "CARGO_HOME=/opt/rustwide/cargo-home" "-e" "RUSTUP_HOME=/opt/rustwide/rustup-home" "-w" "/opt/rustwide/workdir" "-m" "1610612736" "--user" "0:0" "--network" "none" "ghcr.io/rust-lang/crates-build-env/linux@sha256:f3a9d4ad9d972b27faf3965f35b62e55ba32bbce8f20bc8fe909558a86702fde" "/opt/rustwide/cargo-home/bin/cargo" "+1.83.0" "test" "--frozen", kill_on_drop: false }`
[INFO] [stdout] 7e7bcade21aa60a214732b377c18120a69f9f7096185b5c3f186168ad489f612
[INFO] running `Command { std: "docker" "start" "-a" "7e7bcade21aa60a214732b377c18120a69f9f7096185b5c3f186168ad489f612", kill_on_drop: false }`
[INFO] [stderr]     Finished `test` profile [unoptimized + debuginfo] target(s) in 0.03s
[INFO] [stderr]      Running unittests src/lib.rs (/opt/rustwide/target/debug/deps/serde_default-83f7981d094dbefd)
[INFO] [stdout] 
[INFO] [stdout] running 0 tests
[INFO] [stdout] 
[INFO] [stdout] test result: ok. 0 passed; 0 failed; 0 ignored; 0 measured; 0 filtered out; finished in 0.00s
[INFO] [stdout] 
[INFO] [stderr]    Doc-tests serde_default
[INFO] [stdout] 
[INFO] [stdout] running 1 test
[INFO] [stdout] test src/lib.rs - serde_default (line 10) ... FAILED
[INFO] [stdout] 
[INFO] [stdout] failures:
[INFO] [stdout] 
[INFO] [stdout] ---- src/lib.rs - serde_default (line 10) stdout ----
[INFO] [stdout] error: expected `;`, found `Foo`
[INFO] [stdout]   --> src/lib.rs:17:7
[INFO] [stdout]    |
[INFO] [stdout] 8  | #[serde_default]
[INFO] [stdout]    | ---------------- only `;` terminated statements or tail expressions are allowed after these attributes
[INFO] [stdout] 9  | #[derive(Deserialize, Serialize)]
[INFO] [stdout]    | ---------------------------------
[INFO] [stdout] 10 | Struct Foo {
[INFO] [stdout]    |       ^--- unexpected token
[INFO] [stdout]    |       |
[INFO] [stdout]    |       help: add `;` here
[INFO] [stdout] 
[INFO] [stdout] error[E0432]: unresolved import `serde`
[INFO] [stdout]  --> src/lib.rs:13:5
[INFO] [stdout]   |
[INFO] [stdout] 6 | use serde::{Deserialize, Serialize};
[INFO] [stdout]   |     ^^^^^ use of undeclared crate or module `serde`
[INFO] [stdout] 
[INFO] [stdout] error[E0422]: cannot find struct, variant or union type `Foo` in this scope
[INFO] [stdout]   --> src/lib.rs:17:8
[INFO] [stdout]    |
[INFO] [stdout] 10 | Struct Foo {
[INFO] [stdout]    |        ^^^ not found in this scope
[INFO] [stdout] 
[INFO] [stdout] error[E0423]: expected value, found struct `String`
[INFO] [stdout]   --> src/lib.rs:18:9
[INFO] [stdout]    |
[INFO] [stdout] 11 |   name: String,
[INFO] [stdout]    |         ^^^^^^
[INFO] [stdout]   --> /rustc/90b35a6239c3d8bdabc530a6a0816f7ff89a0aaf/library/alloc/src/string.rs:362:1
[INFO] [stdout]    |
[INFO] [stdout]    = note: `String` defined here
[INFO] [stdout] 
[INFO] [stderr] error: doctest failed, to rerun pass `--doc`
[INFO] [stdout] error[E0425]: cannot find value `int` in this scope
[INFO] [stdout]   --> src/lib.rs:19:8
[INFO] [stdout]    |
[INFO] [stdout] 12 |   age: int
[INFO] [stdout]    |        ^^^ not found in this scope
[INFO] [stdout] 
[INFO] [stdout] error: aborting due to 5 previous errors
[INFO] [stdout] 
[INFO] [stdout] Some errors have detailed explanations: E0422, E0423, E0425, E0432.
[INFO] [stdout] For more information about an error, try `rustc --explain E0422`.
[INFO] [stdout] Couldn't compile the test.
[INFO] [stdout] 
[INFO] [stdout] failures:
[INFO] [stdout]     src/lib.rs - serde_default (line 10)
[INFO] [stdout] 
[INFO] [stdout] test result: FAILED. 0 passed; 1 failed; 0 ignored; 0 measured; 0 filtered out; finished in 0.13s
[INFO] [stdout] 
[INFO] running `Command { std: "docker" "inspect" "7e7bcade21aa60a214732b377c18120a69f9f7096185b5c3f186168ad489f612", kill_on_drop: false }`
[INFO] running `Command { std: "docker" "rm" "-f" "7e7bcade21aa60a214732b377c18120a69f9f7096185b5c3f186168ad489f612", kill_on_drop: false }`
[INFO] [stdout] 7e7bcade21aa60a214732b377c18120a69f9f7096185b5c3f186168ad489f612
