[INFO] cloning repository https://github.com/crzysdrs/aoc
[INFO] running `Command { std: "git" "-c" "credential.helper=" "-c" "credential.helper=/workspace/cargo-home/bin/git-credential-null" "clone" "--bare" "https://github.com/crzysdrs/aoc" "/workspace/cache/git-repos/https%3A%2F%2Fgithub.com%2Fcrzysdrs%2Faoc", kill_on_drop: false }`
[INFO] [stderr] Cloning into bare repository '/workspace/cache/git-repos/https%3A%2F%2Fgithub.com%2Fcrzysdrs%2Faoc'...
[INFO] running `Command { std: "git" "rev-parse" "HEAD", kill_on_drop: false }`
[INFO] [stdout] 1de87c23241bdc6a9e26f5e0247ec5b6fec937db
[INFO] testing crzysdrs/aoc/1de87c23241bdc6a9e26f5e0247ec5b6fec937db against beta-2024-12-08 for beta-1.84.0-4-retry
[INFO] running `Command { std: "git" "clone" "/workspace/cache/git-repos/https%3A%2F%2Fgithub.com%2Fcrzysdrs%2Faoc" "/workspace/builds/worker-6-tc2/source", kill_on_drop: false }`
[INFO] [stderr] Cloning into '/workspace/builds/worker-6-tc2/source'...
[INFO] [stderr] done.
[INFO] validating manifest of git repo https://github.com/crzysdrs/aoc on toolchain beta-2024-12-08
[INFO] running `Command { std: CARGO_HOME="/workspace/cargo-home" RUSTUP_HOME="/workspace/rustup-home" "/workspace/cargo-home/bin/cargo" "+beta-2024-12-08" "metadata" "--manifest-path" "Cargo.toml" "--no-deps", kill_on_drop: false }`
[INFO] started tweaking git repo https://github.com/crzysdrs/aoc
[INFO] finished tweaking git repo https://github.com/crzysdrs/aoc
[INFO] tweaked toml for git repo https://github.com/crzysdrs/aoc written to /workspace/builds/worker-6-tc2/source/Cargo.toml
[INFO] crate git repo https://github.com/crzysdrs/aoc already has a lockfile, it will not be regenerated
[INFO] running `Command { std: CARGO_HOME="/workspace/cargo-home" RUSTUP_HOME="/workspace/rustup-home" "/workspace/cargo-home/bin/cargo" "+beta-2024-12-08" "fetch" "--manifest-path" "Cargo.toml", kill_on_drop: false }`
[INFO] running `Command { std: "docker" "create" "-v" "/var/lib/crater-agent-workspace/builds/worker-6-tc2/target:/opt/rustwide/target:rw,Z" "-v" "/var/lib/crater-agent-workspace/builds/worker-6-tc2/source:/opt/rustwide/workdir:ro,Z" "-v" "/var/lib/crater-agent-workspace/cargo-home:/opt/rustwide/cargo-home:ro,Z" "-v" "/var/lib/crater-agent-workspace/rustup-home:/opt/rustwide/rustup-home:ro,Z" "-e" "SOURCE_DIR=/opt/rustwide/workdir" "-e" "CARGO_TARGET_DIR=/opt/rustwide/target" "-e" "CARGO_HOME=/opt/rustwide/cargo-home" "-e" "RUSTUP_HOME=/opt/rustwide/rustup-home" "-w" "/opt/rustwide/workdir" "-m" "1610612736" "--user" "0:0" "--network" "none" "ghcr.io/rust-lang/crates-build-env/linux@sha256:f3a9d4ad9d972b27faf3965f35b62e55ba32bbce8f20bc8fe909558a86702fde" "/opt/rustwide/cargo-home/bin/cargo" "+beta-2024-12-08" "metadata" "--no-deps" "--format-version=1", kill_on_drop: false }`
[INFO] [stdout] 06fd1348e2347539b91e79711c15c843e79993c7cd855383e871083fe7e53070
[INFO] running `Command { std: "docker" "start" "-a" "06fd1348e2347539b91e79711c15c843e79993c7cd855383e871083fe7e53070", kill_on_drop: false }`
[INFO] running `Command { std: "docker" "inspect" "06fd1348e2347539b91e79711c15c843e79993c7cd855383e871083fe7e53070", kill_on_drop: false }`
[INFO] running `Command { std: "docker" "rm" "-f" "06fd1348e2347539b91e79711c15c843e79993c7cd855383e871083fe7e53070", kill_on_drop: false }`
[INFO] [stdout] 06fd1348e2347539b91e79711c15c843e79993c7cd855383e871083fe7e53070
[INFO] running `Command { std: "docker" "create" "-v" "/var/lib/crater-agent-workspace/builds/worker-6-tc2/target:/opt/rustwide/target:rw,Z" "-v" "/var/lib/crater-agent-workspace/builds/worker-6-tc2/source:/opt/rustwide/workdir:ro,Z" "-v" "/var/lib/crater-agent-workspace/cargo-home:/opt/rustwide/cargo-home:ro,Z" "-v" "/var/lib/crater-agent-workspace/rustup-home:/opt/rustwide/rustup-home:ro,Z" "-e" "SOURCE_DIR=/opt/rustwide/workdir" "-e" "CARGO_TARGET_DIR=/opt/rustwide/target" "-e" "CARGO_INCREMENTAL=0" "-e" "RUST_BACKTRACE=full" "-e" "RUSTFLAGS=--cap-lints=warn" "-e" "RUSTDOCFLAGS=--cap-lints=warn" "-e" "CARGO_HOME=/opt/rustwide/cargo-home" "-e" "RUSTUP_HOME=/opt/rustwide/rustup-home" "-w" "/opt/rustwide/workdir" "-m" "1610612736" "--user" "0:0" "--network" "none" "ghcr.io/rust-lang/crates-build-env/linux@sha256:f3a9d4ad9d972b27faf3965f35b62e55ba32bbce8f20bc8fe909558a86702fde" "/opt/rustwide/cargo-home/bin/cargo" "+beta-2024-12-08" "build" "--frozen" "--message-format=json", kill_on_drop: false }`
[INFO] [stdout] 200341762adddf09ea472bf7e3e63239037c8704ce43f4bfd0eeb610dda349a4
[INFO] running `Command { std: "docker" "start" "-a" "200341762adddf09ea472bf7e3e63239037c8704ce43f4bfd0eeb610dda349a4", kill_on_drop: false }`
[INFO] [stderr]    Compiling autocfg v1.4.0
[INFO] [stderr]    Compiling proc-macro2 v1.0.92
[INFO] [stderr]    Compiling unicode-ident v1.0.14
[INFO] [stderr]    Compiling crossbeam-utils v0.8.20
[INFO] [stderr]    Compiling memchr v2.7.4
[INFO] [stderr]    Compiling serde v1.0.215
[INFO] [stderr]    Compiling regex-syntax v0.8.5
[INFO] [stderr]    Compiling utf8parse v0.2.2
[INFO] [stderr]    Compiling either v1.13.0
[INFO] [stderr]    Compiling anstyle-parse v0.2.6
[INFO] [stderr]    Compiling colorchoice v1.0.3
[INFO] [stderr]    Compiling is_terminal_polyfill v1.70.1
[INFO] [stderr]    Compiling anstyle-query v1.1.2
[INFO] [stderr]    Compiling anstyle v1.0.10
[INFO] [stderr]    Compiling hashbrown v0.15.2
[INFO] [stderr]    Compiling cgmath v0.18.0
[INFO] [stderr]    Compiling num-traits v0.2.19
[INFO] [stderr]    Compiling aho-corasick v1.1.3
[INFO] [stderr]    Compiling crossbeam-epoch v0.9.18
[INFO] [stderr]    Compiling unicode-segmentation v1.10.1
[INFO] [stderr]    Compiling quote v1.0.37
[INFO] [stderr]    Compiling rayon-core v1.12.1
[INFO] [stderr]    Compiling equivalent v1.0.1
[INFO] [stderr]    Compiling indexmap v2.6.0
[INFO] [stderr]    Compiling crossbeam-deque v0.8.5
[INFO] [stderr]    Compiling syn v2.0.90
[INFO] [stderr]    Compiling convert_case v0.6.0
[INFO] [stderr]    Compiling anstream v0.6.18
[INFO] [stderr]    Compiling num-integer v0.1.46
[INFO] [stderr]    Compiling num-complex v0.4.6
[INFO] [stderr]    Compiling num-bigint v0.4.6
[INFO] [stderr]    Compiling num-iter v0.1.45
[INFO] [stderr]    Compiling approx v0.4.0
[INFO] [stderr]    Compiling itertools v0.13.0
[INFO] [stderr]    Compiling strsim v0.11.1
[INFO] [stderr]    Compiling unicode-xid v0.2.6
[INFO] [stderr]    Compiling clap_lex v0.7.3
[INFO] [stderr]    Compiling regex-automata v0.4.9
[INFO] [stderr]    Compiling heck v0.5.0
[INFO] [stderr]    Compiling fixedbitset v0.4.2
[INFO] [stderr]    Compiling clap_builder v4.5.21
[INFO] [stderr]    Compiling petgraph v0.6.5
[INFO] [stderr]    Compiling num-rational v0.4.2
[INFO] [stderr]    Compiling minimal-lexical v0.2.1
[INFO] [stderr]    Compiling num v0.4.3
[INFO] [stderr]    Compiling paste v1.0.15
[INFO] [stderr]    Compiling bytemuck v1.20.0
[INFO] [stderr]    Compiling rayon v1.10.0
[INFO] [stderr]    Compiling nom v7.1.3
[INFO] [stderr]    Compiling safe_arch v0.7.2
[INFO] [stderr]    Compiling regex v1.11.1
[INFO] [stderr]    Compiling matrixmultiply v0.3.9
[INFO] [stderr]    Compiling typenum v1.17.0
[INFO] [stderr]    Compiling wide v0.7.30
[INFO] [stderr]    Compiling approx v0.5.1
[INFO] [stderr]    Compiling rawpointer v0.2.1
[INFO] [stderr]    Compiling iana-time-zone v0.1.61
[INFO] [stderr]    Compiling chrono v0.4.38
[INFO] [stderr]    Compiling serde_derive v1.0.215
[INFO] [stderr]    Compiling enum-primitive-derive v0.3.0
[INFO] [stderr]    Compiling derive_more-impl v1.0.0
[INFO] [stderr]    Compiling clap_derive v4.5.18
[INFO] [stderr]    Compiling num-derive v0.4.2
[INFO] [stderr]    Compiling simba v0.9.0
[INFO] [stderr]    Compiling nalgebra-macros v0.2.2
[INFO] [stderr]    Compiling clap v4.5.21
[INFO] [stderr]    Compiling derive_more v1.0.0
[INFO] [stderr]    Compiling nalgebra v0.33.2
[INFO] [stderr]    Compiling serde_scan v0.4.1
[INFO] [stderr]    Compiling aoc2020 v0.1.0 (/opt/rustwide/workdir/aoc2020)
[INFO] [stderr]    Compiling aoc2 v0.1.0 (/opt/rustwide/workdir/aoc2019)
[INFO] [stderr]    Compiling aoc v0.1.0 (/opt/rustwide/workdir/aoc2018)
[INFO] [stderr]    Compiling aoc2021 v0.1.0 (/opt/rustwide/workdir/aoc2021)
[INFO] [stderr]    Compiling aoc2022 v0.1.0 (/opt/rustwide/workdir/aoc2022)
[INFO] [stderr]    Compiling aoc2023 v0.1.0 (/opt/rustwide/workdir/aoc2023)
[INFO] [stderr]    Compiling aoc2024 v0.1.0 (/opt/rustwide/workdir/aoc2024)
[INFO] [stdout] warning: unused import: `Vector2`
[INFO] [stdout]  --> aoc2023/src/day24.rs:2:30
[INFO] [stdout]   |
[INFO] [stdout] 2 | use cgmath::{Point2, Point3, Vector2, Vector3};
[INFO] [stdout]   |                              ^^^^^^^
[INFO] [stdout]   |
[INFO] [stdout]   = note: `#[warn(unused_imports)]` on by default
[INFO] [stdout] 
[INFO] [stdout] 
[INFO] [stdout] warning: function `truncate_x` is never used
[INFO] [stdout]   --> aoc2023/src/day24.rs:50:4
[INFO] [stdout]    |
[INFO] [stdout] 50 | fn truncate_x<T>(p: Point3<T>) -> Point2<T> {
[INFO] [stdout]    |    ^^^^^^^^^^
[INFO] [stdout]    |
[INFO] [stdout]    = note: `#[warn(dead_code)]` on by default
[INFO] [stdout] 
[INFO] [stdout] 
[INFO] [stdout] warning: methods `intersect` and `at_t` are never used
[INFO] [stdout]    --> aoc2023/src/day24.rs:139:16
[INFO] [stdout]     |
[INFO] [stdout] 138 |         impl Line3d {
[INFO] [stdout]     |         ----------- methods in this implementation
[INFO] [stdout] 139 |             fn intersect(&self, other: &Line3d) -> bool {
[INFO] [stdout]     |                ^^^^^^^^^
[INFO] [stdout] ...
[INFO] [stdout] 152 |             fn at_t(&self, t: i64) -> Point3<i64> {
[INFO] [stdout]     |                ^^^^
[INFO] [stdout] 
[INFO] [stdout] 
[INFO] [stderr]     Finished `dev` profile [unoptimized + debuginfo] target(s) in 2m 03s
[INFO] running `Command { std: "docker" "inspect" "200341762adddf09ea472bf7e3e63239037c8704ce43f4bfd0eeb610dda349a4", kill_on_drop: false }`
[INFO] running `Command { std: "docker" "rm" "-f" "200341762adddf09ea472bf7e3e63239037c8704ce43f4bfd0eeb610dda349a4", kill_on_drop: false }`
[INFO] [stdout] 200341762adddf09ea472bf7e3e63239037c8704ce43f4bfd0eeb610dda349a4
[INFO] running `Command { std: "docker" "create" "-v" "/var/lib/crater-agent-workspace/builds/worker-6-tc2/target:/opt/rustwide/target:rw,Z" "-v" "/var/lib/crater-agent-workspace/builds/worker-6-tc2/source:/opt/rustwide/workdir:ro,Z" "-v" "/var/lib/crater-agent-workspace/cargo-home:/opt/rustwide/cargo-home:ro,Z" "-v" "/var/lib/crater-agent-workspace/rustup-home:/opt/rustwide/rustup-home:ro,Z" "-e" "SOURCE_DIR=/opt/rustwide/workdir" "-e" "CARGO_TARGET_DIR=/opt/rustwide/target" "-e" "CARGO_INCREMENTAL=0" "-e" "RUST_BACKTRACE=full" "-e" "RUSTFLAGS=--cap-lints=warn" "-e" "RUSTDOCFLAGS=--cap-lints=warn" "-e" "CARGO_HOME=/opt/rustwide/cargo-home" "-e" "RUSTUP_HOME=/opt/rustwide/rustup-home" "-w" "/opt/rustwide/workdir" "-m" "1610612736" "--user" "0:0" "--network" "none" "ghcr.io/rust-lang/crates-build-env/linux@sha256:f3a9d4ad9d972b27faf3965f35b62e55ba32bbce8f20bc8fe909558a86702fde" "/opt/rustwide/cargo-home/bin/cargo" "+beta-2024-12-08" "test" "--frozen" "--no-run" "--message-format=json", kill_on_drop: false }`
[INFO] [stdout] 6da8bf2104f82cdd123ad6b59b61cc69342711dc708b5baaa7f1ec23cdfd49eb
[INFO] running `Command { std: "docker" "start" "-a" "6da8bf2104f82cdd123ad6b59b61cc69342711dc708b5baaa7f1ec23cdfd49eb", kill_on_drop: false }`
[INFO] [stderr]    Compiling aoc v0.1.0 (/opt/rustwide/workdir/aoc2018)
[INFO] [stderr]    Compiling aoc2023 v0.1.0 (/opt/rustwide/workdir/aoc2023)
[INFO] [stderr]    Compiling aoc2024 v0.1.0 (/opt/rustwide/workdir/aoc2024)
[INFO] [stderr]    Compiling aoc2022 v0.1.0 (/opt/rustwide/workdir/aoc2022)
[INFO] [stderr]    Compiling aoc2020 v0.1.0 (/opt/rustwide/workdir/aoc2020)
[INFO] [stderr]    Compiling aoc2021 v0.1.0 (/opt/rustwide/workdir/aoc2021)
[INFO] [stderr]    Compiling aoc2 v0.1.0 (/opt/rustwide/workdir/aoc2019)
[INFO] [stdout] warning: unused import: `Vector2`
[INFO] [stdout]  --> aoc2023/src/day24.rs:2:30
[INFO] [stdout]   |
[INFO] [stdout] 2 | use cgmath::{Point2, Point3, Vector2, Vector3};
[INFO] [stdout]   |                              ^^^^^^^
[INFO] [stdout]   |
[INFO] [stdout]   = note: `#[warn(unused_imports)]` on by default
[INFO] [stdout] 
[INFO] [stdout] 
[INFO] [stdout] warning: function `truncate_x` is never used
[INFO] [stdout]   --> aoc2023/src/day24.rs:50:4
[INFO] [stdout]    |
[INFO] [stdout] 50 | fn truncate_x<T>(p: Point3<T>) -> Point2<T> {
[INFO] [stdout]    |    ^^^^^^^^^^
[INFO] [stdout]    |
[INFO] [stdout]    = note: `#[warn(dead_code)]` on by default
[INFO] [stdout] 
[INFO] [stdout] 
[INFO] [stdout] warning: methods `intersect` and `at_t` are never used
[INFO] [stdout]    --> aoc2023/src/day24.rs:139:16
[INFO] [stdout]     |
[INFO] [stdout] 138 |         impl Line3d {
[INFO] [stdout]     |         ----------- methods in this implementation
[INFO] [stdout] 139 |             fn intersect(&self, other: &Line3d) -> bool {
[INFO] [stdout]     |                ^^^^^^^^^
[INFO] [stdout] ...
[INFO] [stdout] 152 |             fn at_t(&self, t: i64) -> Point3<i64> {
[INFO] [stdout]     |                ^^^^
[INFO] [stdout] 
[INFO] [stdout] 
[INFO] [stderr]     Finished `test` profile [unoptimized + debuginfo] target(s) in 35.35s
[INFO] running `Command { std: "docker" "inspect" "6da8bf2104f82cdd123ad6b59b61cc69342711dc708b5baaa7f1ec23cdfd49eb", kill_on_drop: false }`
[INFO] running `Command { std: "docker" "rm" "-f" "6da8bf2104f82cdd123ad6b59b61cc69342711dc708b5baaa7f1ec23cdfd49eb", kill_on_drop: false }`
[INFO] [stdout] 6da8bf2104f82cdd123ad6b59b61cc69342711dc708b5baaa7f1ec23cdfd49eb
[INFO] running `Command { std: "docker" "create" "-v" "/var/lib/crater-agent-workspace/builds/worker-6-tc2/target:/opt/rustwide/target:rw,Z" "-v" "/var/lib/crater-agent-workspace/builds/worker-6-tc2/source:/opt/rustwide/workdir:ro,Z" "-v" "/var/lib/crater-agent-workspace/cargo-home:/opt/rustwide/cargo-home:ro,Z" "-v" "/var/lib/crater-agent-workspace/rustup-home:/opt/rustwide/rustup-home:ro,Z" "-e" "SOURCE_DIR=/opt/rustwide/workdir" "-e" "CARGO_TARGET_DIR=/opt/rustwide/target" "-e" "CARGO_INCREMENTAL=0" "-e" "RUST_BACKTRACE=full" "-e" "RUSTFLAGS=--cap-lints=warn" "-e" "RUSTDOCFLAGS=--cap-lints=warn" "-e" "CARGO_HOME=/opt/rustwide/cargo-home" "-e" "RUSTUP_HOME=/opt/rustwide/rustup-home" "-w" "/opt/rustwide/workdir" "-m" "1610612736" "--user" "0:0" "--network" "none" "ghcr.io/rust-lang/crates-build-env/linux@sha256:f3a9d4ad9d972b27faf3965f35b62e55ba32bbce8f20bc8fe909558a86702fde" "/opt/rustwide/cargo-home/bin/cargo" "+beta-2024-12-08" "test" "--frozen", kill_on_drop: false }`
[INFO] [stdout] 98fcb2c487e4bd72eda2b759d3b7ce08f0394c9d0d625af4aae162e8c03c7d52
[INFO] running `Command { std: "docker" "start" "-a" "98fcb2c487e4bd72eda2b759d3b7ce08f0394c9d0d625af4aae162e8c03c7d52", kill_on_drop: false }`
[INFO] [stderr] warning: unused import: `Vector2`
[INFO] [stderr]  --> aoc2023/src/day24.rs:2:30
[INFO] [stderr]   |
[INFO] [stderr] 2 | use cgmath::{Point2, Point3, Vector2, Vector3};
[INFO] [stderr]   |                              ^^^^^^^
[INFO] [stderr]   |
[INFO] [stderr]   = note: `#[warn(unused_imports)]` on by default
[INFO] [stderr] 
[INFO] [stderr] warning: function `truncate_x` is never used
[INFO] [stderr]   --> aoc2023/src/day24.rs:50:4
[INFO] [stderr]    |
[INFO] [stderr] 50 | fn truncate_x<T>(p: Point3<T>) -> Point2<T> {
[INFO] [stderr]    |    ^^^^^^^^^^
[INFO] [stderr]    |
[INFO] [stderr]    = note: `#[warn(dead_code)]` on by default
[INFO] [stderr] 
[INFO] [stderr] warning: methods `intersect` and `at_t` are never used
[INFO] [stderr]    --> aoc2023/src/day24.rs:139:16
[INFO] [stderr]     |
[INFO] [stderr] 138 |         impl Line3d {
[INFO] [stderr]     |         ----------- methods in this implementation
[INFO] [stderr] 139 |             fn intersect(&self, other: &Line3d) -> bool {
[INFO] [stderr]     |                ^^^^^^^^^
[INFO] [stderr] ...
[INFO] [stderr] 152 |             fn at_t(&self, t: i64) -> Point3<i64> {
[INFO] [stderr]     |                ^^^^
[INFO] [stderr] 
[INFO] [stderr] warning: `aoc2023` (bin "aoc2023" test) generated 3 warnings (run `cargo fix --bin "aoc2023" --tests` to apply 1 suggestion)
[INFO] [stderr]     Finished `test` profile [unoptimized + debuginfo] target(s) in 0.18s
[INFO] [stderr]      Running unittests src/main.rs (/opt/rustwide/target/debug/deps/aoc-7f4574356922ad32)
[INFO] [stdout] 
[INFO] [stdout] running 0 tests
[INFO] [stdout] 
[INFO] [stdout] test result: ok. 0 passed; 0 failed; 0 ignored; 0 measured; 0 filtered out; finished in 0.00s
[INFO] [stdout] 
[INFO] [stderr]      Running unittests src/main.rs (/opt/rustwide/target/debug/deps/aoc2-e256cb8f26834454)
[INFO] [stdout] 
[INFO] [stdout] running 11 tests
[INFO] [stdout] test day02::test::test_codes ... ok
[INFO] [stdout] test day01::test::masses ... ok
[INFO] [stdout] test day04::test::tests ... ok
[INFO] [stdout] test day06::test::tests ... ok
[INFO] [stdout] test day08::test::tests ... ok
[INFO] [stdout] test day09::test::tests ... ok
[INFO] [stdout] test day22::test::tests ... ok
[INFO] [stdout] test day05::test::tests ... ok
[INFO] [stdout] test day03::test::overlaps ... ok
[INFO] [stdout] test day07::test::tests ... ok
[INFO] [stdout] test day10::test::tests ... ok
[INFO] [stdout] 
[INFO] [stdout] test result: ok. 11 passed; 0 failed; 0 ignored; 0 measured; 0 filtered out; finished in 0.27s
[INFO] [stdout] 
[INFO] [stderr]      Running unittests src/main.rs (/opt/rustwide/target/debug/deps/aoc2020-d7ae294c8cf0e0ac)
[INFO] [stdout] 
[INFO] [stdout] running 26 tests
[INFO] [stdout] test day03::test::test ... ok
[INFO] [stdout] test day04::test::test ... ok
[INFO] [stdout] test day05::test::test ... ok
[INFO] [stdout] test day08::test::test ... ok
[INFO] [stdout] test day06::test::test ... ok
[INFO] [stdout] test day02::test::test ... ok
[INFO] [stdout] test day01::test::test ... ok
[INFO] [stdout] test day13::test::test ... ok
[INFO] [stdout] test day10::test::test ... ok
[INFO] [stdout] test day12::test::test ... ok
[INFO] [stdout] test day14::test::test ... ok
[INFO] [stdout] test day15::test::test ... ok
[INFO] [stdout] test day11::test::test ... ok
[INFO] [stdout] test day18::test::test ... ok
[INFO] [stdout] test day09::test::test ... ok
[INFO] [stdout] test day22::test::test ... ok
[INFO] [stdout] test day16::test::test ... ok
[INFO] [stdout] test day20::test::test ... ok
[INFO] [stdout] test day21::test::test ... ok
[INFO] [stdout] test template::test::test ... ok
[INFO] [stdout] test day07::test::test ... ok
[INFO] [stdout] test day25::test::test ... ok
[INFO] [stdout] test day17::test::test ... ok
[INFO] [stdout] test day19::test::test ... ok
[INFO] [stdout] test day24::test::test ... ok
[INFO] [stdout] test day23::test::test ... ok
[INFO] [stdout] 
[INFO] [stdout] test result: ok. 26 passed; 0 failed; 0 ignored; 0 measured; 0 filtered out; finished in 3.99s
[INFO] [stdout] 
[INFO] [stderr]      Running unittests src/main.rs (/opt/rustwide/target/debug/deps/aoc2021-6044f2f794508198)
[INFO] [stdout] 
[INFO] [stdout] running 29 tests
[INFO] [stdout] test day01::test::test ... ok
[INFO] [stdout] test day02::test::test ... ok
[INFO] [stdout] test day03::test::test ... ok
[INFO] [stdout] test day04::test::test ... ok
[INFO] [stdout] test day05::test::test ... ok
[INFO] [stdout] test day07::test::test ... ok
[INFO] [stdout] test day08::test::test ... ok
[INFO] [stdout] test day09::test::test ... ok
[INFO] [stdout] test day10::test::test ... ok
[INFO] [stdout] test day12::test::test ... ok
[INFO] [stdout] test day13::test::test ... ok
[INFO] [stdout] test day06::test::test ... ok
[INFO] [stdout] test day16::test::test ... ok
[INFO] [stdout] test day14::test::test ... ok
[INFO] [stdout] test day18::test::test ... ok
[INFO] [stdout] test day11::test::test ... ok
[INFO] [stdout] test day15::test::test ... ok
[INFO] [stdout] test day21::test::test ... ok
[INFO] [stdout] test day17::test::test has been running for over 60 seconds
[INFO] [stdout] test day19::test::test has been running for over 60 seconds
[INFO] [stdout] test day20::test::test has been running for over 60 seconds
[INFO] [stdout] test day22::test::test has been running for over 60 seconds
[INFO] [stdout] test day23::test::test has been running for over 60 seconds
[INFO] [stdout] test day23::test::test2 has been running for over 60 seconds
[INFO] [stdout] test day24::test::p1 has been running for over 60 seconds
[INFO] [stdout] test day20::test::test ... ok
[INFO] [stdout] test day24::test::test ... ok
[INFO] [stdout] test day25::test::test ... ok
[INFO] [stdout] test template::test::test ... ok
[INFO] [stdout] test day24::test::p1 ... FAILED
[INFO] [stdout] test day24::test::p2 has been running for over 60 seconds
[INFO] [stdout] test day23::test::test ... ok
[INFO] [stdout] test day22::test::test ... ok
[INFO] [stdout] test day24::test::p2 ... FAILED
[INFO] [stdout] test day19::test::test ... ok
[INFO] [stdout] test day17::test::test ... ok
[ERROR] error running command: no output for 300 seconds
[INFO] running `Command { std: "docker" "inspect" "98fcb2c487e4bd72eda2b759d3b7ce08f0394c9d0d625af4aae162e8c03c7d52", kill_on_drop: false }`
[INFO] running `Command { std: "docker" "rm" "-f" "98fcb2c487e4bd72eda2b759d3b7ce08f0394c9d0d625af4aae162e8c03c7d52", kill_on_drop: false }`
[INFO] [stdout] 98fcb2c487e4bd72eda2b759d3b7ce08f0394c9d0d625af4aae162e8c03c7d52
