[INFO] cloning repository https://github.com/cristianoliveira/funzzy
[INFO] running `Command { std: "git" "-c" "credential.helper=" "-c" "credential.helper=/workspace/cargo-home/bin/git-credential-null" "clone" "--bare" "https://github.com/cristianoliveira/funzzy" "/workspace/cache/git-repos/https%3A%2F%2Fgithub.com%2Fcristianoliveira%2Ffunzzy", kill_on_drop: false }`
[INFO] [stderr] Cloning into bare repository '/workspace/cache/git-repos/https%3A%2F%2Fgithub.com%2Fcristianoliveira%2Ffunzzy'...
[INFO] running `Command { std: "git" "rev-parse" "HEAD", kill_on_drop: false }`
[INFO] [stdout] bdd68e0b0094c6422dbb88b11babd18b743fe64a
[INFO] testing cristianoliveira/funzzy against 1.83.0 for beta-1.84.0-4-retry
[INFO] running `Command { std: "git" "clone" "/workspace/cache/git-repos/https%3A%2F%2Fgithub.com%2Fcristianoliveira%2Ffunzzy" "/workspace/builds/worker-4-tc1/source", kill_on_drop: false }`
[INFO] [stderr] Cloning into '/workspace/builds/worker-4-tc1/source'...
[INFO] [stderr] done.
[INFO] validating manifest of git repo https://github.com/cristianoliveira/funzzy on toolchain 1.83.0
[INFO] running `Command { std: CARGO_HOME="/workspace/cargo-home" RUSTUP_HOME="/workspace/rustup-home" "/workspace/cargo-home/bin/cargo" "+1.83.0" "metadata" "--manifest-path" "Cargo.toml" "--no-deps", kill_on_drop: false }`
[INFO] started tweaking git repo https://github.com/cristianoliveira/funzzy
[INFO] finished tweaking git repo https://github.com/cristianoliveira/funzzy
[INFO] tweaked toml for git repo https://github.com/cristianoliveira/funzzy written to /workspace/builds/worker-4-tc1/source/Cargo.toml
[INFO] crate git repo https://github.com/cristianoliveira/funzzy already has a lockfile, it will not be regenerated
[INFO] running `Command { std: CARGO_HOME="/workspace/cargo-home" RUSTUP_HOME="/workspace/rustup-home" "/workspace/cargo-home/bin/cargo" "+1.83.0" "fetch" "--manifest-path" "Cargo.toml", kill_on_drop: false }`
[INFO] [stderr] warning: file `/workspace/builds/worker-4-tc1/source/src/main.rs` found to be present in multiple build targets:
[INFO] [stderr]   * `bin` target `funzzy`
[INFO] [stderr]   * `bin` target `fzz`
[INFO] [stderr]     Blocking waiting for file lock on package cache
[INFO] [stderr]  Downloading crates ...
[INFO] [stderr]   Downloaded assert_cmd v2.0.16
[INFO] [stderr]   Downloaded notify-debouncer-mini v0.3.0
[INFO] [stderr]   Downloaded docopt v1.1.1
[INFO] [stderr]   Downloaded notify v4.0.18
[INFO] running `Command { std: "docker" "create" "-v" "/var/lib/crater-agent-workspace/builds/worker-4-tc1/target:/opt/rustwide/target:rw,Z" "-v" "/var/lib/crater-agent-workspace/builds/worker-4-tc1/source:/opt/rustwide/workdir:ro,Z" "-v" "/var/lib/crater-agent-workspace/cargo-home:/opt/rustwide/cargo-home:ro,Z" "-v" "/var/lib/crater-agent-workspace/rustup-home:/opt/rustwide/rustup-home:ro,Z" "-e" "SOURCE_DIR=/opt/rustwide/workdir" "-e" "CARGO_TARGET_DIR=/opt/rustwide/target" "-e" "CARGO_HOME=/opt/rustwide/cargo-home" "-e" "RUSTUP_HOME=/opt/rustwide/rustup-home" "-w" "/opt/rustwide/workdir" "-m" "1610612736" "--user" "0:0" "--network" "none" "ghcr.io/rust-lang/crates-build-env/linux@sha256:f3a9d4ad9d972b27faf3965f35b62e55ba32bbce8f20bc8fe909558a86702fde" "/opt/rustwide/cargo-home/bin/cargo" "+1.83.0" "metadata" "--no-deps" "--format-version=1", kill_on_drop: false }`
[INFO] [stdout] 6c8f2e55610f02300c80505eab3c638415274f80f5e0cd2f6a2c52ec8a4b66f5
[INFO] running `Command { std: "docker" "start" "-a" "6c8f2e55610f02300c80505eab3c638415274f80f5e0cd2f6a2c52ec8a4b66f5", kill_on_drop: false }`
[INFO] running `Command { std: "docker" "inspect" "6c8f2e55610f02300c80505eab3c638415274f80f5e0cd2f6a2c52ec8a4b66f5", kill_on_drop: false }`
[INFO] running `Command { std: "docker" "rm" "-f" "6c8f2e55610f02300c80505eab3c638415274f80f5e0cd2f6a2c52ec8a4b66f5", kill_on_drop: false }`
[INFO] [stdout] 6c8f2e55610f02300c80505eab3c638415274f80f5e0cd2f6a2c52ec8a4b66f5
[INFO] running `Command { std: "docker" "create" "-v" "/var/lib/crater-agent-workspace/builds/worker-4-tc1/target:/opt/rustwide/target:rw,Z" "-v" "/var/lib/crater-agent-workspace/builds/worker-4-tc1/source:/opt/rustwide/workdir:ro,Z" "-v" "/var/lib/crater-agent-workspace/cargo-home:/opt/rustwide/cargo-home:ro,Z" "-v" "/var/lib/crater-agent-workspace/rustup-home:/opt/rustwide/rustup-home:ro,Z" "-e" "SOURCE_DIR=/opt/rustwide/workdir" "-e" "CARGO_TARGET_DIR=/opt/rustwide/target" "-e" "CARGO_INCREMENTAL=0" "-e" "RUST_BACKTRACE=full" "-e" "RUSTFLAGS=--cap-lints=warn" "-e" "RUSTDOCFLAGS=--cap-lints=warn" "-e" "CARGO_HOME=/opt/rustwide/cargo-home" "-e" "RUSTUP_HOME=/opt/rustwide/rustup-home" "-w" "/opt/rustwide/workdir" "-m" "1610612736" "--user" "0:0" "--network" "none" "ghcr.io/rust-lang/crates-build-env/linux@sha256:f3a9d4ad9d972b27faf3965f35b62e55ba32bbce8f20bc8fe909558a86702fde" "/opt/rustwide/cargo-home/bin/cargo" "+1.83.0" "build" "--frozen" "--message-format=json", kill_on_drop: false }`
[INFO] [stdout] ef16f4d85a651d0fee1f3865f78cf3c765943e7e46ff716d42a03dbe5c922d8a
[INFO] running `Command { std: "docker" "start" "-a" "ef16f4d85a651d0fee1f3865f78cf3c765943e7e46ff716d42a03dbe5c922d8a", kill_on_drop: false }`
[INFO] [stderr] warning: file `/opt/rustwide/workdir/src/main.rs` found to be present in multiple build targets:
[INFO] [stderr]   * `bin` target `funzzy`
[INFO] [stderr]   * `bin` target `fzz`
[INFO] [stderr]    Compiling libc v0.2.167
[INFO] [stderr]    Compiling autocfg v1.4.0
[INFO] [stderr]    Compiling proc-macro2 v1.0.92
[INFO] [stderr]    Compiling unicode-ident v1.0.14
[INFO] [stderr]    Compiling bitflags v1.3.2
[INFO] [stderr]    Compiling log v0.4.22
[INFO] [stderr]    Compiling cfg-if v1.0.0
[INFO] [stderr]    Compiling crossbeam-utils v0.8.20
[INFO] [stderr]    Compiling cfg-if v0.1.10
[INFO] [stderr]    Compiling same-file v1.0.6
[INFO] [stderr]    Compiling regex-syntax v0.8.5
[INFO] [stderr]    Compiling serde v1.0.215
[INFO] [stderr]    Compiling walkdir v2.5.0
[INFO] [stderr]    Compiling lazycell v1.3.0
[INFO] [stderr]    Compiling strsim v0.10.0
[INFO] [stderr]    Compiling pin-utils v0.1.0
[INFO] [stderr]    Compiling slab v0.4.9
[INFO] [stderr]    Compiling memoffset v0.7.1
[INFO] [stderr]    Compiling lazy_static v1.5.0
[INFO] [stderr]    Compiling linked-hash-map v0.5.6
[INFO] [stderr]    Compiling yaml-rust v0.4.5
[INFO] [stderr]    Compiling glob v0.2.11
[INFO] [stderr]    Compiling crossbeam-channel v0.5.13
[INFO] [stderr]    Compiling quote v1.0.37
[INFO] [stderr]    Compiling syn v2.0.90
[INFO] [stderr]    Compiling regex-automata v0.4.9
[INFO] [stderr]    Compiling inotify-sys v0.1.5
[INFO] [stderr]    Compiling iovec v0.1.4
[INFO] [stderr]    Compiling filetime v0.2.25
[INFO] [stderr]    Compiling net2 v0.2.39
[INFO] [stderr]    Compiling inotify v0.9.6
[INFO] [stderr]    Compiling mio v0.8.11
[INFO] [stderr]    Compiling inotify v0.7.1
[INFO] [stderr]    Compiling nix v0.26.4
[INFO] [stderr]    Compiling mio v0.6.23
[INFO] [stderr]    Compiling notify v6.1.1
[INFO] [stderr]    Compiling notify-debouncer-mini v0.3.0
[INFO] [stderr]    Compiling mio-extras v2.0.6
[INFO] [stderr]    Compiling notify v4.0.18
[INFO] [stderr]    Compiling serde_derive v1.0.215
[INFO] [stderr]    Compiling regex v1.11.1
[INFO] [stderr]    Compiling docopt v1.1.1
[INFO] [stderr]    Compiling funzzy v1.5.0 (/opt/rustwide/workdir)
[INFO] [stdout] warning: field `0` is never read
[INFO] [stdout]   --> src/workers.rs:16:23
[INFO] [stdout]    |
[INFO] [stdout] 16 |     FinishedExecution(Duration),
[INFO] [stdout]    |     ----------------- ^^^^^^^^
[INFO] [stdout]    |     |
[INFO] [stdout]    |     field in this variant
[INFO] [stdout]    |
[INFO] [stdout]    = note: `WorkerEvent` has derived impls for the traits `Clone` and `Debug`, but these are intentionally ignored during dead code analysis
[INFO] [stdout]    = note: `#[warn(dead_code)]` on by default
[INFO] [stdout] help: consider changing the field to be of unit type to suppress this warning while preserving the field numbering, or remove the field
[INFO] [stdout]    |
[INFO] [stdout] 16 |     FinishedExecution(()),
[INFO] [stdout]    |                       ~~
[INFO] [stdout] 
[INFO] [stdout] 
[INFO] [stdout] warning: field `0` is never read
[INFO] [stdout]   --> src/workers.rs:16:23
[INFO] [stdout]    |
[INFO] [stdout] 16 |     FinishedExecution(Duration),
[INFO] [stdout]    |     ----------------- ^^^^^^^^
[INFO] [stdout]    |     |
[INFO] [stdout]    |     field in this variant
[INFO] [stdout]    |
[INFO] [stdout]    = note: `WorkerEvent` has derived impls for the traits `Clone` and `Debug`, but these are intentionally ignored during dead code analysis
[INFO] [stdout]    = note: `#[warn(dead_code)]` on by default
[INFO] [stdout] help: consider changing the field to be of unit type to suppress this warning while preserving the field numbering, or remove the field
[INFO] [stdout]    |
[INFO] [stdout] 16 |     FinishedExecution(()),
[INFO] [stdout]    |                       ~~
[INFO] [stdout] 
[INFO] [stdout] 
[INFO] [stderr]     Finished `dev` profile [unoptimized + debuginfo] target(s) in 47.39s
[INFO] running `Command { std: "docker" "inspect" "ef16f4d85a651d0fee1f3865f78cf3c765943e7e46ff716d42a03dbe5c922d8a", kill_on_drop: false }`
[INFO] running `Command { std: "docker" "rm" "-f" "ef16f4d85a651d0fee1f3865f78cf3c765943e7e46ff716d42a03dbe5c922d8a", kill_on_drop: false }`
[INFO] [stdout] ef16f4d85a651d0fee1f3865f78cf3c765943e7e46ff716d42a03dbe5c922d8a
[INFO] running `Command { std: "docker" "create" "-v" "/var/lib/crater-agent-workspace/builds/worker-4-tc1/target:/opt/rustwide/target:rw,Z" "-v" "/var/lib/crater-agent-workspace/builds/worker-4-tc1/source:/opt/rustwide/workdir:ro,Z" "-v" "/var/lib/crater-agent-workspace/cargo-home:/opt/rustwide/cargo-home:ro,Z" "-v" "/var/lib/crater-agent-workspace/rustup-home:/opt/rustwide/rustup-home:ro,Z" "-e" "SOURCE_DIR=/opt/rustwide/workdir" "-e" "CARGO_TARGET_DIR=/opt/rustwide/target" "-e" "CARGO_INCREMENTAL=0" "-e" "RUST_BACKTRACE=full" "-e" "RUSTFLAGS=--cap-lints=warn" "-e" "RUSTDOCFLAGS=--cap-lints=warn" "-e" "CARGO_HOME=/opt/rustwide/cargo-home" "-e" "RUSTUP_HOME=/opt/rustwide/rustup-home" "-w" "/opt/rustwide/workdir" "-m" "1610612736" "--user" "0:0" "--network" "none" "ghcr.io/rust-lang/crates-build-env/linux@sha256:f3a9d4ad9d972b27faf3965f35b62e55ba32bbce8f20bc8fe909558a86702fde" "/opt/rustwide/cargo-home/bin/cargo" "+1.83.0" "test" "--frozen" "--no-run" "--message-format=json", kill_on_drop: false }`
[INFO] [stdout] 70998fca4e15a8b9fdeec296316c812479e4c535075626cfd875c2b90b51d0ca
[INFO] running `Command { std: "docker" "start" "-a" "70998fca4e15a8b9fdeec296316c812479e4c535075626cfd875c2b90b51d0ca", kill_on_drop: false }`
[INFO] [stderr] warning: file `/opt/rustwide/workdir/src/main.rs` found to be present in multiple build targets:
[INFO] [stderr]   * `bin` target `funzzy`
[INFO] [stderr]   * `bin` target `fzz`
[INFO] [stderr]    Compiling memchr v2.7.4
[INFO] [stderr]    Compiling regex-syntax v0.8.5
[INFO] [stderr]    Compiling num-traits v0.2.19
[INFO] [stderr]    Compiling doc-comment v0.3.3
[INFO] [stderr]    Compiling predicates-core v1.0.8
[INFO] [stderr]    Compiling assert_cmd v2.0.16
[INFO] [stderr]    Compiling difflib v0.4.0
[INFO] [stderr]    Compiling termtree v0.4.1
[INFO] [stderr]    Compiling anstyle v1.0.10
[INFO] [stderr]    Compiling normalize-line-endings v0.3.0
[INFO] [stderr]    Compiling predicates-tree v1.0.11
[INFO] [stderr]    Compiling wait-timeout v0.2.0
[INFO] [stderr]    Compiling yansi v1.0.1
[INFO] [stderr]    Compiling diff v0.1.13
[INFO] [stderr]    Compiling aho-corasick v1.1.3
[INFO] [stderr]    Compiling pretty_assertions v1.4.1
[INFO] [stderr]    Compiling float-cmp v0.9.0
[INFO] [stderr]    Compiling regex-automata v0.4.9
[INFO] [stderr]    Compiling regex v1.11.1
[INFO] [stderr]    Compiling bstr v1.11.0
[INFO] [stderr]    Compiling docopt v1.1.1
[INFO] [stderr]    Compiling predicates v3.1.2
[INFO] [stderr]    Compiling funzzy v1.5.0 (/opt/rustwide/workdir)
[INFO] [stdout] warning: unused import: `crate::stdout`
[INFO] [stdout]    --> src/rules.rs:474:9
[INFO] [stdout]     |
[INFO] [stdout] 474 |     use crate::stdout;
[INFO] [stdout]     |         ^^^^^^^^^^^^^
[INFO] [stdout]     |
[INFO] [stdout]     = note: `#[warn(unused_imports)]` on by default
[INFO] [stdout] 
[INFO] [stdout] 
[INFO] [stdout] warning: unused import: `crate::environment`
[INFO] [stdout]  --> src/stdout.rs:3:5
[INFO] [stdout]   |
[INFO] [stdout] 3 | use crate::environment;
[INFO] [stdout]   |     ^^^^^^^^^^^^^^^^^^
[INFO] [stdout] 
[INFO] [stdout] 
[INFO] [stdout] warning: unused import: `crate::stdout`
[INFO] [stdout]    --> src/yaml.rs:169:9
[INFO] [stdout]     |
[INFO] [stdout] 169 |     use crate::stdout;
[INFO] [stdout]     |         ^^^^^^^^^^^^^
[INFO] [stdout] 
[INFO] [stdout] 
[INFO] [stdout] warning: unused imports: `Stdio`, `thread::sleep`, and `time::Duration`
[INFO] [stdout]   --> tests/./common/lib.rs:8:24
[INFO] [stdout]    |
[INFO] [stdout] 8  |     process::{Command, Stdio},
[INFO] [stdout]    |                        ^^^^^
[INFO] [stdout] 9  |     thread::sleep,
[INFO] [stdout]    |     ^^^^^^^^^^^^^
[INFO] [stdout] 10 |     time::Duration,
[INFO] [stdout]    |     ^^^^^^^^^^^^^^
[INFO] [stdout]    |
[INFO] [stdout]    = note: `#[warn(unused_imports)]` on by default
[INFO] [stdout] 
[INFO] [stdout] 
[INFO] [stdout] warning: unused imports: `Stdio`, `thread::sleep`, and `time::Duration`
[INFO] [stdout]   --> tests/./common/lib.rs:8:24
[INFO] [stdout]    |
[INFO] [stdout] 8  |     process::{Command, Stdio},
[INFO] [stdout]    |                        ^^^^^
[INFO] [stdout] 9  |     thread::sleep,
[INFO] [stdout]    |     ^^^^^^^^^^^^^
[INFO] [stdout] 10 |     time::Duration,
[INFO] [stdout]    |     ^^^^^^^^^^^^^^
[INFO] [stdout]    |
[INFO] [stdout]    = note: `#[warn(unused_imports)]` on by default
[INFO] [stdout] 
[INFO] [stdout] 
[INFO] [stdout] warning: unused imports: `Stdio`, `thread::sleep`, and `time::Duration`
[INFO] [stdout]   --> tests/./common/lib.rs:8:24
[INFO] [stdout]    |
[INFO] [stdout] 8  |     process::{Command, Stdio},
[INFO] [stdout]    |                        ^^^^^
[INFO] [stdout] 9  |     thread::sleep,
[INFO] [stdout]    |     ^^^^^^^^^^^^^
[INFO] [stdout] 10 |     time::Duration,
[INFO] [stdout]    |     ^^^^^^^^^^^^^^
[INFO] [stdout]    |
[INFO] [stdout]    = note: `#[warn(unused_imports)]` on by default
[INFO] [stdout] 
[INFO] [stdout] 
[INFO] [stdout] warning: unused imports: `Stdio`, `thread::sleep`, and `time::Duration`
[INFO] [stdout]   --> tests/./common/lib.rs:8:24
[INFO] [stdout]    |
[INFO] [stdout] 8  |     process::{Command, Stdio},
[INFO] [stdout]    |                        ^^^^^
[INFO] [stdout] 9  |     thread::sleep,
[INFO] [stdout]    |     ^^^^^^^^^^^^^
[INFO] [stdout] 10 |     time::Duration,
[INFO] [stdout]    |     ^^^^^^^^^^^^^^
[INFO] [stdout]    |
[INFO] [stdout]    = note: `#[warn(unused_imports)]` on by default
[INFO] [stdout] 
[INFO] [stdout] 
[INFO] [stdout] warning: unused imports: `Stdio`, `thread::sleep`, and `time::Duration`
[INFO] [stdout]   --> tests/./common/lib.rs:8:24
[INFO] [stdout]    |
[INFO] [stdout] 8  |     process::{Command, Stdio},
[INFO] [stdout]    |                        ^^^^^
[INFO] [stdout] 9  |     thread::sleep,
[INFO] [stdout]    |     ^^^^^^^^^^^^^
[INFO] [stdout] 10 |     time::Duration,
[INFO] [stdout]    |     ^^^^^^^^^^^^^^
[INFO] [stdout]    |
[INFO] [stdout]    = note: `#[warn(unused_imports)]` on by default
[INFO] [stdout] 
[INFO] [stdout] 
[INFO] [stdout] warning: unused variable: `output_file_path`
[INFO] [stdout]   --> tests/./common/lib.rs:37:23
[INFO] [stdout]    |
[INFO] [stdout] 37 | pub fn with_output<F>(output_file_path: &str, handler: F) -> ()
[INFO] [stdout]    |                       ^^^^^^^^^^^^^^^^ help: if this is intentional, prefix it with an underscore: `_output_file_path`
[INFO] [stdout]    |
[INFO] [stdout]    = note: `#[warn(unused_variables)]` on by default
[INFO] [stdout] 
[INFO] [stdout] 
[INFO] [stdout] warning: unused variable: `handler`
[INFO] [stdout]   --> tests/./common/lib.rs:37:47
[INFO] [stdout]    |
[INFO] [stdout] 37 | pub fn with_output<F>(output_file_path: &str, handler: F) -> ()
[INFO] [stdout]    |                                               ^^^^^^^ help: if this is intentional, prefix it with an underscore: `_handler`
[INFO] [stdout] 
[INFO] [stdout] 
[INFO] [stdout] warning: unused variable: `output_file_path`
[INFO] [stdout]   --> tests/./common/lib.rs:37:23
[INFO] [stdout]    |
[INFO] [stdout] 37 | pub fn with_output<F>(output_file_path: &str, handler: F) -> ()
[INFO] [stdout]    |                       ^^^^^^^^^^^^^^^^ help: if this is intentional, prefix it with an underscore: `_output_file_path`
[INFO] [stdout]    |
[INFO] [stdout]    = note: `#[warn(unused_variables)]` on by default
[INFO] [stdout] 
[INFO] [stdout] 
[INFO] [stdout] warning: unused variable: `handler`
[INFO] [stdout]   --> tests/./common/lib.rs:37:47
[INFO] [stdout]    |
[INFO] [stdout] 37 | pub fn with_output<F>(output_file_path: &str, handler: F) -> ()
[INFO] [stdout]    |                                               ^^^^^^^ help: if this is intentional, prefix it with an underscore: `_handler`
[INFO] [stdout] 
[INFO] [stdout] 
[INFO] [stdout] warning: unused variable: `output_file_path`
[INFO] [stdout]   --> tests/./common/lib.rs:37:23
[INFO] [stdout]    |
[INFO] [stdout] 37 | pub fn with_output<F>(output_file_path: &str, handler: F) -> ()
[INFO] [stdout]    |                       ^^^^^^^^^^^^^^^^ help: if this is intentional, prefix it with an underscore: `_output_file_path`
[INFO] [stdout]    |
[INFO] [stdout]    = note: `#[warn(unused_variables)]` on by default
[INFO] [stdout] 
[INFO] [stdout] 
[INFO] [stdout] warning: unused variable: `handler`
[INFO] [stdout]   --> tests/./common/lib.rs:37:47
[INFO] [stdout]    |
[INFO] [stdout] 37 | pub fn with_output<F>(output_file_path: &str, handler: F) -> ()
[INFO] [stdout]    |                                               ^^^^^^^ help: if this is intentional, prefix it with an underscore: `_handler`
[INFO] [stdout] 
[INFO] [stdout] 
[INFO] [stdout] warning: function `with_output` is never used
[INFO] [stdout]   --> tests/./common/lib.rs:37:8
[INFO] [stdout]    |
[INFO] [stdout] 37 | pub fn with_output<F>(output_file_path: &str, handler: F) -> ()
[INFO] [stdout]    |        ^^^^^^^^^^^
[INFO] [stdout]    |
[INFO] [stdout]    = note: `#[warn(dead_code)]` on by default
[INFO] [stdout] 
[INFO] [stdout] 
[INFO] [stdout] warning: function `with_example` is never used
[INFO] [stdout]   --> tests/./common/lib.rs:28:8
[INFO] [stdout]    |
[INFO] [stdout] 28 | pub fn with_example<F>(_: Options, _: F) -> ()
[INFO] [stdout]    |        ^^^^^^^^^^^^
[INFO] [stdout]    |
[INFO] [stdout]    = note: `#[warn(dead_code)]` on by default
[INFO] [stdout] 
[INFO] [stdout] 
[INFO] [stdout] warning: unused variable: `output_file_path`
[INFO] [stdout]   --> tests/./common/lib.rs:37:23
[INFO] [stdout]    |
[INFO] [stdout] 37 | pub fn with_output<F>(output_file_path: &str, handler: F) -> ()
[INFO] [stdout]    |                       ^^^^^^^^^^^^^^^^ help: if this is intentional, prefix it with an underscore: `_output_file_path`
[INFO] [stdout]    |
[INFO] [stdout]    = note: `#[warn(unused_variables)]` on by default
[INFO] [stdout] 
[INFO] [stdout] 
[INFO] [stdout] warning: unused variable: `handler`
[INFO] [stdout]   --> tests/./common/lib.rs:37:47
[INFO] [stdout]    |
[INFO] [stdout] 37 | pub fn with_output<F>(output_file_path: &str, handler: F) -> ()
[INFO] [stdout]    |                                               ^^^^^^^ help: if this is intentional, prefix it with an underscore: `_handler`
[INFO] [stdout] 
[INFO] [stdout] 
[INFO] [stdout] warning: function `with_output` is never used
[INFO] [stdout]   --> tests/./common/lib.rs:37:8
[INFO] [stdout]    |
[INFO] [stdout] 37 | pub fn with_output<F>(output_file_path: &str, handler: F) -> ()
[INFO] [stdout]    |        ^^^^^^^^^^^
[INFO] [stdout] 
[INFO] [stdout] 
[INFO] [stdout] warning: unused variable: `output_file_path`
[INFO] [stdout]   --> tests/./common/lib.rs:37:23
[INFO] [stdout]    |
[INFO] [stdout] 37 | pub fn with_output<F>(output_file_path: &str, handler: F) -> ()
[INFO] [stdout]    |                       ^^^^^^^^^^^^^^^^ help: if this is intentional, prefix it with an underscore: `_output_file_path`
[INFO] [stdout]    |
[INFO] [stdout]    = note: `#[warn(unused_variables)]` on by default
[INFO] [stdout] 
[INFO] [stdout] 
[INFO] [stdout] warning: unused variable: `handler`
[INFO] [stdout]   --> tests/./common/lib.rs:37:47
[INFO] [stdout]    |
[INFO] [stdout] 37 | pub fn with_output<F>(output_file_path: &str, handler: F) -> ()
[INFO] [stdout]    |                                               ^^^^^^^ help: if this is intentional, prefix it with an underscore: `_handler`
[INFO] [stdout] 
[INFO] [stdout] 
[INFO] [stdout] warning: unused import: `crate::stdout`
[INFO] [stdout]    --> src/rules.rs:474:9
[INFO] [stdout]     |
[INFO] [stdout] 474 |     use crate::stdout;
[INFO] [stdout]     |         ^^^^^^^^^^^^^
[INFO] [stdout]     |
[INFO] [stdout]     = note: `#[warn(unused_imports)]` on by default
[INFO] [stdout] 
[INFO] [stdout] 
[INFO] [stdout] warning: unused import: `crate::environment`
[INFO] [stdout]  --> src/stdout.rs:3:5
[INFO] [stdout]   |
[INFO] [stdout] 3 | use crate::environment;
[INFO] [stdout]   |     ^^^^^^^^^^^^^^^^^^
[INFO] [stdout] 
[INFO] [stdout] 
[INFO] [stdout] warning: unused import: `crate::stdout`
[INFO] [stdout]    --> src/yaml.rs:169:9
[INFO] [stdout]     |
[INFO] [stdout] 169 |     use crate::stdout;
[INFO] [stdout]     |         ^^^^^^^^^^^^^
[INFO] [stdout] 
[INFO] [stdout] 
[INFO] [stdout] warning: function `with_output` is never used
[INFO] [stdout]   --> tests/./common/lib.rs:37:8
[INFO] [stdout]    |
[INFO] [stdout] 37 | pub fn with_output<F>(output_file_path: &str, handler: F) -> ()
[INFO] [stdout]    |        ^^^^^^^^^^^
[INFO] [stdout]    |
[INFO] [stdout]    = note: `#[warn(dead_code)]` on by default
[INFO] [stdout] 
[INFO] [stdout] 
[INFO] [stdout] warning: function `with_output` is never used
[INFO] [stdout]   --> tests/./common/lib.rs:37:8
[INFO] [stdout]    |
[INFO] [stdout] 37 | pub fn with_output<F>(output_file_path: &str, handler: F) -> ()
[INFO] [stdout]    |        ^^^^^^^^^^^
[INFO] [stdout]    |
[INFO] [stdout]    = note: `#[warn(dead_code)]` on by default
[INFO] [stdout] 
[INFO] [stdout] 
[INFO] [stdout] warning: function `with_output` is never used
[INFO] [stdout]   --> tests/./common/lib.rs:37:8
[INFO] [stdout]    |
[INFO] [stdout] 37 | pub fn with_output<F>(output_file_path: &str, handler: F) -> ()
[INFO] [stdout]    |        ^^^^^^^^^^^
[INFO] [stdout]    |
[INFO] [stdout]    = note: `#[warn(dead_code)]` on by default
[INFO] [stdout] 
[INFO] [stdout] 
[INFO] [stdout] warning: field `0` is never read
[INFO] [stdout]   --> src/workers.rs:16:23
[INFO] [stdout]    |
[INFO] [stdout] 16 |     FinishedExecution(Duration),
[INFO] [stdout]    |     ----------------- ^^^^^^^^
[INFO] [stdout]    |     |
[INFO] [stdout]    |     field in this variant
[INFO] [stdout]    |
[INFO] [stdout]    = note: `WorkerEvent` has derived impls for the traits `Clone` and `Debug`, but these are intentionally ignored during dead code analysis
[INFO] [stdout]    = note: `#[warn(dead_code)]` on by default
[INFO] [stdout] help: consider changing the field to be of unit type to suppress this warning while preserving the field numbering, or remove the field
[INFO] [stdout]    |
[INFO] [stdout] 16 |     FinishedExecution(()),
[INFO] [stdout]    |                       ~~
[INFO] [stdout] 
[INFO] [stdout] 
[INFO] [stdout] warning: unused import: `crate::stdout`
[INFO] [stdout]    --> src/rules.rs:474:9
[INFO] [stdout]     |
[INFO] [stdout] 474 |     use crate::stdout;
[INFO] [stdout]     |         ^^^^^^^^^^^^^
[INFO] [stdout]     |
[INFO] [stdout]     = note: `#[warn(unused_imports)]` on by default
[INFO] [stdout] 
[INFO] [stdout] 
[INFO] [stdout] warning: unused import: `crate::environment`
[INFO] [stdout]  --> src/stdout.rs:3:5
[INFO] [stdout]   |
[INFO] [stdout] 3 | use crate::environment;
[INFO] [stdout]   |     ^^^^^^^^^^^^^^^^^^
[INFO] [stdout] 
[INFO] [stdout] 
[INFO] [stdout] warning: unused import: `crate::stdout`
[INFO] [stdout]    --> src/yaml.rs:169:9
[INFO] [stdout]     |
[INFO] [stdout] 169 |     use crate::stdout;
[INFO] [stdout]     |         ^^^^^^^^^^^^^
[INFO] [stdout] 
[INFO] [stdout] 
[INFO] [stdout] warning: unused imports: `Stdio`, `thread::sleep`, and `time::Duration`
[INFO] [stdout]   --> tests/./common/lib.rs:8:24
[INFO] [stdout]    |
[INFO] [stdout] 8  |     process::{Command, Stdio},
[INFO] [stdout]    |                        ^^^^^
[INFO] [stdout] 9  |     thread::sleep,
[INFO] [stdout]    |     ^^^^^^^^^^^^^
[INFO] [stdout] 10 |     time::Duration,
[INFO] [stdout]    |     ^^^^^^^^^^^^^^
[INFO] [stdout]    |
[INFO] [stdout]    = note: `#[warn(unused_imports)]` on by default
[INFO] [stdout] 
[INFO] [stdout] 
[INFO] [stdout] warning: unused variable: `output_file_path`
[INFO] [stdout]   --> tests/./common/lib.rs:37:23
[INFO] [stdout]    |
[INFO] [stdout] 37 | pub fn with_output<F>(output_file_path: &str, handler: F) -> ()
[INFO] [stdout]    |                       ^^^^^^^^^^^^^^^^ help: if this is intentional, prefix it with an underscore: `_output_file_path`
[INFO] [stdout]    |
[INFO] [stdout]    = note: `#[warn(unused_variables)]` on by default
[INFO] [stdout] 
[INFO] [stdout] 
[INFO] [stdout] warning: unused variable: `handler`
[INFO] [stdout]   --> tests/./common/lib.rs:37:47
[INFO] [stdout]    |
[INFO] [stdout] 37 | pub fn with_output<F>(output_file_path: &str, handler: F) -> ()
[INFO] [stdout]    |                                               ^^^^^^^ help: if this is intentional, prefix it with an underscore: `_handler`
[INFO] [stdout] 
[INFO] [stdout] 
[INFO] [stdout] warning: function `with_output` is never used
[INFO] [stdout]   --> tests/./common/lib.rs:37:8
[INFO] [stdout]    |
[INFO] [stdout] 37 | pub fn with_output<F>(output_file_path: &str, handler: F) -> ()
[INFO] [stdout]    |        ^^^^^^^^^^^
[INFO] [stdout]    |
[INFO] [stdout]    = note: `#[warn(dead_code)]` on by default
[INFO] [stdout] 
[INFO] [stdout] 
[INFO] [stdout] warning: field `0` is never read
[INFO] [stdout]   --> src/workers.rs:16:23
[INFO] [stdout]    |
[INFO] [stdout] 16 |     FinishedExecution(Duration),
[INFO] [stdout]    |     ----------------- ^^^^^^^^
[INFO] [stdout]    |     |
[INFO] [stdout]    |     field in this variant
[INFO] [stdout]    |
[INFO] [stdout]    = note: `WorkerEvent` has derived impls for the traits `Clone` and `Debug`, but these are intentionally ignored during dead code analysis
[INFO] [stdout]    = note: `#[warn(dead_code)]` on by default
[INFO] [stdout] help: consider changing the field to be of unit type to suppress this warning while preserving the field numbering, or remove the field
[INFO] [stdout]    |
[INFO] [stdout] 16 |     FinishedExecution(()),
[INFO] [stdout]    |                       ~~
[INFO] [stdout] 
[INFO] [stdout] 
[INFO] [stdout] warning: unused imports: `Stdio`, `thread::sleep`, and `time::Duration`
[INFO] [stdout]   --> tests/./common/lib.rs:8:24
[INFO] [stdout]    |
[INFO] [stdout] 8  |     process::{Command, Stdio},
[INFO] [stdout]    |                        ^^^^^
[INFO] [stdout] 9  |     thread::sleep,
[INFO] [stdout]    |     ^^^^^^^^^^^^^
[INFO] [stdout] 10 |     time::Duration,
[INFO] [stdout]    |     ^^^^^^^^^^^^^^
[INFO] [stdout]    |
[INFO] [stdout]    = note: `#[warn(unused_imports)]` on by default
[INFO] [stdout] 
[INFO] [stdout] 
[INFO] [stdout] warning: unused variable: `output_file_path`
[INFO] [stdout]   --> tests/./common/lib.rs:37:23
[INFO] [stdout]    |
[INFO] [stdout] 37 | pub fn with_output<F>(output_file_path: &str, handler: F) -> ()
[INFO] [stdout]    |                       ^^^^^^^^^^^^^^^^ help: if this is intentional, prefix it with an underscore: `_output_file_path`
[INFO] [stdout]    |
[INFO] [stdout]    = note: `#[warn(unused_variables)]` on by default
[INFO] [stdout] 
[INFO] [stdout] 
[INFO] [stdout] warning: unused variable: `handler`
[INFO] [stdout]   --> tests/./common/lib.rs:37:47
[INFO] [stdout]    |
[INFO] [stdout] 37 | pub fn with_output<F>(output_file_path: &str, handler: F) -> ()
[INFO] [stdout]    |                                               ^^^^^^^ help: if this is intentional, prefix it with an underscore: `_handler`
[INFO] [stdout] 
[INFO] [stdout] 
[INFO] [stdout] warning: function `with_output` is never used
[INFO] [stdout]   --> tests/./common/lib.rs:37:8
[INFO] [stdout]    |
[INFO] [stdout] 37 | pub fn with_output<F>(output_file_path: &str, handler: F) -> ()
[INFO] [stdout]    |        ^^^^^^^^^^^
[INFO] [stdout]    |
[INFO] [stdout]    = note: `#[warn(dead_code)]` on by default
[INFO] [stdout] 
[INFO] [stdout] 
[INFO] [stdout] warning: field `0` is never read
[INFO] [stdout]   --> src/workers.rs:16:23
[INFO] [stdout]    |
[INFO] [stdout] 16 |     FinishedExecution(Duration),
[INFO] [stdout]    |     ----------------- ^^^^^^^^
[INFO] [stdout]    |     |
[INFO] [stdout]    |     field in this variant
[INFO] [stdout]    |
[INFO] [stdout]    = note: `WorkerEvent` has derived impls for the traits `Clone` and `Debug`, but these are intentionally ignored during dead code analysis
[INFO] [stdout]    = note: `#[warn(dead_code)]` on by default
[INFO] [stdout] help: consider changing the field to be of unit type to suppress this warning while preserving the field numbering, or remove the field
[INFO] [stdout]    |
[INFO] [stdout] 16 |     FinishedExecution(()),
[INFO] [stdout]    |                       ~~
[INFO] [stdout] 
[INFO] [stdout] 
[INFO] [stdout] warning: field `0` is never read
[INFO] [stdout]   --> src/workers.rs:16:23
[INFO] [stdout]    |
[INFO] [stdout] 16 |     FinishedExecution(Duration),
[INFO] [stdout]    |     ----------------- ^^^^^^^^
[INFO] [stdout]    |     |
[INFO] [stdout]    |     field in this variant
[INFO] [stdout]    |
[INFO] [stdout]    = note: `WorkerEvent` has derived impls for the traits `Clone` and `Debug`, but these are intentionally ignored during dead code analysis
[INFO] [stdout]    = note: `#[warn(dead_code)]` on by default
[INFO] [stdout] help: consider changing the field to be of unit type to suppress this warning while preserving the field numbering, or remove the field
[INFO] [stdout]    |
[INFO] [stdout] 16 |     FinishedExecution(()),
[INFO] [stdout]    |                       ~~
[INFO] [stdout] 
[INFO] [stdout] 
[INFO] [stdout] warning: unused imports: `Stdio`, `thread::sleep`, and `time::Duration`
[INFO] [stdout]   --> tests/./common/lib.rs:8:24
[INFO] [stdout]    |
[INFO] [stdout] 8  |     process::{Command, Stdio},
[INFO] [stdout]    |                        ^^^^^
[INFO] [stdout] 9  |     thread::sleep,
[INFO] [stdout]    |     ^^^^^^^^^^^^^
[INFO] [stdout] 10 |     time::Duration,
[INFO] [stdout]    |     ^^^^^^^^^^^^^^
[INFO] [stdout]    |
[INFO] [stdout]    = note: `#[warn(unused_imports)]` on by default
[INFO] [stdout] 
[INFO] [stdout] 
[INFO] [stdout] warning: unused variable: `output_file_path`
[INFO] [stdout]   --> tests/./common/lib.rs:37:23
[INFO] [stdout]    |
[INFO] [stdout] 37 | pub fn with_output<F>(output_file_path: &str, handler: F) -> ()
[INFO] [stdout]    |                       ^^^^^^^^^^^^^^^^ help: if this is intentional, prefix it with an underscore: `_output_file_path`
[INFO] [stdout]    |
[INFO] [stdout]    = note: `#[warn(unused_variables)]` on by default
[INFO] [stdout] 
[INFO] [stdout] 
[INFO] [stdout] warning: unused variable: `handler`
[INFO] [stdout]   --> tests/./common/lib.rs:37:47
[INFO] [stdout]    |
[INFO] [stdout] 37 | pub fn with_output<F>(output_file_path: &str, handler: F) -> ()
[INFO] [stdout]    |                                               ^^^^^^^ help: if this is intentional, prefix it with an underscore: `_handler`
[INFO] [stdout] 
[INFO] [stdout] 
[INFO] [stdout] warning: unused imports: `Stdio`, `thread::sleep`, and `time::Duration`
[INFO] [stdout]   --> tests/./common/lib.rs:8:24
[INFO] [stdout]    |
[INFO] [stdout] 8  |     process::{Command, Stdio},
[INFO] [stdout]    |                        ^^^^^
[INFO] [stdout] 9  |     thread::sleep,
[INFO] [stdout]    |     ^^^^^^^^^^^^^
[INFO] [stdout] 10 |     time::Duration,
[INFO] [stdout]    |     ^^^^^^^^^^^^^^
[INFO] [stdout]    |
[INFO] [stdout]    = note: `#[warn(unused_imports)]` on by default
[INFO] [stdout] 
[INFO] [stdout] 
[INFO] [stdout] warning: unused variable: `output_file_path`
[INFO] [stdout]   --> tests/./common/lib.rs:37:23
[INFO] [stdout]    |
[INFO] [stdout] 37 | pub fn with_output<F>(output_file_path: &str, handler: F) -> ()
[INFO] [stdout]    |                       ^^^^^^^^^^^^^^^^ help: if this is intentional, prefix it with an underscore: `_output_file_path`
[INFO] [stdout]    |
[INFO] [stdout]    = note: `#[warn(unused_variables)]` on by default
[INFO] [stdout] 
[INFO] [stdout] 
[INFO] [stdout] warning: unused variable: `handler`
[INFO] [stdout]   --> tests/./common/lib.rs:37:47
[INFO] [stdout]    |
[INFO] [stdout] 37 | pub fn with_output<F>(output_file_path: &str, handler: F) -> ()
[INFO] [stdout]    |                                               ^^^^^^^ help: if this is intentional, prefix it with an underscore: `_handler`
[INFO] [stdout] 
[INFO] [stdout] 
[INFO] [stdout] warning: function `with_example` is never used
[INFO] [stdout]   --> tests/./common/lib.rs:28:8
[INFO] [stdout]    |
[INFO] [stdout] 28 | pub fn with_example<F>(_: Options, _: F) -> ()
[INFO] [stdout]    |        ^^^^^^^^^^^^
[INFO] [stdout]    |
[INFO] [stdout]    = note: `#[warn(dead_code)]` on by default
[INFO] [stdout] 
[INFO] [stdout] 
[INFO] [stdout] warning: function `with_example` is never used
[INFO] [stdout]   --> tests/./common/lib.rs:28:8
[INFO] [stdout]    |
[INFO] [stdout] 28 | pub fn with_example<F>(_: Options, _: F) -> ()
[INFO] [stdout]    |        ^^^^^^^^^^^^
[INFO] [stdout]    |
[INFO] [stdout]    = note: `#[warn(dead_code)]` on by default
[INFO] [stdout] 
[INFO] [stdout] 
[INFO] [stdout] warning: unused imports: `Stdio`, `thread::sleep`, and `time::Duration`
[INFO] [stdout]   --> tests/./common/lib.rs:8:24
[INFO] [stdout]    |
[INFO] [stdout] 8  |     process::{Command, Stdio},
[INFO] [stdout]    |                        ^^^^^
[INFO] [stdout] 9  |     thread::sleep,
[INFO] [stdout]    |     ^^^^^^^^^^^^^
[INFO] [stdout] 10 |     time::Duration,
[INFO] [stdout]    |     ^^^^^^^^^^^^^^
[INFO] [stdout]    |
[INFO] [stdout]    = note: `#[warn(unused_imports)]` on by default
[INFO] [stdout] 
[INFO] [stdout] 
[INFO] [stdout] warning: unused variable: `output_file_path`
[INFO] [stdout]   --> tests/./common/lib.rs:37:23
[INFO] [stdout]    |
[INFO] [stdout] 37 | pub fn with_output<F>(output_file_path: &str, handler: F) -> ()
[INFO] [stdout]    |                       ^^^^^^^^^^^^^^^^ help: if this is intentional, prefix it with an underscore: `_output_file_path`
[INFO] [stdout]    |
[INFO] [stdout]    = note: `#[warn(unused_variables)]` on by default
[INFO] [stdout] 
[INFO] [stdout] 
[INFO] [stdout] warning: unused variable: `handler`
[INFO] [stdout]   --> tests/./common/lib.rs:37:47
[INFO] [stdout]    |
[INFO] [stdout] 37 | pub fn with_output<F>(output_file_path: &str, handler: F) -> ()
[INFO] [stdout]    |                                               ^^^^^^^ help: if this is intentional, prefix it with an underscore: `_handler`
[INFO] [stdout] 
[INFO] [stdout] 
[INFO] [stdout] warning: function `with_example` is never used
[INFO] [stdout]   --> tests/./common/lib.rs:28:8
[INFO] [stdout]    |
[INFO] [stdout] 28 | pub fn with_example<F>(_: Options, _: F) -> ()
[INFO] [stdout]    |        ^^^^^^^^^^^^
[INFO] [stdout]    |
[INFO] [stdout]    = note: `#[warn(dead_code)]` on by default
[INFO] [stdout] 
[INFO] [stdout] 
[INFO] [stdout] warning: function `with_output` is never used
[INFO] [stdout]   --> tests/./common/lib.rs:37:8
[INFO] [stdout]    |
[INFO] [stdout] 37 | pub fn with_output<F>(output_file_path: &str, handler: F) -> ()
[INFO] [stdout]    |        ^^^^^^^^^^^
[INFO] [stdout] 
[INFO] [stdout] 
[INFO] [stdout] warning: unused imports: `Stdio`, `thread::sleep`, and `time::Duration`
[INFO] [stdout]   --> tests/./common/lib.rs:8:24
[INFO] [stdout]    |
[INFO] [stdout] 8  |     process::{Command, Stdio},
[INFO] [stdout]    |                        ^^^^^
[INFO] [stdout] 9  |     thread::sleep,
[INFO] [stdout]    |     ^^^^^^^^^^^^^
[INFO] [stdout] 10 |     time::Duration,
[INFO] [stdout]    |     ^^^^^^^^^^^^^^
[INFO] [stdout]    |
[INFO] [stdout]    = note: `#[warn(unused_imports)]` on by default
[INFO] [stdout] 
[INFO] [stdout] 
[INFO] [stdout] warning: unused variable: `output_file_path`
[INFO] [stdout]   --> tests/./common/lib.rs:37:23
[INFO] [stdout]    |
[INFO] [stdout] 37 | pub fn with_output<F>(output_file_path: &str, handler: F) -> ()
[INFO] [stdout]    |                       ^^^^^^^^^^^^^^^^ help: if this is intentional, prefix it with an underscore: `_output_file_path`
[INFO] [stdout]    |
[INFO] [stdout]    = note: `#[warn(unused_variables)]` on by default
[INFO] [stdout] 
[INFO] [stdout] 
[INFO] [stdout] warning: unused variable: `handler`
[INFO] [stdout]   --> tests/./common/lib.rs:37:47
[INFO] [stdout]    |
[INFO] [stdout] 37 | pub fn with_output<F>(output_file_path: &str, handler: F) -> ()
[INFO] [stdout]    |                                               ^^^^^^^ help: if this is intentional, prefix it with an underscore: `_handler`
[INFO] [stdout] 
[INFO] [stdout] 
[INFO] [stdout] warning: function `with_output` is never used
[INFO] [stdout]   --> tests/./common/lib.rs:37:8
[INFO] [stdout]    |
[INFO] [stdout] 37 | pub fn with_output<F>(output_file_path: &str, handler: F) -> ()
[INFO] [stdout]    |        ^^^^^^^^^^^
[INFO] [stdout]    |
[INFO] [stdout]    = note: `#[warn(dead_code)]` on by default
[INFO] [stdout] 
[INFO] [stdout] 
[INFO] [stdout] warning: unused imports: `Stdio`, `thread::sleep`, and `time::Duration`
[INFO] [stdout]   --> tests/./common/lib.rs:8:24
[INFO] [stdout]    |
[INFO] [stdout] 8  |     process::{Command, Stdio},
[INFO] [stdout]    |                        ^^^^^
[INFO] [stdout] 9  |     thread::sleep,
[INFO] [stdout]    |     ^^^^^^^^^^^^^
[INFO] [stdout] 10 |     time::Duration,
[INFO] [stdout]    |     ^^^^^^^^^^^^^^
[INFO] [stdout]    |
[INFO] [stdout]    = note: `#[warn(unused_imports)]` on by default
[INFO] [stdout] 
[INFO] [stdout] 
[INFO] [stdout] warning: unused variable: `output_file_path`
[INFO] [stdout]   --> tests/./common/lib.rs:37:23
[INFO] [stdout]    |
[INFO] [stdout] 37 | pub fn with_output<F>(output_file_path: &str, handler: F) -> ()
[INFO] [stdout]    |                       ^^^^^^^^^^^^^^^^ help: if this is intentional, prefix it with an underscore: `_output_file_path`
[INFO] [stdout]    |
[INFO] [stdout]    = note: `#[warn(unused_variables)]` on by default
[INFO] [stdout] 
[INFO] [stdout] 
[INFO] [stdout] warning: unused variable: `handler`
[INFO] [stdout]   --> tests/./common/lib.rs:37:47
[INFO] [stdout]    |
[INFO] [stdout] 37 | pub fn with_output<F>(output_file_path: &str, handler: F) -> ()
[INFO] [stdout]    |                                               ^^^^^^^ help: if this is intentional, prefix it with an underscore: `_handler`
[INFO] [stdout] 
[INFO] [stdout] 
[INFO] [stdout] warning: function `with_output` is never used
[INFO] [stdout]   --> tests/./common/lib.rs:37:8
[INFO] [stdout]    |
[INFO] [stdout] 37 | pub fn with_output<F>(output_file_path: &str, handler: F) -> ()
[INFO] [stdout]    |        ^^^^^^^^^^^
[INFO] [stdout]    |
[INFO] [stdout]    = note: `#[warn(dead_code)]` on by default
[INFO] [stdout] 
[INFO] [stdout] 
[INFO] [stdout] warning: unused imports: `Stdio`, `thread::sleep`, and `time::Duration`
[INFO] [stdout]   --> tests/./common/lib.rs:8:24
[INFO] [stdout]    |
[INFO] [stdout] 8  |     process::{Command, Stdio},
[INFO] [stdout]    |                        ^^^^^
[INFO] [stdout] 9  |     thread::sleep,
[INFO] [stdout]    |     ^^^^^^^^^^^^^
[INFO] [stdout] 10 |     time::Duration,
[INFO] [stdout]    |     ^^^^^^^^^^^^^^
[INFO] [stdout]    |
[INFO] [stdout]    = note: `#[warn(unused_imports)]` on by default
[INFO] [stdout] 
[INFO] [stdout] 
[INFO] [stdout] warning: unused variable: `output_file_path`
[INFO] [stdout]   --> tests/./common/lib.rs:37:23
[INFO] [stdout]    |
[INFO] [stdout] 37 | pub fn with_output<F>(output_file_path: &str, handler: F) -> ()
[INFO] [stdout]    |                       ^^^^^^^^^^^^^^^^ help: if this is intentional, prefix it with an underscore: `_output_file_path`
[INFO] [stdout]    |
[INFO] [stdout]    = note: `#[warn(unused_variables)]` on by default
[INFO] [stdout] 
[INFO] [stdout] 
[INFO] [stdout] warning: unused variable: `handler`
[INFO] [stdout]   --> tests/./common/lib.rs:37:47
[INFO] [stdout]    |
[INFO] [stdout] 37 | pub fn with_output<F>(output_file_path: &str, handler: F) -> ()
[INFO] [stdout]    |                                               ^^^^^^^ help: if this is intentional, prefix it with an underscore: `_handler`
[INFO] [stdout] 
[INFO] [stdout] 
[INFO] [stdout] warning: function `with_output` is never used
[INFO] [stdout]   --> tests/./common/lib.rs:37:8
[INFO] [stdout]    |
[INFO] [stdout] 37 | pub fn with_output<F>(output_file_path: &str, handler: F) -> ()
[INFO] [stdout]    |        ^^^^^^^^^^^
[INFO] [stdout]    |
[INFO] [stdout]    = note: `#[warn(dead_code)]` on by default
[INFO] [stdout] 
[INFO] [stdout] 
[INFO] [stdout] warning: unused imports: `Stdio`, `thread::sleep`, and `time::Duration`
[INFO] [stdout]   --> tests/./common/lib.rs:8:24
[INFO] [stdout]    |
[INFO] [stdout] 8  |     process::{Command, Stdio},
[INFO] [stdout]    |                        ^^^^^
[INFO] [stdout] 9  |     thread::sleep,
[INFO] [stdout]    |     ^^^^^^^^^^^^^
[INFO] [stdout] 10 |     time::Duration,
[INFO] [stdout]    |     ^^^^^^^^^^^^^^
[INFO] [stdout]    |
[INFO] [stdout]    = note: `#[warn(unused_imports)]` on by default
[INFO] [stdout] 
[INFO] [stdout] 
[INFO] [stdout] warning: unused variable: `output_file_path`
[INFO] [stdout]   --> tests/./common/lib.rs:37:23
[INFO] [stdout]    |
[INFO] [stdout] 37 | pub fn with_output<F>(output_file_path: &str, handler: F) -> ()
[INFO] [stdout]    |                       ^^^^^^^^^^^^^^^^ help: if this is intentional, prefix it with an underscore: `_output_file_path`
[INFO] [stdout]    |
[INFO] [stdout]    = note: `#[warn(unused_variables)]` on by default
[INFO] [stdout] 
[INFO] [stdout] 
[INFO] [stdout] warning: unused variable: `handler`
[INFO] [stdout]   --> tests/./common/lib.rs:37:47
[INFO] [stdout]    |
[INFO] [stdout] 37 | pub fn with_output<F>(output_file_path: &str, handler: F) -> ()
[INFO] [stdout]    |                                               ^^^^^^^ help: if this is intentional, prefix it with an underscore: `_handler`
[INFO] [stdout] 
[INFO] [stdout] 
[INFO] [stdout] warning: function `with_example` is never used
[INFO] [stdout]   --> tests/./common/lib.rs:28:8
[INFO] [stdout]    |
[INFO] [stdout] 28 | pub fn with_example<F>(_: Options, _: F) -> ()
[INFO] [stdout]    |        ^^^^^^^^^^^^
[INFO] [stdout]    |
[INFO] [stdout]    = note: `#[warn(dead_code)]` on by default
[INFO] [stdout] 
[INFO] [stdout] 
[INFO] [stdout] warning: function `with_output` is never used
[INFO] [stdout]   --> tests/./common/lib.rs:37:8
[INFO] [stdout]    |
[INFO] [stdout] 37 | pub fn with_output<F>(output_file_path: &str, handler: F) -> ()
[INFO] [stdout]    |        ^^^^^^^^^^^
[INFO] [stdout] 
[INFO] [stdout] 
[INFO] [stderr]     Finished `test` profile [unoptimized + debuginfo] target(s) in 44.95s
[INFO] running `Command { std: "docker" "inspect" "70998fca4e15a8b9fdeec296316c812479e4c535075626cfd875c2b90b51d0ca", kill_on_drop: false }`
[INFO] running `Command { std: "docker" "rm" "-f" "70998fca4e15a8b9fdeec296316c812479e4c535075626cfd875c2b90b51d0ca", kill_on_drop: false }`
[INFO] [stdout] 70998fca4e15a8b9fdeec296316c812479e4c535075626cfd875c2b90b51d0ca
[INFO] running `Command { std: "docker" "create" "-v" "/var/lib/crater-agent-workspace/builds/worker-4-tc1/target:/opt/rustwide/target:rw,Z" "-v" "/var/lib/crater-agent-workspace/builds/worker-4-tc1/source:/opt/rustwide/workdir:ro,Z" "-v" "/var/lib/crater-agent-workspace/cargo-home:/opt/rustwide/cargo-home:ro,Z" "-v" "/var/lib/crater-agent-workspace/rustup-home:/opt/rustwide/rustup-home:ro,Z" "-e" "SOURCE_DIR=/opt/rustwide/workdir" "-e" "CARGO_TARGET_DIR=/opt/rustwide/target" "-e" "CARGO_INCREMENTAL=0" "-e" "RUST_BACKTRACE=full" "-e" "RUSTFLAGS=--cap-lints=warn" "-e" "RUSTDOCFLAGS=--cap-lints=warn" "-e" "CARGO_HOME=/opt/rustwide/cargo-home" "-e" "RUSTUP_HOME=/opt/rustwide/rustup-home" "-w" "/opt/rustwide/workdir" "-m" "1610612736" "--user" "0:0" "--network" "none" "ghcr.io/rust-lang/crates-build-env/linux@sha256:f3a9d4ad9d972b27faf3965f35b62e55ba32bbce8f20bc8fe909558a86702fde" "/opt/rustwide/cargo-home/bin/cargo" "+1.83.0" "test" "--frozen", kill_on_drop: false }`
[INFO] [stdout] 3f4502b647c181202dfb93b70d3d42ded67676cbf2456480f3841fd2d0176b0b
[INFO] running `Command { std: "docker" "start" "-a" "3f4502b647c181202dfb93b70d3d42ded67676cbf2456480f3841fd2d0176b0b", kill_on_drop: false }`
[INFO] [stderr] warning: file `/opt/rustwide/workdir/src/main.rs` found to be present in multiple build targets:
[INFO] [stderr]   * `bin` target `funzzy`
[INFO] [stderr]   * `bin` target `fzz`
[INFO] [stderr] warning: field `0` is never read
[INFO] [stderr]   --> src/workers.rs:16:23
[INFO] [stderr]    |
[INFO] [stderr] 16 |     FinishedExecution(Duration),
[INFO] [stderr]    |     ----------------- ^^^^^^^^
[INFO] [stderr]    |     |
[INFO] [stderr]    |     field in this variant
[INFO] [stderr]    |
[INFO] [stderr]    = note: `WorkerEvent` has derived impls for the traits `Clone` and `Debug`, but these are intentionally ignored during dead code analysis
[INFO] [stderr]    = note: `#[warn(dead_code)]` on by default
[INFO] [stderr] help: consider changing the field to be of unit type to suppress this warning while preserving the field numbering, or remove the field
[INFO] [stderr]    |
[INFO] [stderr] 16 |     FinishedExecution(()),
[INFO] [stderr]    |                       ~~
[INFO] [stderr] 
[INFO] [stderr] warning: `funzzy` (bin "fzz") generated 1 warning
[INFO] [stderr] warning: `funzzy` (bin "funzzy") generated 1 warning (1 duplicate)
[INFO] [stderr] warning: unused imports: `Stdio`, `thread::sleep`, and `time::Duration`
[INFO] [stderr]   --> tests/./common/lib.rs:8:24
[INFO] [stderr]    |
[INFO] [stderr] 8  |     process::{Command, Stdio},
[INFO] [stderr]    |                        ^^^^^
[INFO] [stderr] 9  |     thread::sleep,
[INFO] [stderr]    |     ^^^^^^^^^^^^^
[INFO] [stderr] 10 |     time::Duration,
[INFO] [stderr]    |     ^^^^^^^^^^^^^^
[INFO] [stderr]    |
[INFO] [stderr]    = note: `#[warn(unused_imports)]` on by default
[INFO] [stderr] 
[INFO] [stderr] warning: unused variable: `output_file_path`
[INFO] [stderr]   --> tests/./common/lib.rs:37:23
[INFO] [stderr]    |
[INFO] [stderr] 37 | pub fn with_output<F>(output_file_path: &str, handler: F) -> ()
[INFO] [stderr]    |                       ^^^^^^^^^^^^^^^^ help: if this is intentional, prefix it with an underscore: `_output_file_path`
[INFO] [stderr]    |
[INFO] [stderr]    = note: `#[warn(unused_variables)]` on by default
[INFO] [stderr] 
[INFO] [stderr] warning: unused variable: `handler`
[INFO] [stderr]   --> tests/./common/lib.rs:37:47
[INFO] [stderr]    |
[INFO] [stderr] 37 | pub fn with_output<F>(output_file_path: &str, handler: F) -> ()
[INFO] [stderr]    |                                               ^^^^^^^ help: if this is intentional, prefix it with an underscore: `_handler`
[INFO] [stderr] 
[INFO] [stderr] warning: function `with_example` is never used
[INFO] [stderr]   --> tests/./common/lib.rs:28:8
[INFO] [stderr]    |
[INFO] [stderr] 28 | pub fn with_example<F>(_: Options, _: F) -> ()
[INFO] [stderr]    |        ^^^^^^^^^^^^
[INFO] [stderr]    |
[INFO] [stderr]    = note: `#[warn(dead_code)]` on by default
[INFO] [stderr] 
[INFO] [stderr] warning: function `with_output` is never used
[INFO] [stderr]   --> tests/./common/lib.rs:37:8
[INFO] [stderr]    |
[INFO] [stderr] 37 | pub fn with_output<F>(output_file_path: &str, handler: F) -> ()
[INFO] [stderr]    |        ^^^^^^^^^^^
[INFO] [stderr] 
[INFO] [stderr] warning: function `with_output` is never used
[INFO] [stderr]   --> tests/./common/lib.rs:37:8
[INFO] [stderr]    |
[INFO] [stderr] 37 | pub fn with_output<F>(output_file_path: &str, handler: F) -> ()
[INFO] [stderr]    |        ^^^^^^^^^^^
[INFO] [stderr]    |
[INFO] [stderr]    = note: `#[warn(dead_code)]` on by default
[INFO] [stderr] 
[INFO] [stderr] warning: unused import: `crate::stdout`
[INFO] [stderr]    --> src/rules.rs:474:9
[INFO] [stderr]     |
[INFO] [stderr] 474 |     use crate::stdout;
[INFO] [stderr]     |         ^^^^^^^^^^^^^
[INFO] [stderr]     |
[INFO] [stderr]     = note: `#[warn(unused_imports)]` on by default
[INFO] [stderr] 
[INFO] [stderr] warning: unused import: `crate::environment`
[INFO] [stderr]  --> src/stdout.rs:3:5
[INFO] [stderr]   |
[INFO] [stderr] 3 | use crate::environment;
[INFO] [stderr]   |     ^^^^^^^^^^^^^^^^^^
[INFO] [stderr] 
[INFO] [stderr] warning: unused import: `crate::stdout`
[INFO] [stderr]    --> src/yaml.rs:169:9
[INFO] [stderr]     |
[INFO] [stderr] 169 |     use crate::stdout;
[INFO] [stderr]     |         ^^^^^^^^^^^^^
[INFO] [stderr] 
[INFO] [stderr] warning: `funzzy` (test "watching_configured_errors") generated 5 warnings (run `cargo fix --test "watching_configured_errors"` to apply 1 suggestion)
[INFO] [stderr] warning: `funzzy` (test "watching_with_fail_fast_flag") generated 4 warnings (3 duplicates)
[INFO] [stderr] warning: `funzzy` (lib test) generated 3 warnings (run `cargo fix --lib -p funzzy --tests` to apply 3 suggestions)
[INFO] [stderr] warning: `funzzy` (test "watching_arbitrary_files_running_arbitrary_commands") generated 4 warnings (4 duplicates)
[INFO] [stderr] warning: `funzzy` (test "watcher_reloads_config_file") generated 4 warnings (4 duplicates)
[INFO] [stderr] warning: `funzzy` (test "command_init") generated 4 warnings (4 duplicates)
[INFO] [stderr] warning: `funzzy` (bin "fzz" test) generated 4 warnings (4 duplicates)
[INFO] [stderr] warning: `funzzy` (test "watching_filtered_tasks_with_target_flag") generated 4 warnings (4 duplicates)
[INFO] [stderr] warning: `funzzy` (bin "funzzy" test) generated 4 warnings (4 duplicates)
[INFO] [stderr] warning: `funzzy` (test "command_init_errors") generated 5 warnings (5 duplicates)
[INFO] [stderr] warning: `funzzy` (test "watching_with_non_block_flag") generated 4 warnings (4 duplicates)
[INFO] [stderr] warning: `funzzy` (test "watching_configured_rules") generated 4 warnings (4 duplicates)
[INFO] [stderr] warning: `funzzy` (test "tasks_with_filepath_template") generated 4 warnings (4 duplicates)
[INFO] [stderr] warning: `funzzy` (test "watcher_does_not_die_with_failing_tasks") generated 4 warnings (4 duplicates)
[INFO] [stderr] warning: `funzzy` (test "watching_with_verbose_flag") generated 4 warnings (4 duplicates)
[INFO] [stderr] warning: `funzzy` (test "read_stdin_error") generated 5 warnings (5 duplicates)
[INFO] [stderr] warning: `funzzy` (test "tasks_that_run_on_init") generated 4 warnings (4 duplicates)
[INFO] [stderr]     Finished `test` profile [unoptimized + debuginfo] target(s) in 0.10s
[INFO] [stdout] 
[INFO] [stdout] running 32 tests
[INFO] [stderr]      Running unittests src/lib.rs (/opt/rustwide/target/debug/deps/funzzy-d19e88461866252d)
[INFO] [stdout] test rules::tests::it_accepts_run_on_init ... ok
[INFO] [stdout] test rules::tests::it_defaults_run_on_init_to_false ... foo
[INFO] [stdout] foo
[INFO] [stdout] ok
[INFO] [stdout] test rules::tests::it_accepts_false_for_run_on_init ... ok
[INFO] [stdout] test rules::tests::it_formats_rule_as_yaml_string ... ok
[INFO] [stdout] test rules::tests::it_does_not_filters_empty_or_one_character_path ... ok
[INFO] [stdout] test rules::tests::it_is_ignoring_path_tests ... ok
[INFO] [stdout] test cmd::it_executes_a_command ... ok
[INFO] [stdout] test rules::tests::it_fails_for_invalid_watch_file_format ... ok
[INFO] [stdout] test cmd::it_spawn_a_command_returning_a_child_ref ... ok
[INFO] [stdout] test rules::tests::it_is_not_ignoring_path_test ... ok
[INFO] [stdout] test rules::tests::it_is_not_watching_path_test ... ok
[INFO] [stdout] test rules::tests::it_loads_from_args ... ok
[INFO] [stdout] test rules::tests::it_replaces_filepath_tpl_with_absolute_filepath ... ok
[INFO] [stdout] test rules::tests::it_replaces_relative_filepath_tpl_with_relative_filepath ... ok
[INFO] [stdout] test rules::tests::it_validates_missing_properties ... ok
[INFO] [stdout] test rules::tests::it_validates_the_given_glob_patterns_paths ... ok
[INFO] [stdout] test rules::tests::it_is_watching_path_tests ... ok
[INFO] [stdout] test rules::tests::test_yaml_loader_returns_empty_for_invalid_content ... ok
[INFO] [stdout] test watches::tests::it_allows_many_rules_watching_same_path ... ok
[INFO] [stdout] test watches::tests::it_creates_a_list_of_shell_commands ... ok
[INFO] [stdout] test watches::tests::it_ignores_pattern ... ok
[INFO] [stdout] test watches::tests::it_returns_an_error_when_fail_to_load_config_file ... ok
[INFO] [stdout] test watches::tests::it_returns_on_init_rules ... ok
[INFO] [stdout] test yaml::tests::fails_when_attempt_to_extract_list_from_nonlist_yaml ... ok
[INFO] [stdout] test watches::tests::it_ignores_a_list_of_patterns ... ok
[INFO] [stdout] test watches::tests::it_loads_from_args ... ok
[INFO] [stdout] test watches::tests::it_returns_rules_with_absolute_path_and_current_dir ... ok
[INFO] [stdout] test watches::tests::it_watches_specific_path ... ok
[INFO] [stdout] test watches::tests::it_watches_test_path ... ok
[INFO] [stdout] test watches::tests::it_works_with_multiples_items ... ok
[INFO] [stdout] test yaml::tests::parses_yaml_to_yaml_instance_to_string_back ... ok
[INFO] [stdout] test watches::tests::it_doesnot_watch_test_path ... ok
[INFO] [stdout] 
[INFO] [stdout] test result: ok. 32 passed; 0 failed; 0 ignored; 0 measured; 0 filtered out; finished in 0.04s
[INFO] [stdout] 
[INFO] [stderr]      Running unittests src/main.rs (/opt/rustwide/target/debug/deps/funzzy-78c70fffe6a0ebcb)
[INFO] [stdout] 
[INFO] [stdout] running 32 tests
[INFO] [stdout] foo
[INFO] [stdout] test rules::tests::it_defaults_run_on_init_to_false ... ok
[INFO] [stdout] test rules::tests::it_does_not_filters_empty_or_one_character_path ... ok
[INFO] [stdout] test rules::tests::it_fails_for_invalid_watch_file_format ... ok
[INFO] [stdout] test rules::tests::it_formats_rule_as_yaml_string ... ok
[INFO] [stdout] test cmd::it_executes_a_command ... ok
[INFO] [stdout] test rules::tests::it_accepts_run_on_init ... ok
[INFO] [stdout] test rules::tests::it_is_not_watching_path_test ... ok
[INFO] [stdout] foo
[INFO] [stdout] test rules::tests::it_replaces_relative_filepath_tpl_with_relative_filepath ... ok
[INFO] [stdout] test rules::tests::it_is_not_ignoring_path_test ... ok
[INFO] [stdout] test rules::tests::it_is_ignoring_path_tests ... ok
[INFO] [stdout] test rules::tests::it_is_watching_path_tests ... ok
[INFO] [stdout] test rules::tests::it_replaces_filepath_tpl_with_absolute_filepath ... ok
[INFO] [stdout] test rules::tests::it_validates_missing_properties ... ok
[INFO] [stdout] test rules::tests::it_validates_the_given_glob_patterns_paths ... ok
[INFO] [stdout] test rules::tests::test_yaml_loader_returns_empty_for_invalid_content ... ok
[INFO] [stdout] test watches::tests::it_creates_a_list_of_shell_commands ... ok
[INFO] [stdout] test watches::tests::it_ignores_a_list_of_patterns ... ok
[INFO] [stdout] test watches::tests::it_allows_many_rules_watching_same_path ... ok
[INFO] [stdout] test watches::tests::it_doesnot_watch_test_path ... ok
[INFO] [stdout] test watches::tests::it_loads_from_args ... ok
[INFO] [stdout] test watches::tests::it_ignores_pattern ... ok
[INFO] [stdout] test watches::tests::it_watches_specific_path ... ok
[INFO] [stdout] test watches::tests::it_watches_test_path ... ok
[INFO] [stdout] test watches::tests::it_returns_on_init_rules ... ok
[INFO] [stdout] test rules::tests::it_accepts_false_for_run_on_init ... ok
[INFO] [stdout] test cmd::it_spawn_a_command_returning_a_child_ref ... ok
[INFO] [stdout] test watches::tests::it_works_with_multiples_items ... ok
[INFO] [stdout] test yaml::tests::parses_yaml_to_yaml_instance_to_string_back ... ok
[INFO] [stdout] test rules::tests::it_loads_from_args ... ok
[INFO] [stdout] test watches::tests::it_returns_an_error_when_fail_to_load_config_file ... ok
[INFO] [stdout] test yaml::tests::fails_when_attempt_to_extract_list_from_nonlist_yaml ... ok
[INFO] [stdout] test watches::tests::it_returns_rules_with_absolute_path_and_current_dir ... ok
[INFO] [stdout] 
[INFO] [stdout] test result: ok. 32 passed; 0 failed; 0 ignored; 0 measured; 0 filtered out; finished in 0.03s
[INFO] [stdout] 
[INFO] [stderr]      Running unittests src/main.rs (/opt/rustwide/target/debug/deps/fzz-69b51b51f4305f09)
[INFO] [stdout] 
[INFO] [stdout] running 32 tests
[INFO] [stdout] test rules::tests::it_accepts_run_on_init ... ok
[INFO] [stdout] test rules::tests::it_fails_for_invalid_watch_file_format ... ok
[INFO] [stdout] foo
[INFO] [stdout] test cmd::it_spawn_a_command_returning_a_child_ref ... ok
[INFO] [stdout] test rules::tests::it_accepts_false_for_run_on_init ... ok
[INFO] [stdout] test rules::tests::it_defaults_run_on_init_to_false ... ok
[INFO] [stdout] test rules::tests::it_is_watching_path_tests ... ok
[INFO] [stdout] test rules::tests::it_is_ignoring_path_tests ... ok
[INFO] [stdout] test rules::tests::it_is_not_watching_path_test ... ok
[INFO] [stdout] test rules::tests::it_replaces_filepath_tpl_with_absolute_filepath ... ok
[INFO] [stdout] test rules::tests::it_validates_missing_properties ... ok
[INFO] [stdout] test rules::tests::it_replaces_relative_filepath_tpl_with_relative_filepath ... ok
[INFO] [stdout] test rules::tests::test_yaml_loader_returns_empty_for_invalid_content ... ok
[INFO] [stdout] test rules::tests::it_formats_rule_as_yaml_string ... ok
[INFO] [stdout] test rules::tests::it_is_not_ignoring_path_test ... ok
[INFO] [stdout] foo
[INFO] [stdout] test watches::tests::it_allows_many_rules_watching_same_path ... ok
[INFO] [stdout] test rules::tests::it_validates_the_given_glob_patterns_paths ... ok
[INFO] [stdout] test watches::tests::it_creates_a_list_of_shell_commands ... ok
[INFO] [stdout] test watches::tests::it_ignores_a_list_of_patterns ... ok
[INFO] [stdout] test watches::tests::it_doesnot_watch_test_path ... ok
[INFO] [stdout] test rules::tests::it_does_not_filters_empty_or_one_character_path ... ok
[INFO] [stdout] test rules::tests::it_loads_from_args ... ok
[INFO] [stdout] test watches::tests::it_loads_from_args ... ok
[INFO] [stdout] test cmd::it_executes_a_command ... ok
[INFO] [stdout] test watches::tests::it_ignores_pattern ... ok
[INFO] [stdout] test watches::tests::it_returns_on_init_rules ... ok
[INFO] [stdout] test watches::tests::it_watches_test_path ... ok
[INFO] [stdout] test watches::tests::it_returns_rules_with_absolute_path_and_current_dir ... ok
[INFO] [stdout] test watches::tests::it_watches_specific_path ... ok
[INFO] [stdout] test watches::tests::it_returns_an_error_when_fail_to_load_config_file ... ok
[INFO] [stdout] test yaml::tests::parses_yaml_to_yaml_instance_to_string_back ... ok
[INFO] [stdout] test watches::tests::it_works_with_multiples_items ... ok
[INFO] [stdout] test yaml::tests::fails_when_attempt_to_extract_list_from_nonlist_yaml ... ok
[INFO] [stdout] 
[INFO] [stdout] test result: ok. 32 passed; 0 failed; 0 ignored; 0 measured; 0 filtered out; finished in 0.03s
[INFO] [stdout] 
[INFO] [stderr]      Running tests/command_init.rs (/opt/rustwide/target/debug/deps/command_init-2ba3b397bc91e1be)
[INFO] [stderr]      Running tests/command_init_errors.rs (/opt/rustwide/target/debug/deps/command_init_errors-1983f4d94977ac1c)
[INFO] [stdout] 
[INFO] [stdout] running 1 test
[INFO] [stdout] test test_it_creates_the_config_file_with_cmd_init ... ok
[INFO] [stdout] 
[INFO] [stdout] test result: ok. 1 passed; 0 failed; 0 ignored; 0 measured; 0 filtered out; finished in 0.00s
[INFO] [stdout] 
[INFO] [stdout] 
[INFO] [stdout] running 2 tests
[INFO] [stdout] test it_fails_folder_is_read_only ... FAILED
[INFO] [stdout] test it_fails_when_config_file_alredy_exists ... FAILED
[INFO] [stdout] 
[INFO] [stdout] failures:
[INFO] [stdout] 
[INFO] [stdout] ---- it_fails_folder_is_read_only stdout ----
[INFO] [stdout] thread 'it_fails_folder_is_read_only' panicked at tests/command_init_errors.rs:50:49:
[INFO] [stdout] failed to set read only: Os { code: 30, kind: ReadOnlyFilesystem, message: "Read-only file system" }
[INFO] [stdout] stack backtrace:
[INFO] [stdout]    0:     0x5634420c86da - std::backtrace_rs::backtrace::libunwind::trace::h5a5b8284f2d0c266
[INFO] [stdout]                                at /rustc/90b35a6239c3d8bdabc530a6a0816f7ff89a0aaf/library/std/src/../../backtrace/src/backtrace/libunwind.rs:116:5
[INFO] [stdout]    1:     0x5634420c86da - std::backtrace_rs::backtrace::trace_unsynchronized::h76d4f1c9b0b875e3
[INFO] [stdout]                                at /rustc/90b35a6239c3d8bdabc530a6a0816f7ff89a0aaf/library/std/src/../../backtrace/src/backtrace/mod.rs:66:5
[INFO] [stdout]    2:     0x5634420c86da - std::sys::backtrace::_print_fmt::hc4546b8364a537c6
[INFO] [stdout]                                at /rustc/90b35a6239c3d8bdabc530a6a0816f7ff89a0aaf/library/std/src/sys/backtrace.rs:66:9
[INFO] [stdout]    3:     0x5634420c86da - <std::sys::backtrace::BacktraceLock::print::DisplayBacktrace as core::fmt::Display>::fmt::h5b6bd5631a6d1f6b
[INFO] [stdout]                                at /rustc/90b35a6239c3d8bdabc530a6a0816f7ff89a0aaf/library/std/src/sys/backtrace.rs:39:26
[INFO] [stdout]    4:     0x5634420ef6c3 - core::fmt::rt::Argument::fmt::h270f6602a2b96f62
[INFO] [stdout]                                at /rustc/90b35a6239c3d8bdabc530a6a0816f7ff89a0aaf/library/core/src/fmt/rt.rs:177:76
[INFO] [stdout]    5:     0x5634420ef6c3 - core::fmt::write::h7550c97b06c86515
[INFO] [stdout]                                at /rustc/90b35a6239c3d8bdabc530a6a0816f7ff89a0aaf/library/core/src/fmt/mod.rs:1186:21
[INFO] [stdout]    6:     0x5634420c51f3 - std::io::Write::write_fmt::h509ff860e5956e5e
[INFO] [stdout]                                at /rustc/90b35a6239c3d8bdabc530a6a0816f7ff89a0aaf/library/std/src/io/mod.rs:1839:15
[INFO] [stdout]    7:     0x5634420c8522 - std::sys::backtrace::BacktraceLock::print::h2395ccd2c84ba3aa
[INFO] [stdout]                                at /rustc/90b35a6239c3d8bdabc530a6a0816f7ff89a0aaf/library/std/src/sys/backtrace.rs:42:9
[INFO] [stdout]    8:     0x5634420c9bba - std::panicking::default_hook::{{closure}}::he19d4c7230e07961
[INFO] [stdout]                                at /rustc/90b35a6239c3d8bdabc530a6a0816f7ff89a0aaf/library/std/src/panicking.rs:268:22
[INFO] [stdout]    9:     0x5634420c99c4 - std::panicking::default_hook::hf614597d3c67bbdb
[INFO] [stdout]                                at /rustc/90b35a6239c3d8bdabc530a6a0816f7ff89a0aaf/library/std/src/panicking.rs:292:9
[INFO] [stdout]   10:     0x563442026819 - <alloc::boxed::Box<F,A> as core::ops::function::Fn<Args>>::call::h39b51ce4599c23d1
[INFO] [stdout]                                at /rustc/90b35a6239c3d8bdabc530a6a0816f7ff89a0aaf/library/alloc/src/boxed.rs:2468:9
[INFO] [stdout]   11:     0x563442026819 - test::test_main::{{closure}}::he977ae839a582784
[INFO] [stdout]                                at /rustc/90b35a6239c3d8bdabc530a6a0816f7ff89a0aaf/library/test/src/lib.rs:133:21
[INFO] [stdout]   12:     0x5634420ca258 - <alloc::boxed::Box<F,A> as core::ops::function::Fn<Args>>::call::h9455091b6b06f9fb
[INFO] [stdout]                                at /rustc/90b35a6239c3d8bdabc530a6a0816f7ff89a0aaf/library/alloc/src/boxed.rs:2468:9
[INFO] [stdout]   13:     0x5634420ca258 - std::panicking::rust_panic_with_hook::h8942133a8b252070
[INFO] [stdout]                                at /rustc/90b35a6239c3d8bdabc530a6a0816f7ff89a0aaf/library/std/src/panicking.rs:809:13
[INFO] [stdout]   14:     0x5634420ca01a - std::panicking::begin_panic_handler::{{closure}}::hb5f5963570096b29
[INFO] [stdout]                                at /rustc/90b35a6239c3d8bdabc530a6a0816f7ff89a0aaf/library/std/src/panicking.rs:674:13
[INFO] [stdout]   15:     0x5634420c8bb9 - std::sys::backtrace::__rust_end_short_backtrace::h6208cedc1922feda
[INFO] [stdout]                                at /rustc/90b35a6239c3d8bdabc530a6a0816f7ff89a0aaf/library/std/src/sys/backtrace.rs:170:18
[INFO] [stdout]   16:     0x5634420c9cac - rust_begin_unwind
[INFO] [stdout]                                at /rustc/90b35a6239c3d8bdabc530a6a0816f7ff89a0aaf/library/std/src/panicking.rs:665:5
[INFO] [stdout]   17:     0x563441fe71b0 - core::panicking::panic_fmt::h0c3082644d1bf418
[INFO] [stdout]                                at /rustc/90b35a6239c3d8bdabc530a6a0816f7ff89a0aaf/library/core/src/panicking.rs:74:14
[INFO] [stdout]   18:     0x563441fe75f6 - core::result::unwrap_failed::hd20b4aa073bda1e2
[INFO] [stdout]                                at /rustc/90b35a6239c3d8bdabc530a6a0816f7ff89a0aaf/library/core/src/result.rs:1700:5
[INFO] [stdout]   19:     0x563441fea06f - core::result::Result<T,E>::expect::h0866fe1a53842448
[INFO] [stdout]                                at /rustc/90b35a6239c3d8bdabc530a6a0816f7ff89a0aaf/library/core/src/result.rs:1061:23
[INFO] [stdout]   20:     0x563441fee01a - command_init_errors::it_fails_folder_is_read_only::{{closure}}::h65337280028ec2e6
[INFO] [stdout]                                at /opt/rustwide/workdir/tests/command_init_errors.rs:50:9
[INFO] [stdout]   21:     0x563441fed771 - command_init_errors::setup::nonparallel::hafa562e749b0e1de
[INFO] [stdout]                                at /opt/rustwide/workdir/tests/./common/lib.rs:193:5
[INFO] [stdout]   22:     0x563441fedf16 - command_init_errors::it_fails_folder_is_read_only::hd08387d2bbf88d69
[INFO] [stdout]                                at /opt/rustwide/workdir/tests/command_init_errors.rs:42:5
[INFO] [stdout]   23:     0x563441fedef7 - command_init_errors::it_fails_folder_is_read_only::{{closure}}::h65c18d8c6587fa4b
[INFO] [stdout]                                at /opt/rustwide/workdir/tests/command_init_errors.rs:41:38
[INFO] [stdout]   24:     0x563441fe95d6 - core::ops::function::FnOnce::call_once::h86b57f66f1bf6eb7
[INFO] [stdout]                                at /rustc/90b35a6239c3d8bdabc530a6a0816f7ff89a0aaf/library/core/src/ops/function.rs:250:5
[INFO] [stdout]   25:     0x56344202b1db - core::ops::function::FnOnce::call_once::h109cf8051a59b34e
[INFO] [stdout]                                at /rustc/90b35a6239c3d8bdabc530a6a0816f7ff89a0aaf/library/core/src/ops/function.rs:250:5
[INFO] [stdout]   26:     0x56344202b1db - test::__rust_begin_short_backtrace::hf4fff89d377446ba
[INFO] [stdout]                                at /rustc/90b35a6239c3d8bdabc530a6a0816f7ff89a0aaf/library/test/src/lib.rs:621:18
[INFO] [stdout]   27:     0x56344202aa17 - test::run_test_in_process::{{closure}}::h0e39181dd7ee5a43
[INFO] [stdout]                                at /rustc/90b35a6239c3d8bdabc530a6a0816f7ff89a0aaf/library/test/src/lib.rs:644:60
[INFO] [stdout]   28:     0x56344202aa17 - <core::panic::unwind_safe::AssertUnwindSafe<F> as core::ops::function::FnOnce<()>>::call_once::hc5a66a30f0bdfd1f
[INFO] [stdout]                                at /rustc/90b35a6239c3d8bdabc530a6a0816f7ff89a0aaf/library/core/src/panic/unwind_safe.rs:272:9
[INFO] [stdout]   29:     0x56344202aa17 - std::panicking::try::do_call::h873b7cf639554a5e
[INFO] [stdout]                                at /rustc/90b35a6239c3d8bdabc530a6a0816f7ff89a0aaf/library/std/src/panicking.rs:557:40
[INFO] [stdout]   30:     0x56344202aa17 - std::panicking::try::hdb19862fad9c8bd1
[INFO] [stdout]                                at /rustc/90b35a6239c3d8bdabc530a6a0816f7ff89a0aaf/library/std/src/panicking.rs:520:19
[INFO] [stdout]   31:     0x56344202aa17 - std::panic::catch_unwind::h281fe732d236d260
[INFO] [stdout]                                at /rustc/90b35a6239c3d8bdabc530a6a0816f7ff89a0aaf/library/std/src/panic.rs:358:14
[INFO] [stdout]   32:     0x56344202aa17 - test::run_test_in_process::h949b6df8457ed338
[INFO] [stdout]                                at /rustc/90b35a6239c3d8bdabc530a6a0816f7ff89a0aaf/library/test/src/lib.rs:644:27
[INFO] [stdout]   33:     0x56344202aa17 - test::run_test::{{closure}}::h52c556a6d4740e10
[INFO] [stdout]                                at /rustc/90b35a6239c3d8bdabc530a6a0816f7ff89a0aaf/library/test/src/lib.rs:565:43
[INFO] [stdout]   34:     0x563441fefcf4 - test::run_test::{{closure}}::h4237f6381c45ccb9
[INFO] [stdout]                                at /rustc/90b35a6239c3d8bdabc530a6a0816f7ff89a0aaf/library/test/src/lib.rs:595:41
[INFO] [stdout]   35:     0x563441fefcf4 - std::sys::backtrace::__rust_begin_short_backtrace::h505c97a579eca628
[INFO] [stdout]                                at /rustc/90b35a6239c3d8bdabc530a6a0816f7ff89a0aaf/library/std/src/sys/backtrace.rs:154:18
[INFO] [stdout]   36:     0x563441ff33be - std::thread::Builder::spawn_unchecked_::{{closure}}::{{closure}}::h9e86b2e2bc107ea3
[INFO] [stdout]                                at /rustc/90b35a6239c3d8bdabc530a6a0816f7ff89a0aaf/library/std/src/thread/mod.rs:538:17
[INFO] [stdout]   37:     0x563441ff33be - <core::panic::unwind_safe::AssertUnwindSafe<F> as core::ops::function::FnOnce<()>>::call_once::h8b06ddb275ff4a25
[INFO] [stdout]                                at /rustc/90b35a6239c3d8bdabc530a6a0816f7ff89a0aaf/library/core/src/panic/unwind_safe.rs:272:9
[INFO] [stdout]   38:     0x563441ff33be - std::panicking::try::do_call::hb26ecd7cd9a9355d
[INFO] [stdout]                                at /rustc/90b35a6239c3d8bdabc530a6a0816f7ff89a0aaf/library/std/src/panicking.rs:557:40
[INFO] [stdout]   39:     0x563441ff33be - std::panicking::try::h8ddeca9d705f9069
[INFO] [stdout]                                at /rustc/90b35a6239c3d8bdabc530a6a0816f7ff89a0aaf/library/std/src/panicking.rs:520:19
[INFO] [stdout]   40:     0x563441ff33be - std::panic::catch_unwind::h49e1c33078844c46
[INFO] [stdout]                                at /rustc/90b35a6239c3d8bdabc530a6a0816f7ff89a0aaf/library/std/src/panic.rs:358:14
[INFO] [stdout]   41:     0x563441ff33be - std::thread::Builder::spawn_unchecked_::{{closure}}::h6073db6ff56ad35d
[INFO] [stdout]                                at /rustc/90b35a6239c3d8bdabc530a6a0816f7ff89a0aaf/library/std/src/thread/mod.rs:537:30
[INFO] [stdout]   42:     0x563441ff33be - core::ops::function::FnOnce::call_once{{vtable.shim}}::h2c5a5f3779c774f1
[INFO] [stdout]                                at /rustc/90b35a6239c3d8bdabc530a6a0816f7ff89a0aaf/library/core/src/ops/function.rs:250:5
[INFO] [stdout]   43:     0x5634420ceddb - <alloc::boxed::Box<F,A> as core::ops::function::FnOnce<Args>>::call_once::hf75717d9f28faebf
[INFO] [stdout]                                at /rustc/90b35a6239c3d8bdabc530a6a0816f7ff89a0aaf/library/alloc/src/boxed.rs:2454:9
[INFO] [stdout]   44:     0x5634420ceddb - <alloc::boxed::Box<F,A> as core::ops::function::FnOnce<Args>>::call_once::h7bd883a5f3c5f3c1
[INFO] [stdout]                                at /rustc/90b35a6239c3d8bdabc530a6a0816f7ff89a0aaf/library/alloc/src/boxed.rs:2454:9
[INFO] [stdout]   45:     0x5634420ceddb - std::sys::pal::unix::thread::Thread::new::thread_start::hcc78f3943333fa94
[INFO] [stdout]                                at /rustc/90b35a6239c3d8bdabc530a6a0816f7ff89a0aaf/library/std/src/sys/pal/unix/thread.rs:105:17
[INFO] [stdout]   46:     0x7e1fa6795ac3 - <unknown>
[INFO] [stdout]   47:     0x7e1fa6826a04 - clone
[INFO] [stdout]   48:                0x0 - <unknown>
[INFO] [stdout] Integration Tests: cleanup...
[INFO] [stdout] 
[INFO] [stdout] ---- it_fails_when_config_file_alredy_exists stdout ----
[INFO] [stdout] thread 'it_fails_when_config_file_alredy_exists' panicked at tests/./common/lib.rs:188:56:
[INFO] [stdout] failed to lock mutex: PoisonError { .. }
[INFO] [stdout] stack backtrace:
[INFO] [stdout]    0:     0x5634420c86da - std::backtrace_rs::backtrace::libunwind::trace::h5a5b8284f2d0c266
[INFO] [stdout]                                at /rustc/90b35a6239c3d8bdabc530a6a0816f7ff89a0aaf/library/std/src/../../backtrace/src/backtrace/libunwind.rs:116:5
[INFO] [stdout]    1:     0x5634420c86da - std::backtrace_rs::backtrace::trace_unsynchronized::h76d4f1c9b0b875e3
[INFO] [stdout]                                at /rustc/90b35a6239c3d8bdabc530a6a0816f7ff89a0aaf/library/std/src/../../backtrace/src/backtrace/mod.rs:66:5
[INFO] [stdout]    2:     0x5634420c86da - std::sys::backtrace::_print_fmt::hc4546b8364a537c6
[INFO] [stdout]                                at /rustc/90b35a6239c3d8bdabc530a6a0816f7ff89a0aaf/library/std/src/sys/backtrace.rs:66:9
[INFO] [stdout]    3:     0x5634420c86da - <std::sys::backtrace::BacktraceLock::print::DisplayBacktrace as core::fmt::Display>::fmt::h5b6bd5631a6d1f6b
[INFO] [stdout]                                at /rustc/90b35a6239c3d8bdabc530a6a0816f7ff89a0aaf/library/std/src/sys/backtrace.rs:39:26
[INFO] [stdout]    4:     0x5634420ef6c3 - core::fmt::rt::Argument::fmt::h270f6602a2b96f62
[INFO] [stdout]                                at /rustc/90b35a6239c3d8bdabc530a6a0816f7ff89a0aaf/library/core/src/fmt/rt.rs:177:76
[INFO] [stdout]    5:     0x5634420ef6c3 - core::fmt::write::h7550c97b06c86515
[INFO] [stdout]                                at /rustc/90b35a6239c3d8bdabc530a6a0816f7ff89a0aaf/library/core/src/fmt/mod.rs:1186:21
[INFO] [stdout]    6:     0x5634420c51f3 - std::io::Write::write_fmt::h509ff860e5956e5e
[INFO] [stdout]                                at /rustc/90b35a6239c3d8bdabc530a6a0816f7ff89a0aaf/library/std/src/io/mod.rs:1839:15
[INFO] [stdout]    7:     0x5634420c8522 - std::sys::backtrace::BacktraceLock::print::h2395ccd2c84ba3aa
[INFO] [stdout]                                at /rustc/90b35a6239c3d8bdabc530a6a0816f7ff89a0aaf/library/std/src/sys/backtrace.rs:42:9
[INFO] [stdout]    8:     0x5634420c9bba - std::panicking::default_hook::{{closure}}::he19d4c7230e07961
[INFO] [stdout]                                at /rustc/90b35a6239c3d8bdabc530a6a0816f7ff89a0aaf/library/std/src/panicking.rs:268:22
[INFO] [stdout]    9:     0x5634420c99c4 - std::panicking::default_hook::hf614597d3c67bbdb
[INFO] [stdout]                                at /rustc/90b35a6239c3d8bdabc530a6a0816f7ff89a0aaf/library/std/src/panicking.rs:292:9
[INFO] [stdout]   10:     0x563442026819 - <alloc::boxed::Box<F,A> as core::ops::function::Fn<Args>>::call::h39b51ce4599c23d1
[INFO] [stdout]                                at /rustc/90b35a6239c3d8bdabc530a6a0816f7ff89a0aaf/library/alloc/src/boxed.rs:2468:9
[INFO] [stdout]   11:     0x563442026819 - test::test_main::{{closure}}::he977ae839a582784
[INFO] [stdout]                                at /rustc/90b35a6239c3d8bdabc530a6a0816f7ff89a0aaf/library/test/src/lib.rs:133:21
[INFO] [stdout]   12:     0x5634420ca258 - <alloc::boxed::Box<F,A> as core::ops::function::Fn<Args>>::call::h9455091b6b06f9fb
[INFO] [stdout]                                at /rustc/90b35a6239c3d8bdabc530a6a0816f7ff89a0aaf/library/alloc/src/boxed.rs:2468:9
[INFO] [stdout]   13:     0x5634420ca258 - std::panicking::rust_panic_with_hook::h8942133a8b252070
[INFO] [stdout]                                at /rustc/90b35a6239c3d8bdabc530a6a0816f7ff89a0aaf/library/std/src/panicking.rs:809:13
[INFO] [stdout]   14:     0x5634420ca01a - std::panicking::begin_panic_handler::{{closure}}::hb5f5963570096b29
[INFO] [stdout]                                at /rustc/90b35a6239c3d8bdabc530a6a0816f7ff89a0aaf/library/std/src/panicking.rs:674:13
[INFO] [stdout]   15:     0x5634420c8bb9 - std::sys::backtrace::__rust_end_short_backtrace::h6208cedc1922feda
[INFO] [stdout]                                at /rustc/90b35a6239c3d8bdabc530a6a0816f7ff89a0aaf/library/std/src/sys/backtrace.rs:170:18
[INFO] [stdout]   16:     0x5634420c9cac - rust_begin_unwind
[INFO] [stdout]                                at /rustc/90b35a6239c3d8bdabc530a6a0816f7ff89a0aaf/library/std/src/panicking.rs:665:5
[INFO] [stdout]   17:     0x563441fe71b0 - core::panicking::panic_fmt::h0c3082644d1bf418
[INFO] [stdout]                                at /rustc/90b35a6239c3d8bdabc530a6a0816f7ff89a0aaf/library/core/src/panicking.rs:74:14
[INFO] [stdout]   18:     0x563441fe75f6 - core::result::unwrap_failed::hd20b4aa073bda1e2
[INFO] [stdout]                                at /rustc/90b35a6239c3d8bdabc530a6a0816f7ff89a0aaf/library/core/src/result.rs:1700:5
[INFO] [stdout]   19:     0x563441fea202 - core::result::Result<T,E>::expect::hc13bda9b5f146a9b
[INFO] [stdout]                                at /rustc/90b35a6239c3d8bdabc530a6a0816f7ff89a0aaf/library/core/src/result.rs:1061:23
[INFO] [stdout]   20:     0x563441fed60e - command_init_errors::setup::nonparallel::h717c23634bb3ed73
[INFO] [stdout]                                at /opt/rustwide/workdir/tests/./common/lib.rs:188:26
[INFO] [stdout]   21:     0x563441fed906 - command_init_errors::it_fails_when_config_file_alredy_exists::h44853f0d0ada90e9
[INFO] [stdout]                                at /opt/rustwide/workdir/tests/command_init_errors.rs:10:5
[INFO] [stdout]   22:     0x563441fed8e7 - command_init_errors::it_fails_when_config_file_alredy_exists::{{closure}}::hc671d3fe051dc529
[INFO] [stdout]                                at /opt/rustwide/workdir/tests/command_init_errors.rs:9:49
[INFO] [stdout]   23:     0x563441fe9596 - core::ops::function::FnOnce::call_once::h6858429bc181a3f9
[INFO] [stdout]                                at /rustc/90b35a6239c3d8bdabc530a6a0816f7ff89a0aaf/library/core/src/ops/function.rs:250:5
[INFO] [stdout]   24:     0x56344202b1db - core::ops::function::FnOnce::call_once::h109cf8051a59b34e
[INFO] [stdout]                                at /rustc/90b35a6239c3d8bdabc530a6a0816f7ff89a0aaf/library/core/src/ops/function.rs:250:5
[INFO] [stdout]   25:     0x56344202b1db - test::__rust_begin_short_backtrace::hf4fff89d377446ba
[INFO] [stdout]                                at /rustc/90b35a6239c3d8bdabc530a6a0816f7ff89a0aaf/library/test/src/lib.rs:621:18
[INFO] [stdout]   26:     0x56344202aa17 - test::run_test_in_process::{{closure}}::h0e39181dd7ee5a43
[INFO] [stdout]                                at /rustc/90b35a6239c3d8bdabc530a6a0816f7ff89a0aaf/library/test/src/lib.rs:644:60
[INFO] [stdout]   27:     0x56344202aa17 - <core::panic::unwind_safe::AssertUnwindSafe<F> as core::ops::function::FnOnce<()>>::call_once::hc5a66a30f0bdfd1f
[INFO] [stdout]                                at /rustc/90b35a6239c3d8bdabc530a6a0816f7ff89a0aaf/library/core/src/panic/unwind_safe.rs:272:9
[INFO] [stdout]   28:     0x56344202aa17 - std::panicking::try::do_call::h873b7cf639554a5e
[INFO] [stdout]                                at /rustc/90b35a6239c3d8bdabc530a6a0816f7ff89a0aaf/library/std/src/panicking.rs:557:40
[INFO] [stdout]   29:     0x56344202aa17 - std::panicking::try::hdb19862fad9c8bd1
[INFO] [stdout]                                at /rustc/90b35a6239c3d8bdabc530a6a0816f7ff89a0aaf/library/std/src/panicking.rs:520:19
[INFO] [stdout]   30:     0x56344202aa17 - std::panic::catch_unwind::h281fe732d236d260
[INFO] [stdout]                                at /rustc/90b35a6239c3d8bdabc530a6a0816f7ff89a0aaf/library/std/src/panic.rs:358:14
[INFO] [stdout]   31:     0x56344202aa17 - test::run_test_in_process::h949b6df8457ed338
[INFO] [stdout]                                at /rustc/90b35a6239c3d8bdabc530a6a0816f7ff89a0aaf/library/test/src/lib.rs:644:27
[INFO] [stdout]   32:     0x56344202aa17 - test::run_test::{{closure}}::h52c556a6d4740e10
[INFO] [stdout]                                at /rustc/90b35a6239c3d8bdabc530a6a0816f7ff89a0aaf/library/test/src/lib.rs:565:43
[INFO] [stdout]   33:     0x563441fefcf4 - test::run_test::{{closure}}::h4237f6381c45ccb9
[INFO] [stdout]                                at /rustc/90b35a6239c3d8bdabc530a6a0816f7ff89a0aaf/library/test/src/lib.rs:595:41
[INFO] [stdout]   34:     0x563441fefcf4 - std::sys::backtrace::__rust_begin_short_backtrace::h505c97a579eca628
[INFO] [stdout]                                at /rustc/90b35a6239c3d8bdabc530a6a0816f7ff89a0aaf/library/std/src/sys/backtrace.rs:154:18
[INFO] [stdout]   35:     0x563441ff33be - std::thread::Builder::spawn_unchecked_::{{closure}}::{{closure}}::h9e86b2e2bc107ea3
[INFO] [stdout]                                at /rustc/90b35a6239c3d8bdabc530a6a0816f7ff89a0aaf/library/std/src/thread/mod.rs:538:17
[INFO] [stdout]   36:     0x563441ff33be - <core::panic::unwind_safe::AssertUnwindSafe<F> as core::ops::function::FnOnce<()>>::call_once::h8b06ddb275ff4a25
[INFO] [stdout]                                at /rustc/90b35a6239c3d8bdabc530a6a0816f7ff89a0aaf/library/core/src/panic/unwind_safe.rs:272:9
[INFO] [stdout]   37:     0x563441ff33be - std::panicking::try::do_call::hb26ecd7cd9a9355d
[INFO] [stdout]                                at /rustc/90b35a6239c3d8bdabc530a6a0816f7ff89a0aaf/library/std/src/panicking.rs:557:40
[INFO] [stdout]   38:     0x563441ff33be - std::panicking::try::h8ddeca9d705f9069
[INFO] [stdout]                                at /rustc/90b35a6239c3d8bdabc530a6a0816f7ff89a0aaf/library/std/src/panicking.rs:520:19
[INFO] [stdout]   39:     0x563441ff33be - std::panic::catch_unwind::h49e1c33078844c46
[INFO] [stdout]                                at /rustc/90b35a6239c3d8bdabc530a6a0816f7ff89a0aaf/library/std/src/panic.rs:358:14
[INFO] [stdout]   40:     0x563441ff33be - std::thread::Builder::spawn_unchecked_::{{closure}}::h6073db6ff56ad35d
[INFO] [stdout]                                at /rustc/90b35a6239c3d8bdabc530a6a0816f7ff89a0aaf/library/std/src/thread/mod.rs:537:30
[INFO] [stdout]   41:     0x563441ff33be - core::ops::function::FnOnce::call_once{{vtable.shim}}::h2c5a5f3779c774f1
[INFO] [stdout]                                at /rustc/90b35a6239c3d8bdabc530a6a0816f7ff89a0aaf/library/core/src/ops/function.rs:250:5
[INFO] [stdout]   42:     0x5634420ceddb - <alloc::boxed::Box<F,A> as core::ops::function::FnOnce<Args>>::call_once::hf75717d9f28faebf
[INFO] [stdout]                                at /rustc/90b35a6239c3d8bdabc530a6a0816f7ff89a0aaf/library/alloc/src/boxed.rs:2454:9
[INFO] [stdout]   43:     0x5634420ceddb - <alloc::boxed::Box<F,A> as core::ops::function::FnOnce<Args>>::call_once::h7bd883a5f3c5f3c1
[INFO] [stdout]                                at /rustc/90b35a6239c3d8bdabc530a6a0816f7ff89a0aaf/library/alloc/src/boxed.rs:2454:9
[INFO] [stdout]   44:     0x5634420ceddb - std::sys::pal::unix::thread::Thread::new::thread_start::hcc78f3943333fa94
[INFO] [stdout]                                at /rustc/90b35a6239c3d8bdabc530a6a0816f7ff89a0aaf/library/std/src/sys/pal/unix/thread.rs:105:17
[INFO] [stdout]   45:     0x7e1fa6795ac3 - <unknown>
[INFO] [stdout]   46:     0x7e1fa6826a04 - clone
[INFO] [stdout]   47:                0x0 - <unknown>
[INFO] [stdout] 
[INFO] [stdout] 
[INFO] [stdout] failures:
[INFO] [stdout]     it_fails_folder_is_read_only
[INFO] [stdout]     it_fails_when_config_file_alredy_exists
[INFO] [stdout] 
[INFO] [stdout] test result: FAILED. 0 passed; 2 failed; 0 ignored; 0 measured; 0 filtered out; finished in 0.08s
[INFO] [stdout] 
[INFO] [stderr] error: test failed, to rerun pass `--test command_init_errors`
[INFO] running `Command { std: "docker" "inspect" "3f4502b647c181202dfb93b70d3d42ded67676cbf2456480f3841fd2d0176b0b", kill_on_drop: false }`
[INFO] running `Command { std: "docker" "rm" "-f" "3f4502b647c181202dfb93b70d3d42ded67676cbf2456480f3841fd2d0176b0b", kill_on_drop: false }`
[INFO] [stdout] 3f4502b647c181202dfb93b70d3d42ded67676cbf2456480f3841fd2d0176b0b
