[INFO] cloning repository https://github.com/crema-labs/PurrSettle
[INFO] running `Command { std: "git" "-c" "credential.helper=" "-c" "credential.helper=/workspace/cargo-home/bin/git-credential-null" "clone" "--bare" "https://github.com/crema-labs/PurrSettle" "/workspace/cache/git-repos/https%3A%2F%2Fgithub.com%2Fcrema-labs%2FPurrSettle", kill_on_drop: false }`
[INFO] [stderr] Cloning into bare repository '/workspace/cache/git-repos/https%3A%2F%2Fgithub.com%2Fcrema-labs%2FPurrSettle'...
[INFO] running `Command { std: "git" "rev-parse" "HEAD", kill_on_drop: false }`
[INFO] [stdout] 32ef4cad78283087806b3521c9432e1518f04659
[INFO] testing crema-labs/PurrSettle against 1.83.0 for beta-1.84.0-4-retry
[INFO] running `Command { std: "git" "clone" "/workspace/cache/git-repos/https%3A%2F%2Fgithub.com%2Fcrema-labs%2FPurrSettle" "/workspace/builds/worker-3-tc1/source", kill_on_drop: false }`
[INFO] [stderr] Cloning into '/workspace/builds/worker-3-tc1/source'...
[INFO] [stderr] done.
[INFO] validating manifest of git repo https://github.com/crema-labs/PurrSettle on toolchain 1.83.0
[INFO] running `Command { std: CARGO_HOME="/workspace/cargo-home" RUSTUP_HOME="/workspace/rustup-home" "/workspace/cargo-home/bin/cargo" "+1.83.0" "metadata" "--manifest-path" "Cargo.toml" "--no-deps", kill_on_drop: false }`
[INFO] started tweaking git repo https://github.com/crema-labs/PurrSettle
[INFO] finished tweaking git repo https://github.com/crema-labs/PurrSettle
[INFO] tweaked toml for git repo https://github.com/crema-labs/PurrSettle written to /workspace/builds/worker-3-tc1/source/Cargo.toml
[INFO] crate git repo https://github.com/crema-labs/PurrSettle already has a lockfile, it will not be regenerated
[INFO] running `Command { std: CARGO_HOME="/workspace/cargo-home" RUSTUP_HOME="/workspace/rustup-home" "/workspace/cargo-home/bin/cargo" "+1.83.0" "fetch" "--manifest-path" "Cargo.toml", kill_on_drop: false }`
[INFO] running `Command { std: "docker" "create" "-v" "/var/lib/crater-agent-workspace/builds/worker-3-tc1/target:/opt/rustwide/target:rw,Z" "-v" "/var/lib/crater-agent-workspace/builds/worker-3-tc1/source:/opt/rustwide/workdir:ro,Z" "-v" "/var/lib/crater-agent-workspace/cargo-home:/opt/rustwide/cargo-home:ro,Z" "-v" "/var/lib/crater-agent-workspace/rustup-home:/opt/rustwide/rustup-home:ro,Z" "-e" "SOURCE_DIR=/opt/rustwide/workdir" "-e" "CARGO_TARGET_DIR=/opt/rustwide/target" "-e" "CARGO_HOME=/opt/rustwide/cargo-home" "-e" "RUSTUP_HOME=/opt/rustwide/rustup-home" "-w" "/opt/rustwide/workdir" "-m" "1610612736" "--user" "0:0" "--network" "none" "ghcr.io/rust-lang/crates-build-env/linux@sha256:f3a9d4ad9d972b27faf3965f35b62e55ba32bbce8f20bc8fe909558a86702fde" "/opt/rustwide/cargo-home/bin/cargo" "+1.83.0" "metadata" "--no-deps" "--format-version=1", kill_on_drop: false }`
[INFO] [stdout] 7eb63165c29b7cae2100f7555dfc8329fbad9bb9ba38c081bc404452e41aa228
[INFO] running `Command { std: "docker" "start" "-a" "7eb63165c29b7cae2100f7555dfc8329fbad9bb9ba38c081bc404452e41aa228", kill_on_drop: false }`
[INFO] running `Command { std: "docker" "inspect" "7eb63165c29b7cae2100f7555dfc8329fbad9bb9ba38c081bc404452e41aa228", kill_on_drop: false }`
[INFO] running `Command { std: "docker" "rm" "-f" "7eb63165c29b7cae2100f7555dfc8329fbad9bb9ba38c081bc404452e41aa228", kill_on_drop: false }`
[INFO] [stdout] 7eb63165c29b7cae2100f7555dfc8329fbad9bb9ba38c081bc404452e41aa228
[INFO] running `Command { std: "docker" "create" "-v" "/var/lib/crater-agent-workspace/builds/worker-3-tc1/target:/opt/rustwide/target:rw,Z" "-v" "/var/lib/crater-agent-workspace/builds/worker-3-tc1/source:/opt/rustwide/workdir:ro,Z" "-v" "/var/lib/crater-agent-workspace/cargo-home:/opt/rustwide/cargo-home:ro,Z" "-v" "/var/lib/crater-agent-workspace/rustup-home:/opt/rustwide/rustup-home:ro,Z" "-e" "SOURCE_DIR=/opt/rustwide/workdir" "-e" "CARGO_TARGET_DIR=/opt/rustwide/target" "-e" "CARGO_INCREMENTAL=0" "-e" "RUST_BACKTRACE=full" "-e" "RUSTFLAGS=--cap-lints=warn" "-e" "RUSTDOCFLAGS=--cap-lints=warn" "-e" "CARGO_HOME=/opt/rustwide/cargo-home" "-e" "RUSTUP_HOME=/opt/rustwide/rustup-home" "-w" "/opt/rustwide/workdir" "-m" "1610612736" "--user" "0:0" "--network" "none" "ghcr.io/rust-lang/crates-build-env/linux@sha256:f3a9d4ad9d972b27faf3965f35b62e55ba32bbce8f20bc8fe909558a86702fde" "/opt/rustwide/cargo-home/bin/cargo" "+1.83.0" "build" "--frozen" "--message-format=json", kill_on_drop: false }`
[INFO] [stdout] 9ff40bd780dbb2071e0c403187121749e2bc2285ce2204efb54723d15070b621
[INFO] running `Command { std: "docker" "start" "-a" "9ff40bd780dbb2071e0c403187121749e2bc2285ce2204efb54723d15070b621", kill_on_drop: false }`
[INFO] [stderr]    Compiling libc v0.2.158
[INFO] [stderr]    Compiling proc-macro2 v1.0.86
[INFO] [stderr]    Compiling unicode-ident v1.0.12
[INFO] [stderr]    Compiling cfg-if v1.0.0
[INFO] [stderr]    Compiling autocfg v1.3.0
[INFO] [stderr]    Compiling zeroize v1.8.1
[INFO] [stderr]    Compiling shlex v1.3.0
[INFO] [stderr]    Compiling version_check v0.9.5
[INFO] [stderr]    Compiling typenum v1.17.0
[INFO] [stderr]    Compiling pin-project-lite v0.2.14
[INFO] [stderr]    Compiling const-oid v0.9.6
[INFO] [stderr]    Compiling parking_lot_core v0.9.10
[INFO] [stderr]    Compiling subtle v2.6.1
[INFO] [stderr]    Compiling bytes v1.7.1
[INFO] [stderr]    Compiling once_cell v1.19.0
[INFO] [stderr]    Compiling serde v1.0.209
[INFO] [stderr]    Compiling scopeguard v1.2.0
[INFO] [stderr]    Compiling cc v1.1.15
[INFO] [stderr]    Compiling futures-core v0.3.30
[INFO] [stderr]    Compiling smallvec v1.13.2
[INFO] [stderr]    Compiling itoa v1.0.11
[INFO] [stderr]    Compiling pkg-config v0.3.30
[INFO] [stderr]    Compiling vcpkg v0.2.15
[INFO] [stderr]    Compiling fnv v1.0.7
[INFO] [stderr]    Compiling futures-task v0.3.30
[INFO] [stderr]    Compiling pin-utils v0.1.0
[INFO] [stderr]    Compiling tracing-core v0.1.32
[INFO] [stderr]    Compiling der v0.7.9
[INFO] [stderr]    Compiling futures-sink v0.3.30
[INFO] [stderr]    Compiling futures-util v0.3.30
[INFO] [stderr]    Compiling foreign-types-shared v0.1.1
[INFO] [stderr]    Compiling httparse v1.9.4
[INFO] [stderr]    Compiling hashbrown v0.14.5
[INFO] [stderr]    Compiling equivalent v1.0.1
[INFO] [stderr]    Compiling openssl v0.10.66
[INFO] [stderr]    Compiling lock_api v0.4.12
[INFO] [stderr]    Compiling generic-array v0.14.7
[INFO] [stderr]    Compiling slab v0.4.9
[INFO] [stderr]    Compiling http v1.1.0
[INFO] [stderr]    Compiling foreign-types v0.3.2
[INFO] [stderr]    Compiling tracing v0.1.40
[INFO] [stderr]    Compiling tinyvec_macros v0.1.1
[INFO] [stderr]    Compiling quote v1.0.37
[INFO] [stderr]    Compiling bitflags v2.6.0
[INFO] [stderr]    Compiling bitcoin-internals v0.3.0
[INFO] [stderr]    Compiling atomic-waker v1.1.2
[INFO] [stderr]    Compiling arrayvec v0.7.6
[INFO] [stderr]    Compiling try-lock v0.2.5
[INFO] [stderr]    Compiling getrandom v0.2.15
[INFO] [stderr]    Compiling syn v2.0.77
[INFO] [stderr]    Compiling signal-hook-registry v1.4.2
[INFO] [stderr]    Compiling mio v1.0.2
[INFO] [stderr]    Compiling rand_core v0.6.4
[INFO] [stderr]    Compiling socket2 v0.5.7
[INFO] [stderr]    Compiling indexmap v2.5.0
[INFO] [stderr]    Compiling native-tls v0.2.12
[INFO] [stderr]    Compiling hex-conservative v0.2.1
[INFO] [stderr]    Compiling want v0.3.1
[INFO] [stderr]    Compiling parking_lot v0.12.3
[INFO] [stderr]    Compiling http-body v1.0.1
[INFO] [stderr]    Compiling ff v0.13.0
[INFO] [stderr]    Compiling tinyvec v1.8.0
[INFO] [stderr]    Compiling futures-channel v0.3.30
[INFO] [stderr]    Compiling percent-encoding v2.3.1
[INFO] [stderr]    Compiling tower-service v0.3.3
[INFO] [stderr]    Compiling log v0.4.22
[INFO] [stderr]    Compiling base16ct v0.2.0
[INFO] [stderr]    Compiling tower-layer v0.3.3
[INFO] [stderr]    Compiling bitcoin-io v0.1.2
[INFO] [stderr]    Compiling openssl-probe v0.1.5
[INFO] [stderr]    Compiling form_urlencoded v1.2.1
[INFO] [stderr]    Compiling group v0.13.0
[INFO] [stderr]    Compiling openssl-sys v0.9.103
[INFO] [stderr]    Compiling secp256k1-sys v0.10.0
[INFO] [stderr]    Compiling ryu v1.0.18
[INFO] [stderr]    Compiling hex_lit v0.1.1
[INFO] [stderr]    Compiling unicode-bidi v0.3.15
[INFO] [stderr]    Compiling rand v0.8.5
[INFO] [stderr]    Compiling rustls-pki-types v1.8.0
[INFO] [stderr]    Compiling cpufeatures v0.2.13
[INFO] [stderr]    Compiling serde_json v1.0.127
[INFO] [stderr]    Compiling bitcoin v0.32.2
[INFO] [stderr]    Compiling base64 v0.22.1
[INFO] [stderr]    Compiling sync_wrapper v1.0.1
[INFO] [stderr]    Compiling encoding_rs v0.8.34
[INFO] [stderr]    Compiling bech32 v0.11.0
[INFO] [stderr]    Compiling spki v0.7.3
[INFO] [stderr]    Compiling block-buffer v0.10.4
[INFO] [stderr]    Compiling crypto-common v0.1.6
[INFO] [stderr]    Compiling crypto-bigint v0.5.5
[INFO] [stderr]    Compiling pkcs8 v0.10.2
[INFO] [stderr]    Compiling sec1 v0.7.3
[INFO] [stderr]    Compiling unicode-normalization v0.1.23
[INFO] [stderr]    Compiling digest v0.10.7
[INFO] [stderr]    Compiling rustls-pemfile v2.1.3
[INFO] [stderr]    Compiling ipnet v2.9.0
[INFO] [stderr]    Compiling hmac v0.12.1
[INFO] [stderr]    Compiling signature v2.2.0
[INFO] [stderr]    Compiling sha2 v0.10.8
[INFO] [stderr]    Compiling mime v0.3.17
[INFO] [stderr]    Compiling memchr v2.7.4
[INFO] [stderr]    Compiling rfc6979 v0.4.0
[INFO] [stderr]    Compiling hex v0.4.3
[INFO] [stderr]    Compiling idna v0.5.0
[INFO] [stderr]    Compiling http-body-util v0.1.2
[INFO] [stderr]    Compiling url v2.5.2
[INFO] [stderr]    Compiling elliptic-curve v0.13.8
[INFO] [stderr]    Compiling ecdsa v0.16.9
[INFO] [stderr]    Compiling k256 v0.13.3
[INFO] [stderr]    Compiling serde_derive v1.0.209
[INFO] [stderr]    Compiling tokio-macros v2.4.0
[INFO] [stderr]    Compiling pin-project-internal v1.1.5
[INFO] [stderr]    Compiling openssl-macros v0.1.1
[INFO] [stderr]    Compiling pin-project v1.1.5
[INFO] [stderr]    Compiling tokio v1.40.0
[INFO] [stderr]    Compiling tokio-util v0.7.11
[INFO] [stderr]    Compiling tower v0.4.13
[INFO] [stderr]    Compiling tokio-native-tls v0.3.1
[INFO] [stderr]    Compiling h2 v0.4.6
[INFO] [stderr]    Compiling bitcoin_hashes v0.14.0
[INFO] [stderr]    Compiling serde_urlencoded v0.7.1
[INFO] [stderr]    Compiling bitcoin-units v0.1.2
[INFO] [stderr]    Compiling base58ck v0.1.0
[INFO] [stderr]    Compiling secp256k1 v0.29.0
[INFO] [stderr]    Compiling hyper v1.4.1
[INFO] [stderr]    Compiling hyper-util v0.1.7
[INFO] [stderr]    Compiling hyper-tls v0.6.0
[INFO] [stderr]    Compiling reqwest v0.12.7
[INFO] [stderr]    Compiling purr-settle v0.1.0 (/opt/rustwide/workdir)
[INFO] [stdout] warning: unused import: `bitcoin::address::ParseError`
[INFO] [stdout]  --> src/client/error.rs:1:5
[INFO] [stdout]   |
[INFO] [stdout] 1 | use bitcoin::address::ParseError;
[INFO] [stdout]   |     ^^^^^^^^^^^^^^^^^^^^^^^^^^^^
[INFO] [stdout]   |
[INFO] [stdout]   = note: `#[warn(unused_imports)]` on by default
[INFO] [stdout] 
[INFO] [stdout] 
[INFO] [stdout] warning: field `spent` is never read
[INFO] [stdout]   --> src/client/client.rs:11:5
[INFO] [stdout]    |
[INFO] [stdout] 10 | pub struct UtxoSpent {
[INFO] [stdout]    |            --------- field in this struct
[INFO] [stdout] 11 |     spent: bool,
[INFO] [stdout]    |     ^^^^^
[INFO] [stdout]    |
[INFO] [stdout]    = note: `UtxoSpent` has a derived impl for the trait `Debug`, but this is intentionally ignored during dead code analysis
[INFO] [stdout]    = note: `#[warn(dead_code)]` on by default
[INFO] [stdout] 
[INFO] [stdout] 
[INFO] [stdout] warning: struct `MempoolClient` is never constructed
[INFO] [stdout]   --> src/client/client.rs:14:12
[INFO] [stdout]    |
[INFO] [stdout] 14 | pub struct MempoolClient {
[INFO] [stdout]    |            ^^^^^^^^^^^^^
[INFO] [stdout] 
[INFO] [stdout] 
[INFO] [stdout] warning: associated items `new`, `get_utxos`, and `broadcast` are never used
[INFO] [stdout]   --> src/client/client.rs:37:12
[INFO] [stdout]    |
[INFO] [stdout] 36 | impl MempoolClient {
[INFO] [stdout]    | ------------------ associated items in this implementation
[INFO] [stdout] 37 |     pub fn new(url: String, network: Network) -> MempoolClient {
[INFO] [stdout]    |            ^^^
[INFO] [stdout] ...
[INFO] [stdout] 44 |     pub async fn get_utxos(&self, address: &Address) -> Result<Vec<UTXO>, MempoolClientError> {
[INFO] [stdout]    |                  ^^^^^^^^^
[INFO] [stdout] ...
[INFO] [stdout] 94 |     pub async fn broadcast(&self, tx_hex: String) -> Result<String, MempoolClientError> {
[INFO] [stdout]    |                  ^^^^^^^^^
[INFO] [stdout] 
[INFO] [stdout] 
[INFO] [stdout] warning: field `0` is never read
[INFO] [stdout]  --> src/client/error.rs:5:18
[INFO] [stdout]   |
[INFO] [stdout] 5 |     ReqwestError(reqwest::Error),
[INFO] [stdout]   |     ------------ ^^^^^^^^^^^^^^
[INFO] [stdout]   |     |
[INFO] [stdout]   |     field in this variant
[INFO] [stdout]   |
[INFO] [stdout]   = note: `MempoolClientError` has a derived impl for the trait `Debug`, but this is intentionally ignored during dead code analysis
[INFO] [stdout] help: consider changing the field to be of unit type to suppress this warning while preserving the field numbering, or remove the field
[INFO] [stdout]   |
[INFO] [stdout] 5 |     ReqwestError(()),
[INFO] [stdout]   |                  ~~
[INFO] [stdout] 
[INFO] [stdout] 
[INFO] [stdout] warning: field `0` is never read
[INFO] [stdout]  --> src/client/error.rs:6:15
[INFO] [stdout]   |
[INFO] [stdout] 6 |     SerdeJson(serde_json::Error),
[INFO] [stdout]   |     --------- ^^^^^^^^^^^^^^^^^
[INFO] [stdout]   |     |
[INFO] [stdout]   |     field in this variant
[INFO] [stdout]   |
[INFO] [stdout]   = note: `MempoolClientError` has a derived impl for the trait `Debug`, but this is intentionally ignored during dead code analysis
[INFO] [stdout] help: consider changing the field to be of unit type to suppress this warning while preserving the field numbering, or remove the field
[INFO] [stdout]   |
[INFO] [stdout] 6 |     SerdeJson(()),
[INFO] [stdout]   |               ~~
[INFO] [stdout] 
[INFO] [stdout] 
[INFO] [stdout] warning: variant `InvalidSignature` is never constructed
[INFO] [stdout]   --> src/schnorr/mod.rs:20:5
[INFO] [stdout]    |
[INFO] [stdout] 16 | pub enum SchnorrError {
[INFO] [stdout]    |          ------------ variant in this enum
[INFO] [stdout] ...
[INFO] [stdout] 20 |     InvalidSignature,
[INFO] [stdout]    |     ^^^^^^^^^^^^^^^^
[INFO] [stdout]    |
[INFO] [stdout]    = note: `SchnorrError` has a derived impl for the trait `Debug`, but this is intentionally ignored during dead code analysis
[INFO] [stdout] 
[INFO] [stdout] 
[INFO] [stdout] warning: function `verify` is never used
[INFO] [stdout]   --> src/schnorr/mod.rs:93:8
[INFO] [stdout]    |
[INFO] [stdout] 93 | pub fn verify(pubkey: XOnlyPublicKey, hash: [u8; 32], sig: &Vec<u8>) -> Result<bool, SchnorrError> {
[INFO] [stdout]    |        ^^^^^^
[INFO] [stdout] 
[INFO] [stdout] 
[INFO] [stdout] warning: variable `R` should have a snake case name
[INFO] [stdout]    --> src/lib.rs:156:13
[INFO] [stdout]     |
[INFO] [stdout] 156 |     let (_, R) = schnorr::utils::negate_if_odd_raw(k_raw)
[INFO] [stdout]     |             ^ help: convert the identifier to snake case: `r`
[INFO] [stdout]     |
[INFO] [stdout]     = note: `#[warn(non_snake_case)]` on by default
[INFO] [stdout] 
[INFO] [stdout] 
[INFO] [stdout] warning: variable `P` should have a snake case name
[INFO] [stdout]   --> src/schnorr/mod.rs:49:13
[INFO] [stdout]    |
[INFO] [stdout] 49 |     let (d, P) = negate_if_odd(d_prime);
[INFO] [stdout]    |             ^ help: convert the identifier to snake case: `p`
[INFO] [stdout] 
[INFO] [stdout] 
[INFO] [stdout] warning: variable `R` should have a snake case name
[INFO] [stdout]   --> src/schnorr/mod.rs:51:13
[INFO] [stdout]    |
[INFO] [stdout] 51 |     let (k, R) = negate_if_odd(
[INFO] [stdout]    |             ^ help: convert the identifier to snake case: `r`
[INFO] [stdout] 
[INFO] [stdout] 
[INFO] [stdout] warning: variable `P` should have a snake case name
[INFO] [stdout]   --> src/schnorr/mod.rs:94:9
[INFO] [stdout]    |
[INFO] [stdout] 94 |     let P = pubkey.public_key(secp256k1::Parity::Even);
[INFO] [stdout]    |         ^ help: convert the identifier to snake case: `p`
[INFO] [stdout] 
[INFO] [stdout] 
[INFO] [stdout] warning: variable `S` should have a snake case name
[INFO] [stdout]    --> src/schnorr/mod.rs:107:9
[INFO] [stdout]     |
[INFO] [stdout] 107 |     let S = AffinePoint::generator().mul(s).to_affine();
[INFO] [stdout]     |         ^ help: convert the identifier to snake case (notice the capitalization): `s`
[INFO] [stdout] 
[INFO] [stdout] 
[INFO] [stdout] warning: variable `eP` should have a snake case name
[INFO] [stdout]    --> src/schnorr/mod.rs:109:9
[INFO] [stdout]     |
[INFO] [stdout] 109 |     let eP = AffinePoint::from_bytes((&P.serialize()).into())
[INFO] [stdout]     |         ^^ help: convert the identifier to snake case: `e_p`
[INFO] [stdout] 
[INFO] [stdout] 
[INFO] [stdout] warning: variable `R` should have a snake case name
[INFO] [stdout]    --> src/schnorr/mod.rs:114:9
[INFO] [stdout]     |
[INFO] [stdout] 114 |     let R = (S.to_curve() - eP).to_affine();
[INFO] [stdout]     |         ^ help: convert the identifier to snake case: `r`
[INFO] [stdout] 
[INFO] [stdout] 
[INFO] [stdout] warning: variable `D` should have a snake case name
[INFO] [stdout]   --> src/schnorr/utils.rs:25:9
[INFO] [stdout]    |
[INFO] [stdout] 25 |     let D = AffinePoint::generator().mul(d_prime).to_affine();
[INFO] [stdout]    |         ^ help: convert the identifier to snake case: `d`
[INFO] [stdout] 
[INFO] [stdout] 
[INFO] [stderr]     Finished `dev` profile [unoptimized + debuginfo] target(s) in 54.89s
[INFO] running `Command { std: "docker" "inspect" "9ff40bd780dbb2071e0c403187121749e2bc2285ce2204efb54723d15070b621", kill_on_drop: false }`
[INFO] running `Command { std: "docker" "rm" "-f" "9ff40bd780dbb2071e0c403187121749e2bc2285ce2204efb54723d15070b621", kill_on_drop: false }`
[INFO] [stdout] 9ff40bd780dbb2071e0c403187121749e2bc2285ce2204efb54723d15070b621
[INFO] running `Command { std: "docker" "create" "-v" "/var/lib/crater-agent-workspace/builds/worker-3-tc1/target:/opt/rustwide/target:rw,Z" "-v" "/var/lib/crater-agent-workspace/builds/worker-3-tc1/source:/opt/rustwide/workdir:ro,Z" "-v" "/var/lib/crater-agent-workspace/cargo-home:/opt/rustwide/cargo-home:ro,Z" "-v" "/var/lib/crater-agent-workspace/rustup-home:/opt/rustwide/rustup-home:ro,Z" "-e" "SOURCE_DIR=/opt/rustwide/workdir" "-e" "CARGO_TARGET_DIR=/opt/rustwide/target" "-e" "CARGO_INCREMENTAL=0" "-e" "RUST_BACKTRACE=full" "-e" "RUSTFLAGS=--cap-lints=warn" "-e" "RUSTDOCFLAGS=--cap-lints=warn" "-e" "CARGO_HOME=/opt/rustwide/cargo-home" "-e" "RUSTUP_HOME=/opt/rustwide/rustup-home" "-w" "/opt/rustwide/workdir" "-m" "1610612736" "--user" "0:0" "--network" "none" "ghcr.io/rust-lang/crates-build-env/linux@sha256:f3a9d4ad9d972b27faf3965f35b62e55ba32bbce8f20bc8fe909558a86702fde" "/opt/rustwide/cargo-home/bin/cargo" "+1.83.0" "test" "--frozen" "--no-run" "--message-format=json", kill_on_drop: false }`
[INFO] [stdout] 3ec8ac4d864e11cce7d1647b0e9653dda855305d30c2fa21022b4fe18c4be693
[INFO] running `Command { std: "docker" "start" "-a" "3ec8ac4d864e11cce7d1647b0e9653dda855305d30c2fa21022b4fe18c4be693", kill_on_drop: false }`
[INFO] [stdout] warning: unused import: `bitcoin::address::ParseError`
[INFO] [stdout]  --> src/client/error.rs:1:5
[INFO] [stdout]   |
[INFO] [stdout] 1 | use bitcoin::address::ParseError;
[INFO] [stdout]   |     ^^^^^^^^^^^^^^^^^^^^^^^^^^^^
[INFO] [stdout]   |
[INFO] [stdout]   = note: `#[warn(unused_imports)]` on by default
[INFO] [stdout] 
[INFO] [stdout] 
[INFO] [stderr]    Compiling purr-settle v0.1.0 (/opt/rustwide/workdir)
[INFO] [stdout] warning: field `spent` is never read
[INFO] [stdout]   --> src/client/client.rs:11:5
[INFO] [stdout]    |
[INFO] [stdout] 10 | pub struct UtxoSpent {
[INFO] [stdout]    |            --------- field in this struct
[INFO] [stdout] 11 |     spent: bool,
[INFO] [stdout]    |     ^^^^^
[INFO] [stdout]    |
[INFO] [stdout]    = note: `UtxoSpent` has a derived impl for the trait `Debug`, but this is intentionally ignored during dead code analysis
[INFO] [stdout]    = note: `#[warn(dead_code)]` on by default
[INFO] [stdout] 
[INFO] [stdout] 
[INFO] [stdout] warning: struct `MempoolClient` is never constructed
[INFO] [stdout]   --> src/client/client.rs:14:12
[INFO] [stdout]    |
[INFO] [stdout] 14 | pub struct MempoolClient {
[INFO] [stdout]    |            ^^^^^^^^^^^^^
[INFO] [stdout] 
[INFO] [stdout] 
[INFO] [stdout] warning: associated items `new`, `get_utxos`, and `broadcast` are never used
[INFO] [stdout]   --> src/client/client.rs:37:12
[INFO] [stdout]    |
[INFO] [stdout] 36 | impl MempoolClient {
[INFO] [stdout]    | ------------------ associated items in this implementation
[INFO] [stdout] 37 |     pub fn new(url: String, network: Network) -> MempoolClient {
[INFO] [stdout]    |            ^^^
[INFO] [stdout] ...
[INFO] [stdout] 44 |     pub async fn get_utxos(&self, address: &Address) -> Result<Vec<UTXO>, MempoolClientError> {
[INFO] [stdout]    |                  ^^^^^^^^^
[INFO] [stdout] ...
[INFO] [stdout] 94 |     pub async fn broadcast(&self, tx_hex: String) -> Result<String, MempoolClientError> {
[INFO] [stdout]    |                  ^^^^^^^^^
[INFO] [stdout] 
[INFO] [stdout] 
[INFO] [stdout] warning: field `0` is never read
[INFO] [stdout]  --> src/client/error.rs:5:18
[INFO] [stdout]   |
[INFO] [stdout] 5 |     ReqwestError(reqwest::Error),
[INFO] [stdout]   |     ------------ ^^^^^^^^^^^^^^
[INFO] [stdout]   |     |
[INFO] [stdout]   |     field in this variant
[INFO] [stdout]   |
[INFO] [stdout]   = note: `MempoolClientError` has a derived impl for the trait `Debug`, but this is intentionally ignored during dead code analysis
[INFO] [stdout] help: consider changing the field to be of unit type to suppress this warning while preserving the field numbering, or remove the field
[INFO] [stdout]   |
[INFO] [stdout] 5 |     ReqwestError(()),
[INFO] [stdout]   |                  ~~
[INFO] [stdout] 
[INFO] [stdout] 
[INFO] [stdout] warning: field `0` is never read
[INFO] [stdout]  --> src/client/error.rs:6:15
[INFO] [stdout]   |
[INFO] [stdout] 6 |     SerdeJson(serde_json::Error),
[INFO] [stdout]   |     --------- ^^^^^^^^^^^^^^^^^
[INFO] [stdout]   |     |
[INFO] [stdout]   |     field in this variant
[INFO] [stdout]   |
[INFO] [stdout]   = note: `MempoolClientError` has a derived impl for the trait `Debug`, but this is intentionally ignored during dead code analysis
[INFO] [stdout] help: consider changing the field to be of unit type to suppress this warning while preserving the field numbering, or remove the field
[INFO] [stdout]   |
[INFO] [stdout] 6 |     SerdeJson(()),
[INFO] [stdout]   |               ~~
[INFO] [stdout] 
[INFO] [stdout] 
[INFO] [stdout] warning: variant `InvalidSignature` is never constructed
[INFO] [stdout]   --> src/schnorr/mod.rs:20:5
[INFO] [stdout]    |
[INFO] [stdout] 16 | pub enum SchnorrError {
[INFO] [stdout]    |          ------------ variant in this enum
[INFO] [stdout] ...
[INFO] [stdout] 20 |     InvalidSignature,
[INFO] [stdout]    |     ^^^^^^^^^^^^^^^^
[INFO] [stdout]    |
[INFO] [stdout]    = note: `SchnorrError` has a derived impl for the trait `Debug`, but this is intentionally ignored during dead code analysis
[INFO] [stdout] 
[INFO] [stdout] 
[INFO] [stdout] warning: function `verify` is never used
[INFO] [stdout]   --> src/schnorr/mod.rs:93:8
[INFO] [stdout]    |
[INFO] [stdout] 93 | pub fn verify(pubkey: XOnlyPublicKey, hash: [u8; 32], sig: &Vec<u8>) -> Result<bool, SchnorrError> {
[INFO] [stdout]    |        ^^^^^^
[INFO] [stdout] 
[INFO] [stdout] 
[INFO] [stdout] warning: variable `R` should have a snake case name
[INFO] [stdout]    --> src/lib.rs:156:13
[INFO] [stdout]     |
[INFO] [stdout] 156 |     let (_, R) = schnorr::utils::negate_if_odd_raw(k_raw)
[INFO] [stdout]     |             ^ help: convert the identifier to snake case: `r`
[INFO] [stdout]     |
[INFO] [stdout]     = note: `#[warn(non_snake_case)]` on by default
[INFO] [stdout] 
[INFO] [stdout] 
[INFO] [stdout] warning: variable `P` should have a snake case name
[INFO] [stdout]   --> src/schnorr/mod.rs:49:13
[INFO] [stdout]    |
[INFO] [stdout] 49 |     let (d, P) = negate_if_odd(d_prime);
[INFO] [stdout]    |             ^ help: convert the identifier to snake case: `p`
[INFO] [stdout] 
[INFO] [stdout] 
[INFO] [stdout] warning: variable `R` should have a snake case name
[INFO] [stdout]   --> src/schnorr/mod.rs:51:13
[INFO] [stdout]    |
[INFO] [stdout] 51 |     let (k, R) = negate_if_odd(
[INFO] [stdout]    |             ^ help: convert the identifier to snake case: `r`
[INFO] [stdout] 
[INFO] [stdout] 
[INFO] [stdout] warning: variable `P` should have a snake case name
[INFO] [stdout]   --> src/schnorr/mod.rs:94:9
[INFO] [stdout]    |
[INFO] [stdout] 94 |     let P = pubkey.public_key(secp256k1::Parity::Even);
[INFO] [stdout]    |         ^ help: convert the identifier to snake case: `p`
[INFO] [stdout] 
[INFO] [stdout] 
[INFO] [stdout] warning: variable `S` should have a snake case name
[INFO] [stdout]    --> src/schnorr/mod.rs:107:9
[INFO] [stdout]     |
[INFO] [stdout] 107 |     let S = AffinePoint::generator().mul(s).to_affine();
[INFO] [stdout]     |         ^ help: convert the identifier to snake case (notice the capitalization): `s`
[INFO] [stdout] 
[INFO] [stdout] 
[INFO] [stdout] warning: variable `eP` should have a snake case name
[INFO] [stdout]    --> src/schnorr/mod.rs:109:9
[INFO] [stdout]     |
[INFO] [stdout] 109 |     let eP = AffinePoint::from_bytes((&P.serialize()).into())
[INFO] [stdout]     |         ^^ help: convert the identifier to snake case: `e_p`
[INFO] [stdout] 
[INFO] [stdout] 
[INFO] [stdout] warning: variable `R` should have a snake case name
[INFO] [stdout]    --> src/schnorr/mod.rs:114:9
[INFO] [stdout]     |
[INFO] [stdout] 114 |     let R = (S.to_curve() - eP).to_affine();
[INFO] [stdout]     |         ^ help: convert the identifier to snake case: `r`
[INFO] [stdout] 
[INFO] [stdout] 
[INFO] [stdout] warning: variable `D` should have a snake case name
[INFO] [stdout]   --> src/schnorr/utils.rs:25:9
[INFO] [stdout]    |
[INFO] [stdout] 25 |     let D = AffinePoint::generator().mul(d_prime).to_affine();
[INFO] [stdout]    |         ^ help: convert the identifier to snake case: `d`
[INFO] [stdout] 
[INFO] [stdout] 
[INFO] [stdout] warning: unused import: `bitcoin::address::ParseError`
[INFO] [stdout]  --> src/client/error.rs:1:5
[INFO] [stdout]   |
[INFO] [stdout] 1 | use bitcoin::address::ParseError;
[INFO] [stdout]   |     ^^^^^^^^^^^^^^^^^^^^^^^^^^^^
[INFO] [stdout]   |
[INFO] [stdout]   = note: `#[warn(unused_imports)]` on by default
[INFO] [stdout] 
[INFO] [stdout] 
[INFO] [stdout] warning: field `network` is never read
[INFO] [stdout]   --> src/client/client.rs:16:5
[INFO] [stdout]    |
[INFO] [stdout] 14 | pub struct MempoolClient {
[INFO] [stdout]    |            ------------- field in this struct
[INFO] [stdout] 15 |     pub url: String,
[INFO] [stdout] 16 |     network: Network,
[INFO] [stdout]    |     ^^^^^^^
[INFO] [stdout]    |
[INFO] [stdout]    = note: `#[warn(dead_code)]` on by default
[INFO] [stdout] 
[INFO] [stdout] 
[INFO] [stdout] warning: field `0` is never read
[INFO] [stdout]  --> src/client/error.rs:5:18
[INFO] [stdout]   |
[INFO] [stdout] 5 |     ReqwestError(reqwest::Error),
[INFO] [stdout]   |     ------------ ^^^^^^^^^^^^^^
[INFO] [stdout]   |     |
[INFO] [stdout]   |     field in this variant
[INFO] [stdout]   |
[INFO] [stdout]   = note: `MempoolClientError` has a derived impl for the trait `Debug`, but this is intentionally ignored during dead code analysis
[INFO] [stdout] help: consider changing the field to be of unit type to suppress this warning while preserving the field numbering, or remove the field
[INFO] [stdout]   |
[INFO] [stdout] 5 |     ReqwestError(()),
[INFO] [stdout]   |                  ~~
[INFO] [stdout] 
[INFO] [stdout] 
[INFO] [stdout] warning: field `0` is never read
[INFO] [stdout]  --> src/client/error.rs:6:15
[INFO] [stdout]   |
[INFO] [stdout] 6 |     SerdeJson(serde_json::Error),
[INFO] [stdout]   |     --------- ^^^^^^^^^^^^^^^^^
[INFO] [stdout]   |     |
[INFO] [stdout]   |     field in this variant
[INFO] [stdout]   |
[INFO] [stdout]   = note: `MempoolClientError` has a derived impl for the trait `Debug`, but this is intentionally ignored during dead code analysis
[INFO] [stdout] help: consider changing the field to be of unit type to suppress this warning while preserving the field numbering, or remove the field
[INFO] [stdout]   |
[INFO] [stdout] 6 |     SerdeJson(()),
[INFO] [stdout]   |               ~~
[INFO] [stdout] 
[INFO] [stdout] 
[INFO] [stdout] warning: variable `R` should have a snake case name
[INFO] [stdout]    --> src/lib.rs:156:13
[INFO] [stdout]     |
[INFO] [stdout] 156 |     let (_, R) = schnorr::utils::negate_if_odd_raw(k_raw)
[INFO] [stdout]     |             ^ help: convert the identifier to snake case: `r`
[INFO] [stdout]     |
[INFO] [stdout]     = note: `#[warn(non_snake_case)]` on by default
[INFO] [stdout] 
[INFO] [stdout] 
[INFO] [stdout] warning: variable `P` should have a snake case name
[INFO] [stdout]   --> src/schnorr/mod.rs:49:13
[INFO] [stdout]    |
[INFO] [stdout] 49 |     let (d, P) = negate_if_odd(d_prime);
[INFO] [stdout]    |             ^ help: convert the identifier to snake case: `p`
[INFO] [stdout] 
[INFO] [stdout] 
[INFO] [stdout] warning: variable `R` should have a snake case name
[INFO] [stdout]   --> src/schnorr/mod.rs:51:13
[INFO] [stdout]    |
[INFO] [stdout] 51 |     let (k, R) = negate_if_odd(
[INFO] [stdout]    |             ^ help: convert the identifier to snake case: `r`
[INFO] [stdout] 
[INFO] [stdout] 
[INFO] [stdout] warning: variable `P` should have a snake case name
[INFO] [stdout]   --> src/schnorr/mod.rs:94:9
[INFO] [stdout]    |
[INFO] [stdout] 94 |     let P = pubkey.public_key(secp256k1::Parity::Even);
[INFO] [stdout]    |         ^ help: convert the identifier to snake case: `p`
[INFO] [stdout] 
[INFO] [stdout] 
[INFO] [stdout] warning: variable `S` should have a snake case name
[INFO] [stdout]    --> src/schnorr/mod.rs:107:9
[INFO] [stdout]     |
[INFO] [stdout] 107 |     let S = AffinePoint::generator().mul(s).to_affine();
[INFO] [stdout]     |         ^ help: convert the identifier to snake case (notice the capitalization): `s`
[INFO] [stdout] 
[INFO] [stdout] 
[INFO] [stdout] warning: variable `eP` should have a snake case name
[INFO] [stdout]    --> src/schnorr/mod.rs:109:9
[INFO] [stdout]     |
[INFO] [stdout] 109 |     let eP = AffinePoint::from_bytes((&P.serialize()).into())
[INFO] [stdout]     |         ^^ help: convert the identifier to snake case: `e_p`
[INFO] [stdout] 
[INFO] [stdout] 
[INFO] [stdout] warning: variable `R` should have a snake case name
[INFO] [stdout]    --> src/schnorr/mod.rs:114:9
[INFO] [stdout]     |
[INFO] [stdout] 114 |     let R = (S.to_curve() - eP).to_affine();
[INFO] [stdout]     |         ^ help: convert the identifier to snake case: `r`
[INFO] [stdout] 
[INFO] [stdout] 
[INFO] [stdout] warning: variable `D` should have a snake case name
[INFO] [stdout]   --> src/schnorr/utils.rs:25:9
[INFO] [stdout]    |
[INFO] [stdout] 25 |     let D = AffinePoint::generator().mul(d_prime).to_affine();
[INFO] [stdout]    |         ^ help: convert the identifier to snake case: `d`
[INFO] [stdout] 
[INFO] [stdout] 
[INFO] [stdout] warning: variable `R` should have a snake case name
[INFO] [stdout]    --> src/lib.rs:356:17
[INFO] [stdout]     |
[INFO] [stdout] 356 |         let (_, R) = negate_if_odd_raw(k_prime).unwrap();
[INFO] [stdout]     |                 ^ help: convert the identifier to snake case: `r`
[INFO] [stdout] 
[INFO] [stdout] 
[INFO] [stdout] warning: variable `R` should have a snake case name
[INFO] [stdout]    --> src/lib.rs:380:17
[INFO] [stdout]     |
[INFO] [stdout] 380 |         let (_, R) = negate_if_odd_raw(k_prime).unwrap();
[INFO] [stdout]     |                 ^ help: convert the identifier to snake case: `r`
[INFO] [stdout] 
[INFO] [stdout] 
[INFO] [stdout] warning: variable `R` should have a snake case name
[INFO] [stdout]    --> src/lib.rs:409:17
[INFO] [stdout]     |
[INFO] [stdout] 409 |         let (_, R) = negate_if_odd_raw(k_prime).unwrap();
[INFO] [stdout]     |                 ^ help: convert the identifier to snake case: `r`
[INFO] [stdout] 
[INFO] [stdout] 
[INFO] [stderr]     Finished `test` profile [unoptimized + debuginfo] target(s) in 4.92s
[INFO] running `Command { std: "docker" "inspect" "3ec8ac4d864e11cce7d1647b0e9653dda855305d30c2fa21022b4fe18c4be693", kill_on_drop: false }`
[INFO] running `Command { std: "docker" "rm" "-f" "3ec8ac4d864e11cce7d1647b0e9653dda855305d30c2fa21022b4fe18c4be693", kill_on_drop: false }`
[INFO] [stdout] 3ec8ac4d864e11cce7d1647b0e9653dda855305d30c2fa21022b4fe18c4be693
[INFO] running `Command { std: "docker" "create" "-v" "/var/lib/crater-agent-workspace/builds/worker-3-tc1/target:/opt/rustwide/target:rw,Z" "-v" "/var/lib/crater-agent-workspace/builds/worker-3-tc1/source:/opt/rustwide/workdir:ro,Z" "-v" "/var/lib/crater-agent-workspace/cargo-home:/opt/rustwide/cargo-home:ro,Z" "-v" "/var/lib/crater-agent-workspace/rustup-home:/opt/rustwide/rustup-home:ro,Z" "-e" "SOURCE_DIR=/opt/rustwide/workdir" "-e" "CARGO_TARGET_DIR=/opt/rustwide/target" "-e" "CARGO_INCREMENTAL=0" "-e" "RUST_BACKTRACE=full" "-e" "RUSTFLAGS=--cap-lints=warn" "-e" "RUSTDOCFLAGS=--cap-lints=warn" "-e" "CARGO_HOME=/opt/rustwide/cargo-home" "-e" "RUSTUP_HOME=/opt/rustwide/rustup-home" "-w" "/opt/rustwide/workdir" "-m" "1610612736" "--user" "0:0" "--network" "none" "ghcr.io/rust-lang/crates-build-env/linux@sha256:f3a9d4ad9d972b27faf3965f35b62e55ba32bbce8f20bc8fe909558a86702fde" "/opt/rustwide/cargo-home/bin/cargo" "+1.83.0" "test" "--frozen", kill_on_drop: false }`
[INFO] [stdout] 73a36940513109d7ff4e7abe31f85340c904296b6dc10283225b5ce0aa50bc0d
[INFO] running `Command { std: "docker" "start" "-a" "73a36940513109d7ff4e7abe31f85340c904296b6dc10283225b5ce0aa50bc0d", kill_on_drop: false }`
[INFO] [stderr] warning: unused import: `bitcoin::address::ParseError`
[INFO] [stderr]  --> src/client/error.rs:1:5
[INFO] [stderr]   |
[INFO] [stderr] 1 | use bitcoin::address::ParseError;
[INFO] [stderr]   |     ^^^^^^^^^^^^^^^^^^^^^^^^^^^^
[INFO] [stderr]   |
[INFO] [stderr]   = note: `#[warn(unused_imports)]` on by default
[INFO] [stderr] 
[INFO] [stderr] warning: field `spent` is never read
[INFO] [stderr]   --> src/client/client.rs:11:5
[INFO] [stderr]    |
[INFO] [stderr] 10 | pub struct UtxoSpent {
[INFO] [stderr]    |            --------- field in this struct
[INFO] [stderr] 11 |     spent: bool,
[INFO] [stderr]    |     ^^^^^
[INFO] [stderr]    |
[INFO] [stderr]    = note: `UtxoSpent` has a derived impl for the trait `Debug`, but this is intentionally ignored during dead code analysis
[INFO] [stderr]    = note: `#[warn(dead_code)]` on by default
[INFO] [stderr] 
[INFO] [stderr] warning: struct `MempoolClient` is never constructed
[INFO] [stderr]   --> src/client/client.rs:14:12
[INFO] [stderr]    |
[INFO] [stderr] 14 | pub struct MempoolClient {
[INFO] [stderr]    |            ^^^^^^^^^^^^^
[INFO] [stderr] 
[INFO] [stderr] warning: associated items `new`, `get_utxos`, and `broadcast` are never used
[INFO] [stderr]   --> src/client/client.rs:37:12
[INFO] [stderr]    |
[INFO] [stderr] 36 | impl MempoolClient {
[INFO] [stderr]    | ------------------ associated items in this implementation
[INFO] [stderr] 37 |     pub fn new(url: String, network: Network) -> MempoolClient {
[INFO] [stderr]    |            ^^^
[INFO] [stderr] ...
[INFO] [stderr] 44 |     pub async fn get_utxos(&self, address: &Address) -> Result<Vec<UTXO>, MempoolClientError> {
[INFO] [stderr]    |                  ^^^^^^^^^
[INFO] [stderr] ...
[INFO] [stderr] 94 |     pub async fn broadcast(&self, tx_hex: String) -> Result<String, MempoolClientError> {
[INFO] [stderr]    |                  ^^^^^^^^^
[INFO] [stderr] 
[INFO] [stderr] warning: field `0` is never read
[INFO] [stderr]  --> src/client/error.rs:5:18
[INFO] [stderr]   |
[INFO] [stderr] 5 |     ReqwestError(reqwest::Error),
[INFO] [stderr]   |     ------------ ^^^^^^^^^^^^^^
[INFO] [stderr]   |     |
[INFO] [stderr]   |     field in this variant
[INFO] [stderr]   |
[INFO] [stderr]   = note: `MempoolClientError` has a derived impl for the trait `Debug`, but this is intentionally ignored during dead code analysis
[INFO] [stderr] help: consider changing the field to be of unit type to suppress this warning while preserving the field numbering, or remove the field
[INFO] [stderr]   |
[INFO] [stderr] 5 |     ReqwestError(()),
[INFO] [stderr]   |                  ~~
[INFO] [stderr] 
[INFO] [stderr] warning: field `0` is never read
[INFO] [stderr]  --> src/client/error.rs:6:15
[INFO] [stderr]   |
[INFO] [stderr] 6 |     SerdeJson(serde_json::Error),
[INFO] [stderr]   |     --------- ^^^^^^^^^^^^^^^^^
[INFO] [stderr]   |     |
[INFO] [stderr]   |     field in this variant
[INFO] [stderr]   |
[INFO] [stderr]   = note: `MempoolClientError` has a derived impl for the trait `Debug`, but this is intentionally ignored during dead code analysis
[INFO] [stderr] help: consider changing the field to be of unit type to suppress this warning while preserving the field numbering, or remove the field
[INFO] [stderr]   |
[INFO] [stderr] 6 |     SerdeJson(()),
[INFO] [stderr]   |               ~~
[INFO] [stderr] 
[INFO] [stderr] warning: variant `InvalidSignature` is never constructed
[INFO] [stderr]   --> src/schnorr/mod.rs:20:5
[INFO] [stderr]    |
[INFO] [stderr] 16 | pub enum SchnorrError {
[INFO] [stderr]    |          ------------ variant in this enum
[INFO] [stderr] ...
[INFO] [stderr] 20 |     InvalidSignature,
[INFO] [stderr]    |     ^^^^^^^^^^^^^^^^
[INFO] [stderr]    |
[INFO] [stderr]    = note: `SchnorrError` has a derived impl for the trait `Debug`, but this is intentionally ignored during dead code analysis
[INFO] [stderr] 
[INFO] [stderr] warning: function `verify` is never used
[INFO] [stderr]   --> src/schnorr/mod.rs:93:8
[INFO] [stderr]    |
[INFO] [stderr] 93 | pub fn verify(pubkey: XOnlyPublicKey, hash: [u8; 32], sig: &Vec<u8>) -> Result<bool, SchnorrError> {
[INFO] [stderr]    |        ^^^^^^
[INFO] [stderr] 
[INFO] [stderr] warning: variable `R` should have a snake case name
[INFO] [stderr]    --> src/lib.rs:156:13
[INFO] [stderr]     |
[INFO] [stderr] 156 |     let (_, R) = schnorr::utils::negate_if_odd_raw(k_raw)
[INFO] [stderr]     |             ^ help: convert the identifier to snake case: `r`
[INFO] [stderr]     |
[INFO] [stderr]     = note: `#[warn(non_snake_case)]` on by default
[INFO] [stderr] 
[INFO] [stderr] warning: variable `P` should have a snake case name
[INFO] [stderr]   --> src/schnorr/mod.rs:49:13
[INFO] [stderr]    |
[INFO] [stderr] 49 |     let (d, P) = negate_if_odd(d_prime);
[INFO] [stderr]    |             ^ help: convert the identifier to snake case: `p`
[INFO] [stderr] 
[INFO] [stderr] warning: variable `R` should have a snake case name
[INFO] [stderr]   --> src/schnorr/mod.rs:51:13
[INFO] [stderr]    |
[INFO] [stderr] 51 |     let (k, R) = negate_if_odd(
[INFO] [stderr]    |             ^ help: convert the identifier to snake case: `r`
[INFO] [stderr] 
[INFO] [stderr] warning: variable `P` should have a snake case name
[INFO] [stderr]   --> src/schnorr/mod.rs:94:9
[INFO] [stderr]    |
[INFO] [stderr] 94 |     let P = pubkey.public_key(secp256k1::Parity::Even);
[INFO] [stderr]    |         ^ help: convert the identifier to snake case: `p`
[INFO] [stderr] 
[INFO] [stderr] warning: variable `S` should have a snake case name
[INFO] [stderr]    --> src/schnorr/mod.rs:107:9
[INFO] [stderr]     |
[INFO] [stderr] 107 |     let S = AffinePoint::generator().mul(s).to_affine();
[INFO] [stderr]     |         ^ help: convert the identifier to snake case (notice the capitalization): `s`
[INFO] [stderr] 
[INFO] [stderr] warning: variable `eP` should have a snake case name
[INFO] [stderr]    --> src/schnorr/mod.rs:109:9
[INFO] [stderr]     |
[INFO] [stderr] 109 |     let eP = AffinePoint::from_bytes((&P.serialize()).into())
[INFO] [stderr]     |         ^^ help: convert the identifier to snake case: `e_p`
[INFO] [stderr] 
[INFO] [stderr] warning: variable `R` should have a snake case name
[INFO] [stderr]    --> src/schnorr/mod.rs:114:9
[INFO] [stderr]     |
[INFO] [stderr] 114 |     let R = (S.to_curve() - eP).to_affine();
[INFO] [stderr]     |         ^ help: convert the identifier to snake case: `r`
[INFO] [stderr] 
[INFO] [stderr] warning: variable `D` should have a snake case name
[INFO] [stderr]   --> src/schnorr/utils.rs:25:9
[INFO] [stderr]    |
[INFO] [stderr] 25 |     let D = AffinePoint::generator().mul(d_prime).to_affine();
[INFO] [stderr]    |         ^ help: convert the identifier to snake case: `d`
[INFO] [stderr] 
[INFO] [stderr] warning: field `network` is never read
[INFO] [stderr]   --> src/client/client.rs:16:5
[INFO] [stderr]    |
[INFO] [stderr] 14 | pub struct MempoolClient {
[INFO] [stderr]    |            ------------- field in this struct
[INFO] [stderr] 15 |     pub url: String,
[INFO] [stderr] 16 |     network: Network,
[INFO] [stderr]    |     ^^^^^^^
[INFO] [stderr]    |
[INFO] [stderr]    = note: `#[warn(dead_code)]` on by default
[INFO] [stderr] 
[INFO] [stderr] warning: variable `R` should have a snake case name
[INFO] [stderr]    --> src/lib.rs:356:17
[INFO] [stderr]     |
[INFO] [stderr] 356 |         let (_, R) = negate_if_odd_raw(k_prime).unwrap();
[INFO] [stderr]     |                 ^ help: convert the identifier to snake case: `r`
[INFO] [stderr] 
[INFO] [stderr] warning: variable `R` should have a snake case name
[INFO] [stderr]    --> src/lib.rs:380:17
[INFO] [stderr]     |
[INFO] [stderr] 380 |         let (_, R) = negate_if_odd_raw(k_prime).unwrap();
[INFO] [stderr]     |                 ^ help: convert the identifier to snake case: `r`
[INFO] [stderr] 
[INFO] [stderr] warning: variable `R` should have a snake case name
[INFO] [stderr]    --> src/lib.rs:409:17
[INFO] [stderr]     |
[INFO] [stderr] 409 |         let (_, R) = negate_if_odd_raw(k_prime).unwrap();
[INFO] [stderr]     |                 ^ help: convert the identifier to snake case: `r`
[INFO] [stderr] 
[INFO] [stderr] warning: `purr-settle` (lib) generated 16 warnings (run `cargo fix --lib -p purr-settle` to apply 1 suggestion)
[INFO] [stderr] warning: `purr-settle` (lib test) generated 15 warnings (11 duplicates)
[INFO] [stderr]     Finished `test` profile [unoptimized + debuginfo] target(s) in 0.20s
[INFO] [stderr]      Running unittests src/lib.rs (/opt/rustwide/target/debug/deps/purr_settle-381ee949b8f01f0c)
[INFO] [stdout] 
[INFO] [stdout] running 6 tests
[INFO] [stdout] test schnorr::tests::tagged_hash_works ... ok
[INFO] [stdout] test schnorr::tests::signing_should_work ... ok
[INFO] [stdout] test schnorr::tests::should_extract_pk ... ok
[INFO] [stdout] test tests::should_spend_fr_p2tr ... FAILED
[INFO] [stdout] test tests::converts_p2wpkh_to_fr_p2tr ... FAILED
[INFO] [stdout] test tests::alice_double_spend_penalty ... FAILED
[INFO] [stdout] 
[INFO] [stdout] failures:
[INFO] [stdout] 
[INFO] [stdout] ---- tests::should_spend_fr_p2tr stdout ----
[INFO] [stdout] thread 'tests::should_spend_fr_p2tr' panicked at src/lib.rs:391:62:
[INFO] [stdout] called `Result::unwrap()` on an `Err` value: ReqwestError(reqwest::Error { kind: Request, url: "https://catnet-mempool.btcwild.life/api/v1/address/tb1p3047au4rhs30sv49ynl392jan88m7er2agwpddypwpesthr2kqhssu2s4c/txs", source: hyper_util::client::legacy::Error(Connect, ConnectError("dns error", Custom { kind: Uncategorized, error: "failed to lookup address information: Temporary failure in name resolution" })) })
[INFO] [stdout] stack backtrace:
[INFO] [stdout]    0:     0x630b4aabd0da - std::backtrace_rs::backtrace::libunwind::trace::h5a5b8284f2d0c266
[INFO] [stdout]                                at /rustc/90b35a6239c3d8bdabc530a6a0816f7ff89a0aaf/library/std/src/../../backtrace/src/backtrace/libunwind.rs:116:5
[INFO] [stdout]    1:     0x630b4aabd0da - std::backtrace_rs::backtrace::trace_unsynchronized::h76d4f1c9b0b875e3
[INFO] [stdout]                                at /rustc/90b35a6239c3d8bdabc530a6a0816f7ff89a0aaf/library/std/src/../../backtrace/src/backtrace/mod.rs:66:5
[INFO] [stdout]    2:     0x630b4aabd0da - std::sys::backtrace::_print_fmt::hc4546b8364a537c6
[INFO] [stdout]                                at /rustc/90b35a6239c3d8bdabc530a6a0816f7ff89a0aaf/library/std/src/sys/backtrace.rs:66:9
[INFO] [stdout]    3:     0x630b4aabd0da - <std::sys::backtrace::BacktraceLock::print::DisplayBacktrace as core::fmt::Display>::fmt::h5b6bd5631a6d1f6b
[INFO] [stdout]                                at /rustc/90b35a6239c3d8bdabc530a6a0816f7ff89a0aaf/library/std/src/sys/backtrace.rs:39:26
[INFO] [stdout]    4:     0x630b4aae5243 - core::fmt::rt::Argument::fmt::h270f6602a2b96f62
[INFO] [stdout]                                at /rustc/90b35a6239c3d8bdabc530a6a0816f7ff89a0aaf/library/core/src/fmt/rt.rs:177:76
[INFO] [stdout]    5:     0x630b4aae5243 - core::fmt::write::h7550c97b06c86515
[INFO] [stdout]                                at /rustc/90b35a6239c3d8bdabc530a6a0816f7ff89a0aaf/library/core/src/fmt/mod.rs:1186:21
[INFO] [stdout]    6:     0x630b4aab96f3 - std::io::Write::write_fmt::h509ff860e5956e5e
[INFO] [stdout]                                at /rustc/90b35a6239c3d8bdabc530a6a0816f7ff89a0aaf/library/std/src/io/mod.rs:1839:15
[INFO] [stdout]    7:     0x630b4aabcf22 - std::sys::backtrace::BacktraceLock::print::h2395ccd2c84ba3aa
[INFO] [stdout]                                at /rustc/90b35a6239c3d8bdabc530a6a0816f7ff89a0aaf/library/std/src/sys/backtrace.rs:42:9
[INFO] [stdout]    8:     0x630b4aabe53a - std::panicking::default_hook::{{closure}}::he19d4c7230e07961
[INFO] [stdout]                                at /rustc/90b35a6239c3d8bdabc530a6a0816f7ff89a0aaf/library/std/src/panicking.rs:268:22
[INFO] [stdout]    9:     0x630b4aabe344 - std::panicking::default_hook::hf614597d3c67bbdb
[INFO] [stdout]                                at /rustc/90b35a6239c3d8bdabc530a6a0816f7ff89a0aaf/library/std/src/panicking.rs:292:9
[INFO] [stdout]   10:     0x630b4a64ba09 - <alloc::boxed::Box<F,A> as core::ops::function::Fn<Args>>::call::h39b51ce4599c23d1
[INFO] [stdout]                                at /rustc/90b35a6239c3d8bdabc530a6a0816f7ff89a0aaf/library/alloc/src/boxed.rs:2468:9
[INFO] [stdout]   11:     0x630b4a64ba09 - test::test_main::{{closure}}::he977ae839a582784
[INFO] [stdout]                                at /rustc/90b35a6239c3d8bdabc530a6a0816f7ff89a0aaf/library/test/src/lib.rs:133:21
[INFO] [stdout]   12:     0x630b4aabebd8 - <alloc::boxed::Box<F,A> as core::ops::function::Fn<Args>>::call::h9455091b6b06f9fb
[INFO] [stdout]                                at /rustc/90b35a6239c3d8bdabc530a6a0816f7ff89a0aaf/library/alloc/src/boxed.rs:2468:9
[INFO] [stdout]   13:     0x630b4aabebd8 - std::panicking::rust_panic_with_hook::h8942133a8b252070
[INFO] [stdout]                                at /rustc/90b35a6239c3d8bdabc530a6a0816f7ff89a0aaf/library/std/src/panicking.rs:809:13
[INFO] [stdout]   14:     0x630b4aabe99a - std::panicking::begin_panic_handler::{{closure}}::hb5f5963570096b29
[INFO] [stdout]                                at /rustc/90b35a6239c3d8bdabc530a6a0816f7ff89a0aaf/library/std/src/panicking.rs:674:13
[INFO] [stdout]   15:     0x630b4aabd5b9 - std::sys::backtrace::__rust_end_short_backtrace::h6208cedc1922feda
[INFO] [stdout]                                at /rustc/90b35a6239c3d8bdabc530a6a0816f7ff89a0aaf/library/std/src/sys/backtrace.rs:170:18
[INFO] [stdout]   16:     0x630b4aabe62c - rust_begin_unwind
[INFO] [stdout]                                at /rustc/90b35a6239c3d8bdabc530a6a0816f7ff89a0aaf/library/std/src/panicking.rs:665:5
[INFO] [stdout]   17:     0x630b4a57f2b0 - core::panicking::panic_fmt::h0c3082644d1bf418
[INFO] [stdout]                                at /rustc/90b35a6239c3d8bdabc530a6a0816f7ff89a0aaf/library/core/src/panicking.rs:74:14
[INFO] [stdout]   18:     0x630b4a57f796 - core::result::unwrap_failed::hd20b4aa073bda1e2
[INFO] [stdout]                                at /rustc/90b35a6239c3d8bdabc530a6a0816f7ff89a0aaf/library/core/src/result.rs:1700:5
[INFO] [stdout]   19:     0x630b4a5bdcde - core::result::Result<T,E>::unwrap::hb456f96e67a91054
[INFO] [stdout]                                at /rustc/90b35a6239c3d8bdabc530a6a0816f7ff89a0aaf/library/core/src/result.rs:1104:23
[INFO] [stdout]   20:     0x630b4a5bdcde - purr_settle::tests::should_spend_fr_p2tr::{{closure}}::h58b07a2bc632ad43
[INFO] [stdout]                                at /opt/rustwide/workdir/src/lib.rs:391:21
[INFO] [stdout]   21:     0x630b4a5cf492 - <core::pin::Pin<P> as core::future::future::Future>::poll::hd547297b6b2d1ae0
[INFO] [stdout]                                at /rustc/90b35a6239c3d8bdabc530a6a0816f7ff89a0aaf/library/core/src/future/future.rs:123:9
[INFO] [stdout]   22:     0x630b4a5cf40d - <core::pin::Pin<P> as core::future::future::Future>::poll::ha32fb41872cc1a3d
[INFO] [stdout]                                at /rustc/90b35a6239c3d8bdabc530a6a0816f7ff89a0aaf/library/core/src/future/future.rs:123:9
[INFO] [stdout]   23:     0x630b4a5df11f - tokio::runtime::scheduler::current_thread::CoreGuard::block_on::{{closure}}::{{closure}}::{{closure}}::h3505e937614e23de
[INFO] [stdout]                                at /opt/rustwide/cargo-home/registry/src/index.crates.io-6f17d22bba15001f/tokio-1.40.0/src/runtime/scheduler/current_thread/mod.rs:696:57
[INFO] [stdout]   24:     0x630b4a5dee75 - tokio::runtime::coop::with_budget::hd202ca0f9e7e1b8c
[INFO] [stdout]                                at /opt/rustwide/cargo-home/registry/src/index.crates.io-6f17d22bba15001f/tokio-1.40.0/src/runtime/coop.rs:107:5
[INFO] [stdout]   25:     0x630b4a5dee75 - tokio::runtime::coop::budget::h4598366757b49d9f
[INFO] [stdout]                                at /opt/rustwide/cargo-home/registry/src/index.crates.io-6f17d22bba15001f/tokio-1.40.0/src/runtime/coop.rs:73:5
[INFO] [stdout]   26:     0x630b4a5dee75 - tokio::runtime::scheduler::current_thread::CoreGuard::block_on::{{closure}}::{{closure}}::h27c9e8179828cd75
[INFO] [stdout]                                at /opt/rustwide/cargo-home/registry/src/index.crates.io-6f17d22bba15001f/tokio-1.40.0/src/runtime/scheduler/current_thread/mod.rs:696:25
[INFO] [stdout]   27:     0x630b4a5dc350 - tokio::runtime::scheduler::current_thread::Context::enter::h53149d79ca34e857
[INFO] [stdout]                                at /opt/rustwide/cargo-home/registry/src/index.crates.io-6f17d22bba15001f/tokio-1.40.0/src/runtime/scheduler/current_thread/mod.rs:423:19
[INFO] [stdout]   28:     0x630b4a5de6ce - tokio::runtime::scheduler::current_thread::CoreGuard::block_on::{{closure}}::hd74ebf46f9259088
[INFO] [stdout]                                at /opt/rustwide/cargo-home/registry/src/index.crates.io-6f17d22bba15001f/tokio-1.40.0/src/runtime/scheduler/current_thread/mod.rs:695:36
[INFO] [stdout]   29:     0x630b4a5ddb24 - tokio::runtime::scheduler::current_thread::CoreGuard::enter::{{closure}}::h48db0447d4edbba9
[INFO] [stdout]                                at /opt/rustwide/cargo-home/registry/src/index.crates.io-6f17d22bba15001f/tokio-1.40.0/src/runtime/scheduler/current_thread/mod.rs:774:68
[INFO] [stdout]   30:     0x630b4a5f2a0b - tokio::runtime::context::scoped::Scoped<T>::set::hda135afdfbb2e1a3
[INFO] [stdout]                                at /opt/rustwide/cargo-home/registry/src/index.crates.io-6f17d22bba15001f/tokio-1.40.0/src/runtime/context/scoped.rs:40:9
[INFO] [stdout]   31:     0x630b4a5cef29 - tokio::runtime::context::set_scheduler::{{closure}}::h76693e4cd4604ec3
[INFO] [stdout]                                at /opt/rustwide/cargo-home/registry/src/index.crates.io-6f17d22bba15001f/tokio-1.40.0/src/runtime/context.rs:180:26
[INFO] [stdout]   32:     0x630b4a5ad32d - std::thread::local::LocalKey<T>::try_with::h3ded25b93f68d131
[INFO] [stdout]                                at /rustc/90b35a6239c3d8bdabc530a6a0816f7ff89a0aaf/library/std/src/thread/local.rs:283:12
[INFO] [stdout]   33:     0x630b4a5acf6a - std::thread::local::LocalKey<T>::with::h422d39461a6260f6
[INFO] [stdout]                                at /rustc/90b35a6239c3d8bdabc530a6a0816f7ff89a0aaf/library/std/src/thread/local.rs:260:9
[INFO] [stdout]   34:     0x630b4a5cee9d - tokio::runtime::context::set_scheduler::h000a513e93b0ba23
[INFO] [stdout]                                at /opt/rustwide/cargo-home/registry/src/index.crates.io-6f17d22bba15001f/tokio-1.40.0/src/runtime/context.rs:180:9
[INFO] [stdout]   35:     0x630b4a5dd8d0 - tokio::runtime::scheduler::current_thread::CoreGuard::enter::hc0672f98797def95
[INFO] [stdout]                                at /opt/rustwide/cargo-home/registry/src/index.crates.io-6f17d22bba15001f/tokio-1.40.0/src/runtime/scheduler/current_thread/mod.rs:774:27
[INFO] [stdout]   36:     0x630b4a5ddbc3 - tokio::runtime::scheduler::current_thread::CoreGuard::block_on::h35a57b1067ec75de
[INFO] [stdout]                                at /opt/rustwide/cargo-home/registry/src/index.crates.io-6f17d22bba15001f/tokio-1.40.0/src/runtime/scheduler/current_thread/mod.rs:683:19
[INFO] [stdout]   37:     0x630b4a5dbdda - tokio::runtime::scheduler::current_thread::CurrentThread::block_on::{{closure}}::hadc9a75f7897fd98
[INFO] [stdout]                                at /opt/rustwide/cargo-home/registry/src/index.crates.io-6f17d22bba15001f/tokio-1.40.0/src/runtime/scheduler/current_thread/mod.rs:191:28
[INFO] [stdout]   38:     0x630b4a5af666 - tokio::runtime::context::runtime::enter_runtime::h5755916e75a136a9
[INFO] [stdout]                                at /opt/rustwide/cargo-home/registry/src/index.crates.io-6f17d22bba15001f/tokio-1.40.0/src/runtime/context/runtime.rs:65:16
[INFO] [stdout]   39:     0x630b4a5db701 - tokio::runtime::scheduler::current_thread::CurrentThread::block_on::h55ffeacc22104f0b
[INFO] [stdout]                                at /opt/rustwide/cargo-home/registry/src/index.crates.io-6f17d22bba15001f/tokio-1.40.0/src/runtime/scheduler/current_thread/mod.rs:179:9
[INFO] [stdout]   40:     0x630b4a5c746d - tokio::runtime::runtime::Runtime::block_on_inner::h1e5089551ac9ff64
[INFO] [stdout]                                at /opt/rustwide/cargo-home/registry/src/index.crates.io-6f17d22bba15001f/tokio-1.40.0/src/runtime/runtime.rs:361:47
[INFO] [stdout]   41:     0x630b4a5c7695 - tokio::runtime::runtime::Runtime::block_on::hc8a71adb10433888
[INFO] [stdout]                                at /opt/rustwide/cargo-home/registry/src/index.crates.io-6f17d22bba15001f/tokio-1.40.0/src/runtime/runtime.rs:335:13
[INFO] [stdout]   42:     0x630b4a5bd291 - purr_settle::tests::should_spend_fr_p2tr::h684cd46c37172da0
[INFO] [stdout]                                at /opt/rustwide/workdir/src/lib.rs:399:9
[INFO] [stdout]   43:     0x630b4a5bd137 - purr_settle::tests::should_spend_fr_p2tr::{{closure}}::h7610f5b098030523
[INFO] [stdout]                                at /opt/rustwide/workdir/src/lib.rs:373:36
[INFO] [stdout]   44:     0x630b4a5d0546 - core::ops::function::FnOnce::call_once::hba94dc695762b1c4
[INFO] [stdout]                                at /rustc/90b35a6239c3d8bdabc530a6a0816f7ff89a0aaf/library/core/src/ops/function.rs:250:5
[INFO] [stdout]   45:     0x630b4a6503cb - core::ops::function::FnOnce::call_once::h109cf8051a59b34e
[INFO] [stdout]                                at /rustc/90b35a6239c3d8bdabc530a6a0816f7ff89a0aaf/library/core/src/ops/function.rs:250:5
[INFO] [stdout]   46:     0x630b4a6503cb - test::__rust_begin_short_backtrace::hf4fff89d377446ba
[INFO] [stdout]                                at /rustc/90b35a6239c3d8bdabc530a6a0816f7ff89a0aaf/library/test/src/lib.rs:621:18
[INFO] [stdout]   47:     0x630b4a64fc07 - test::run_test_in_process::{{closure}}::h0e39181dd7ee5a43
[INFO] [stdout]                                at /rustc/90b35a6239c3d8bdabc530a6a0816f7ff89a0aaf/library/test/src/lib.rs:644:60
[INFO] [stdout]   48:     0x630b4a64fc07 - <core::panic::unwind_safe::AssertUnwindSafe<F> as core::ops::function::FnOnce<()>>::call_once::hc5a66a30f0bdfd1f
[INFO] [stdout]                                at /rustc/90b35a6239c3d8bdabc530a6a0816f7ff89a0aaf/library/core/src/panic/unwind_safe.rs:272:9
[INFO] [stdout]   49:     0x630b4a64fc07 - std::panicking::try::do_call::h873b7cf639554a5e
[INFO] [stdout]                                at /rustc/90b35a6239c3d8bdabc530a6a0816f7ff89a0aaf/library/std/src/panicking.rs:557:40
[INFO] [stdout]   50:     0x630b4a64fc07 - std::panicking::try::hdb19862fad9c8bd1
[INFO] [stdout]                                at /rustc/90b35a6239c3d8bdabc530a6a0816f7ff89a0aaf/library/std/src/panicking.rs:520:19
[INFO] [stdout]   51:     0x630b4a64fc07 - std::panic::catch_unwind::h281fe732d236d260
[INFO] [stdout]                                at /rustc/90b35a6239c3d8bdabc530a6a0816f7ff89a0aaf/library/std/src/panic.rs:358:14
[INFO] [stdout]   52:     0x630b4a64fc07 - test::run_test_in_process::h949b6df8457ed338
[INFO] [stdout]                                at /rustc/90b35a6239c3d8bdabc530a6a0816f7ff89a0aaf/library/test/src/lib.rs:644:27
[INFO] [stdout]   53:     0x630b4a64fc07 - test::run_test::{{closure}}::h52c556a6d4740e10
[INFO] [stdout]                                at /rustc/90b35a6239c3d8bdabc530a6a0816f7ff89a0aaf/library/test/src/lib.rs:565:43
[INFO] [stdout]   54:     0x630b4a614ee4 - test::run_test::{{closure}}::h4237f6381c45ccb9
[INFO] [stdout]                                at /rustc/90b35a6239c3d8bdabc530a6a0816f7ff89a0aaf/library/test/src/lib.rs:595:41
[INFO] [stdout]   55:     0x630b4a614ee4 - std::sys::backtrace::__rust_begin_short_backtrace::h505c97a579eca628
[INFO] [stdout]                                at /rustc/90b35a6239c3d8bdabc530a6a0816f7ff89a0aaf/library/std/src/sys/backtrace.rs:154:18
[INFO] [stdout]   56:     0x630b4a6185ae - std::thread::Builder::spawn_unchecked_::{{closure}}::{{closure}}::h9e86b2e2bc107ea3
[INFO] [stdout]                                at /rustc/90b35a6239c3d8bdabc530a6a0816f7ff89a0aaf/library/std/src/thread/mod.rs:538:17
[INFO] [stdout]   57:     0x630b4a6185ae - <core::panic::unwind_safe::AssertUnwindSafe<F> as core::ops::function::FnOnce<()>>::call_once::h8b06ddb275ff4a25
[INFO] [stdout]                                at /rustc/90b35a6239c3d8bdabc530a6a0816f7ff89a0aaf/library/core/src/panic/unwind_safe.rs:272:9
[INFO] [stdout]   58:     0x630b4a6185ae - std::panicking::try::do_call::hb26ecd7cd9a9355d
[INFO] [stdout]                                at /rustc/90b35a6239c3d8bdabc530a6a0816f7ff89a0aaf/library/std/src/panicking.rs:557:40
[INFO] [stdout]   59:     0x630b4a6185ae - std::panicking::try::h8ddeca9d705f9069
[INFO] [stdout]                                at /rustc/90b35a6239c3d8bdabc530a6a0816f7ff89a0aaf/library/std/src/panicking.rs:520:19
[INFO] [stdout]   60:     0x630b4a6185ae - std::panic::catch_unwind::h49e1c33078844c46
[INFO] [stdout]                                at /rustc/90b35a6239c3d8bdabc530a6a0816f7ff89a0aaf/library/std/src/panic.rs:358:14
[INFO] [stdout]   61:     0x630b4a6185ae - std::thread::Builder::spawn_unchecked_::{{closure}}::h6073db6ff56ad35d
[INFO] [stdout]                                at /rustc/90b35a6239c3d8bdabc530a6a0816f7ff89a0aaf/library/std/src/thread/mod.rs:537:30
[INFO] [stdout]   62:     0x630b4a6185ae - core::ops::function::FnOnce::call_once{{vtable.shim}}::h2c5a5f3779c774f1
[INFO] [stdout]                                at /rustc/90b35a6239c3d8bdabc530a6a0816f7ff89a0aaf/library/core/src/ops/function.rs:250:5
[INFO] [stdout]   63:     0x630b4aac2e9b - <alloc::boxed::Box<F,A> as core::ops::function::FnOnce<Args>>::call_once::hf75717d9f28faebf
[INFO] [stdout]                                at /rustc/90b35a6239c3d8bdabc530a6a0816f7ff89a0aaf/library/alloc/src/boxed.rs:2454:9
[INFO] [stdout]   64:     0x630b4aac2e9b - <alloc::boxed::Box<F,A> as core::ops::function::FnOnce<Args>>::call_once::h7bd883a5f3c5f3c1
[INFO] [stdout]                                at /rustc/90b35a6239c3d8bdabc530a6a0816f7ff89a0aaf/library/alloc/src/boxed.rs:2454:9
[INFO] [stdout]   65:     0x630b4aac2e9b - std::sys::pal::unix::thread::Thread::new::thread_start::hcc78f3943333fa94
[INFO] [stdout]                                at /rustc/90b35a6239c3d8bdabc530a6a0816f7ff89a0aaf/library/std/src/sys/pal/unix/thread.rs:105:17
[INFO] [stdout]   66:     0x7956cc107ac3 - <unknown>
[INFO] [stdout]   67:     0x7956cc198a04 - clone
[INFO] [stdout]   68:                0x0 - <unknown>
[INFO] [stdout] 
[INFO] [stdout] ---- tests::converts_p2wpkh_to_fr_p2tr stdout ----
[INFO] [stdout] [src/lib.rs:349:9] &address = TB1QGJSM5082HYKHTTMX20S4RVWRF49V73QEZDKMWH
[INFO] [stdout] thread 'tests::converts_p2wpkh_to_fr_p2tr' panicked at src/lib.rs:352:62:
[INFO] [stdout] called `Result::unwrap()` on an `Err` value: ReqwestError(reqwest::Error { kind: Request, url: "https://catnet-mempool.btcwild.life/api/v1/address/tb1qgjsm5082hykhttmx20s4rvwrf49v73qezdkmwh/txs", source: hyper_util::client::legacy::Error(Connect, ConnectError("dns error", Custom { kind: Uncategorized, error: "failed to lookup address information: Temporary failure in name resolution" })) })
[INFO] [stdout] stack backtrace:
[INFO] [stdout]    0:     0x630b4aabd0da - std::backtrace_rs::backtrace::libunwind::trace::h5a5b8284f2d0c266
[INFO] [stdout]                                at /rustc/90b35a6239c3d8bdabc530a6a0816f7ff89a0aaf/library/std/src/../../backtrace/src/backtrace/libunwind.rs:116:5
[INFO] [stdout]    1:     0x630b4aabd0da - std::backtrace_rs::backtrace::trace_unsynchronized::h76d4f1c9b0b875e3
[INFO] [stdout]                                at /rustc/90b35a6239c3d8bdabc530a6a0816f7ff89a0aaf/library/std/src/../../backtrace/src/backtrace/mod.rs:66:5
[INFO] [stdout]    2:     0x630b4aabd0da - std::sys::backtrace::_print_fmt::hc4546b8364a537c6
[INFO] [stdout]                                at /rustc/90b35a6239c3d8bdabc530a6a0816f7ff89a0aaf/library/std/src/sys/backtrace.rs:66:9
[INFO] [stdout]    3:     0x630b4aabd0da - <std::sys::backtrace::BacktraceLock::print::DisplayBacktrace as core::fmt::Display>::fmt::h5b6bd5631a6d1f6b
[INFO] [stdout]                                at /rustc/90b35a6239c3d8bdabc530a6a0816f7ff89a0aaf/library/std/src/sys/backtrace.rs:39:26
[INFO] [stdout]    4:     0x630b4aae5243 - core::fmt::rt::Argument::fmt::h270f6602a2b96f62
[INFO] [stdout]                                at /rustc/90b35a6239c3d8bdabc530a6a0816f7ff89a0aaf/library/core/src/fmt/rt.rs:177:76
[INFO] [stdout]    5:     0x630b4aae5243 - core::fmt::write::h7550c97b06c86515
[INFO] [stdout]                                at /rustc/90b35a6239c3d8bdabc530a6a0816f7ff89a0aaf/library/core/src/fmt/mod.rs:1186:21
[INFO] [stdout]    6:     0x630b4aab96f3 - std::io::Write::write_fmt::h509ff860e5956e5e
[INFO] [stdout]                                at /rustc/90b35a6239c3d8bdabc530a6a0816f7ff89a0aaf/library/std/src/io/mod.rs:1839:15
[INFO] [stdout]    7:     0x630b4aabcf22 - std::sys::backtrace::BacktraceLock::print::h2395ccd2c84ba3aa
[INFO] [stdout]                                at /rustc/90b35a6239c3d8bdabc530a6a0816f7ff89a0aaf/library/std/src/sys/backtrace.rs:42:9
[INFO] [stdout]    8:     0x630b4aabe53a - std::panicking::default_hook::{{closure}}::he19d4c7230e07961
[INFO] [stdout]                                at /rustc/90b35a6239c3d8bdabc530a6a0816f7ff89a0aaf/library/std/src/panicking.rs:268:22
[INFO] [stdout]    9:     0x630b4aabe344 - std::panicking::default_hook::hf614597d3c67bbdb
[INFO] [stdout]                                at /rustc/90b35a6239c3d8bdabc530a6a0816f7ff89a0aaf/library/std/src/panicking.rs:292:9
[INFO] [stdout]   10:     0x630b4a64ba09 - <alloc::boxed::Box<F,A> as core::ops::function::Fn<Args>>::call::h39b51ce4599c23d1
[INFO] [stdout]                                at /rustc/90b35a6239c3d8bdabc530a6a0816f7ff89a0aaf/library/alloc/src/boxed.rs:2468:9
[INFO] [stdout]   11:     0x630b4a64ba09 - test::test_main::{{closure}}::he977ae839a582784
[INFO] [stdout]                                at /rustc/90b35a6239c3d8bdabc530a6a0816f7ff89a0aaf/library/test/src/lib.rs:133:21
[INFO] [stdout]   12:     0x630b4aabebd8 - <alloc::boxed::Box<F,A> as core::ops::function::Fn<Args>>::call::h9455091b6b06f9fb
[INFO] [stdout]                                at /rustc/90b35a6239c3d8bdabc530a6a0816f7ff89a0aaf/library/alloc/src/boxed.rs:2468:9
[INFO] [stdout]   13:     0x630b4aabebd8 - std::panicking::rust_panic_with_hook::h8942133a8b252070
[INFO] [stdout]                                at /rustc/90b35a6239c3d8bdabc530a6a0816f7ff89a0aaf/library/std/src/panicking.rs:809:13
[INFO] [stdout]   14:     0x630b4aabe99a - std::panicking::begin_panic_handler::{{closure}}::hb5f5963570096b29
[INFO] [stdout]                                at /rustc/90b35a6239c3d8bdabc530a6a0816f7ff89a0aaf/library/std/src/panicking.rs:674:13
[INFO] [stdout]   15:     0x630b4aabd5b9 - std::sys::backtrace::__rust_end_short_backtrace::h6208cedc1922feda
[INFO] [stdout]                                at /rustc/90b35a6239c3d8bdabc530a6a0816f7ff89a0aaf/library/std/src/sys/backtrace.rs:170:18
[INFO] [stdout]   16:     0x630b4aabe62c - rust_begin_unwind
[INFO] [stdout]                                at /rustc/90b35a6239c3d8bdabc530a6a0816f7ff89a0aaf/library/std/src/panicking.rs:665:5
[INFO] [stdout]   17:     0x630b4a57f2b0 - core::panicking::panic_fmt::h0c3082644d1bf418
[INFO] [stdout]                                at /rustc/90b35a6239c3d8bdabc530a6a0816f7ff89a0aaf/library/core/src/panicking.rs:74:14
[INFO] [stdout]   18:     0x630b4a57f796 - core::result::unwrap_failed::hd20b4aa073bda1e2
[INFO] [stdout]                                at /rustc/90b35a6239c3d8bdabc530a6a0816f7ff89a0aaf/library/core/src/result.rs:1700:5
[INFO] [stdout]   19:     0x630b4a5bc4a4 - core::result::Result<T,E>::unwrap::hb456f96e67a91054
[INFO] [stdout]                                at /rustc/90b35a6239c3d8bdabc530a6a0816f7ff89a0aaf/library/core/src/result.rs:1104:23
[INFO] [stdout]   20:     0x630b4a5bc4a4 - purr_settle::tests::converts_p2wpkh_to_fr_p2tr::{{closure}}::hbf9c30cdb865e295
[INFO] [stdout]                                at /opt/rustwide/workdir/src/lib.rs:352:21
[INFO] [stdout]   21:     0x630b4a5cf492 - <core::pin::Pin<P> as core::future::future::Future>::poll::hd547297b6b2d1ae0
[INFO] [stdout]                                at /rustc/90b35a6239c3d8bdabc530a6a0816f7ff89a0aaf/library/core/src/future/future.rs:123:9
[INFO] [stdout]   22:     0x630b4a5cf40d - <core::pin::Pin<P> as core::future::future::Future>::poll::ha32fb41872cc1a3d
[INFO] [stdout]                                at /rustc/90b35a6239c3d8bdabc530a6a0816f7ff89a0aaf/library/core/src/future/future.rs:123:9
[INFO] [stdout]   23:     0x630b4a5df11f - tokio::runtime::scheduler::current_thread::CoreGuard::block_on::{{closure}}::{{closure}}::{{closure}}::h3505e937614e23de
[INFO] [stdout]                                at /opt/rustwide/cargo-home/registry/src/index.crates.io-6f17d22bba15001f/tokio-1.40.0/src/runtime/scheduler/current_thread/mod.rs:696:57
[INFO] [stdout]   24:     0x630b4a5dee75 - tokio::runtime::coop::with_budget::hd202ca0f9e7e1b8c
[INFO] [stdout]                                at /opt/rustwide/cargo-home/registry/src/index.crates.io-6f17d22bba15001f/tokio-1.40.0/src/runtime/coop.rs:107:5
[INFO] [stdout]   25:     0x630b4a5dee75 - tokio::runtime::coop::budget::h4598366757b49d9f
[INFO] [stdout]                                at /opt/rustwide/cargo-home/registry/src/index.crates.io-6f17d22bba15001f/tokio-1.40.0/src/runtime/coop.rs:73:5
[INFO] [stdout]   26:     0x630b4a5dee75 - tokio::runtime::scheduler::current_thread::CoreGuard::block_on::{{closure}}::{{closure}}::h27c9e8179828cd75
[INFO] [stdout]                                at /opt/rustwide/cargo-home/registry/src/index.crates.io-6f17d22bba15001f/tokio-1.40.0/src/runtime/scheduler/current_thread/mod.rs:696:25
[INFO] [stdout]   27:     0x630b4a5dc350 - tokio::runtime::scheduler::current_thread::Context::enter::h53149d79ca34e857
[INFO] [stdout]                                at /opt/rustwide/cargo-home/registry/src/index.crates.io-6f17d22bba15001f/tokio-1.40.0/src/runtime/scheduler/current_thread/mod.rs:423:19
[INFO] [stdout]   28:     0x630b4a5de6ce - tokio::runtime::scheduler::current_thread::CoreGuard::block_on::{{closure}}::hd74ebf46f9259088
[INFO] [stdout]                                at /opt/rustwide/cargo-home/registry/src/index.crates.io-6f17d22bba15001f/tokio-1.40.0/src/runtime/scheduler/current_thread/mod.rs:695:36
[INFO] [stdout]   29:     0x630b4a5ddb24 - tokio::runtime::scheduler::current_thread::CoreGuard::enter::{{closure}}::h48db0447d4edbba9
[INFO] [stdout]                                at /opt/rustwide/cargo-home/registry/src/index.crates.io-6f17d22bba15001f/tokio-1.40.0/src/runtime/scheduler/current_thread/mod.rs:774:68
[INFO] [stdout]   30:     0x630b4a5f2a0b - tokio::runtime::context::scoped::Scoped<T>::set::hda135afdfbb2e1a3
[INFO] [stdout]                                at /opt/rustwide/cargo-home/registry/src/index.crates.io-6f17d22bba15001f/tokio-1.40.0/src/runtime/context/scoped.rs:40:9
[INFO] [stdout]   31:     0x630b4a5cef29 - tokio::runtime::context::set_scheduler::{{closure}}::h76693e4cd4604ec3
[INFO] [stdout]                                at /opt/rustwide/cargo-home/registry/src/index.crates.io-6f17d22bba15001f/tokio-1.40.0/src/runtime/context.rs:180:26
[INFO] [stdout]   32:     0x630b4a5ad32d - std::thread::local::LocalKey<T>::try_with::h3ded25b93f68d131
[INFO] [stdout]                                at /rustc/90b35a6239c3d8bdabc530a6a0816f7ff89a0aaf/library/std/src/thread/local.rs:283:12
[INFO] [stdout]   33:     0x630b4a5acf6a - std::thread::local::LocalKey<T>::with::h422d39461a6260f6
[INFO] [stdout]                                at /rustc/90b35a6239c3d8bdabc530a6a0816f7ff89a0aaf/library/std/src/thread/local.rs:260:9
[INFO] [stdout]   34:     0x630b4a5cee9d - tokio::runtime::context::set_scheduler::h000a513e93b0ba23
[INFO] [stdout]                                at /opt/rustwide/cargo-home/registry/src/index.crates.io-6f17d22bba15001f/tokio-1.40.0/src/runtime/context.rs:180:9
[INFO] [stdout]   35:     0x630b4a5dd8d0 - tokio::runtime::scheduler::current_thread::CoreGuard::enter::hc0672f98797def95
[INFO] [stdout]                                at /opt/rustwide/cargo-home/registry/src/index.crates.io-6f17d22bba15001f/tokio-1.40.0/src/runtime/scheduler/current_thread/mod.rs:774:27
[INFO] [stdout]   36:     0x630b4a5ddbc3 - tokio::runtime::scheduler::current_thread::CoreGuard::block_on::h35a57b1067ec75de
[INFO] [stdout]                                at /opt/rustwide/cargo-home/registry/src/index.crates.io-6f17d22bba15001f/tokio-1.40.0/src/runtime/scheduler/current_thread/mod.rs:683:19
[INFO] [stdout]   37:     0x630b4a5dbdda - tokio::runtime::scheduler::current_thread::CurrentThread::block_on::{{closure}}::hadc9a75f7897fd98
[INFO] [stdout]                                at /opt/rustwide/cargo-home/registry/src/index.crates.io-6f17d22bba15001f/tokio-1.40.0/src/runtime/scheduler/current_thread/mod.rs:191:28
[INFO] [stdout]   38:     0x630b4a5af666 - tokio::runtime::context::runtime::enter_runtime::h5755916e75a136a9
[INFO] [stdout]                                at /opt/rustwide/cargo-home/registry/src/index.crates.io-6f17d22bba15001f/tokio-1.40.0/src/runtime/context/runtime.rs:65:16
[INFO] [stdout]   39:     0x630b4a5db701 - tokio::runtime::scheduler::current_thread::CurrentThread::block_on::h55ffeacc22104f0b
[INFO] [stdout]                                at /opt/rustwide/cargo-home/registry/src/index.crates.io-6f17d22bba15001f/tokio-1.40.0/src/runtime/scheduler/current_thread/mod.rs:179:9
[INFO] [stdout]   40:     0x630b4a5c746d - tokio::runtime::runtime::Runtime::block_on_inner::h1e5089551ac9ff64
[INFO] [stdout]                                at /opt/rustwide/cargo-home/registry/src/index.crates.io-6f17d22bba15001f/tokio-1.40.0/src/runtime/runtime.rs:361:47
[INFO] [stdout]   41:     0x630b4a5c7695 - tokio::runtime::runtime::Runtime::block_on::hc8a71adb10433888
[INFO] [stdout]                                at /opt/rustwide/cargo-home/registry/src/index.crates.io-6f17d22bba15001f/tokio-1.40.0/src/runtime/runtime.rs:335:13
[INFO] [stdout]   42:     0x630b4a5bbdf1 - purr_settle::tests::converts_p2wpkh_to_fr_p2tr::hefa319cbff9bf876
[INFO] [stdout]                                at /opt/rustwide/workdir/src/lib.rs:369:9
[INFO] [stdout]   43:     0x630b4a5bbc97 - purr_settle::tests::converts_p2wpkh_to_fr_p2tr::{{closure}}::hcac007e79b40e65a
[INFO] [stdout]                                at /opt/rustwide/workdir/src/lib.rs:344:42
[INFO] [stdout]   44:     0x630b4a5d04c6 - core::ops::function::FnOnce::call_once::hb51dd68056e197aa
[INFO] [stdout]                                at /rustc/90b35a6239c3d8bdabc530a6a0816f7ff89a0aaf/library/core/src/ops/function.rs:250:5
[INFO] [stdout]   45:     0x630b4a6503cb - core::ops::function::FnOnce::call_once::h109cf8051a59b34e
[INFO] [stdout]                                at /rustc/90b35a6239c3d8bdabc530a6a0816f7ff89a0aaf/library/core/src/ops/function.rs:250:5
[INFO] [stdout]   46:     0x630b4a6503cb - test::__rust_begin_short_backtrace::hf4fff89d377446ba
[INFO] [stdout]                                at /rustc/90b35a6239c3d8bdabc530a6a0816f7ff89a0aaf/library/test/src/lib.rs:621:18
[INFO] [stdout]   47:     0x630b4a64fc07 - test::run_test_in_process::{{closure}}::h0e39181dd7ee5a43
[INFO] [stdout]                                at /rustc/90b35a6239c3d8bdabc530a6a0816f7ff89a0aaf/library/test/src/lib.rs:644:60
[INFO] [stdout]   48:     0x630b4a64fc07 - <core::panic::unwind_safe::AssertUnwindSafe<F> as core::ops::function::FnOnce<()>>::call_once::hc5a66a30f0bdfd1f
[INFO] [stdout]                                at /rustc/90b35a6239c3d8bdabc530a6a0816f7ff89a0aaf/library/core/src/panic/unwind_safe.rs:272:9
[INFO] [stdout]   49:     0x630b4a64fc07 - std::panicking::try::do_call::h873b7cf639554a5e
[INFO] [stdout]                                at /rustc/90b35a6239c3d8bdabc530a6a0816f7ff89a0aaf/library/std/src/panicking.rs:557:40
[INFO] [stdout]   50:     0x630b4a64fc07 - std::panicking::try::hdb19862fad9c8bd1
[INFO] [stdout]                                at /rustc/90b35a6239c3d8bdabc530a6a0816f7ff89a0aaf/library/std/src/panicking.rs:520:19
[INFO] [stdout]   51:     0x630b4a64fc07 - std::panic::catch_unwind::h281fe732d236d260
[INFO] [stdout]                                at /rustc/90b35a6239c3d8bdabc530a6a0816f7ff89a0aaf/library/std/src/panic.rs:358:14
[INFO] [stdout]   52:     0x630b4a64fc07 - test::run_test_in_process::h949b6df8457ed338
[INFO] [stdout]                                at /rustc/90b35a6239c3d8bdabc530a6a0816f7ff89a0aaf/library/test/src/lib.rs:644:27
[INFO] [stdout]   53:     0x630b4a64fc07 - test::run_test::{{closure}}::h52c556a6d4740e10
[INFO] [stdout]                                at /rustc/90b35a6239c3d8bdabc530a6a0816f7ff89a0aaf/library/test/src/lib.rs:565:43
[INFO] [stdout]   54:     0x630b4a614ee4 - test::run_test::{{closure}}::h4237f6381c45ccb9
[INFO] [stdout]                                at /rustc/90b35a6239c3d8bdabc530a6a0816f7ff89a0aaf/library/test/src/lib.rs:595:41
[INFO] [stdout]   55:     0x630b4a614ee4 - std::sys::backtrace::__rust_begin_short_backtrace::h505c97a579eca628
[INFO] [stdout]                                at /rustc/90b35a6239c3d8bdabc530a6a0816f7ff89a0aaf/library/std/src/sys/backtrace.rs:154:18
[INFO] [stdout]   56:     0x630b4a6185ae - std::thread::Builder::spawn_unchecked_::{{closure}}::{{closure}}::h9e86b2e2bc107ea3
[INFO] [stdout]                                at /rustc/90b35a6239c3d8bdabc530a6a0816f7ff89a0aaf/library/std/src/thread/mod.rs:538:17
[INFO] [stdout]   57:     0x630b4a6185ae - <core::panic::unwind_safe::AssertUnwindSafe<F> as core::ops::function::FnOnce<()>>::call_once::h8b06ddb275ff4a25
[INFO] [stdout]                                at /rustc/90b35a6239c3d8bdabc530a6a0816f7ff89a0aaf/library/core/src/panic/unwind_safe.rs:272:9
[INFO] [stdout]   58:     0x630b4a6185ae - std::panicking::try::do_call::hb26ecd7cd9a9355d
[INFO] [stdout]                                at /rustc/90b35a6239c3d8bdabc530a6a0816f7ff89a0aaf/library/std/src/panicking.rs:557:40
[INFO] [stdout]   59:     0x630b4a6185ae - std::panicking::try::h8ddeca9d705f9069
[INFO] [stdout]                                at /rustc/90b35a6239c3d8bdabc530a6a0816f7ff89a0aaf/library/std/src/panicking.rs:520:19
[INFO] [stdout]   60:     0x630b4a6185ae - std::panic::catch_unwind::h49e1c33078844c46
[INFO] [stdout]                                at /rustc/90b35a6239c3d8bdabc530a6a0816f7ff89a0aaf/library/std/src/panic.rs:358:14
[INFO] [stdout]   61:     0x630b4a6185ae - std::thread::Builder::spawn_unchecked_::{{closure}}::h6073db6ff56ad35d
[INFO] [stdout]                                at /rustc/90b35a6239c3d8bdabc530a6a0816f7ff89a0aaf/library/std/src/thread/mod.rs:537:30
[INFO] [stdout]   62:     0x630b4a6185ae - core::ops::function::FnOnce::call_once{{vtable.shim}}::h2c5a5f3779c774f1
[INFO] [stdout]                                at /rustc/90b35a6239c3d8bdabc530a6a0816f7ff89a0aaf/library/core/src/ops/function.rs:250:5
[INFO] [stdout]   63:     0x630b4aac2e9b - <alloc::boxed::Box<F,A> as core::ops::function::FnOnce<Args>>::call_once::hf75717d9f28faebf
[INFO] [stdout]                                at /rustc/90b35a6239c3d8bdabc530a6a0816f7ff89a0aaf/library/alloc/src/boxed.rs:2454:9
[INFO] [stdout]   64:     0x630b4aac2e9b - <alloc::boxed::Box<F,A> as core::ops::function::FnOnce<Args>>::call_once::h7bd883a5f3c5f3c1
[INFO] [stdout]                                at /rustc/90b35a6239c3d8bdabc530a6a0816f7ff89a0aaf/library/alloc/src/boxed.rs:2454:9
[INFO] [stdout]   65:     0x630b4aac2e9b - std::sys::pal::unix::thread::Thread::new::thread_start::hcc78f3943333fa94
[INFO] [stdout]                                at /rustc/90b35a6239c3d8bdabc530a6a0816f7ff89a0aaf/library/std/src/sys/pal/unix/thread.rs:105:17
[INFO] [stdout]   66:     0x7956cc107ac3 - <unknown>
[INFO] [stdout]   67:     0x7956cc198a04 - clone
[INFO] [stdout]   68:                0x0 - <unknown>
[INFO] [stdout] 
[INFO] [stdout] ---- tests::alice_double_spend_penalty stdout ----
[INFO] [stdout] thread 'tests::alice_double_spend_penalty' panicked at src/lib.rs:471:68:
[INFO] [stdout] called `Result::unwrap()` on an `Err` value: ReqwestError(reqwest::Error { kind: Request, url: "https://catnet-mempool.btcwild.life/api/v1/address/tb1qgjsm5082hykhttmx20s4rvwrf49v73qezdkmwh/txs", source: hyper_util::client::legacy::Error(Connect, ConnectError("dns error", Custom { kind: Uncategorized, error: "failed to lookup address information: Temporary failure in name resolution" })) })
[INFO] [stdout] stack backtrace:
[INFO] [stdout]    0:     0x630b4aabd0da - std::backtrace_rs::backtrace::libunwind::trace::h5a5b8284f2d0c266
[INFO] [stdout]                                at /rustc/90b35a6239c3d8bdabc530a6a0816f7ff89a0aaf/library/std/src/../../backtrace/src/backtrace/libunwind.rs:116:5
[INFO] [stdout]    1:     0x630b4aabd0da - std::backtrace_rs::backtrace::trace_unsynchronized::h76d4f1c9b0b875e3
[INFO] [stdout]                                at /rustc/90b35a6239c3d8bdabc530a6a0816f7ff89a0aaf/library/std/src/../../backtrace/src/backtrace/mod.rs:66:5
[INFO] [stdout]    2:     0x630b4aabd0da - std::sys::backtrace::_print_fmt::hc4546b8364a537c6
[INFO] [stdout]                                at /rustc/90b35a6239c3d8bdabc530a6a0816f7ff89a0aaf/library/std/src/sys/backtrace.rs:66:9
[INFO] [stdout]    3:     0x630b4aabd0da - <std::sys::backtrace::BacktraceLock::print::DisplayBacktrace as core::fmt::Display>::fmt::h5b6bd5631a6d1f6b
[INFO] [stdout]                                at /rustc/90b35a6239c3d8bdabc530a6a0816f7ff89a0aaf/library/std/src/sys/backtrace.rs:39:26
[INFO] [stdout]    4:     0x630b4aae5243 - core::fmt::rt::Argument::fmt::h270f6602a2b96f62
[INFO] [stdout]                                at /rustc/90b35a6239c3d8bdabc530a6a0816f7ff89a0aaf/library/core/src/fmt/rt.rs:177:76
[INFO] [stdout]    5:     0x630b4aae5243 - core::fmt::write::h7550c97b06c86515
[INFO] [stdout]                                at /rustc/90b35a6239c3d8bdabc530a6a0816f7ff89a0aaf/library/core/src/fmt/mod.rs:1186:21
[INFO] [stdout]    6:     0x630b4aab96f3 - std::io::Write::write_fmt::h509ff860e5956e5e
[INFO] [stdout]                                at /rustc/90b35a6239c3d8bdabc530a6a0816f7ff89a0aaf/library/std/src/io/mod.rs:1839:15
[INFO] [stdout]    7:     0x630b4aabcf22 - std::sys::backtrace::BacktraceLock::print::h2395ccd2c84ba3aa
[INFO] [stdout]                                at /rustc/90b35a6239c3d8bdabc530a6a0816f7ff89a0aaf/library/std/src/sys/backtrace.rs:42:9
[INFO] [stdout]    8:     0x630b4aabe53a - std::panicking::default_hook::{{closure}}::he19d4c7230e07961
[INFO] [stdout]                                at /rustc/90b35a6239c3d8bdabc530a6a0816f7ff89a0aaf/library/std/src/panicking.rs:268:22
[INFO] [stdout]    9:     0x630b4aabe344 - std::panicking::default_hook::hf614597d3c67bbdb
[INFO] [stdout]                                at /rustc/90b35a6239c3d8bdabc530a6a0816f7ff89a0aaf/library/std/src/panicking.rs:292:9
[INFO] [stdout]   10:     0x630b4a64ba09 - <alloc::boxed::Box<F,A> as core::ops::function::Fn<Args>>::call::h39b51ce4599c23d1
[INFO] [stdout]                                at /rustc/90b35a6239c3d8bdabc530a6a0816f7ff89a0aaf/library/alloc/src/boxed.rs:2468:9
[INFO] [stdout]   11:     0x630b4a64ba09 - test::test_main::{{closure}}::he977ae839a582784
[INFO] [stdout]                                at /rustc/90b35a6239c3d8bdabc530a6a0816f7ff89a0aaf/library/test/src/lib.rs:133:21
[INFO] [stdout]   12:     0x630b4aabebd8 - <alloc::boxed::Box<F,A> as core::ops::function::Fn<Args>>::call::h9455091b6b06f9fb
[INFO] [stdout]                                at /rustc/90b35a6239c3d8bdabc530a6a0816f7ff89a0aaf/library/alloc/src/boxed.rs:2468:9
[INFO] [stdout]   13:     0x630b4aabebd8 - std::panicking::rust_panic_with_hook::h8942133a8b252070
[INFO] [stdout]                                at /rustc/90b35a6239c3d8bdabc530a6a0816f7ff89a0aaf/library/std/src/panicking.rs:809:13
[INFO] [stdout]   14:     0x630b4aabe99a - std::panicking::begin_panic_handler::{{closure}}::hb5f5963570096b29
[INFO] [stdout]                                at /rustc/90b35a6239c3d8bdabc530a6a0816f7ff89a0aaf/library/std/src/panicking.rs:674:13
[INFO] [stdout]   15:     0x630b4aabd5b9 - std::sys::backtrace::__rust_end_short_backtrace::h6208cedc1922feda
[INFO] [stdout]                                at /rustc/90b35a6239c3d8bdabc530a6a0816f7ff89a0aaf/library/std/src/sys/backtrace.rs:170:18
[INFO] [stdout]   16:     0x630b4aabe62c - rust_begin_unwind
[INFO] [stdout]                                at /rustc/90b35a6239c3d8bdabc530a6a0816f7ff89a0aaf/library/std/src/panicking.rs:665:5
[INFO] [stdout]   17:     0x630b4a57f2b0 - core::panicking::panic_fmt::h0c3082644d1bf418
[INFO] [stdout]                                at /rustc/90b35a6239c3d8bdabc530a6a0816f7ff89a0aaf/library/core/src/panicking.rs:74:14
[INFO] [stdout]   18:     0x630b4a57f796 - core::result::unwrap_failed::hd20b4aa073bda1e2
[INFO] [stdout]                                at /rustc/90b35a6239c3d8bdabc530a6a0816f7ff89a0aaf/library/core/src/result.rs:1700:5
[INFO] [stdout]   19:     0x630b4a5c0530 - core::result::Result<T,E>::unwrap::hb456f96e67a91054
[INFO] [stdout]                                at /rustc/90b35a6239c3d8bdabc530a6a0816f7ff89a0aaf/library/core/src/result.rs:1104:23
[INFO] [stdout]   20:     0x630b4a5c0530 - purr_settle::tests::alice_double_spend_penalty::{{closure}}::hb3351d3ea4e4a87f
[INFO] [stdout]                                at /opt/rustwide/workdir/src/lib.rs:471:21
[INFO] [stdout]   21:     0x630b4a5cf492 - <core::pin::Pin<P> as core::future::future::Future>::poll::hd547297b6b2d1ae0
[INFO] [stdout]                                at /rustc/90b35a6239c3d8bdabc530a6a0816f7ff89a0aaf/library/core/src/future/future.rs:123:9
[INFO] [stdout]   22:     0x630b4a5cf40d - <core::pin::Pin<P> as core::future::future::Future>::poll::ha32fb41872cc1a3d
[INFO] [stdout]                                at /rustc/90b35a6239c3d8bdabc530a6a0816f7ff89a0aaf/library/core/src/future/future.rs:123:9
[INFO] [stdout]   23:     0x630b4a5df11f - tokio::runtime::scheduler::current_thread::CoreGuard::block_on::{{closure}}::{{closure}}::{{closure}}::h3505e937614e23de
[INFO] [stdout]                                at /opt/rustwide/cargo-home/registry/src/index.crates.io-6f17d22bba15001f/tokio-1.40.0/src/runtime/scheduler/current_thread/mod.rs:696:57
[INFO] [stdout]   24:     0x630b4a5dee75 - tokio::runtime::coop::with_budget::hd202ca0f9e7e1b8c
[INFO] [stdout]                                at /opt/rustwide/cargo-home/registry/src/index.crates.io-6f17d22bba15001f/tokio-1.40.0/src/runtime/coop.rs:107:5
[INFO] [stdout]   25:     0x630b4a5dee75 - tokio::runtime::coop::budget::h4598366757b49d9f
[INFO] [stdout]                                at /opt/rustwide/cargo-home/registry/src/index.crates.io-6f17d22bba15001f/tokio-1.40.0/src/runtime/coop.rs:73:5
[INFO] [stdout]   26:     0x630b4a5dee75 - tokio::runtime::scheduler::current_thread::CoreGuard::block_on::{{closure}}::{{closure}}::h27c9e8179828cd75
[INFO] [stdout]                                at /opt/rustwide/cargo-home/registry/src/index.crates.io-6f17d22bba15001f/tokio-1.40.0/src/runtime/scheduler/current_thread/mod.rs:696:25
[INFO] [stdout]   27:     0x630b4a5dc350 - tokio::runtime::scheduler::current_thread::Context::enter::h53149d79ca34e857
[INFO] [stdout]                                at /opt/rustwide/cargo-home/registry/src/index.crates.io-6f17d22bba15001f/tokio-1.40.0/src/runtime/scheduler/current_thread/mod.rs:423:19
[INFO] [stdout]   28:     0x630b4a5de6ce - tokio::runtime::scheduler::current_thread::CoreGuard::block_on::{{closure}}::hd74ebf46f9259088
[INFO] [stdout]                                at /opt/rustwide/cargo-home/registry/src/index.crates.io-6f17d22bba15001f/tokio-1.40.0/src/runtime/scheduler/current_thread/mod.rs:695:36
[INFO] [stdout]   29:     0x630b4a5ddb24 - tokio::runtime::scheduler::current_thread::CoreGuard::enter::{{closure}}::h48db0447d4edbba9
[INFO] [stdout]                                at /opt/rustwide/cargo-home/registry/src/index.crates.io-6f17d22bba15001f/tokio-1.40.0/src/runtime/scheduler/current_thread/mod.rs:774:68
[INFO] [stdout]   30:     0x630b4a5f2a0b - tokio::runtime::context::scoped::Scoped<T>::set::hda135afdfbb2e1a3
[INFO] [stdout]                                at /opt/rustwide/cargo-home/registry/src/index.crates.io-6f17d22bba15001f/tokio-1.40.0/src/runtime/context/scoped.rs:40:9
[INFO] [stdout]   31:     0x630b4a5cef29 - tokio::runtime::context::set_scheduler::{{closure}}::h76693e4cd4604ec3
[INFO] [stdout]                                at /opt/rustwide/cargo-home/registry/src/index.crates.io-6f17d22bba15001f/tokio-1.40.0/src/runtime/context.rs:180:26
[INFO] [stdout]   32:     0x630b4a5ad32d - std::thread::local::LocalKey<T>::try_with::h3ded25b93f68d131
[INFO] [stdout]                                at /rustc/90b35a6239c3d8bdabc530a6a0816f7ff89a0aaf/library/std/src/thread/local.rs:283:12
[INFO] [stdout]   33:     0x630b4a5acf6a - std::thread::local::LocalKey<T>::with::h422d39461a6260f6
[INFO] [stdout]                                at /rustc/90b35a6239c3d8bdabc530a6a0816f7ff89a0aaf/library/std/src/thread/local.rs:260:9
[INFO] [stdout]   34:     0x630b4a5cee9d - tokio::runtime::context::set_scheduler::h000a513e93b0ba23
[INFO] [stdout]                                at /opt/rustwide/cargo-home/registry/src/index.crates.io-6f17d22bba15001f/tokio-1.40.0/src/runtime/context.rs:180:9
[INFO] [stdout]   35:     0x630b4a5dd8d0 - tokio::runtime::scheduler::current_thread::CoreGuard::enter::hc0672f98797def95
[INFO] [stdout]                                at /opt/rustwide/cargo-home/registry/src/index.crates.io-6f17d22bba15001f/tokio-1.40.0/src/runtime/scheduler/current_thread/mod.rs:774:27
[INFO] [stdout]   36:     0x630b4a5ddbc3 - tokio::runtime::scheduler::current_thread::CoreGuard::block_on::h35a57b1067ec75de
[INFO] [stdout]                                at /opt/rustwide/cargo-home/registry/src/index.crates.io-6f17d22bba15001f/tokio-1.40.0/src/runtime/scheduler/current_thread/mod.rs:683:19
[INFO] [stdout]   37:     0x630b4a5dbdda - tokio::runtime::scheduler::current_thread::CurrentThread::block_on::{{closure}}::hadc9a75f7897fd98
[INFO] [stdout]                                at /opt/rustwide/cargo-home/registry/src/index.crates.io-6f17d22bba15001f/tokio-1.40.0/src/runtime/scheduler/current_thread/mod.rs:191:28
[INFO] [stdout]   38:     0x630b4a5af666 - tokio::runtime::context::runtime::enter_runtime::h5755916e75a136a9
[INFO] [stdout]                                at /opt/rustwide/cargo-home/registry/src/index.crates.io-6f17d22bba15001f/tokio-1.40.0/src/runtime/context/runtime.rs:65:16
[INFO] [stdout]   39:     0x630b4a5db701 - tokio::runtime::scheduler::current_thread::CurrentThread::block_on::h55ffeacc22104f0b
[INFO] [stdout]                                at /opt/rustwide/cargo-home/registry/src/index.crates.io-6f17d22bba15001f/tokio-1.40.0/src/runtime/scheduler/current_thread/mod.rs:179:9
[INFO] [stdout]   40:     0x630b4a5c746d - tokio::runtime::runtime::Runtime::block_on_inner::h1e5089551ac9ff64
[INFO] [stdout]                                at /opt/rustwide/cargo-home/registry/src/index.crates.io-6f17d22bba15001f/tokio-1.40.0/src/runtime/runtime.rs:361:47
[INFO] [stdout]   41:     0x630b4a5c7695 - tokio::runtime::runtime::Runtime::block_on::hc8a71adb10433888
[INFO] [stdout]                                at /opt/rustwide/cargo-home/registry/src/index.crates.io-6f17d22bba15001f/tokio-1.40.0/src/runtime/runtime.rs:335:13
[INFO] [stdout]   42:     0x630b4a5be70d - purr_settle::tests::alice_double_spend_penalty::ha4e55ab86a48623c
[INFO] [stdout]                                at /opt/rustwide/workdir/src/lib.rs:484:9
[INFO] [stdout]   43:     0x630b4a5be5a7 - purr_settle::tests::alice_double_spend_penalty::{{closure}}::h44fb704d8c687ec8
[INFO] [stdout]                                at /opt/rustwide/workdir/src/lib.rs:403:42
[INFO] [stdout]   44:     0x630b4a5d02f6 - core::ops::function::FnOnce::call_once::h6859dba17ac369ee
[INFO] [stdout]                                at /rustc/90b35a6239c3d8bdabc530a6a0816f7ff89a0aaf/library/core/src/ops/function.rs:250:5
[INFO] [stdout]   45:     0x630b4a6503cb - core::ops::function::FnOnce::call_once::h109cf8051a59b34e
[INFO] [stdout]                                at /rustc/90b35a6239c3d8bdabc530a6a0816f7ff89a0aaf/library/core/src/ops/function.rs:250:5
[INFO] [stdout]   46:     0x630b4a6503cb - test::__rust_begin_short_backtrace::hf4fff89d377446ba
[INFO] [stdout]                                at /rustc/90b35a6239c3d8bdabc530a6a0816f7ff89a0aaf/library/test/src/lib.rs:621:18
[INFO] [stdout]   47:     0x630b4a64fc07 - test::run_test_in_process::{{closure}}::h0e39181dd7ee5a43
[INFO] [stdout]                                at /rustc/90b35a6239c3d8bdabc530a6a0816f7ff89a0aaf/library/test/src/lib.rs:644:60
[INFO] [stdout]   48:     0x630b4a64fc07 - <core::panic::unwind_safe::AssertUnwindSafe<F> as core::ops::function::FnOnce<()>>::call_once::hc5a66a30f0bdfd1f
[INFO] [stdout]                                at /rustc/90b35a6239c3d8bdabc530a6a0816f7ff89a0aaf/library/core/src/panic/unwind_safe.rs:272:9
[INFO] [stdout]   49:     0x630b4a64fc07 - std::panicking::try::do_call::h873b7cf639554a5e
[INFO] [stdout]                                at /rustc/90b35a6239c3d8bdabc530a6a0816f7ff89a0aaf/library/std/src/panicking.rs:557:40
[INFO] [stdout]   50:     0x630b4a64fc07 - std::panicking::try::hdb19862fad9c8bd1
[INFO] [stdout]                                at /rustc/90b35a6239c3d8bdabc530a6a0816f7ff89a0aaf/library/std/src/panicking.rs:520:19
[INFO] [stdout]   51:     0x630b4a64fc07 - std::panic::catch_unwind::h281fe732d236d260
[INFO] [stdout]                                at /rustc/90b35a6239c3d8bdabc530a6a0816f7ff89a0aaf/library/std/src/panic.rs:358:14
[INFO] [stdout]   52:     0x630b4a64fc07 - test::run_test_in_process::h949b6df8457ed338
[INFO] [stdout]                                at /rustc/90b35a6239c3d8bdabc530a6a0816f7ff89a0aaf/library/test/src/lib.rs:644:27
[INFO] [stdout]   53:     0x630b4a64fc07 - test::run_test::{{closure}}::h52c556a6d4740e10
[INFO] [stdout]                                at /rustc/90b35a6239c3d8bdabc530a6a0816f7ff89a0aaf/library/test/src/lib.rs:565:43
[INFO] [stdout]   54:     0x630b4a614ee4 - test::run_test::{{closure}}::h4237f6381c45ccb9
[INFO] [stdout]                                at /rustc/90b35a6239c3d8bdabc530a6a0816f7ff89a0aaf/library/test/src/lib.rs:595:41
[INFO] [stdout]   55:     0x630b4a614ee4 - std::sys::backtrace::__rust_begin_short_backtrace::h505c97a579eca628
[INFO] [stdout]                                at /rustc/90b35a6239c3d8bdabc530a6a0816f7ff89a0aaf/library/std/src/sys/backtrace.rs:154:18
[INFO] [stdout]   56:     0x630b4a6185ae - std::thread::Builder::spawn_unchecked_::{{closure}}::{{closure}}::h9e86b2e2bc107ea3
[INFO] [stdout]                                at /rustc/90b35a6239c3d8bdabc530a6a0816f7ff89a0aaf/library/std/src/thread/mod.rs:538:17
[INFO] [stdout]   57:     0x630b4a6185ae - <core::panic::unwind_safe::AssertUnwindSafe<F> as core::ops::function::FnOnce<()>>::call_once::h8b06ddb275ff4a25
[INFO] [stdout]                                at /rustc/90b35a6239c3d8bdabc530a6a0816f7ff89a0aaf/library/core/src/panic/unwind_safe.rs:272:9
[INFO] [stdout]   58:     0x630b4a6185ae - std::panicking::try::do_call::hb26ecd7cd9a9355d
[INFO] [stdout]                                at /rustc/90b35a6239c3d8bdabc530a6a0816f7ff89a0aaf/library/std/src/panicking.rs:557:40
[INFO] [stdout]   59:     0x630b4a6185ae - std::panicking::try::h8ddeca9d705f9069
[INFO] [stdout]                                at /rustc/90b35a6239c3d8bdabc530a6a0816f7ff89a0aaf/library/std/src/panicking.rs:520:19
[INFO] [stdout]   60:     0x630b4a6185ae - std::panic::catch_unwind::h49e1c33078844c46
[INFO] [stdout]                                at /rustc/90b35a6239c3d8bdabc530a6a0816f7ff89a0aaf/library/std/src/panic.rs:358:14
[INFO] [stdout]   61:     0x630b4a6185ae - std::thread::Builder::spawn_unchecked_::{{closure}}::h6073db6ff56ad35d
[INFO] [stdout]                                at /rustc/90b35a6239c3d8bdabc530a6a0816f7ff89a0aaf/library/std/src/thread/mod.rs:537:30
[INFO] [stdout]   62:     0x630b4a6185ae - core::ops::function::FnOnce::call_once{{vtable.shim}}::h2c5a5f3779c774f1
[INFO] [stdout]                                at /rustc/90b35a6239c3d8bdabc530a6a0816f7ff89a0aaf/library/core/src/ops/function.rs:250:5
[INFO] [stdout]   63:     0x630b4aac2e9b - <alloc::boxed::Box<F,A> as core::ops::function::FnOnce<Args>>::call_once::hf75717d9f28faebf
[INFO] [stdout]                                at /rustc/90b35a6239c3d8bdabc530a6a0816f7ff89a0aaf/library/alloc/src/boxed.rs:2454:9
[INFO] [stdout]   64:     0x630b4aac2e9b - <alloc::boxed::Box<F,A> as core::ops::function::FnOnce<Args>>::call_once::h7bd883a5f3c5f3c1
[INFO] [stdout]                                at /rustc/90b35a6239c3d8bdabc530a6a0816f7ff89a0aaf/library/alloc/src/boxed.rs:2454:9
[INFO] [stdout]   65:     0x630b4aac2e9b - std::sys::pal::unix::thread::Thread::new::thread_start::hcc78f3943333fa94
[INFO] [stdout]                                at /rustc/90b35a6239c3d8bdabc530a6a0816f7ff89a0aaf/library/std/src/sys/pal/unix/thread.rs:105:17
[INFO] [stdout]   66:     0x7956cc107ac3 - <unknown>
[INFO] [stdout]   67:     0x7956cc198a04 - clone
[INFO] [stdout]   68:                0x0 - <unknown>
[INFO] [stdout] 
[INFO] [stdout] 
[INFO] [stdout] failures:
[INFO] [stdout]     tests::alice_double_spend_penalty
[INFO] [stdout]     tests::converts_p2wpkh_to_fr_p2tr
[INFO] [stdout]     tests::should_spend_fr_p2tr
[INFO] [stdout] 
[INFO] [stdout] test result: FAILED. 3 passed; 3 failed; 0 ignored; 0 measured; 0 filtered out; finished in 0.21s
[INFO] [stdout] 
[INFO] [stderr] error: test failed, to rerun pass `--lib`
[INFO] running `Command { std: "docker" "inspect" "73a36940513109d7ff4e7abe31f85340c904296b6dc10283225b5ce0aa50bc0d", kill_on_drop: false }`
[INFO] running `Command { std: "docker" "rm" "-f" "73a36940513109d7ff4e7abe31f85340c904296b6dc10283225b5ce0aa50bc0d", kill_on_drop: false }`
[INFO] [stdout] 73a36940513109d7ff4e7abe31f85340c904296b6dc10283225b5ce0aa50bc0d
