[INFO] cloning repository https://github.com/cpdt/gdtf-rs
[INFO] running `Command { std: "git" "-c" "credential.helper=" "-c" "credential.helper=/workspace/cargo-home/bin/git-credential-null" "clone" "--bare" "https://github.com/cpdt/gdtf-rs" "/workspace/cache/git-repos/https%3A%2F%2Fgithub.com%2Fcpdt%2Fgdtf-rs", kill_on_drop: false }`
[INFO] [stderr] Cloning into bare repository '/workspace/cache/git-repos/https%3A%2F%2Fgithub.com%2Fcpdt%2Fgdtf-rs'...
[INFO] running `Command { std: "git" "rev-parse" "HEAD", kill_on_drop: false }`
[INFO] [stdout] 15cbd9f272eef02e31421925364c56837f083829
[INFO] testing cpdt/gdtf-rs against 1.83.0 for beta-1.84.0-4-retry
[INFO] running `Command { std: "git" "clone" "/workspace/cache/git-repos/https%3A%2F%2Fgithub.com%2Fcpdt%2Fgdtf-rs" "/workspace/builds/worker-4-tc1/source", kill_on_drop: false }`
[INFO] [stderr] Cloning into '/workspace/builds/worker-4-tc1/source'...
[INFO] [stderr] done.
[INFO] validating manifest of git repo https://github.com/cpdt/gdtf-rs on toolchain 1.83.0
[INFO] running `Command { std: CARGO_HOME="/workspace/cargo-home" RUSTUP_HOME="/workspace/rustup-home" "/workspace/cargo-home/bin/cargo" "+1.83.0" "metadata" "--manifest-path" "Cargo.toml" "--no-deps", kill_on_drop: false }`
[INFO] started tweaking git repo https://github.com/cpdt/gdtf-rs
[INFO] finished tweaking git repo https://github.com/cpdt/gdtf-rs
[INFO] tweaked toml for git repo https://github.com/cpdt/gdtf-rs written to /workspace/builds/worker-4-tc1/source/Cargo.toml
[INFO] crate git repo https://github.com/cpdt/gdtf-rs already has a lockfile, it will not be regenerated
[INFO] running `Command { std: CARGO_HOME="/workspace/cargo-home" RUSTUP_HOME="/workspace/rustup-home" "/workspace/cargo-home/bin/cargo" "+1.83.0" "fetch" "--manifest-path" "Cargo.toml", kill_on_drop: false }`
[INFO] [stderr]  Downloading crates ...
[INFO] [stderr]   Downloaded cc v1.1.20
[INFO] running `Command { std: "docker" "create" "-v" "/var/lib/crater-agent-workspace/builds/worker-4-tc1/target:/opt/rustwide/target:rw,Z" "-v" "/var/lib/crater-agent-workspace/builds/worker-4-tc1/source:/opt/rustwide/workdir:ro,Z" "-v" "/var/lib/crater-agent-workspace/cargo-home:/opt/rustwide/cargo-home:ro,Z" "-v" "/var/lib/crater-agent-workspace/rustup-home:/opt/rustwide/rustup-home:ro,Z" "-e" "SOURCE_DIR=/opt/rustwide/workdir" "-e" "CARGO_TARGET_DIR=/opt/rustwide/target" "-e" "CARGO_HOME=/opt/rustwide/cargo-home" "-e" "RUSTUP_HOME=/opt/rustwide/rustup-home" "-w" "/opt/rustwide/workdir" "-m" "1610612736" "--user" "0:0" "--network" "none" "ghcr.io/rust-lang/crates-build-env/linux@sha256:f3a9d4ad9d972b27faf3965f35b62e55ba32bbce8f20bc8fe909558a86702fde" "/opt/rustwide/cargo-home/bin/cargo" "+1.83.0" "metadata" "--no-deps" "--format-version=1", kill_on_drop: false }`
[INFO] [stdout] e32f6590bcdb590364d6854687a1867c321cdec2d882676e2bb9e01c88808286
[INFO] running `Command { std: "docker" "start" "-a" "e32f6590bcdb590364d6854687a1867c321cdec2d882676e2bb9e01c88808286", kill_on_drop: false }`
[INFO] running `Command { std: "docker" "inspect" "e32f6590bcdb590364d6854687a1867c321cdec2d882676e2bb9e01c88808286", kill_on_drop: false }`
[INFO] running `Command { std: "docker" "rm" "-f" "e32f6590bcdb590364d6854687a1867c321cdec2d882676e2bb9e01c88808286", kill_on_drop: false }`
[INFO] [stdout] e32f6590bcdb590364d6854687a1867c321cdec2d882676e2bb9e01c88808286
[INFO] running `Command { std: "docker" "create" "-v" "/var/lib/crater-agent-workspace/builds/worker-4-tc1/target:/opt/rustwide/target:rw,Z" "-v" "/var/lib/crater-agent-workspace/builds/worker-4-tc1/source:/opt/rustwide/workdir:ro,Z" "-v" "/var/lib/crater-agent-workspace/cargo-home:/opt/rustwide/cargo-home:ro,Z" "-v" "/var/lib/crater-agent-workspace/rustup-home:/opt/rustwide/rustup-home:ro,Z" "-e" "SOURCE_DIR=/opt/rustwide/workdir" "-e" "CARGO_TARGET_DIR=/opt/rustwide/target" "-e" "CARGO_INCREMENTAL=0" "-e" "RUST_BACKTRACE=full" "-e" "RUSTFLAGS=--cap-lints=warn" "-e" "RUSTDOCFLAGS=--cap-lints=warn" "-e" "CARGO_HOME=/opt/rustwide/cargo-home" "-e" "RUSTUP_HOME=/opt/rustwide/rustup-home" "-w" "/opt/rustwide/workdir" "-m" "1610612736" "--user" "0:0" "--network" "none" "ghcr.io/rust-lang/crates-build-env/linux@sha256:f3a9d4ad9d972b27faf3965f35b62e55ba32bbce8f20bc8fe909558a86702fde" "/opt/rustwide/cargo-home/bin/cargo" "+1.83.0" "build" "--frozen" "--message-format=json", kill_on_drop: false }`
[INFO] [stdout] f6970808b8461c221e035bdfbfd06b8b77a18d5b4237f22fd3bc5531287ed683
[INFO] running `Command { std: "docker" "start" "-a" "f6970808b8461c221e035bdfbfd06b8b77a18d5b4237f22fd3bc5531287ed683", kill_on_drop: false }`
[INFO] [stderr]    Compiling proc-macro2 v1.0.86
[INFO] [stderr]    Compiling unicode-ident v1.0.13
[INFO] [stderr]    Compiling libc v0.2.158
[INFO] [stderr]    Compiling version_check v0.9.5
[INFO] [stderr]    Compiling typenum v1.17.0
[INFO] [stderr]    Compiling shlex v1.3.0
[INFO] [stderr]    Compiling pkg-config v0.3.30
[INFO] [stderr]    Compiling byteorder v1.5.0
[INFO] [stderr]    Compiling subtle v2.6.1
[INFO] [stderr]    Compiling serde v1.0.210
[INFO] [stderr]    Compiling zstd-safe v7.2.1
[INFO] [stderr]    Compiling crc32fast v1.4.2
[INFO] [stderr]    Compiling generic-array v0.14.7
[INFO] [stderr]    Compiling crc-catalog v2.4.0
[INFO] [stderr]    Compiling adler2 v2.0.0
[INFO] [stderr]    Compiling cpufeatures v0.2.14
[INFO] [stderr]    Compiling powerfmt v0.2.0
[INFO] [stderr]    Compiling thiserror v1.0.63
[INFO] [stderr]    Compiling miniz_oxide v0.8.0
[INFO] [stderr]    Compiling crc v3.2.1
[INFO] [stderr]    Compiling once_cell v1.19.0
[INFO] [stderr]    Compiling deranged v0.3.11
[INFO] [stderr]    Compiling zip v2.2.0
[INFO] [stderr]    Compiling lockfree-object-pool v0.1.6
[INFO] [stderr]    Compiling quote v1.0.37
[INFO] [stderr]    Compiling log v0.4.22
[INFO] [stderr]    Compiling bumpalo v3.16.0
[INFO] [stderr]    Compiling syn v2.0.77
[INFO] [stderr]    Compiling memchr v2.7.4
[INFO] [stderr]    Compiling jobserver v0.1.32
[INFO] [stderr]    Compiling getrandom v0.2.15
[INFO] [stderr]    Compiling hashbrown v0.14.5
[INFO] [stderr]    Compiling num-conv v0.1.0
[INFO] [stderr]    Compiling rand_core v0.6.4
[INFO] [stderr]    Compiling equivalent v1.0.1
[INFO] [stderr]    Compiling cc v1.1.20
[INFO] [stderr]    Compiling time-core v0.1.2
[INFO] [stderr]    Compiling simd-adler32 v0.3.7
[INFO] [stderr]    Compiling time v0.3.36
[INFO] [stderr]    Compiling flate2 v1.0.33
[INFO] [stderr]    Compiling zopfli v0.8.1
[INFO] [stderr]    Compiling lzma-rs v0.3.0
[INFO] [stderr]    Compiling crypto-common v0.1.6
[INFO] [stderr]    Compiling block-buffer v0.10.4
[INFO] [stderr]    Compiling inout v0.1.3
[INFO] [stderr]    Compiling digest v0.10.7
[INFO] [stderr]    Compiling cipher v0.4.4
[INFO] [stderr]    Compiling indexmap v2.5.0
[INFO] [stderr]    Compiling hmac v0.12.1
[INFO] [stderr]    Compiling pbkdf2 v0.12.2
[INFO] [stderr]    Compiling aes v0.8.4
[INFO] [stderr]    Compiling sha1 v0.10.6
[INFO] [stderr]    Compiling deflate64 v0.1.9
[INFO] [stderr]    Compiling itoa v1.0.11
[INFO] [stderr]    Compiling constant_time_eq v0.3.1
[INFO] [stderr]    Compiling zstd-sys v2.0.13+zstd.1.5.6
[INFO] [stderr]    Compiling bzip2-sys v0.1.11+1.0.8
[INFO] [stderr]    Compiling bzip2 v0.4.4
[INFO] [stderr]    Compiling zerocopy-derive v0.7.35
[INFO] [stderr]    Compiling serde_derive v1.0.210
[INFO] [stderr]    Compiling zeroize_derive v1.4.2
[INFO] [stderr]    Compiling thiserror-impl v1.0.63
[INFO] [stderr]    Compiling displaydoc v0.2.5
[INFO] [stderr]    Compiling zeroize v1.8.1
[INFO] [stderr]    Compiling zerocopy v0.7.35
[INFO] [stderr]    Compiling zstd v0.13.2
[INFO] [stderr]    Compiling ppv-lite86 v0.2.20
[INFO] [stderr]    Compiling rand_chacha v0.3.1
[INFO] [stderr]    Compiling rand v0.8.5
[INFO] [stderr]    Compiling uuid v1.10.0
[INFO] [stderr]    Compiling serde_path_to_error v0.1.16
[INFO] [stderr]    Compiling quick-xml v0.36.1
[INFO] [stderr]    Compiling gdtf v0.2.0 (/opt/rustwide/workdir)
[INFO] [stderr]     Finished `dev` profile [unoptimized + debuginfo] target(s) in 1m 15s
[INFO] running `Command { std: "docker" "inspect" "f6970808b8461c221e035bdfbfd06b8b77a18d5b4237f22fd3bc5531287ed683", kill_on_drop: false }`
[INFO] running `Command { std: "docker" "rm" "-f" "f6970808b8461c221e035bdfbfd06b8b77a18d5b4237f22fd3bc5531287ed683", kill_on_drop: false }`
[INFO] [stdout] f6970808b8461c221e035bdfbfd06b8b77a18d5b4237f22fd3bc5531287ed683
[INFO] running `Command { std: "docker" "create" "-v" "/var/lib/crater-agent-workspace/builds/worker-4-tc1/target:/opt/rustwide/target:rw,Z" "-v" "/var/lib/crater-agent-workspace/builds/worker-4-tc1/source:/opt/rustwide/workdir:ro,Z" "-v" "/var/lib/crater-agent-workspace/cargo-home:/opt/rustwide/cargo-home:ro,Z" "-v" "/var/lib/crater-agent-workspace/rustup-home:/opt/rustwide/rustup-home:ro,Z" "-e" "SOURCE_DIR=/opt/rustwide/workdir" "-e" "CARGO_TARGET_DIR=/opt/rustwide/target" "-e" "CARGO_INCREMENTAL=0" "-e" "RUST_BACKTRACE=full" "-e" "RUSTFLAGS=--cap-lints=warn" "-e" "RUSTDOCFLAGS=--cap-lints=warn" "-e" "CARGO_HOME=/opt/rustwide/cargo-home" "-e" "RUSTUP_HOME=/opt/rustwide/rustup-home" "-w" "/opt/rustwide/workdir" "-m" "1610612736" "--user" "0:0" "--network" "none" "ghcr.io/rust-lang/crates-build-env/linux@sha256:f3a9d4ad9d972b27faf3965f35b62e55ba32bbce8f20bc8fe909558a86702fde" "/opt/rustwide/cargo-home/bin/cargo" "+1.83.0" "test" "--frozen" "--no-run" "--message-format=json", kill_on_drop: false }`
[INFO] [stdout] 71a0bdeb336ee6d9731fe872eb90d91908fbb440b6b5be627391104a6795c433
[INFO] running `Command { std: "docker" "start" "-a" "71a0bdeb336ee6d9731fe872eb90d91908fbb440b6b5be627391104a6795c433", kill_on_drop: false }`
[INFO] [stderr]    Compiling gdtf v0.2.0 (/opt/rustwide/workdir)
[INFO] [stderr]     Finished `test` profile [unoptimized + debuginfo] target(s) in 4.84s
[INFO] running `Command { std: "docker" "inspect" "71a0bdeb336ee6d9731fe872eb90d91908fbb440b6b5be627391104a6795c433", kill_on_drop: false }`
[INFO] running `Command { std: "docker" "rm" "-f" "71a0bdeb336ee6d9731fe872eb90d91908fbb440b6b5be627391104a6795c433", kill_on_drop: false }`
[INFO] [stdout] 71a0bdeb336ee6d9731fe872eb90d91908fbb440b6b5be627391104a6795c433
[INFO] running `Command { std: "docker" "create" "-v" "/var/lib/crater-agent-workspace/builds/worker-4-tc1/target:/opt/rustwide/target:rw,Z" "-v" "/var/lib/crater-agent-workspace/builds/worker-4-tc1/source:/opt/rustwide/workdir:ro,Z" "-v" "/var/lib/crater-agent-workspace/cargo-home:/opt/rustwide/cargo-home:ro,Z" "-v" "/var/lib/crater-agent-workspace/rustup-home:/opt/rustwide/rustup-home:ro,Z" "-e" "SOURCE_DIR=/opt/rustwide/workdir" "-e" "CARGO_TARGET_DIR=/opt/rustwide/target" "-e" "CARGO_INCREMENTAL=0" "-e" "RUST_BACKTRACE=full" "-e" "RUSTFLAGS=--cap-lints=warn" "-e" "RUSTDOCFLAGS=--cap-lints=warn" "-e" "CARGO_HOME=/opt/rustwide/cargo-home" "-e" "RUSTUP_HOME=/opt/rustwide/rustup-home" "-w" "/opt/rustwide/workdir" "-m" "1610612736" "--user" "0:0" "--network" "none" "ghcr.io/rust-lang/crates-build-env/linux@sha256:f3a9d4ad9d972b27faf3965f35b62e55ba32bbce8f20bc8fe909558a86702fde" "/opt/rustwide/cargo-home/bin/cargo" "+1.83.0" "test" "--frozen", kill_on_drop: false }`
[INFO] [stdout] 2e592b31aa29c50432e89b294a548fdcc6de84d006e513b53fc6ced8b5e5bac3
[INFO] running `Command { std: "docker" "start" "-a" "2e592b31aa29c50432e89b294a548fdcc6de84d006e513b53fc6ced8b5e5bac3", kill_on_drop: false }`
[INFO] [stderr]     Finished `test` profile [unoptimized + debuginfo] target(s) in 0.13s
[INFO] [stderr]      Running unittests src/lib.rs (/opt/rustwide/target/debug/deps/gdtf-d93851c10cef8c39)
[INFO] [stdout] 
[INFO] [stdout] running 0 tests
[INFO] [stdout] 
[INFO] [stdout] test result: ok. 0 passed; 0 failed; 0 ignored; 0 measured; 0 filtered out; finished in 0.00s
[INFO] [stdout] 
[INFO] [stderr]    Doc-tests gdtf
[INFO] [stdout] 
[INFO] [stdout] running 4 tests
[INFO] [stdout] test src/lib.rs - (line 14) ... FAILED
[INFO] [stdout] test src/description/parse_helper.rs - description::parse_helper (line 42) - compile ... FAILED
[INFO] [stdout] test src/description/parse_helper.rs - description::parse_helper (line 9) - compile ... ok
[INFO] [stdout] test src/description/parse_helper.rs - description::parse_helper (line 24) - compile ... FAILED
[INFO] [stdout] 
[INFO] [stdout] failures:
[INFO] [stdout] 
[INFO] [stdout] ---- src/lib.rs - (line 14) stdout ----
[INFO] [stdout] error[E0432]: unresolved import `gdtf_rs`
[INFO] [stdout]  --> src/lib.rs:16:5
[INFO] [stdout]   |
[INFO] [stdout] 5 | use gdtf_rs::GdtfFile;
[INFO] [stdout]   |     ^^^^^^^ use of undeclared crate or module `gdtf_rs`
[INFO] [stdout] 
[INFO] [stdout] error: aborting due to 1 previous error
[INFO] [stdout] 
[INFO] [stdout] For more information about this error, try `rustc --explain E0432`.
[INFO] [stdout] Couldn't compile the test.
[INFO] [stdout] ---- src/description/parse_helper.rs - description::parse_helper (line 42) stdout ----
[INFO] [stdout] error[E0603]: module `description` is private
[INFO] [stdout]   --> src/description/parse_helper.rs:44:11
[INFO] [stdout]    |
[INFO] [stdout] 5  | use gdtf::description::parse_helper::CanParse;
[INFO] [stdout]    |           ^^^^^^^^^^^ private module -------- trait `CanParse` is not publicly re-exported
[INFO] [stdout]    |
[INFO] [stdout] note: the module `description` is defined here
[INFO] [stdout]   --> /opt/rustwide/workdir/src/lib.rs:30:1
[INFO] [stdout]    |
[INFO] [stdout] 30 | mod description;
[INFO] [stdout]    | ^^^^^^^^^^^^^^^
[INFO] [stdout] 
[INFO] [stdout] error: aborting due to 1 previous error
[INFO] [stdout] 
[INFO] [stdout] For more information about this error, try `rustc --explain E0603`.
[INFO] [stdout] Couldn't compile the test.
[INFO] [stdout] ---- src/description/parse_helper.rs - description::parse_helper (line 24) stdout ----
[INFO] [stdout] error[E0603]: module `description` is private
[INFO] [stdout]   --> src/description/parse_helper.rs:27:11
[INFO] [stdout]    |
[INFO] [stdout] 6  | use gdtf::description::parse_helper::Parse;
[INFO] [stdout]    |           ^^^^^^^^^^^ private module ----- trait `Parse` is not publicly re-exported
[INFO] [stdout]    |
[INFO] [stdout] note: the module `description` is defined here
[INFO] [stdout]   --> /opt/rustwide/workdir/src/lib.rs:30:1
[INFO] [stdout]    |
[INFO] [stdout] 30 | mod description;
[INFO] [stdout]    | ^^^^^^^^^^^^^^^
[INFO] [stdout] 
[INFO] [stdout] error: aborting due to 1 previous error
[INFO] [stdout] 
[INFO] [stdout] For more information about this error, try `rustc --explain E0603`.
[INFO] [stdout] Couldn't compile the test.
[INFO] [stdout] 
[INFO] [stdout] failures:
[INFO] [stdout]     src/description/parse_helper.rs - description::parse_helper (line 24)
[INFO] [stdout]     src/description/parse_helper.rs - description::parse_helper (line 42)
[INFO] [stdout]     src/lib.rs - (line 14)
[INFO] [stdout] 
[INFO] [stdout] test result: FAILED. 1 passed; 3 failed; 0 ignored; 0 measured; 0 filtered out; finished in 0.34s
[INFO] [stdout] 
[INFO] [stderr] error: doctest failed, to rerun pass `--doc`
[INFO] running `Command { std: "docker" "inspect" "2e592b31aa29c50432e89b294a548fdcc6de84d006e513b53fc6ced8b5e5bac3", kill_on_drop: false }`
[INFO] running `Command { std: "docker" "rm" "-f" "2e592b31aa29c50432e89b294a548fdcc6de84d006e513b53fc6ced8b5e5bac3", kill_on_drop: false }`
[INFO] [stdout] 2e592b31aa29c50432e89b294a548fdcc6de84d006e513b53fc6ced8b5e5bac3
