[INFO] cloning repository https://github.com/cornedriesprong/cp3-dsp-rs
[INFO] running `Command { std: "git" "-c" "credential.helper=" "-c" "credential.helper=/workspace/cargo-home/bin/git-credential-null" "clone" "--bare" "https://github.com/cornedriesprong/cp3-dsp-rs" "/workspace/cache/git-repos/https%3A%2F%2Fgithub.com%2Fcornedriesprong%2Fcp3-dsp-rs", kill_on_drop: false }`
[INFO] [stderr] Cloning into bare repository '/workspace/cache/git-repos/https%3A%2F%2Fgithub.com%2Fcornedriesprong%2Fcp3-dsp-rs'...
[INFO] running `Command { std: "git" "rev-parse" "HEAD", kill_on_drop: false }`
[INFO] [stdout] af9c2b75b3e9571dcdb7c927f446a874545d446a
[INFO] testing cornedriesprong/cp3-dsp-rs against 1.83.0 for beta-1.84.0-4-retry
[INFO] running `Command { std: "git" "clone" "/workspace/cache/git-repos/https%3A%2F%2Fgithub.com%2Fcornedriesprong%2Fcp3-dsp-rs" "/workspace/builds/worker-0-tc1/source", kill_on_drop: false }`
[INFO] [stderr] Cloning into '/workspace/builds/worker-0-tc1/source'...
[INFO] [stderr] done.
[INFO] validating manifest of git repo https://github.com/cornedriesprong/cp3-dsp-rs on toolchain 1.83.0
[INFO] running `Command { std: CARGO_HOME="/workspace/cargo-home" RUSTUP_HOME="/workspace/rustup-home" "/workspace/cargo-home/bin/cargo" "+1.83.0" "metadata" "--manifest-path" "Cargo.toml" "--no-deps", kill_on_drop: false }`
[INFO] started tweaking git repo https://github.com/cornedriesprong/cp3-dsp-rs
[INFO] finished tweaking git repo https://github.com/cornedriesprong/cp3-dsp-rs
[INFO] tweaked toml for git repo https://github.com/cornedriesprong/cp3-dsp-rs written to /workspace/builds/worker-0-tc1/source/Cargo.toml
[INFO] crate git repo https://github.com/cornedriesprong/cp3-dsp-rs already has a lockfile, it will not be regenerated
[INFO] running `Command { std: CARGO_HOME="/workspace/cargo-home" RUSTUP_HOME="/workspace/rustup-home" "/workspace/cargo-home/bin/cargo" "+1.83.0" "fetch" "--manifest-path" "Cargo.toml", kill_on_drop: false }`
[INFO] [stderr]  Downloading crates ...
[INFO] [stderr]   Downloaded font-kit v0.13.2
[INFO] running `Command { std: "docker" "create" "-v" "/var/lib/crater-agent-workspace/builds/worker-0-tc1/target:/opt/rustwide/target:rw,Z" "-v" "/var/lib/crater-agent-workspace/builds/worker-0-tc1/source:/opt/rustwide/workdir:ro,Z" "-v" "/var/lib/crater-agent-workspace/cargo-home:/opt/rustwide/cargo-home:ro,Z" "-v" "/var/lib/crater-agent-workspace/rustup-home:/opt/rustwide/rustup-home:ro,Z" "-e" "SOURCE_DIR=/opt/rustwide/workdir" "-e" "CARGO_TARGET_DIR=/opt/rustwide/target" "-e" "CARGO_HOME=/opt/rustwide/cargo-home" "-e" "RUSTUP_HOME=/opt/rustwide/rustup-home" "-w" "/opt/rustwide/workdir" "-m" "1610612736" "--user" "0:0" "--network" "none" "ghcr.io/rust-lang/crates-build-env/linux@sha256:f3a9d4ad9d972b27faf3965f35b62e55ba32bbce8f20bc8fe909558a86702fde" "/opt/rustwide/cargo-home/bin/cargo" "+1.83.0" "metadata" "--no-deps" "--format-version=1", kill_on_drop: false }`
[INFO] [stdout] 2b01ee2809977259357dd8e4c56ce655e0cc960f1d44eafcb01c7b7aacc6dbf9
[INFO] running `Command { std: "docker" "start" "-a" "2b01ee2809977259357dd8e4c56ce655e0cc960f1d44eafcb01c7b7aacc6dbf9", kill_on_drop: false }`
[INFO] running `Command { std: "docker" "inspect" "2b01ee2809977259357dd8e4c56ce655e0cc960f1d44eafcb01c7b7aacc6dbf9", kill_on_drop: false }`
[INFO] running `Command { std: "docker" "rm" "-f" "2b01ee2809977259357dd8e4c56ce655e0cc960f1d44eafcb01c7b7aacc6dbf9", kill_on_drop: false }`
[INFO] [stdout] 2b01ee2809977259357dd8e4c56ce655e0cc960f1d44eafcb01c7b7aacc6dbf9
[INFO] running `Command { std: "docker" "create" "-v" "/var/lib/crater-agent-workspace/builds/worker-0-tc1/target:/opt/rustwide/target:rw,Z" "-v" "/var/lib/crater-agent-workspace/builds/worker-0-tc1/source:/opt/rustwide/workdir:ro,Z" "-v" "/var/lib/crater-agent-workspace/cargo-home:/opt/rustwide/cargo-home:ro,Z" "-v" "/var/lib/crater-agent-workspace/rustup-home:/opt/rustwide/rustup-home:ro,Z" "-e" "SOURCE_DIR=/opt/rustwide/workdir" "-e" "CARGO_TARGET_DIR=/opt/rustwide/target" "-e" "CARGO_INCREMENTAL=0" "-e" "RUST_BACKTRACE=full" "-e" "RUSTFLAGS=--cap-lints=warn" "-e" "RUSTDOCFLAGS=--cap-lints=warn" "-e" "CARGO_HOME=/opt/rustwide/cargo-home" "-e" "RUSTUP_HOME=/opt/rustwide/rustup-home" "-w" "/opt/rustwide/workdir" "-m" "1610612736" "--user" "0:0" "--network" "none" "ghcr.io/rust-lang/crates-build-env/linux@sha256:f3a9d4ad9d972b27faf3965f35b62e55ba32bbce8f20bc8fe909558a86702fde" "/opt/rustwide/cargo-home/bin/cargo" "+1.83.0" "build" "--frozen" "--message-format=json", kill_on_drop: false }`
[INFO] [stdout] f38b2a97d9a3c3bd07a380d4935941c2d381b9abdadcecc604b41858123a7c91
[INFO] running `Command { std: "docker" "start" "-a" "f38b2a97d9a3c3bd07a380d4935941c2d381b9abdadcecc604b41858123a7c91", kill_on_drop: false }`
[INFO] [stderr]    Compiling cfg-if v1.0.0
[INFO] [stderr]    Compiling autocfg v1.2.0
[INFO] [stderr]    Compiling libc v0.2.153
[INFO] [stderr]    Compiling semver v1.0.22
[INFO] [stderr]    Compiling pkg-config v0.3.30
[INFO] [stderr]    Compiling simd-adler32 v0.3.7
[INFO] [stderr]    Compiling proc-macro2 v1.0.79
[INFO] [stderr]    Compiling crc32fast v1.4.0
[INFO] [stderr]    Compiling crossbeam-utils v0.8.20
[INFO] [stderr]    Compiling cc v1.0.90
[INFO] [stderr]    Compiling unicode-ident v1.0.12
[INFO] [stderr]    Compiling adler v1.0.2
[INFO] [stderr]    Compiling bitflags v1.3.2
[INFO] [stderr]    Compiling color_quant v1.1.0
[INFO] [stderr]    Compiling byteorder v1.5.0
[INFO] [stderr]    Compiling plotters-backend v0.3.6
[INFO] [stderr]    Compiling libloading v0.8.3
[INFO] [stderr]    Compiling once_cell v1.19.0
[INFO] [stderr]    Compiling weezl v0.1.8
[INFO] [stderr]    Compiling dlib v0.5.2
[INFO] [stderr]    Compiling version_check v0.9.4
[INFO] [stderr]    Compiling miniz_oxide v0.7.2
[INFO] [stderr]    Compiling fdeflate v0.3.4
[INFO] [stderr]    Compiling num-traits v0.2.18
[INFO] [stderr]    Compiling same-file v1.0.6
[INFO] [stderr]    Compiling font-kit v0.13.2
[INFO] [stderr]    Compiling log v0.4.21
[INFO] [stderr]    Compiling jpeg-decoder v0.3.1
[INFO] [stderr]    Compiling bytemuck v1.15.0
[INFO] [stderr]    Compiling rustfft v6.2.0
[INFO] [stderr]    Compiling walkdir v2.5.0
[INFO] [stderr]    Compiling bitflags v2.5.0
[INFO] [stderr]    Compiling gif v0.12.0
[INFO] [stderr]    Compiling rustc_version v0.4.0
[INFO] [stderr]    Compiling iana-time-zone v0.1.60
[INFO] [stderr]    Compiling float-ord v0.3.2
[INFO] [stderr]    Compiling ppv-lite86 v0.2.17
[INFO] [stderr]    Compiling yeslogic-fontconfig-sys v5.0.0
[INFO] [stderr]    Compiling quote v1.0.35
[INFO] [stderr]    Compiling lazy_static v1.5.0
[INFO] [stderr]    Compiling crossbeam-epoch v0.9.18
[INFO] [stderr]    Compiling strength_reduce v0.2.4
[INFO] [stderr]    Compiling crossbeam-channel v0.5.13
[INFO] [stderr]    Compiling pathfinder_simd v0.5.4
[INFO] [stderr]    Compiling flate2 v1.0.28
[INFO] [stderr]    Compiling crossbeam-queue v0.3.11
[INFO] [stderr]    Compiling plotters-svg v0.3.6
[INFO] [stderr]    Compiling ttf-parser v0.20.0
[INFO] [stderr]    Compiling freetype-sys v0.20.1
[INFO] [stderr]    Compiling crossbeam-deque v0.8.5
[INFO] [stderr]    Compiling cstr v0.2.12
[INFO] [stderr]    Compiling getrandom v0.2.12
[INFO] [stderr]    Compiling dirs-sys-next v0.1.2
[INFO] [stderr]    Compiling rand_core v0.6.4
[INFO] [stderr]    Compiling pathfinder_geometry v0.5.1
[INFO] [stderr]    Compiling dirs-next v2.0.0
[INFO] [stderr]    Compiling rand_chacha v0.3.1
[INFO] [stderr]    Compiling png v0.17.13
[INFO] [stderr]    Compiling crossbeam v0.8.4
[INFO] [stderr]    Compiling rand v0.8.5
[INFO] [stderr]    Compiling num-integer v0.1.46
[INFO] [stderr]    Compiling chrono v0.4.37
[INFO] [stderr]    Compiling num-complex v0.4.5
[INFO] [stderr]    Compiling image v0.24.9
[INFO] [stderr]    Compiling primal-check v0.3.3
[INFO] [stderr]    Compiling transpose v0.2.3
[INFO] [stderr]    Compiling plotters-bitmap v0.3.6
[INFO] [stderr]    Compiling plotters v0.3.6
[INFO] [stderr]    Compiling cp3_dsp v0.1.0 (/opt/rustwide/workdir)
[INFO] [stdout] warning: unused import: `core::time`
[INFO] [stdout]  --> src/delay.rs:1:5
[INFO] [stdout]   |
[INFO] [stdout] 1 | use core::time;
[INFO] [stdout]   |     ^^^^^^^^^^
[INFO] [stdout]   |
[INFO] [stdout]   = note: `#[warn(unused_imports)]` on by default
[INFO] [stdout] 
[INFO] [stdout] 
[INFO] [stdout] warning: unused variable: `velocity`
[INFO] [stdout]   --> src/karplus.rs:94:35
[INFO] [stdout]    |
[INFO] [stdout] 94 |     fn play(&mut self, pitch: u8, velocity: u8, param1: f32, param2: f32) {
[INFO] [stdout]    |                                   ^^^^^^^^ help: if this is intentional, prefix it with an underscore: `_velocity`
[INFO] [stdout]    |
[INFO] [stdout]    = note: `#[warn(unused_variables)]` on by default
[INFO] [stdout] 
[INFO] [stdout] 
[INFO] [stdout] warning: unused variable: `param1`
[INFO] [stdout]   --> src/karplus.rs:94:49
[INFO] [stdout]    |
[INFO] [stdout] 94 |     fn play(&mut self, pitch: u8, velocity: u8, param1: f32, param2: f32) {
[INFO] [stdout]    |                                                 ^^^^^^ help: if this is intentional, prefix it with an underscore: `_param1`
[INFO] [stdout] 
[INFO] [stdout] 
[INFO] [stdout] warning: unused variable: `param2`
[INFO] [stdout]   --> src/karplus.rs:94:62
[INFO] [stdout]    |
[INFO] [stdout] 94 |     fn play(&mut self, pitch: u8, velocity: u8, param1: f32, param2: f32) {
[INFO] [stdout]    |                                                              ^^^^^^ help: if this is intentional, prefix it with an underscore: `_param2`
[INFO] [stdout] 
[INFO] [stdout] 
[INFO] [stdout] warning: unused variable: `parameter`
[INFO] [stdout]   --> src/subtractive.rs:63:33
[INFO] [stdout]    |
[INFO] [stdout] 63 |     fn set_parameter(&mut self, parameter: i8, value: f32) {
[INFO] [stdout]    |                                 ^^^^^^^^^ help: if this is intentional, prefix it with an underscore: `_parameter`
[INFO] [stdout] 
[INFO] [stdout] 
[INFO] [stdout] warning: unused variable: `value`
[INFO] [stdout]   --> src/subtractive.rs:63:48
[INFO] [stdout]    |
[INFO] [stdout] 63 |     fn set_parameter(&mut self, parameter: i8, value: f32) {
[INFO] [stdout]    |                                                ^^^^^ help: if this is intentional, prefix it with an underscore: `_value`
[INFO] [stdout] 
[INFO] [stdout] 
[INFO] [stdout] warning: unused variable: `sound`
[INFO] [stdout]   --> src/synth.rs:72:33
[INFO] [stdout]    |
[INFO] [stdout] 72 |     pub fn set_sound(&mut self, sound: i8) {
[INFO] [stdout]    |                                 ^^^^^ help: if this is intentional, prefix it with an underscore: `_sound`
[INFO] [stdout] 
[INFO] [stdout] 
[INFO] [stdout] warning: associated function `cubic_interpolate` is never used
[INFO] [stdout]   --> src/delay.rs:45:8
[INFO] [stdout]    |
[INFO] [stdout] 19 | impl Delay {
[INFO] [stdout]    | ---------- associated function in this implementation
[INFO] [stdout] ...
[INFO] [stdout] 45 |     fn cubic_interpolate(y0: f32, y1: f32, y2: f32, y3: f32, mu: f32) -> f32 {
[INFO] [stdout]    |        ^^^^^^^^^^^^^^^^^
[INFO] [stdout]    |
[INFO] [stdout]    = note: `#[warn(dead_code)]` on by default
[INFO] [stdout] 
[INFO] [stdout] 
[INFO] [stdout] warning: field `limiter` is never read
[INFO] [stdout]   --> src/engine.rs:16:5
[INFO] [stdout]    |
[INFO] [stdout] 10 | pub struct Engine {
[INFO] [stdout]    |            ------ field in this struct
[INFO] [stdout] ...
[INFO] [stdout] 16 |     limiter: Limiter,
[INFO] [stdout]    |     ^^^^^^^
[INFO] [stdout] 
[INFO] [stdout] 
[INFO] [stdout] warning: fields `a0`, `a1`, and `z` are never read
[INFO] [stdout]   --> src/filters.rs:31:5
[INFO] [stdout]    |
[INFO] [stdout] 30 | pub struct FIRFilter {
[INFO] [stdout]    |            --------- fields in this struct
[INFO] [stdout] 31 |     a0: f32, // a0 coefficient
[INFO] [stdout]    |     ^^
[INFO] [stdout] 32 |     a1: f32, // a1 coefficient
[INFO] [stdout]    |     ^^
[INFO] [stdout] 33 |     z: f32,  // 1 sample delay register: z^-1
[INFO] [stdout]    |     ^
[INFO] [stdout] 
[INFO] [stdout] 
[INFO] [stdout] warning: method `process` is never used
[INFO] [stdout]   --> src/filters.rs:42:8
[INFO] [stdout]    |
[INFO] [stdout] 36 | impl FIRFilter {
[INFO] [stdout]    | -------------- method in this implementation
[INFO] [stdout] ...
[INFO] [stdout] 42 |     fn process(&mut self, x: f32) -> f32 {
[INFO] [stdout]    |        ^^^^^^^
[INFO] [stdout] 
[INFO] [stdout] 
[INFO] [stdout] warning: field `sample_rate` is never read
[INFO] [stdout]   --> src/filters.rs:54:5
[INFO] [stdout]    |
[INFO] [stdout] 51 | pub struct OnePoleLPF {
[INFO] [stdout]    |            ---------- field in this struct
[INFO] [stdout] ...
[INFO] [stdout] 54 |     sample_rate: f32,
[INFO] [stdout]    |     ^^^^^^^^^^^
[INFO] [stdout] 
[INFO] [stdout] 
[INFO] [stdout] warning: enum `Mode` is never used
[INFO] [stdout]  --> src/karplus.rs:9:6
[INFO] [stdout]   |
[INFO] [stdout] 9 | enum Mode {
[INFO] [stdout]   |      ^^^^
[INFO] [stdout] 
[INFO] [stdout] 
[INFO] [stdout] warning: field `sample_rate` is never read
[INFO] [stdout]  --> src/limiter.rs:9:5
[INFO] [stdout]   |
[INFO] [stdout] 6 | pub struct Limiter {
[INFO] [stdout]   |            ------- field in this struct
[INFO] [stdout] ...
[INFO] [stdout] 9 |     sample_rate: f32,
[INFO] [stdout]   |     ^^^^^^^^^^^
[INFO] [stdout] 
[INFO] [stdout] 
[INFO] [stdout] warning: constant `BLOCK_SIZE` is never used
[INFO] [stdout]  --> src/plaits_voice.rs:8:7
[INFO] [stdout]   |
[INFO] [stdout] 8 | const BLOCK_SIZE: usize = 1;
[INFO] [stdout]   |       ^^^^^^^^^^
[INFO] [stdout] 
[INFO] [stdout] 
[INFO] [stdout] warning: field `sample_rate` is never read
[INFO] [stdout]    --> src/plaits_voice.rs:108:5
[INFO] [stdout]     |
[INFO] [stdout] 104 | pub struct BLITVoice {
[INFO] [stdout]     |            --------- field in this struct
[INFO] [stdout] ...
[INFO] [stdout] 108 |     sample_rate: f32,
[INFO] [stdout]     |     ^^^^^^^^^^^
[INFO] [stdout] 
[INFO] [stdout] 
[INFO] [stdout] warning: field `sample_rate` is never read
[INFO] [stdout]   --> src/subtractive.rs:13:5
[INFO] [stdout]    |
[INFO] [stdout] 7  | pub struct SubtractiveVoice {
[INFO] [stdout]    |            ---------------- field in this struct
[INFO] [stdout] ...
[INFO] [stdout] 13 |     sample_rate: f32,
[INFO] [stdout]    |     ^^^^^^^^^^^
[INFO] [stdout] 
[INFO] [stdout] 
[INFO] [stdout] warning: fields `rev_r` and `rev_level` are never read
[INFO] [stdout]   --> src/synth.rs:22:5
[INFO] [stdout]    |
[INFO] [stdout] 17 | pub struct Synth<V: SynthVoice> {
[INFO] [stdout]    |            ----- fields in this struct
[INFO] [stdout] ...
[INFO] [stdout] 22 |     rev_r: Reverb,
[INFO] [stdout]    |     ^^^^^
[INFO] [stdout] 23 |     rev_level: f32,
[INFO] [stdout]    |     ^^^^^^^^^
[INFO] [stdout] 
[INFO] [stdout] 
[INFO] [stdout] warning: method `set_parameter` is never used
[INFO] [stdout]   --> src/synth.rs:77:19
[INFO] [stdout]    |
[INFO] [stdout] 26 | impl<V: SynthVoice> Synth<V> {
[INFO] [stdout]    | ---------------------------- method in this implementation
[INFO] [stdout] ...
[INFO] [stdout] 77 |     pub(crate) fn set_parameter(&mut self, parameter: i8, value: f32) {
[INFO] [stdout]    |                   ^^^^^^^^^^^^^
[INFO] [stdout] 
[INFO] [stdout] 
[INFO] [stderr]     Finished `dev` profile [unoptimized + debuginfo] target(s) in 27.79s
[INFO] running `Command { std: "docker" "inspect" "f38b2a97d9a3c3bd07a380d4935941c2d381b9abdadcecc604b41858123a7c91", kill_on_drop: false }`
[INFO] running `Command { std: "docker" "rm" "-f" "f38b2a97d9a3c3bd07a380d4935941c2d381b9abdadcecc604b41858123a7c91", kill_on_drop: false }`
[INFO] [stdout] f38b2a97d9a3c3bd07a380d4935941c2d381b9abdadcecc604b41858123a7c91
[INFO] running `Command { std: "docker" "create" "-v" "/var/lib/crater-agent-workspace/builds/worker-0-tc1/target:/opt/rustwide/target:rw,Z" "-v" "/var/lib/crater-agent-workspace/builds/worker-0-tc1/source:/opt/rustwide/workdir:ro,Z" "-v" "/var/lib/crater-agent-workspace/cargo-home:/opt/rustwide/cargo-home:ro,Z" "-v" "/var/lib/crater-agent-workspace/rustup-home:/opt/rustwide/rustup-home:ro,Z" "-e" "SOURCE_DIR=/opt/rustwide/workdir" "-e" "CARGO_TARGET_DIR=/opt/rustwide/target" "-e" "CARGO_INCREMENTAL=0" "-e" "RUST_BACKTRACE=full" "-e" "RUSTFLAGS=--cap-lints=warn" "-e" "RUSTDOCFLAGS=--cap-lints=warn" "-e" "CARGO_HOME=/opt/rustwide/cargo-home" "-e" "RUSTUP_HOME=/opt/rustwide/rustup-home" "-w" "/opt/rustwide/workdir" "-m" "1610612736" "--user" "0:0" "--network" "none" "ghcr.io/rust-lang/crates-build-env/linux@sha256:f3a9d4ad9d972b27faf3965f35b62e55ba32bbce8f20bc8fe909558a86702fde" "/opt/rustwide/cargo-home/bin/cargo" "+1.83.0" "test" "--frozen" "--no-run" "--message-format=json", kill_on_drop: false }`
[INFO] [stdout] 76183a5587df59d65e944815c805a117c35ba824f7b991188728b9c00faf6e16
[INFO] running `Command { std: "docker" "start" "-a" "76183a5587df59d65e944815c805a117c35ba824f7b991188728b9c00faf6e16", kill_on_drop: false }`
[INFO] [stdout] warning: unused import: `core::time`
[INFO] [stdout]  --> src/delay.rs:1:5
[INFO] [stdout]   |
[INFO] [stdout] 1 | use core::time;
[INFO] [stdout]   |     ^^^^^^^^^^
[INFO] [stdout]   |
[INFO] [stdout]   = note: `#[warn(unused_imports)]` on by default
[INFO] [stdout] 
[INFO] [stdout] 
[INFO] [stdout] warning: unused variable: `velocity`
[INFO] [stdout]   --> src/karplus.rs:94:35
[INFO] [stdout]    |
[INFO] [stdout] 94 |     fn play(&mut self, pitch: u8, velocity: u8, param1: f32, param2: f32) {
[INFO] [stdout]    |                                   ^^^^^^^^ help: if this is intentional, prefix it with an underscore: `_velocity`
[INFO] [stdout]    |
[INFO] [stdout]    = note: `#[warn(unused_variables)]` on by default
[INFO] [stdout] 
[INFO] [stdout] 
[INFO] [stdout] warning: unused variable: `param1`
[INFO] [stdout]   --> src/karplus.rs:94:49
[INFO] [stdout]    |
[INFO] [stdout] 94 |     fn play(&mut self, pitch: u8, velocity: u8, param1: f32, param2: f32) {
[INFO] [stdout]    |                                                 ^^^^^^ help: if this is intentional, prefix it with an underscore: `_param1`
[INFO] [stdout] 
[INFO] [stdout] 
[INFO] [stdout] warning: unused variable: `param2`
[INFO] [stdout]   --> src/karplus.rs:94:62
[INFO] [stdout]    |
[INFO] [stdout] 94 |     fn play(&mut self, pitch: u8, velocity: u8, param1: f32, param2: f32) {
[INFO] [stdout]    |                                                              ^^^^^^ help: if this is intentional, prefix it with an underscore: `_param2`
[INFO] [stdout] 
[INFO] [stdout] 
[INFO] [stdout] warning: unused variable: `parameter`
[INFO] [stdout]   --> src/subtractive.rs:63:33
[INFO] [stdout]    |
[INFO] [stdout] 63 |     fn set_parameter(&mut self, parameter: i8, value: f32) {
[INFO] [stdout]    |                                 ^^^^^^^^^ help: if this is intentional, prefix it with an underscore: `_parameter`
[INFO] [stdout] 
[INFO] [stdout] 
[INFO] [stdout] warning: unused variable: `value`
[INFO] [stdout]   --> src/subtractive.rs:63:48
[INFO] [stdout]    |
[INFO] [stdout] 63 |     fn set_parameter(&mut self, parameter: i8, value: f32) {
[INFO] [stdout]    |                                                ^^^^^ help: if this is intentional, prefix it with an underscore: `_value`
[INFO] [stdout] 
[INFO] [stdout] 
[INFO] [stderr]    Compiling cp3_dsp v0.1.0 (/opt/rustwide/workdir)
[INFO] [stdout] warning: unused variable: `sound`
[INFO] [stdout]   --> src/synth.rs:72:33
[INFO] [stdout]    |
[INFO] [stdout] 72 |     pub fn set_sound(&mut self, sound: i8) {
[INFO] [stdout]    |                                 ^^^^^ help: if this is intentional, prefix it with an underscore: `_sound`
[INFO] [stdout] 
[INFO] [stdout] 
[INFO] [stdout] warning: associated function `cubic_interpolate` is never used
[INFO] [stdout]   --> src/delay.rs:45:8
[INFO] [stdout]    |
[INFO] [stdout] 19 | impl Delay {
[INFO] [stdout]    | ---------- associated function in this implementation
[INFO] [stdout] ...
[INFO] [stdout] 45 |     fn cubic_interpolate(y0: f32, y1: f32, y2: f32, y3: f32, mu: f32) -> f32 {
[INFO] [stdout]    |        ^^^^^^^^^^^^^^^^^
[INFO] [stdout]    |
[INFO] [stdout]    = note: `#[warn(dead_code)]` on by default
[INFO] [stdout] 
[INFO] [stdout] 
[INFO] [stdout] warning: field `limiter` is never read
[INFO] [stdout]   --> src/engine.rs:16:5
[INFO] [stdout]    |
[INFO] [stdout] 10 | pub struct Engine {
[INFO] [stdout]    |            ------ field in this struct
[INFO] [stdout] ...
[INFO] [stdout] 16 |     limiter: Limiter,
[INFO] [stdout]    |     ^^^^^^^
[INFO] [stdout] 
[INFO] [stdout] 
[INFO] [stdout] warning: fields `a0`, `a1`, and `z` are never read
[INFO] [stdout]   --> src/filters.rs:31:5
[INFO] [stdout]    |
[INFO] [stdout] 30 | pub struct FIRFilter {
[INFO] [stdout]    |            --------- fields in this struct
[INFO] [stdout] 31 |     a0: f32, // a0 coefficient
[INFO] [stdout]    |     ^^
[INFO] [stdout] 32 |     a1: f32, // a1 coefficient
[INFO] [stdout]    |     ^^
[INFO] [stdout] 33 |     z: f32,  // 1 sample delay register: z^-1
[INFO] [stdout]    |     ^
[INFO] [stdout] 
[INFO] [stdout] 
[INFO] [stdout] warning: method `process` is never used
[INFO] [stdout]   --> src/filters.rs:42:8
[INFO] [stdout]    |
[INFO] [stdout] 36 | impl FIRFilter {
[INFO] [stdout]    | -------------- method in this implementation
[INFO] [stdout] ...
[INFO] [stdout] 42 |     fn process(&mut self, x: f32) -> f32 {
[INFO] [stdout]    |        ^^^^^^^
[INFO] [stdout] 
[INFO] [stdout] 
[INFO] [stdout] warning: field `sample_rate` is never read
[INFO] [stdout]   --> src/filters.rs:54:5
[INFO] [stdout]    |
[INFO] [stdout] 51 | pub struct OnePoleLPF {
[INFO] [stdout]    |            ---------- field in this struct
[INFO] [stdout] ...
[INFO] [stdout] 54 |     sample_rate: f32,
[INFO] [stdout]    |     ^^^^^^^^^^^
[INFO] [stdout] 
[INFO] [stdout] 
[INFO] [stdout] warning: enum `Mode` is never used
[INFO] [stdout]  --> src/karplus.rs:9:6
[INFO] [stdout]   |
[INFO] [stdout] 9 | enum Mode {
[INFO] [stdout]   |      ^^^^
[INFO] [stdout] 
[INFO] [stdout] 
[INFO] [stdout] warning: field `sample_rate` is never read
[INFO] [stdout]  --> src/limiter.rs:9:5
[INFO] [stdout]   |
[INFO] [stdout] 6 | pub struct Limiter {
[INFO] [stdout]   |            ------- field in this struct
[INFO] [stdout] ...
[INFO] [stdout] 9 |     sample_rate: f32,
[INFO] [stdout]   |     ^^^^^^^^^^^
[INFO] [stdout] 
[INFO] [stdout] 
[INFO] [stdout] warning: constant `BLOCK_SIZE` is never used
[INFO] [stdout]  --> src/plaits_voice.rs:8:7
[INFO] [stdout]   |
[INFO] [stdout] 8 | const BLOCK_SIZE: usize = 1;
[INFO] [stdout]   |       ^^^^^^^^^^
[INFO] [stdout] 
[INFO] [stdout] 
[INFO] [stdout] warning: field `sample_rate` is never read
[INFO] [stdout]    --> src/plaits_voice.rs:108:5
[INFO] [stdout]     |
[INFO] [stdout] 104 | pub struct BLITVoice {
[INFO] [stdout]     |            --------- field in this struct
[INFO] [stdout] ...
[INFO] [stdout] 108 |     sample_rate: f32,
[INFO] [stdout]     |     ^^^^^^^^^^^
[INFO] [stdout] 
[INFO] [stdout] 
[INFO] [stdout] warning: field `sample_rate` is never read
[INFO] [stdout]   --> src/subtractive.rs:13:5
[INFO] [stdout]    |
[INFO] [stdout] 7  | pub struct SubtractiveVoice {
[INFO] [stdout]    |            ---------------- field in this struct
[INFO] [stdout] ...
[INFO] [stdout] 13 |     sample_rate: f32,
[INFO] [stdout]    |     ^^^^^^^^^^^
[INFO] [stdout] 
[INFO] [stdout] 
[INFO] [stdout] warning: fields `rev_r` and `rev_level` are never read
[INFO] [stdout]   --> src/synth.rs:22:5
[INFO] [stdout]    |
[INFO] [stdout] 17 | pub struct Synth<V: SynthVoice> {
[INFO] [stdout]    |            ----- fields in this struct
[INFO] [stdout] ...
[INFO] [stdout] 22 |     rev_r: Reverb,
[INFO] [stdout]    |     ^^^^^
[INFO] [stdout] 23 |     rev_level: f32,
[INFO] [stdout]    |     ^^^^^^^^^
[INFO] [stdout] 
[INFO] [stdout] 
[INFO] [stdout] warning: method `set_parameter` is never used
[INFO] [stdout]   --> src/synth.rs:77:19
[INFO] [stdout]    |
[INFO] [stdout] 26 | impl<V: SynthVoice> Synth<V> {
[INFO] [stdout]    | ---------------------------- method in this implementation
[INFO] [stdout] ...
[INFO] [stdout] 77 |     pub(crate) fn set_parameter(&mut self, parameter: i8, value: f32) {
[INFO] [stdout]    |                   ^^^^^^^^^^^^^
[INFO] [stdout] 
[INFO] [stdout] 
[INFO] [stdout] warning: unused import: `core::time`
[INFO] [stdout]  --> src/delay.rs:1:5
[INFO] [stdout]   |
[INFO] [stdout] 1 | use core::time;
[INFO] [stdout]   |     ^^^^^^^^^^
[INFO] [stdout]   |
[INFO] [stdout]   = note: `#[warn(unused_imports)]` on by default
[INFO] [stdout] 
[INFO] [stdout] 
[INFO] [stdout] warning: unused variable: `velocity`
[INFO] [stdout]   --> src/karplus.rs:94:35
[INFO] [stdout]    |
[INFO] [stdout] 94 |     fn play(&mut self, pitch: u8, velocity: u8, param1: f32, param2: f32) {
[INFO] [stdout]    |                                   ^^^^^^^^ help: if this is intentional, prefix it with an underscore: `_velocity`
[INFO] [stdout]    |
[INFO] [stdout]    = note: `#[warn(unused_variables)]` on by default
[INFO] [stdout] 
[INFO] [stdout] 
[INFO] [stdout] warning: unused variable: `param1`
[INFO] [stdout]   --> src/karplus.rs:94:49
[INFO] [stdout]    |
[INFO] [stdout] 94 |     fn play(&mut self, pitch: u8, velocity: u8, param1: f32, param2: f32) {
[INFO] [stdout]    |                                                 ^^^^^^ help: if this is intentional, prefix it with an underscore: `_param1`
[INFO] [stdout] 
[INFO] [stdout] 
[INFO] [stdout] warning: unused variable: `param2`
[INFO] [stdout]   --> src/karplus.rs:94:62
[INFO] [stdout]    |
[INFO] [stdout] 94 |     fn play(&mut self, pitch: u8, velocity: u8, param1: f32, param2: f32) {
[INFO] [stdout]    |                                                              ^^^^^^ help: if this is intentional, prefix it with an underscore: `_param2`
[INFO] [stdout] 
[INFO] [stdout] 
[INFO] [stdout] warning: unused variable: `parameter`
[INFO] [stdout]   --> src/subtractive.rs:63:33
[INFO] [stdout]    |
[INFO] [stdout] 63 |     fn set_parameter(&mut self, parameter: i8, value: f32) {
[INFO] [stdout]    |                                 ^^^^^^^^^ help: if this is intentional, prefix it with an underscore: `_parameter`
[INFO] [stdout] 
[INFO] [stdout] 
[INFO] [stdout] warning: unused variable: `value`
[INFO] [stdout]   --> src/subtractive.rs:63:48
[INFO] [stdout]    |
[INFO] [stdout] 63 |     fn set_parameter(&mut self, parameter: i8, value: f32) {
[INFO] [stdout]    |                                                ^^^^^ help: if this is intentional, prefix it with an underscore: `_value`
[INFO] [stdout] 
[INFO] [stdout] 
[INFO] [stdout] warning: unused variable: `sound`
[INFO] [stdout]   --> src/synth.rs:72:33
[INFO] [stdout]    |
[INFO] [stdout] 72 |     pub fn set_sound(&mut self, sound: i8) {
[INFO] [stdout]    |                                 ^^^^^ help: if this is intentional, prefix it with an underscore: `_sound`
[INFO] [stdout] 
[INFO] [stdout] 
[INFO] [stdout] warning: associated function `cubic_interpolate` is never used
[INFO] [stdout]   --> src/delay.rs:45:8
[INFO] [stdout]    |
[INFO] [stdout] 19 | impl Delay {
[INFO] [stdout]    | ---------- associated function in this implementation
[INFO] [stdout] ...
[INFO] [stdout] 45 |     fn cubic_interpolate(y0: f32, y1: f32, y2: f32, y3: f32, mu: f32) -> f32 {
[INFO] [stdout]    |        ^^^^^^^^^^^^^^^^^
[INFO] [stdout]    |
[INFO] [stdout]    = note: `#[warn(dead_code)]` on by default
[INFO] [stdout] 
[INFO] [stdout] 
[INFO] [stdout] warning: field `limiter` is never read
[INFO] [stdout]   --> src/engine.rs:16:5
[INFO] [stdout]    |
[INFO] [stdout] 10 | pub struct Engine {
[INFO] [stdout]    |            ------ field in this struct
[INFO] [stdout] ...
[INFO] [stdout] 16 |     limiter: Limiter,
[INFO] [stdout]    |     ^^^^^^^
[INFO] [stdout] 
[INFO] [stdout] 
[INFO] [stdout] warning: field `sample_rate` is never read
[INFO] [stdout]   --> src/filters.rs:54:5
[INFO] [stdout]    |
[INFO] [stdout] 51 | pub struct OnePoleLPF {
[INFO] [stdout]    |            ---------- field in this struct
[INFO] [stdout] ...
[INFO] [stdout] 54 |     sample_rate: f32,
[INFO] [stdout]    |     ^^^^^^^^^^^
[INFO] [stdout] 
[INFO] [stdout] 
[INFO] [stdout] warning: enum `Mode` is never used
[INFO] [stdout]  --> src/karplus.rs:9:6
[INFO] [stdout]   |
[INFO] [stdout] 9 | enum Mode {
[INFO] [stdout]   |      ^^^^
[INFO] [stdout] 
[INFO] [stdout] 
[INFO] [stdout] warning: field `sample_rate` is never read
[INFO] [stdout]  --> src/limiter.rs:9:5
[INFO] [stdout]   |
[INFO] [stdout] 6 | pub struct Limiter {
[INFO] [stdout]   |            ------- field in this struct
[INFO] [stdout] ...
[INFO] [stdout] 9 |     sample_rate: f32,
[INFO] [stdout]   |     ^^^^^^^^^^^
[INFO] [stdout] 
[INFO] [stdout] 
[INFO] [stdout] warning: constant `BLOCK_SIZE` is never used
[INFO] [stdout]  --> src/plaits_voice.rs:8:7
[INFO] [stdout]   |
[INFO] [stdout] 8 | const BLOCK_SIZE: usize = 1;
[INFO] [stdout]   |       ^^^^^^^^^^
[INFO] [stdout] 
[INFO] [stdout] 
[INFO] [stdout] warning: field `sample_rate` is never read
[INFO] [stdout]    --> src/plaits_voice.rs:108:5
[INFO] [stdout]     |
[INFO] [stdout] 104 | pub struct BLITVoice {
[INFO] [stdout]     |            --------- field in this struct
[INFO] [stdout] ...
[INFO] [stdout] 108 |     sample_rate: f32,
[INFO] [stdout]     |     ^^^^^^^^^^^
[INFO] [stdout] 
[INFO] [stdout] 
[INFO] [stdout] warning: field `sample_rate` is never read
[INFO] [stdout]   --> src/subtractive.rs:13:5
[INFO] [stdout]    |
[INFO] [stdout] 7  | pub struct SubtractiveVoice {
[INFO] [stdout]    |            ---------------- field in this struct
[INFO] [stdout] ...
[INFO] [stdout] 13 |     sample_rate: f32,
[INFO] [stdout]    |     ^^^^^^^^^^^
[INFO] [stdout] 
[INFO] [stdout] 
[INFO] [stdout] warning: fields `rev_r` and `rev_level` are never read
[INFO] [stdout]   --> src/synth.rs:22:5
[INFO] [stdout]    |
[INFO] [stdout] 17 | pub struct Synth<V: SynthVoice> {
[INFO] [stdout]    |            ----- fields in this struct
[INFO] [stdout] ...
[INFO] [stdout] 22 |     rev_r: Reverb,
[INFO] [stdout]    |     ^^^^^
[INFO] [stdout] 23 |     rev_level: f32,
[INFO] [stdout]    |     ^^^^^^^^^
[INFO] [stdout] 
[INFO] [stdout] 
[INFO] [stdout] warning: method `set_parameter` is never used
[INFO] [stdout]   --> src/synth.rs:77:19
[INFO] [stdout]    |
[INFO] [stdout] 26 | impl<V: SynthVoice> Synth<V> {
[INFO] [stdout]    | ---------------------------- method in this implementation
[INFO] [stdout] ...
[INFO] [stdout] 77 |     pub(crate) fn set_parameter(&mut self, parameter: i8, value: f32) {
[INFO] [stdout]    |                   ^^^^^^^^^^^^^
[INFO] [stdout] 
[INFO] [stdout] 
[INFO] [stderr]     Finished `test` profile [unoptimized + debuginfo] target(s) in 3.36s
[INFO] running `Command { std: "docker" "inspect" "76183a5587df59d65e944815c805a117c35ba824f7b991188728b9c00faf6e16", kill_on_drop: false }`
[INFO] running `Command { std: "docker" "rm" "-f" "76183a5587df59d65e944815c805a117c35ba824f7b991188728b9c00faf6e16", kill_on_drop: false }`
[INFO] [stdout] 76183a5587df59d65e944815c805a117c35ba824f7b991188728b9c00faf6e16
[INFO] running `Command { std: "docker" "create" "-v" "/var/lib/crater-agent-workspace/builds/worker-0-tc1/target:/opt/rustwide/target:rw,Z" "-v" "/var/lib/crater-agent-workspace/builds/worker-0-tc1/source:/opt/rustwide/workdir:ro,Z" "-v" "/var/lib/crater-agent-workspace/cargo-home:/opt/rustwide/cargo-home:ro,Z" "-v" "/var/lib/crater-agent-workspace/rustup-home:/opt/rustwide/rustup-home:ro,Z" "-e" "SOURCE_DIR=/opt/rustwide/workdir" "-e" "CARGO_TARGET_DIR=/opt/rustwide/target" "-e" "CARGO_INCREMENTAL=0" "-e" "RUST_BACKTRACE=full" "-e" "RUSTFLAGS=--cap-lints=warn" "-e" "RUSTDOCFLAGS=--cap-lints=warn" "-e" "CARGO_HOME=/opt/rustwide/cargo-home" "-e" "RUSTUP_HOME=/opt/rustwide/rustup-home" "-w" "/opt/rustwide/workdir" "-m" "1610612736" "--user" "0:0" "--network" "none" "ghcr.io/rust-lang/crates-build-env/linux@sha256:f3a9d4ad9d972b27faf3965f35b62e55ba32bbce8f20bc8fe909558a86702fde" "/opt/rustwide/cargo-home/bin/cargo" "+1.83.0" "test" "--frozen", kill_on_drop: false }`
[INFO] [stdout] 5d46a6b8176cda4e0cf34fe941a9f00edbbc05a7d6109e4e7d9e24e5278d4e75
[INFO] running `Command { std: "docker" "start" "-a" "5d46a6b8176cda4e0cf34fe941a9f00edbbc05a7d6109e4e7d9e24e5278d4e75", kill_on_drop: false }`
[INFO] [stderr] warning: unused import: `core::time`
[INFO] [stderr]  --> src/delay.rs:1:5
[INFO] [stderr]   |
[INFO] [stderr] 1 | use core::time;
[INFO] [stderr]   |     ^^^^^^^^^^
[INFO] [stderr]   |
[INFO] [stderr]   = note: `#[warn(unused_imports)]` on by default
[INFO] [stderr] 
[INFO] [stderr] warning: unused variable: `velocity`
[INFO] [stderr]   --> src/karplus.rs:94:35
[INFO] [stderr]    |
[INFO] [stderr] 94 |     fn play(&mut self, pitch: u8, velocity: u8, param1: f32, param2: f32) {
[INFO] [stderr]    |                                   ^^^^^^^^ help: if this is intentional, prefix it with an underscore: `_velocity`
[INFO] [stderr]    |
[INFO] [stderr]    = note: `#[warn(unused_variables)]` on by default
[INFO] [stderr] 
[INFO] [stderr] warning: unused variable: `param1`
[INFO] [stderr]   --> src/karplus.rs:94:49
[INFO] [stderr]    |
[INFO] [stderr] 94 |     fn play(&mut self, pitch: u8, velocity: u8, param1: f32, param2: f32) {
[INFO] [stderr]    |                                                 ^^^^^^ help: if this is intentional, prefix it with an underscore: `_param1`
[INFO] [stderr] 
[INFO] [stderr] warning: unused variable: `param2`
[INFO] [stderr]   --> src/karplus.rs:94:62
[INFO] [stderr]    |
[INFO] [stderr] 94 |     fn play(&mut self, pitch: u8, velocity: u8, param1: f32, param2: f32) {
[INFO] [stderr]    |                                                              ^^^^^^ help: if this is intentional, prefix it with an underscore: `_param2`
[INFO] [stderr] 
[INFO] [stderr] warning: unused variable: `parameter`
[INFO] [stderr]   --> src/subtractive.rs:63:33
[INFO] [stderr]    |
[INFO] [stderr] 63 |     fn set_parameter(&mut self, parameter: i8, value: f32) {
[INFO] [stderr]    |                                 ^^^^^^^^^ help: if this is intentional, prefix it with an underscore: `_parameter`
[INFO] [stderr] 
[INFO] [stderr] warning: unused variable: `value`
[INFO] [stderr]   --> src/subtractive.rs:63:48
[INFO] [stderr]    |
[INFO] [stderr] 63 |     fn set_parameter(&mut self, parameter: i8, value: f32) {
[INFO] [stderr]    |                                                ^^^^^ help: if this is intentional, prefix it with an underscore: `_value`
[INFO] [stderr] 
[INFO] [stderr] warning: unused variable: `sound`
[INFO] [stderr]   --> src/synth.rs:72:33
[INFO] [stderr]    |
[INFO] [stderr] 72 |     pub fn set_sound(&mut self, sound: i8) {
[INFO] [stderr]    |                                 ^^^^^ help: if this is intentional, prefix it with an underscore: `_sound`
[INFO] [stderr] 
[INFO] [stderr] warning: associated function `cubic_interpolate` is never used
[INFO] [stderr]   --> src/delay.rs:45:8
[INFO] [stderr]    |
[INFO] [stderr] 19 | impl Delay {
[INFO] [stderr]    | ---------- associated function in this implementation
[INFO] [stderr] ...
[INFO] [stderr] 45 |     fn cubic_interpolate(y0: f32, y1: f32, y2: f32, y3: f32, mu: f32) -> f32 {
[INFO] [stderr]    |        ^^^^^^^^^^^^^^^^^
[INFO] [stderr]    |
[INFO] [stderr]    = note: `#[warn(dead_code)]` on by default
[INFO] [stderr] 
[INFO] [stderr] warning: field `limiter` is never read
[INFO] [stderr]   --> src/engine.rs:16:5
[INFO] [stderr]    |
[INFO] [stderr] 10 | pub struct Engine {
[INFO] [stderr]    |            ------ field in this struct
[INFO] [stderr] ...
[INFO] [stderr] 16 |     limiter: Limiter,
[INFO] [stderr]    |     ^^^^^^^
[INFO] [stderr] 
[INFO] [stderr] warning: fields `a0`, `a1`, and `z` are never read
[INFO] [stderr]   --> src/filters.rs:31:5
[INFO] [stderr]    |
[INFO] [stderr] 30 | pub struct FIRFilter {
[INFO] [stderr]    |            --------- fields in this struct
[INFO] [stderr] 31 |     a0: f32, // a0 coefficient
[INFO] [stderr]    |     ^^
[INFO] [stderr] 32 |     a1: f32, // a1 coefficient
[INFO] [stderr]    |     ^^
[INFO] [stderr] 33 |     z: f32,  // 1 sample delay register: z^-1
[INFO] [stderr]    |     ^
[INFO] [stderr] 
[INFO] [stderr] warning: method `process` is never used
[INFO] [stderr]   --> src/filters.rs:42:8
[INFO] [stderr]    |
[INFO] [stderr] 36 | impl FIRFilter {
[INFO] [stderr]    | -------------- method in this implementation
[INFO] [stderr] ...
[INFO] [stderr] 42 |     fn process(&mut self, x: f32) -> f32 {
[INFO] [stderr]    |        ^^^^^^^
[INFO] [stderr] 
[INFO] [stderr] warning: field `sample_rate` is never read
[INFO] [stderr]   --> src/filters.rs:54:5
[INFO] [stderr]    |
[INFO] [stderr] 51 | pub struct OnePoleLPF {
[INFO] [stderr]    |            ---------- field in this struct
[INFO] [stderr] ...
[INFO] [stderr] 54 |     sample_rate: f32,
[INFO] [stderr]    |     ^^^^^^^^^^^
[INFO] [stderr] 
[INFO] [stderr] warning: enum `Mode` is never used
[INFO] [stderr]  --> src/karplus.rs:9:6
[INFO] [stderr]   |
[INFO] [stderr] 9 | enum Mode {
[INFO] [stderr]   |      ^^^^
[INFO] [stderr] 
[INFO] [stderr] warning: field `sample_rate` is never read
[INFO] [stderr]  --> src/limiter.rs:9:5
[INFO] [stderr]   |
[INFO] [stderr] 6 | pub struct Limiter {
[INFO] [stderr]   |            ------- field in this struct
[INFO] [stderr] ...
[INFO] [stderr] 9 |     sample_rate: f32,
[INFO] [stderr]   |     ^^^^^^^^^^^
[INFO] [stderr] 
[INFO] [stderr] warning: constant `BLOCK_SIZE` is never used
[INFO] [stderr]  --> src/plaits_voice.rs:8:7
[INFO] [stderr]   |
[INFO] [stderr] 8 | const BLOCK_SIZE: usize = 1;
[INFO] [stderr]   |       ^^^^^^^^^^
[INFO] [stderr] 
[INFO] [stderr] warning: field `sample_rate` is never read
[INFO] [stderr]    --> src/plaits_voice.rs:108:5
[INFO] [stderr]     |
[INFO] [stderr] 104 | pub struct BLITVoice {
[INFO] [stderr]     |            --------- field in this struct
[INFO] [stderr] ...
[INFO] [stderr] 108 |     sample_rate: f32,
[INFO] [stderr]     |     ^^^^^^^^^^^
[INFO] [stderr] 
[INFO] [stderr] warning: field `sample_rate` is never read
[INFO] [stderr]   --> src/subtractive.rs:13:5
[INFO] [stderr]    |
[INFO] [stderr] 7  | pub struct SubtractiveVoice {
[INFO] [stderr]    |            ---------------- field in this struct
[INFO] [stderr] ...
[INFO] [stderr] 13 |     sample_rate: f32,
[INFO] [stderr]    |     ^^^^^^^^^^^
[INFO] [stderr] 
[INFO] [stderr] warning: fields `rev_r` and `rev_level` are never read
[INFO] [stderr]   --> src/synth.rs:22:5
[INFO] [stderr]    |
[INFO] [stderr] 17 | pub struct Synth<V: SynthVoice> {
[INFO] [stderr]    |            ----- fields in this struct
[INFO] [stderr] ...
[INFO] [stderr] 22 |     rev_r: Reverb,
[INFO] [stderr]    |     ^^^^^
[INFO] [stderr] 23 |     rev_level: f32,
[INFO] [stderr]    |     ^^^^^^^^^
[INFO] [stderr] 
[INFO] [stderr] warning: method `set_parameter` is never used
[INFO] [stderr]   --> src/synth.rs:77:19
[INFO] [stderr]    |
[INFO] [stderr] 26 | impl<V: SynthVoice> Synth<V> {
[INFO] [stderr]    | ---------------------------- method in this implementation
[INFO] [stderr] ...
[INFO] [stderr] 77 |     pub(crate) fn set_parameter(&mut self, parameter: i8, value: f32) {
[INFO] [stderr]    |                   ^^^^^^^^^^^^^
[INFO] [stderr] 
[INFO] [stderr] warning: `cp3_dsp` (lib) generated 19 warnings (run `cargo fix --lib -p cp3_dsp` to apply 1 suggestion)
[INFO] [stderr] warning: `cp3_dsp` (lib test) generated 17 warnings (17 duplicates)
[INFO] [stderr]     Finished `test` profile [unoptimized + debuginfo] target(s) in 0.16s
[INFO] [stderr]      Running unittests src/lib.rs (/opt/rustwide/target/debug/deps/cp3_dsp-c767c772ef41ff5a)
[INFO] [stdout] 
[INFO] [stdout] running 39 tests
[INFO] [stdout] test delay::tests::delay_line_read ... ok
[INFO] [stdout] test delay::tests::new_creates_delay_line ... ok
[INFO] [stdout] test delay::tests::new_creates_delay ... ok
[INFO] [stdout] test delay::tests::test_delay_line_cubic_interpolate ... ok
[INFO] [stdout] test envelopes::tests::creates_new_ar_envelope ... ok
[INFO] [stdout] test delay::tests::delay_line_write_and_increment ... ok
[INFO] [stdout] test envelopes::tests::test_exp_attack ... ok
[INFO] [stdout] test delay::tests::test_delay_line_linear_interpolate ... ok
[INFO] [stdout] test envelopes::tests::test_exp_release ... ok
[INFO] [stdout] test envelopes::tests::test_is_active ... ok
[INFO] [stdout] test filters::tests::fir_filter_create ... ok
[INFO] [stdout] test envelopes::tests::test_lin_release ... ok
[INFO] [stdout] test filters::tests::fir_filter_dc ... ok
[INFO] [stdout] test filters::tests::fir_filter_nyquist ... ok
[INFO] [stdout] test limiter::tests::creates_new_limiter ... ok
[INFO] [stdout] test limiter::tests::test_limiter ... ok
[INFO] [stdout] test osc::tests::blit_reset ... ok
[INFO] [stdout] test osc::tests::generate_waveform ... ok
[INFO] [stdout] test osc::tests::blit_set_freq ... ok
[INFO] [stdout] test sequencer::tests::add_event ... ok
[INFO] [stdout] test sequencer::tests::clear_events ... ok
[INFO] [stdout] test filters::tests::fir_filter_impulse_response ... ok
[INFO] [stdout] test filters::tests::fir_filter_half_nyquist ... ok
[INFO] [stdout] test filters::tests::fir_filter_quarter_nyquist ... ok
[INFO] [stdout] test limiter::tests::creates_new_envelope_follower ... ok
[INFO] [stdout] test utils::tests::test_freq_to_midi ... ok
[INFO] [stdout] test synth::tests::new_creates_synth ... ok
[INFO] [stdout] test envelopes::tests::test_lin_attack ... ok
[INFO] [stdout] test osc::tests::blit_generate_waveform ... ok
[INFO] [stdout] test reverb::tests::test_reverb ... ok
[INFO] [stdout] test sequencer::tests::new_creates_sequencer ... ok
[INFO] [stdout] test osc::tests::create_blit_osc ... ok
[INFO] [stdout] test sequencer::tests::polyphonic_event ... ok
[INFO] [stdout] test utils::tests::test_midi_to_freq ... ok
[INFO] [stdout] test osc::tests::create_osc ... FAILED
[INFO] [stdout] test sequencer::tests::schedule_event ... ok
[INFO] [stdout] test sequencer::tests::check_timing ... ok
[INFO] [stdout] test osc::tests::plot_blit_saw ... ok
[INFO] [stdout] test filters::tests::fir_filter_frequency_response ... ok
[INFO] [stdout] 
[INFO] [stdout] failures:
[INFO] [stdout] 
[INFO] [stdout] ---- osc::tests::create_osc stdout ----
[INFO] [stdout] thread 'osc::tests::create_osc' panicked at src/osc.rs:223:9:
[INFO] [stdout] assertion `left == right` failed
[INFO] [stdout]   left: 0.057595868
[INFO] [stdout]  right: 0.009166666
[INFO] [stdout] stack backtrace:
[INFO] [stdout]    0:     0x582c6d55fd1a - std::backtrace_rs::backtrace::libunwind::trace::h5a5b8284f2d0c266
[INFO] [stdout]                                at /rustc/90b35a6239c3d8bdabc530a6a0816f7ff89a0aaf/library/std/src/../../backtrace/src/backtrace/libunwind.rs:116:5
[INFO] [stdout]    1:     0x582c6d55fd1a - std::backtrace_rs::backtrace::trace_unsynchronized::h76d4f1c9b0b875e3
[INFO] [stdout]                                at /rustc/90b35a6239c3d8bdabc530a6a0816f7ff89a0aaf/library/std/src/../../backtrace/src/backtrace/mod.rs:66:5
[INFO] [stdout]    2:     0x582c6d55fd1a - std::sys::backtrace::_print_fmt::hc4546b8364a537c6
[INFO] [stdout]                                at /rustc/90b35a6239c3d8bdabc530a6a0816f7ff89a0aaf/library/std/src/sys/backtrace.rs:66:9
[INFO] [stdout]    3:     0x582c6d55fd1a - <std::sys::backtrace::BacktraceLock::print::DisplayBacktrace as core::fmt::Display>::fmt::h5b6bd5631a6d1f6b
[INFO] [stdout]                                at /rustc/90b35a6239c3d8bdabc530a6a0816f7ff89a0aaf/library/std/src/sys/backtrace.rs:39:26
[INFO] [stdout]    4:     0x582c6d586be3 - core::fmt::rt::Argument::fmt::h270f6602a2b96f62
[INFO] [stdout]                                at /rustc/90b35a6239c3d8bdabc530a6a0816f7ff89a0aaf/library/core/src/fmt/rt.rs:177:76
[INFO] [stdout]    5:     0x582c6d586be3 - core::fmt::write::h7550c97b06c86515
[INFO] [stdout]                                at /rustc/90b35a6239c3d8bdabc530a6a0816f7ff89a0aaf/library/core/src/fmt/mod.rs:1186:21
[INFO] [stdout]    6:     0x582c6d55ce23 - std::io::Write::write_fmt::h509ff860e5956e5e
[INFO] [stdout]                                at /rustc/90b35a6239c3d8bdabc530a6a0816f7ff89a0aaf/library/std/src/io/mod.rs:1839:15
[INFO] [stdout]    7:     0x582c6d55fb62 - std::sys::backtrace::BacktraceLock::print::h2395ccd2c84ba3aa
[INFO] [stdout]                                at /rustc/90b35a6239c3d8bdabc530a6a0816f7ff89a0aaf/library/std/src/sys/backtrace.rs:42:9
[INFO] [stdout]    8:     0x582c6d56117a - std::panicking::default_hook::{{closure}}::he19d4c7230e07961
[INFO] [stdout]                                at /rustc/90b35a6239c3d8bdabc530a6a0816f7ff89a0aaf/library/std/src/panicking.rs:268:22
[INFO] [stdout]    9:     0x582c6d560f84 - std::panicking::default_hook::hf614597d3c67bbdb
[INFO] [stdout]                                at /rustc/90b35a6239c3d8bdabc530a6a0816f7ff89a0aaf/library/std/src/panicking.rs:292:9
[INFO] [stdout]   10:     0x582c6d33b2d9 - <alloc::boxed::Box<F,A> as core::ops::function::Fn<Args>>::call::h39b51ce4599c23d1
[INFO] [stdout]                                at /rustc/90b35a6239c3d8bdabc530a6a0816f7ff89a0aaf/library/alloc/src/boxed.rs:2468:9
[INFO] [stdout]   11:     0x582c6d33b2d9 - test::test_main::{{closure}}::he977ae839a582784
[INFO] [stdout]                                at /rustc/90b35a6239c3d8bdabc530a6a0816f7ff89a0aaf/library/test/src/lib.rs:133:21
[INFO] [stdout]   12:     0x582c6d561818 - <alloc::boxed::Box<F,A> as core::ops::function::Fn<Args>>::call::h9455091b6b06f9fb
[INFO] [stdout]                                at /rustc/90b35a6239c3d8bdabc530a6a0816f7ff89a0aaf/library/alloc/src/boxed.rs:2468:9
[INFO] [stdout]   13:     0x582c6d561818 - std::panicking::rust_panic_with_hook::h8942133a8b252070
[INFO] [stdout]                                at /rustc/90b35a6239c3d8bdabc530a6a0816f7ff89a0aaf/library/std/src/panicking.rs:809:13
[INFO] [stdout]   14:     0x582c6d5615da - std::panicking::begin_panic_handler::{{closure}}::hb5f5963570096b29
[INFO] [stdout]                                at /rustc/90b35a6239c3d8bdabc530a6a0816f7ff89a0aaf/library/std/src/panicking.rs:674:13
[INFO] [stdout]   15:     0x582c6d5601f9 - std::sys::backtrace::__rust_end_short_backtrace::h6208cedc1922feda
[INFO] [stdout]                                at /rustc/90b35a6239c3d8bdabc530a6a0816f7ff89a0aaf/library/std/src/sys/backtrace.rs:170:18
[INFO] [stdout]   16:     0x582c6d56126c - rust_begin_unwind
[INFO] [stdout]                                at /rustc/90b35a6239c3d8bdabc530a6a0816f7ff89a0aaf/library/std/src/panicking.rs:665:5
[INFO] [stdout]   17:     0x582c6d285240 - core::panicking::panic_fmt::h0c3082644d1bf418
[INFO] [stdout]                                at /rustc/90b35a6239c3d8bdabc530a6a0816f7ff89a0aaf/library/core/src/panicking.rs:74:14
[INFO] [stdout]   18:     0x582c6d28560b - core::panicking::assert_failed_inner::h2ddf1fcc067fa858
[INFO] [stdout]   19:     0x582c6d2fc21c - core::panicking::assert_failed::h37a908a9331b1d20
[INFO] [stdout]                                at /rustc/90b35a6239c3d8bdabc530a6a0816f7ff89a0aaf/library/core/src/panicking.rs:367:5
[INFO] [stdout]   20:     0x582c6d2e1f54 - cp3_dsp::osc::tests::create_osc::hfdb82822078ac0c2
[INFO] [stdout]                                at /opt/rustwide/workdir/src/osc.rs:223:9
[INFO] [stdout]   21:     0x582c6d2e1e27 - cp3_dsp::osc::tests::create_osc::{{closure}}::h8d1e2e379cfe2256
[INFO] [stdout]                                at /opt/rustwide/workdir/src/osc.rs:217:20
[INFO] [stdout]   22:     0x582c6d2dde56 - core::ops::function::FnOnce::call_once::ha3315e8a5e7fd797
[INFO] [stdout]                                at /rustc/90b35a6239c3d8bdabc530a6a0816f7ff89a0aaf/library/core/src/ops/function.rs:250:5
[INFO] [stdout]   23:     0x582c6d33fc9b - core::ops::function::FnOnce::call_once::h109cf8051a59b34e
[INFO] [stdout]                                at /rustc/90b35a6239c3d8bdabc530a6a0816f7ff89a0aaf/library/core/src/ops/function.rs:250:5
[INFO] [stdout]   24:     0x582c6d33fc9b - test::__rust_begin_short_backtrace::hf4fff89d377446ba
[INFO] [stdout]                                at /rustc/90b35a6239c3d8bdabc530a6a0816f7ff89a0aaf/library/test/src/lib.rs:621:18
[INFO] [stdout]   25:     0x582c6d33f4d7 - test::run_test_in_process::{{closure}}::h0e39181dd7ee5a43
[INFO] [stdout]                                at /rustc/90b35a6239c3d8bdabc530a6a0816f7ff89a0aaf/library/test/src/lib.rs:644:60
[INFO] [stdout]   26:     0x582c6d33f4d7 - <core::panic::unwind_safe::AssertUnwindSafe<F> as core::ops::function::FnOnce<()>>::call_once::hc5a66a30f0bdfd1f
[INFO] [stdout]                                at /rustc/90b35a6239c3d8bdabc530a6a0816f7ff89a0aaf/library/core/src/panic/unwind_safe.rs:272:9
[INFO] [stdout]   27:     0x582c6d33f4d7 - std::panicking::try::do_call::h873b7cf639554a5e
[INFO] [stdout]                                at /rustc/90b35a6239c3d8bdabc530a6a0816f7ff89a0aaf/library/std/src/panicking.rs:557:40
[INFO] [stdout]   28:     0x582c6d33f4d7 - std::panicking::try::hdb19862fad9c8bd1
[INFO] [stdout]                                at /rustc/90b35a6239c3d8bdabc530a6a0816f7ff89a0aaf/library/std/src/panicking.rs:520:19
[INFO] [stdout]   29:     0x582c6d33f4d7 - std::panic::catch_unwind::h281fe732d236d260
[INFO] [stdout]                                at /rustc/90b35a6239c3d8bdabc530a6a0816f7ff89a0aaf/library/std/src/panic.rs:358:14
[INFO] [stdout]   30:     0x582c6d33f4d7 - test::run_test_in_process::h949b6df8457ed338
[INFO] [stdout]                                at /rustc/90b35a6239c3d8bdabc530a6a0816f7ff89a0aaf/library/test/src/lib.rs:644:27
[INFO] [stdout]   31:     0x582c6d33f4d7 - test::run_test::{{closure}}::h52c556a6d4740e10
[INFO] [stdout]                                at /rustc/90b35a6239c3d8bdabc530a6a0816f7ff89a0aaf/library/test/src/lib.rs:565:43
[INFO] [stdout]   32:     0x582c6d3047b4 - test::run_test::{{closure}}::h4237f6381c45ccb9
[INFO] [stdout]                                at /rustc/90b35a6239c3d8bdabc530a6a0816f7ff89a0aaf/library/test/src/lib.rs:595:41
[INFO] [stdout]   33:     0x582c6d3047b4 - std::sys::backtrace::__rust_begin_short_backtrace::h505c97a579eca628
[INFO] [stdout]                                at /rustc/90b35a6239c3d8bdabc530a6a0816f7ff89a0aaf/library/std/src/sys/backtrace.rs:154:18
[INFO] [stdout]   34:     0x582c6d307e7e - std::thread::Builder::spawn_unchecked_::{{closure}}::{{closure}}::h9e86b2e2bc107ea3
[INFO] [stdout]                                at /rustc/90b35a6239c3d8bdabc530a6a0816f7ff89a0aaf/library/std/src/thread/mod.rs:538:17
[INFO] [stdout]   35:     0x582c6d307e7e - <core::panic::unwind_safe::AssertUnwindSafe<F> as core::ops::function::FnOnce<()>>::call_once::h8b06ddb275ff4a25
[INFO] [stdout]                                at /rustc/90b35a6239c3d8bdabc530a6a0816f7ff89a0aaf/library/core/src/panic/unwind_safe.rs:272:9
[INFO] [stdout]   36:     0x582c6d307e7e - std::panicking::try::do_call::hb26ecd7cd9a9355d
[INFO] [stdout]                                at /rustc/90b35a6239c3d8bdabc530a6a0816f7ff89a0aaf/library/std/src/panicking.rs:557:40
[INFO] [stdout]   37:     0x582c6d307e7e - std::panicking::try::h8ddeca9d705f9069
[INFO] [stdout]                                at /rustc/90b35a6239c3d8bdabc530a6a0816f7ff89a0aaf/library/std/src/panicking.rs:520:19
[INFO] [stdout]   38:     0x582c6d307e7e - std::panic::catch_unwind::h49e1c33078844c46
[INFO] [stdout]                                at /rustc/90b35a6239c3d8bdabc530a6a0816f7ff89a0aaf/library/std/src/panic.rs:358:14
[INFO] [stdout]   39:     0x582c6d307e7e - std::thread::Builder::spawn_unchecked_::{{closure}}::h6073db6ff56ad35d
[INFO] [stdout]                                at /rustc/90b35a6239c3d8bdabc530a6a0816f7ff89a0aaf/library/std/src/thread/mod.rs:537:30
[INFO] [stdout]   40:     0x582c6d307e7e - core::ops::function::FnOnce::call_once{{vtable.shim}}::h2c5a5f3779c774f1
[INFO] [stdout]                                at /rustc/90b35a6239c3d8bdabc530a6a0816f7ff89a0aaf/library/core/src/ops/function.rs:250:5
[INFO] [stdout]   41:     0x582c6d56557b - <alloc::boxed::Box<F,A> as core::ops::function::FnOnce<Args>>::call_once::hf75717d9f28faebf
[INFO] [stdout]                                at /rustc/90b35a6239c3d8bdabc530a6a0816f7ff89a0aaf/library/alloc/src/boxed.rs:2454:9
[INFO] [stdout]   42:     0x582c6d56557b - <alloc::boxed::Box<F,A> as core::ops::function::FnOnce<Args>>::call_once::h7bd883a5f3c5f3c1
[INFO] [stdout]                                at /rustc/90b35a6239c3d8bdabc530a6a0816f7ff89a0aaf/library/alloc/src/boxed.rs:2454:9
[INFO] [stdout]   43:     0x582c6d56557b - std::sys::pal::unix::thread::Thread::new::thread_start::hcc78f3943333fa94
[INFO] [stdout]                                at /rustc/90b35a6239c3d8bdabc530a6a0816f7ff89a0aaf/library/std/src/sys/pal/unix/thread.rs:105:17
[INFO] [stdout]   44:     0x71ff1ca89ac3 - <unknown>
[INFO] [stdout]   45:     0x71ff1cb1aa04 - clone
[INFO] [stdout]   46:                0x0 - <unknown>
[INFO] [stdout] 
[INFO] [stdout] 
[INFO] [stdout] failures:
[INFO] [stdout]     osc::tests::create_osc
[INFO] [stdout] 
[INFO] [stdout] test result: FAILED. 38 passed; 1 failed; 0 ignored; 0 measured; 0 filtered out; finished in 0.26s
[INFO] [stdout] 
[INFO] [stderr] error: test failed, to rerun pass `--lib`
[INFO] running `Command { std: "docker" "inspect" "5d46a6b8176cda4e0cf34fe941a9f00edbbc05a7d6109e4e7d9e24e5278d4e75", kill_on_drop: false }`
[INFO] running `Command { std: "docker" "rm" "-f" "5d46a6b8176cda4e0cf34fe941a9f00edbbc05a7d6109e4e7d9e24e5278d4e75", kill_on_drop: false }`
[INFO] [stdout] 5d46a6b8176cda4e0cf34fe941a9f00edbbc05a7d6109e4e7d9e24e5278d4e75
