[INFO] cloning repository https://github.com/coriolinus/adventofcode-2020
[INFO] running `Command { std: "git" "-c" "credential.helper=" "-c" "credential.helper=/workspace/cargo-home/bin/git-credential-null" "clone" "--bare" "https://github.com/coriolinus/adventofcode-2020" "/workspace/cache/git-repos/https%3A%2F%2Fgithub.com%2Fcoriolinus%2Fadventofcode-2020", kill_on_drop: false }`
[INFO] [stderr] Cloning into bare repository '/workspace/cache/git-repos/https%3A%2F%2Fgithub.com%2Fcoriolinus%2Fadventofcode-2020'...
[INFO] running `Command { std: "git" "rev-parse" "HEAD", kill_on_drop: false }`
[INFO] [stdout] 03c4f8e2e69dfbb2d14884bc5e07707047c410ca
[INFO] testing coriolinus/adventofcode-2020 against 1.83.0 for beta-1.84.0-4-retry
[INFO] running `Command { std: "git" "clone" "/workspace/cache/git-repos/https%3A%2F%2Fgithub.com%2Fcoriolinus%2Fadventofcode-2020" "/workspace/builds/worker-5-tc1/source", kill_on_drop: false }`
[INFO] [stderr] Cloning into '/workspace/builds/worker-5-tc1/source'...
[INFO] [stderr] done.
[INFO] validating manifest of git repo https://github.com/coriolinus/adventofcode-2020 on toolchain 1.83.0
[INFO] running `Command { std: CARGO_HOME="/workspace/cargo-home" RUSTUP_HOME="/workspace/rustup-home" "/workspace/cargo-home/bin/cargo" "+1.83.0" "metadata" "--manifest-path" "Cargo.toml" "--no-deps", kill_on_drop: false }`
[INFO] started tweaking git repo https://github.com/coriolinus/adventofcode-2020
[INFO] finished tweaking git repo https://github.com/coriolinus/adventofcode-2020
[INFO] tweaked toml for git repo https://github.com/coriolinus/adventofcode-2020 written to /workspace/builds/worker-5-tc1/source/Cargo.toml
[INFO] crate git repo https://github.com/coriolinus/adventofcode-2020 already has a lockfile, it will not be regenerated
[INFO] running `Command { std: CARGO_HOME="/workspace/cargo-home" RUSTUP_HOME="/workspace/rustup-home" "/workspace/cargo-home/bin/cargo" "+1.83.0" "fetch" "--manifest-path" "Cargo.toml", kill_on_drop: false }`
[INFO] [stderr]  Downloading crates ...
[INFO] [stderr]   Downloaded parse-display-derive v0.4.1
[INFO] [stderr]   Downloaded counter v0.5.7
[INFO] [stderr]   Downloaded smallstr v0.2.0
[INFO] [stderr]   Downloaded parse-display v0.4.1
[INFO] [stderr]   Downloaded toml_edit v0.2.1
[INFO] [stderr]   Downloaded bitvec v0.19.6
[INFO] [stderr]   Downloaded rstest v0.6.4
[INFO] running `Command { std: "docker" "create" "-v" "/var/lib/crater-agent-workspace/builds/worker-5-tc1/target:/opt/rustwide/target:rw,Z" "-v" "/var/lib/crater-agent-workspace/builds/worker-5-tc1/source:/opt/rustwide/workdir:ro,Z" "-v" "/var/lib/crater-agent-workspace/cargo-home:/opt/rustwide/cargo-home:ro,Z" "-v" "/var/lib/crater-agent-workspace/rustup-home:/opt/rustwide/rustup-home:ro,Z" "-e" "SOURCE_DIR=/opt/rustwide/workdir" "-e" "CARGO_TARGET_DIR=/opt/rustwide/target" "-e" "CARGO_HOME=/opt/rustwide/cargo-home" "-e" "RUSTUP_HOME=/opt/rustwide/rustup-home" "-w" "/opt/rustwide/workdir" "-m" "1610612736" "--user" "0:0" "--network" "none" "ghcr.io/rust-lang/crates-build-env/linux@sha256:f3a9d4ad9d972b27faf3965f35b62e55ba32bbce8f20bc8fe909558a86702fde" "/opt/rustwide/cargo-home/bin/cargo" "+1.83.0" "metadata" "--no-deps" "--format-version=1", kill_on_drop: false }`
[INFO] [stdout] e6ece64418399663f595a76c14b0dfa565c7d4a7ed765a14685b2da0b6ff2674
[INFO] running `Command { std: "docker" "start" "-a" "e6ece64418399663f595a76c14b0dfa565c7d4a7ed765a14685b2da0b6ff2674", kill_on_drop: false }`
[INFO] running `Command { std: "docker" "inspect" "e6ece64418399663f595a76c14b0dfa565c7d4a7ed765a14685b2da0b6ff2674", kill_on_drop: false }`
[INFO] running `Command { std: "docker" "rm" "-f" "e6ece64418399663f595a76c14b0dfa565c7d4a7ed765a14685b2da0b6ff2674", kill_on_drop: false }`
[INFO] [stdout] e6ece64418399663f595a76c14b0dfa565c7d4a7ed765a14685b2da0b6ff2674
[INFO] running `Command { std: "docker" "create" "-v" "/var/lib/crater-agent-workspace/builds/worker-5-tc1/target:/opt/rustwide/target:rw,Z" "-v" "/var/lib/crater-agent-workspace/builds/worker-5-tc1/source:/opt/rustwide/workdir:ro,Z" "-v" "/var/lib/crater-agent-workspace/cargo-home:/opt/rustwide/cargo-home:ro,Z" "-v" "/var/lib/crater-agent-workspace/rustup-home:/opt/rustwide/rustup-home:ro,Z" "-e" "SOURCE_DIR=/opt/rustwide/workdir" "-e" "CARGO_TARGET_DIR=/opt/rustwide/target" "-e" "CARGO_INCREMENTAL=0" "-e" "RUST_BACKTRACE=full" "-e" "RUSTFLAGS=--cap-lints=warn" "-e" "RUSTDOCFLAGS=--cap-lints=warn" "-e" "CARGO_HOME=/opt/rustwide/cargo-home" "-e" "RUSTUP_HOME=/opt/rustwide/rustup-home" "-w" "/opt/rustwide/workdir" "-m" "1610612736" "--user" "0:0" "--network" "none" "ghcr.io/rust-lang/crates-build-env/linux@sha256:f3a9d4ad9d972b27faf3965f35b62e55ba32bbce8f20bc8fe909558a86702fde" "/opt/rustwide/cargo-home/bin/cargo" "+1.83.0" "build" "--frozen" "--message-format=json", kill_on_drop: false }`
[INFO] [stdout] 6ed3f7a37183499425596daae312ffffdf940b015672c3f66b5656764be32096
[INFO] running `Command { std: "docker" "start" "-a" "6ed3f7a37183499425596daae312ffffdf940b015672c3f66b5656764be32096", kill_on_drop: false }`
[INFO] [stderr]    Compiling proc-macro2 v1.0.86
[INFO] [stderr]    Compiling autocfg v1.3.0
[INFO] [stderr]    Compiling libc v0.2.155
[INFO] [stderr]    Compiling once_cell v1.19.0
[INFO] [stderr]    Compiling memchr v2.7.4
[INFO] [stderr]    Compiling cc v1.1.6
[INFO] [stderr]    Compiling syn v1.0.109
[INFO] [stderr]    Compiling futures-core v0.3.30
[INFO] [stderr]    Compiling pkg-config v0.3.30
[INFO] [stderr]    Compiling tracing-core v0.1.32
[INFO] [stderr]    Compiling slab v0.4.9
[INFO] [stderr]    Compiling num-traits v0.2.19
[INFO] [stderr]    Compiling cfg-if v0.1.10
[INFO] [stderr]    Compiling bytes v0.5.6
[INFO] [stderr]    Compiling quote v1.0.36
[INFO] [stderr]    Compiling standback v0.2.17
[INFO] [stderr]    Compiling syn v2.0.71
[INFO] [stderr]    Compiling bytes v1.6.1
[INFO] [stderr]    Compiling proc-macro-hack v0.5.20+deprecated
[INFO] [stderr]    Compiling openssl-sys v0.9.103
[INFO] [stderr]    Compiling serde v1.0.204
[INFO] [stderr]    Compiling pin-project-lite v0.1.12
[INFO] [stderr]    Compiling unicode-normalization v0.1.23
[INFO] [stderr]    Compiling indexmap v1.9.3
[INFO] [stderr]    Compiling unicase v2.7.0
[INFO] [stderr]    Compiling unicode-bidi v0.3.15
[INFO] [stderr]    Compiling openssl v0.10.66
[INFO] [stderr]    Compiling const_fn v0.4.10
[INFO] [stderr]    Compiling adler v1.0.2
[INFO] [stderr]    Compiling miniz_oxide v0.7.4
[INFO] [stderr]    Compiling net2 v0.2.39
[INFO] [stderr]    Compiling iovec v0.1.4
[INFO] [stderr]    Compiling mio v0.6.23
[INFO] [stderr]    Compiling num_cpus v1.16.0
[INFO] [stderr]    Compiling http v0.2.12
[INFO] [stderr]    Compiling time v0.2.27
[INFO] [stderr]    Compiling bitflags v2.6.0
[INFO] [stderr]    Compiling futures-sink v0.3.30
[INFO] [stderr]    Compiling serde_json v1.0.120
[INFO] [stderr]    Compiling futures-task v0.3.30
[INFO] [stderr]    Compiling hashbrown v0.12.3
[INFO] [stderr]    Compiling futures-io v0.3.30
[INFO] [stderr]    Compiling tokio v0.2.25
[INFO] [stderr]    Compiling httparse v1.9.4
[INFO] [stderr]    Compiling futures-util v0.3.30
[INFO] [stderr]    Compiling native-tls v0.2.12
[INFO] [stderr]    Compiling idna v0.5.0
[INFO] [stderr]    Compiling num-integer v0.1.46
[INFO] [stderr]    Compiling aho-corasick v1.1.3
[INFO] [stderr]    Compiling num-bigint v0.3.3
[INFO] [stderr]    Compiling thread_local v1.1.8
[INFO] [stderr]    Compiling sharded-slab v0.1.7
[INFO] [stderr]    Compiling cookie v0.14.4
[INFO] [stderr]    Compiling regex-syntax v0.8.4
[INFO] [stderr]    Compiling matches v0.1.10
[INFO] [stderr]    Compiling idna v0.2.3
[INFO] [stderr]    Compiling tracing-subscriber v0.2.25
[INFO] [stderr]    Compiling url v2.5.2
[INFO] [stderr]    Compiling tokio-util v0.3.1
[INFO] [stderr]    Compiling time-macros-impl v0.1.2
[INFO] [stderr]    Compiling mime_guess v2.0.5
[INFO] [stderr]    Compiling regex-automata v0.4.7
[INFO] [stderr]    Compiling tracing-attributes v0.1.27
[INFO] [stderr]    Compiling serde_derive v1.0.204
[INFO] [stderr]    Compiling pin-project-internal v1.1.5
[INFO] [stderr]    Compiling openssl-macros v0.1.1
[INFO] [stderr]    Compiling time-macros v0.1.1
[INFO] [stderr]    Compiling proc-macro-error-attr v1.0.4
[INFO] [stderr]    Compiling http-body v0.3.1
[INFO] [stderr]    Compiling socket2 v0.3.19
[INFO] [stderr]    Compiling backtrace v0.3.71
[INFO] [stderr]    Compiling num-rational v0.3.2
[INFO] [stderr]    Compiling pin-project v1.1.5
[INFO] [stderr]    Compiling futures-channel v0.3.30
[INFO] [stderr]    Compiling crc32fast v1.4.2
[INFO] [stderr]    Compiling gimli v0.28.1
[INFO] [stderr]    Compiling radium v0.5.3
[INFO] [stderr]    Compiling tower-service v0.3.2
[INFO] [stderr]    Compiling itoa v0.4.8
[INFO] [stderr]    Compiling tracing v0.1.40
[INFO] [stderr]    Compiling httpdate v0.3.2
[INFO] [stderr]    Compiling unicode-width v0.1.13
[INFO] [stderr]    Compiling eyre v0.6.12
[INFO] [stderr]    Compiling textwrap v0.11.0
[INFO] [stderr]    Compiling tracing-futures v0.2.5
[INFO] [stderr]    Compiling tracing-error v0.1.2
[INFO] [stderr]    Compiling h2 v0.2.7
[INFO] [stderr]    Compiling heck v0.3.3
[INFO] [stderr]    Compiling flate2 v1.0.30
[INFO] [stderr]    Compiling regex v1.10.5
[INFO] [stderr]    Compiling proc-macro-error v1.0.4
[INFO] [stderr]    Compiling publicsuffix v1.5.6
[INFO] [stderr]    Compiling atty v0.2.14
[INFO] [stderr]    Compiling object v0.32.2
[INFO] [stderr]    Compiling regex-syntax v0.6.29
[INFO] [stderr]    Compiling addr2line v0.21.0
[INFO] [stderr]    Compiling tokio-tls v0.3.1
[INFO] [stderr]    Compiling vec_map v0.8.2
[INFO] [stderr]    Compiling thiserror v1.0.63
[INFO] [stderr]    Compiling strsim v0.8.0
[INFO] [stderr]    Compiling iana-time-zone v0.1.60
[INFO] [stderr]    Compiling owo-colors v1.3.0
[INFO] [stderr]    Compiling indenter v0.3.3
[INFO] [stderr]    Compiling rustc-demangle v0.1.24
[INFO] [stderr]    Compiling color-spantrace v0.1.6
[INFO] [stderr]    Compiling chrono v0.4.38
[INFO] [stderr]    Compiling parse-display-derive v0.4.1
[INFO] [stderr]    Compiling clap v2.34.0
[INFO] [stderr]    Compiling structopt-derive v0.4.18
[INFO] [stderr]    Compiling hyper v0.13.10
[INFO] [stderr]    Compiling serde_urlencoded v0.7.1
[INFO] [stderr]    Compiling async-compression v0.3.15
[INFO] [stderr]    Compiling thiserror-impl v1.0.63
[INFO] [stderr]    Compiling num-iter v0.1.45
[INFO] [stderr]    Compiling dirs-sys v0.3.7
[INFO] [stderr]    Compiling num-complex v0.3.1
[INFO] [stderr]    Compiling cookie_store v0.12.0
[INFO] [stderr]    Compiling combine v4.6.7
[INFO] [stderr]    Compiling path-dedot v3.1.1
[INFO] [stderr]    Compiling linked-hash-map v0.5.6
[INFO] [stderr]    Compiling either v1.13.0
[INFO] [stderr]    Compiling wyz v0.2.0
[INFO] [stderr]    Compiling ipnet v2.9.0
[INFO] [stderr]    Compiling tap v1.0.1
[INFO] [stderr]    Compiling base64 v0.13.1
[INFO] [stderr]    Compiling smallvec v1.13.2
[INFO] [stderr]    Compiling funty v1.1.0
[INFO] [stderr]    Compiling smallstr v0.2.0
[INFO] [stderr]    Compiling itertools v0.9.0
[INFO] [stderr]    Compiling path-absolutize v3.1.1
[INFO] [stderr]    Compiling num v0.3.1
[INFO] [stderr]    Compiling parse-display v0.4.1
[INFO] [stderr]    Compiling tinytemplate v1.2.1
[INFO] [stderr]    Compiling dirs v3.0.2
[INFO] [stderr]    Compiling bitvec v0.19.6
[INFO] [stderr]    Compiling structopt v0.3.26
[INFO] [stderr]    Compiling color-eyre v0.5.11
[INFO] [stderr]    Compiling toml v0.5.11
[INFO] [stderr]    Compiling hyper-tls v0.4.3
[INFO] [stderr]    Compiling reqwest v0.10.10
[INFO] [stderr]    Compiling toml_edit v0.2.1
[INFO] [stderr]    Compiling aoc2020 v0.1.0 (/opt/rustwide/workdir)
[INFO] [stderr]     Finished `dev` profile [unoptimized + debuginfo] target(s) in 2m 52s
[INFO] [stderr] warning: the following packages contain code that will be rejected by a future version of Rust: parse-display-derive v0.4.1
[INFO] [stderr] note: to see what the problems were, use the option `--future-incompat-report`, or run `cargo report future-incompatibilities --id 1`
[INFO] running `Command { std: "docker" "inspect" "6ed3f7a37183499425596daae312ffffdf940b015672c3f66b5656764be32096", kill_on_drop: false }`
[INFO] running `Command { std: "docker" "rm" "-f" "6ed3f7a37183499425596daae312ffffdf940b015672c3f66b5656764be32096", kill_on_drop: false }`
[INFO] [stdout] 6ed3f7a37183499425596daae312ffffdf940b015672c3f66b5656764be32096
[INFO] running `Command { std: "docker" "create" "-v" "/var/lib/crater-agent-workspace/builds/worker-5-tc1/target:/opt/rustwide/target:rw,Z" "-v" "/var/lib/crater-agent-workspace/builds/worker-5-tc1/source:/opt/rustwide/workdir:ro,Z" "-v" "/var/lib/crater-agent-workspace/cargo-home:/opt/rustwide/cargo-home:ro,Z" "-v" "/var/lib/crater-agent-workspace/rustup-home:/opt/rustwide/rustup-home:ro,Z" "-e" "SOURCE_DIR=/opt/rustwide/workdir" "-e" "CARGO_TARGET_DIR=/opt/rustwide/target" "-e" "CARGO_INCREMENTAL=0" "-e" "RUST_BACKTRACE=full" "-e" "RUSTFLAGS=--cap-lints=warn" "-e" "RUSTDOCFLAGS=--cap-lints=warn" "-e" "CARGO_HOME=/opt/rustwide/cargo-home" "-e" "RUSTUP_HOME=/opt/rustwide/rustup-home" "-w" "/opt/rustwide/workdir" "-m" "1610612736" "--user" "0:0" "--network" "none" "ghcr.io/rust-lang/crates-build-env/linux@sha256:f3a9d4ad9d972b27faf3965f35b62e55ba32bbce8f20bc8fe909558a86702fde" "/opt/rustwide/cargo-home/bin/cargo" "+1.83.0" "test" "--frozen" "--no-run" "--message-format=json", kill_on_drop: false }`
[INFO] [stdout] e7ddd6451bd42b8f5e8ba7ea61fdfe94385ad4f935251ee37868f23b0711e122
[INFO] running `Command { std: "docker" "start" "-a" "e7ddd6451bd42b8f5e8ba7ea61fdfe94385ad4f935251ee37868f23b0711e122", kill_on_drop: false }`
[INFO] [stderr]    Compiling aoc2020 v0.1.0 (/opt/rustwide/workdir)
[INFO] [stderr]     Finished `test` profile [unoptimized + debuginfo] target(s) in 2.55s
[INFO] [stderr] warning: the following packages contain code that will be rejected by a future version of Rust: parse-display-derive v0.4.1
[INFO] [stderr] note: to see what the problems were, use the option `--future-incompat-report`, or run `cargo report future-incompatibilities --id 1`
[INFO] running `Command { std: "docker" "inspect" "e7ddd6451bd42b8f5e8ba7ea61fdfe94385ad4f935251ee37868f23b0711e122", kill_on_drop: false }`
[INFO] running `Command { std: "docker" "rm" "-f" "e7ddd6451bd42b8f5e8ba7ea61fdfe94385ad4f935251ee37868f23b0711e122", kill_on_drop: false }`
[INFO] [stdout] e7ddd6451bd42b8f5e8ba7ea61fdfe94385ad4f935251ee37868f23b0711e122
[INFO] running `Command { std: "docker" "create" "-v" "/var/lib/crater-agent-workspace/builds/worker-5-tc1/target:/opt/rustwide/target:rw,Z" "-v" "/var/lib/crater-agent-workspace/builds/worker-5-tc1/source:/opt/rustwide/workdir:ro,Z" "-v" "/var/lib/crater-agent-workspace/cargo-home:/opt/rustwide/cargo-home:ro,Z" "-v" "/var/lib/crater-agent-workspace/rustup-home:/opt/rustwide/rustup-home:ro,Z" "-e" "SOURCE_DIR=/opt/rustwide/workdir" "-e" "CARGO_TARGET_DIR=/opt/rustwide/target" "-e" "CARGO_INCREMENTAL=0" "-e" "RUST_BACKTRACE=full" "-e" "RUSTFLAGS=--cap-lints=warn" "-e" "RUSTDOCFLAGS=--cap-lints=warn" "-e" "CARGO_HOME=/opt/rustwide/cargo-home" "-e" "RUSTUP_HOME=/opt/rustwide/rustup-home" "-w" "/opt/rustwide/workdir" "-m" "1610612736" "--user" "0:0" "--network" "none" "ghcr.io/rust-lang/crates-build-env/linux@sha256:f3a9d4ad9d972b27faf3965f35b62e55ba32bbce8f20bc8fe909558a86702fde" "/opt/rustwide/cargo-home/bin/cargo" "+1.83.0" "test" "--frozen", kill_on_drop: false }`
[INFO] [stdout] 1259c6d8876419f4ccffe8fb1d5e49dca804173e21f61a40eba2c7cd3553d30b
[INFO] running `Command { std: "docker" "start" "-a" "1259c6d8876419f4ccffe8fb1d5e49dca804173e21f61a40eba2c7cd3553d30b", kill_on_drop: false }`
[INFO] [stderr]     Finished `test` profile [unoptimized + debuginfo] target(s) in 0.31s
[INFO] [stderr] warning: the following packages contain code that will be rejected by a future version of Rust: parse-display-derive v0.4.1
[INFO] [stderr] note: to see what the problems were, use the option `--future-incompat-report`, or run `cargo report future-incompatibilities --id 1`
[INFO] [stderr]      Running unittests src/lib.rs (/opt/rustwide/target/debug/deps/aoc2020-8b68bd90dd6568f0)
[INFO] [stdout] 
[INFO] [stdout] running 4 tests
[INFO] [stdout] test numbers::chinese_remainder::test::test_worked_inverted ... ok
[INFO] [stdout] test numbers::chinese_remainder::test::test_another ... ok
[INFO] [stdout] test numbers::chinese_remainder::test::test_worked_literals ... ok
[INFO] [stderr]      Running unittests src/main.rs (/opt/rustwide/target/debug/deps/aoc2020-2261b6126fdb87b4)
[INFO] [stdout] test numbers::chinese_remainder::test::test_classic_formulation ... ok
[INFO] [stdout] 
[INFO] [stdout] test result: ok. 4 passed; 0 failed; 0 ignored; 0 measured; 0 filtered out; finished in 0.01s
[INFO] [stdout] 
[INFO] [stdout] 
[INFO] [stdout] running 0 tests
[INFO] [stdout] 
[INFO] [stdout] test result: ok. 0 passed; 0 failed; 0 ignored; 0 measured; 0 filtered out; finished in 0.00s
[INFO] [stdout] 
[INFO] [stderr]    Doc-tests aoc2020
[INFO] [stdout] 
[INFO] [stdout] running 11 tests
[INFO] [stdout] test src/geometry/map.rs - geometry::map::Map<T>::try_from (line 326) ... ignored
[INFO] [stdout] test src/geometry/vector4.rs - geometry::vector4::Vector4::boundary_max (line 95) ... FAILED
[INFO] [stdout] test src/geometry/vector4.rs - geometry::vector4::Vector4::boundary_min (line 55) ... FAILED
[INFO] [stdout] test src/geometry/vector4.rs - geometry::vector4::Vector4::boundary_max (line 85) ... FAILED
[INFO] [stdout] test src/geometry/vector4.rs - geometry::vector4::Vector4::boundary_min (line 65) ... FAILED
[INFO] [stdout] test src/geometry/vector3.rs - geometry::vector3::Vector3::boundary_min (line 59) ... FAILED
[INFO] [stdout] test src/geometry/vector3.rs - geometry::vector3::Vector3::boundary_max (line 88) ... FAILED
[INFO] [stdout] test src/geometry/vector3.rs - geometry::vector3::Vector3::boundary_min (line 69) ... ok
[INFO] [stdout] test src/geometry/point.rs - geometry::point::Point::rotate_right (line 39) ... ok
[INFO] [stdout] test src/geometry/vector3.rs - geometry::vector3::Vector3::boundary_max (line 98) ... ok
[INFO] [stdout] test src/geometry/point.rs - geometry::point::Point::rotate_left (line 59) ... ok
[INFO] [stdout] 
[INFO] [stdout] failures:
[INFO] [stdout] 
[INFO] [stdout] ---- src/geometry/vector4.rs - geometry::vector4::Vector4::boundary_max (line 95) stdout ----
[INFO] [stdout] error[E0432]: unresolved import `aoc2020::geometry::vector3::Vector4`
[INFO] [stdout]  --> src/geometry/vector4.rs:97:5
[INFO] [stdout]   |
[INFO] [stdout] 5 | use aoc2020::geometry::vector3::Vector4;
[INFO] [stdout]   |     ^^^^^^^^^^^^^^^^^^^^^^^^^^^^^^^^^^^ no `Vector4` in `geometry::vector3`
[INFO] [stdout]   |
[INFO] [stdout] help: a similar name exists in the module
[INFO] [stdout]   |
[INFO] [stdout] 5 | use aoc2020::geometry::vector3::Vector3;
[INFO] [stdout]   |                                 ~~~~~~~
[INFO] [stdout] help: consider importing this struct instead
[INFO] [stdout]   |
[INFO] [stdout] 5 | use aoc2020::geometry::vector4::Vector4;
[INFO] [stdout]   |     ~~~~~~~~~~~~~~~~~~~~~~~~~~~~~~~~~~~
[INFO] [stdout] 
[INFO] [stdout] error: aborting due to 1 previous error
[INFO] [stdout] 
[INFO] [stdout] For more information about this error, try `rustc --explain E0432`.
[INFO] [stdout] Couldn't compile the test.
[INFO] [stdout] ---- src/geometry/vector4.rs - geometry::vector4::Vector4::boundary_min (line 55) stdout ----
[INFO] [stdout] error[E0432]: unresolved import `aoc2020::geometry::vector3::Vector4`
[INFO] [stdout]  --> src/geometry/vector4.rs:57:5
[INFO] [stdout]   |
[INFO] [stdout] 5 | use aoc2020::geometry::vector3::Vector4;
[INFO] [stdout]   |     ^^^^^^^^^^^^^^^^^^^^^^^^^^^^^^^^^^^ no `Vector4` in `geometry::vector3`
[INFO] [stdout]   |
[INFO] [stdout] help: a similar name exists in the module
[INFO] [stdout]   |
[INFO] [stdout] 5 | use aoc2020::geometry::vector3::Vector3;
[INFO] [stdout]   |                                 ~~~~~~~
[INFO] [stdout] help: consider importing this struct instead
[INFO] [stdout]   |
[INFO] [stdout] 5 | use aoc2020::geometry::vector4::Vector4;
[INFO] [stdout]   |     ~~~~~~~~~~~~~~~~~~~~~~~~~~~~~~~~~~~
[INFO] [stdout] 
[INFO] [stdout] error: aborting due to 1 previous error
[INFO] [stdout] 
[INFO] [stdout] For more information about this error, try `rustc --explain E0432`.
[INFO] [stdout] Couldn't compile the test.
[INFO] [stdout] ---- src/geometry/vector4.rs - geometry::vector4::Vector4::boundary_max (line 85) stdout ----
[INFO] [stdout] error[E0432]: unresolved import `aoc2020::geometry::vector3::Vector4`
[INFO] [stdout]  --> src/geometry/vector4.rs:87:5
[INFO] [stdout]   |
[INFO] [stdout] 5 | use aoc2020::geometry::vector3::Vector4;
[INFO] [stdout]   |     ^^^^^^^^^^^^^^^^^^^^^^^^^^^^^^^^^^^ no `Vector4` in `geometry::vector3`
[INFO] [stdout]   |
[INFO] [stdout] help: a similar name exists in the module
[INFO] [stdout]   |
[INFO] [stdout] 5 | use aoc2020::geometry::vector3::Vector3;
[INFO] [stdout]   |                                 ~~~~~~~
[INFO] [stdout] help: consider importing this struct instead
[INFO] [stdout]   |
[INFO] [stdout] 5 | use aoc2020::geometry::vector4::Vector4;
[INFO] [stdout]   |     ~~~~~~~~~~~~~~~~~~~~~~~~~~~~~~~~~~~
[INFO] [stdout] 
[INFO] [stdout] error: aborting due to 1 previous error
[INFO] [stdout] 
[INFO] [stdout] For more information about this error, try `rustc --explain E0432`.
[INFO] [stdout] Couldn't compile the test.
[INFO] [stdout] ---- src/geometry/vector4.rs - geometry::vector4::Vector4::boundary_min (line 65) stdout ----
[INFO] [stdout] error[E0432]: unresolved import `aoc2020::geometry::vector3::Vector4`
[INFO] [stdout]  --> src/geometry/vector4.rs:67:5
[INFO] [stdout]   |
[INFO] [stdout] 5 | use aoc2020::geometry::vector3::Vector4;
[INFO] [stdout]   |     ^^^^^^^^^^^^^^^^^^^^^^^^^^^^^^^^^^^ no `Vector4` in `geometry::vector3`
[INFO] [stdout]   |
[INFO] [stdout] help: a similar name exists in the module
[INFO] [stdout]   |
[INFO] [stdout] 5 | use aoc2020::geometry::vector3::Vector3;
[INFO] [stdout]   |                                 ~~~~~~~
[INFO] [stdout] help: consider importing this struct instead
[INFO] [stdout]   |
[INFO] [stdout] 5 | use aoc2020::geometry::vector4::Vector4;
[INFO] [stdout]   |     ~~~~~~~~~~~~~~~~~~~~~~~~~~~~~~~~~~~
[INFO] [stdout] 
[INFO] [stdout] error: aborting due to 1 previous error
[INFO] [stdout] 
[INFO] [stdout] For more information about this error, try `rustc --explain E0432`.
[INFO] [stdout] Couldn't compile the test.
[INFO] [stdout] ---- src/geometry/vector3.rs - geometry::vector3::Vector3::boundary_min (line 59) stdout ----
[INFO] [stdout] error: linking with `cc` failed: exit status: 1
[INFO] [stdout]   |
[INFO] [stdout]   = note: LC_ALL="C" PATH="/opt/rustwide/rustup-home/toolchains/1.83.0-x86_64-unknown-linux-gnu/lib/rustlib/x86_64-unknown-linux-gnu/bin:/opt/rustwide/cargo-home/bin:/usr/local/sbin:/usr/local/bin:/usr/sbin:/usr/bin:/sbin:/bin" VSLANG="1033" "cc" "-m64" "/tmp/rustcecSAZZ/symbols.o" "/tmp/rustdoctestAOWTNB/rust_out.rust_out.cb03291d53e4e161-cgu.0.rcgu.o" "/tmp/rustdoctestAOWTNB/rust_out.1s7umcihpz0t7nkz1uc2ifee9.rcgu.o" "-Wl,--as-needed" "-Wl,-Bstatic" "/opt/rustwide/target/debug/deps/libaoc2020-6ac625d15dc3d3fd.rlib" "/opt/rustwide/target/debug/deps/libreqwest-c1e73d65851e603f.rlib" "/opt/rustwide/target/debug/deps/libhyper_tls-57dc39997b15aac2.rlib" "/opt/rustwide/target/debug/deps/libcookie_store-9b24f0a30f6b93a8.rlib" "/opt/rustwide/target/debug/deps/libpublicsuffix-c676184a101aae60.rlib" "/opt/rustwide/target/debug/deps/libcookie-5b4ee16d956a6a9d.rlib" "/opt/rustwide/target/debug/deps/libtime-3e24d71faa3064ee.rlib" "/opt/rustwide/target/debug/deps/libtime_macros-c9b5c1f3ed26020f.rlib" "/opt/rustwide/target/debug/deps/libstandback-25d7c1cb7ef6ad15.rlib" "/opt/rustwide/target/debug/deps/libidna-8f94cde9cf15c682.rlib" "/opt/rustwide/target/debug/deps/libmatches-cab84763ff3283e9.rlib" "/opt/rustwide/target/debug/deps/libipnet-0eb1053c709f71ab.rlib" "/opt/rustwide/target/debug/deps/libtokio_tls-7bf9ea59b8c7b3ff.rlib" "/opt/rustwide/target/debug/deps/libserde_urlencoded-3edeca9a18d388ad.rlib" "/opt/rustwide/target/debug/deps/libencoding_rs-8700cf6701f4ea83.rlib" "/opt/rustwide/target/debug/deps/libbase64-ae8327474e664153.rlib" "/opt/rustwide/target/debug/deps/libmime_guess-f1067bd52747b224.rlib" "/opt/rustwide/target/debug/deps/libunicase-150a6591ed2b2529.rlib" "/opt/rustwide/target/debug/deps/libmime-566b615028bbb9d4.rlib" "/opt/rustwide/target/debug/deps/libasync_compression-7bf6f04d271207ab.rlib" "/opt/rustwide/target/debug/deps/libflate2-421cba3b046b99c2.rlib" "/opt/rustwide/target/debug/deps/libminiz_oxide-f79e1f083e62cf71.rlib" "/opt/rustwide/target/debug/deps/libadler-46b472a2e9e55ef6.rlib" "/opt/rustwide/target/debug/deps/libcrc32fast-6da0a50d86e2d24a.rlib" "/opt/rustwide/target/debug/deps/libnative_tls-af37d53d803d3f79.rlib" "/opt/rustwide/target/debug/deps/libopenssl_probe-111dcb0b3b714b0f.rlib" "/opt/rustwide/target/debug/deps/libopenssl-8162f9a429999ff0.rlib" "/opt/rustwide/target/debug/deps/libbitflags-e3f7c5486a00e38a.rlib" "/opt/rustwide/target/debug/deps/libforeign_types-504d8dbdd27ff197.rlib" "/opt/rustwide/target/debug/deps/libforeign_types_shared-f6b6a54f87ce1292.rlib" "/opt/rustwide/target/debug/deps/libopenssl_sys-8b17f9e808fa1aa4.rlib" "/opt/rustwide/target/debug/deps/libhyper-c1f29bab0e885acc.rlib" "/opt/rustwide/target/debug/deps/libitoa-33e5206728a399ed.rlib" "/opt/rustwide/target/debug/deps/libhttparse-7e79592399482295.rlib" "/opt/rustwide/target/debug/deps/libwant-3f13e9c0d2560241.rlib" "/opt/rustwide/target/debug/deps/libtry_lock-f3f4362ed4ca7e4a.rlib" "/opt/rustwide/target/debug/deps/libh2-09f59d622415b454.rlib" "/opt/rustwide/target/debug/deps/libtracing_futures-0b91f76bf2bb5244.rlib" "/opt/rustwide/target/debug/deps/libindexmap-8302853d056d8479.rlib" "/opt/rustwide/target/debug/deps/libhashbrown-f7f97c562b093c36.rlib" "/opt/rustwide/target/debug/deps/libtokio_util-d5efa9069260d95c.rlib" "/opt/rustwide/target/debug/deps/libfutures_sink-7d20913390016543.rlib" "/opt/rustwide/target/debug/deps/libhttpdate-6d31c95676384412.rlib" "/opt/rustwide/target/debug/deps/libsocket2-de6d98a6dd4240ce.rlib" "/opt/rustwide/target/debug/deps/libcfg_if-8217498f8667ada9.rlib" "/opt/rustwide/target/debug/deps/libtower_service-368ccdc980bf098e.rlib" "/opt/rustwide/target/debug/deps/libfutures_channel-a5551c14689b4757.rlib" "/opt/rustwide/target/debug/deps/libpin_project-2a6fa361083c7bc9.rlib" "/opt/rustwide/target/debug/deps/libtracing-8a14d0b1b5d3db39.rlib" "/opt/rustwide/target/debug/deps/libtracing_core-70a524ec788813e0.rlib" "/opt/rustwide/target/debug/deps/libtokio-529046bc9e5bb261.rlib" "/opt/rustwide/target/debug/deps/libnum_cpus-11f6f9b1f2b28170.rlib" "/opt/rustwide/target/debug/deps/libmio-e9dbee65c4bcc772.rlib" "/opt/rustwide/target/debug/deps/libiovec-3621896f739aae90.rlib" "/opt/rustwide/target/debug/deps/libnet2-ca4d73a45e373e88.rlib" "/opt/rustwide/target/debug/deps/libcfg_if-5398d23e7a4afed7.rlib" "/opt/rustwide/target/debug/deps/libpin_project_lite-3268564dcb5e803c.rlib" "/opt/rustwide/target/debug/deps/libhttp_body-e1b88acbf8b6860b.rlib" "/opt/rustwide/target/debug/deps/libbytes-38bb560d6e6bc42b.rlib" "/opt/rustwide/target/debug/deps/liblog-2579a5a2dbce8c4d.rlib" "/opt/rustwide/target/debug/deps/libfutures_util-04eb85d7c762d834.rlib" "/opt/rustwide/target/debug/deps/libfutures_io-55d4734ad987648b.rlib" "/opt/rustwide/target/debug/deps/libslab-912e2da7c32ab1d6.rlib" "/opt/rustwide/target/debug/deps/libpin_project_lite-04d37b8eb510eecb.rlib" "/opt/rustwide/target/debug/deps/libfutures_task-23c912c730b72a48.rlib" "/opt/rustwide/target/debug/deps/libpin_utils-6bd6355de79f98af.rlib" "/opt/rustwide/target/debug/deps/libfutures_core-a74d77e2ab1a5ea5.rlib" "/opt/rustwide/target/debug/deps/liburl-04ef6181800b3fc3.rlib" "/opt/rustwide/target/debug/deps/libidna-9faab38c49696285.rlib" "/opt/rustwide/target/debug/deps/libunicode_normalization-88f7f1ed65e67847.rlib" "/opt/rustwide/target/debug/deps/libtinyvec-ae8d3c8ddfe5386c.rlib" "/opt/rustwide/target/debug/deps/libtinyvec_macros-bb1333ecdeeba2ad.rlib" "/opt/rustwide/target/debug/deps/libunicode_bidi-6debc0c8cd0b0d6e.rlib" "/opt/rustwide/target/debug/deps/libform_urlencoded-533db7122d3ddfc5.rlib" "/opt/rustwide/target/debug/deps/libpercent_encoding-88cba40a7181d984.rlib" "/opt/rustwide/target/debug/deps/libhttp-ab4bf6094519a376.rlib" "/opt/rustwide/target/debug/deps/libfnv-b4bd047f342dff07.rlib" "/opt/rustwide/target/debug/deps/libtoml-ac6530e2f1d5688c.rlib" "/opt/rustwide/target/debug/deps/libdirs-48d0b9b0446d5f1c.rlib" "/opt/rustwide/target/debug/deps/libdirs_sys-c60c36a78f33eea0.rlib" "/opt/rustwide/target/debug/deps/liblibc-e74902eff35e0c34.rlib" "/opt/rustwide/target/debug/deps/libparse_display-3143aae947820f19.rlib" "/opt/rustwide/target/debug/deps/libonce_cell-dd4734ba15c3811e.rlib" "/opt/rustwide/target/debug/deps/libnum-119355e475da3950.rlib" "/opt/rustwide/target/debug/deps/libnum_iter-af4a339f918cf4d9.rlib" "/opt/rustwide/target/debug/deps/libnum_rational-083c009a8c9180c5.rlib" "/opt/rustwide/target/debug/deps/libnum_complex-c7ff013100daeb2b.rlib" "/opt/rustwide/target/debug/deps/libnum_bigint-f986d57b8976144e.rlib" "/opt/rustwide/target/debug/deps/libnum_integer-4339614b8aefad73.rlib" "/opt/rustwide/target/debug/deps/libregex-b5c26de488f94e43.rlib" "/opt/rustwide/target/debug/deps/libregex_automata-fed483145797a4fc.rlib" "/opt/rustwide/target/debug/deps/libaho_corasick-ca3c2ec2e6ffa0c6.rlib" "/opt/rustwide/target/debug/deps/libregex_syntax-a0f47b1b68ff7cf9.rlib" "/opt/rustwide/target/debug/deps/liblazy_static-977f75dcedc2f7be.rlib" "/opt/rustwide/target/debug/deps/libsmallstr-1c64b5a3f4a0d9b4.rlib" "/opt/rustwide/target/debug/deps/libsmallvec-27682ff183e60130.rlib" "/opt/rustwide/target/debug/deps/libitertools-833ae270db57ea5c.rlib" "/opt/rustwide/target/debug/deps/libeither-1067b48a2d820a8f.rlib" "/opt/rustwide/target/debug/deps/libbitvec-10e0b742fac8742e.rlib" "/opt/rustwide/target/debug/deps/libfunty-25322d0d37221e7a.rlib" "/opt/rustwide/target/debug/deps/libwyz-05fada6861bd0192.rlib" "/opt/rustwide/target/debug/deps/libtap-88d1698c4d44c9d2.rlib" "/opt/rustwide/target/debug/deps/libradium-87a60ea62cbd00fd.rlib" "/opt/rustwide/target/debug/deps/libtoml_edit-fb2e8f752dd4730f.rlib" "/opt/rustwide/target/debug/deps/libchrono-a07ee45e3cc5a36e.rlib" "/opt/rustwide/target/debug/deps/libnum_traits-fc4ba143cb039412.rlib" "/opt/rustwide/target/debug/deps/libiana_time_zone-2390d39fb9bbfd36.rlib" "/opt/rustwide/target/debug/deps/liblinked_hash_map-6d3040aaca98a906.rlib" "/opt/rustwide/target/debug/deps/libcombine-92427980eacc59c3.rlib" "/opt/rustwide/target/debug/deps/libmemchr-a61794c77f52d343.rlib" "/opt/rustwide/target/debug/deps/libbytes-7021ce78df258e87.rlib" "/opt/rustwide/target/debug/deps/libtinytemplate-ce1a0548194063c0.rlib" "/opt/rustwide/target/debug/deps/libserde_json-d61728d81987051b.rlib" "/opt/rustwide/target/debug/deps/libitoa-cde9c8f28780c780.rlib" "/opt/rustwide/target/debug/deps/libryu-bba83beca99dd7c0.rlib" "/opt/rustwide/target/debug/deps/libthiserror-5cfce4cb233bf8e9.rlib" "/opt/rustwide/target/debug/deps/libserde-5825e30a233b5ccb.rlib" "/opt/rustwide/rustup-home/toolchains/1.83.0-x86_64-unknown-linux-gnu/lib/rustlib/x86_64-unknown-linux-gnu/lib/libstd-ca74a2d9c5166d9f.rlib" "/opt/rustwide/rustup-home/toolchains/1.83.0-x86_64-unknown-linux-gnu/lib/rustlib/x86_64-unknown-linux-gnu/lib/libpanic_unwind-e31ab23316ed5080.rlib" "/opt/rustwide/rustup-home/toolchains/1.83.0-x86_64-unknown-linux-gnu/lib/rustlib/x86_64-unknown-linux-gnu/lib/libobject-27dc4aa955912662.rlib" "/opt/rustwide/rustup-home/toolchains/1.83.0-x86_64-unknown-linux-gnu/lib/rustlib/x86_64-unknown-linux-gnu/lib/libmemchr-bd0d6cccce077b99.rlib" "/opt/rustwide/rustup-home/toolchains/1.83.0-x86_64-unknown-linux-gnu/lib/rustlib/x86_64-unknown-linux-gnu/lib/libaddr2line-8d001680935b5e3c.rlib" "/opt/rustwide/rustup-home/toolchains/1.83.0-x86_64-unknown-linux-gnu/lib/rustlib/x86_64-unknown-linux-gnu/lib/libgimli-ba8ce71964f984f4.rlib" "/opt/rustwide/rustup-home/toolchains/1.83.0-x86_64-unknown-linux-gnu/lib/rustlib/x86_64-unknown-linux-gnu/lib/librustc_demangle-99a73526abcec14b.rlib" "/opt/rustwide/rustup-home/toolchains/1.83.0-x86_64-unknown-linux-gnu/lib/rustlib/x86_64-unknown-linux-gnu/lib/libstd_detect-63ac0d22cff92579.rlib" "/opt/rustwide/rustup-home/toolchains/1.83.0-x86_64-unknown-linux-gnu/lib/rustlib/x86_64-unknown-linux-gnu/lib/libhashbrown-9057355c92c922d5.rlib" "/opt/rustwide/rustup-home/toolchains/1.83.0-x86_64-unknown-linux-gnu/lib/rustlib/x86_64-unknown-linux-gnu/lib/librustc_std_workspace_alloc-358be9bc1f6bab04.rlib" "/opt/rustwide/rustup-home/toolchains/1.83.0-x86_64-unknown-linux-gnu/lib/rustlib/x86_64-unknown-linux-gnu/lib/libminiz_oxide-aca15549d5bff974.rlib" "/opt/rustwide/rustup-home/toolchains/1.83.0-x86_64-unknown-linux-gnu/lib/rustlib/x86_64-unknown-linux-gnu/lib/libadler-8251d2cef7072448.rlib" "/opt/rustwide/rustup-home/toolchains/1.83.0-x86_64-unknown-linux-gnu/lib/rustlib/x86_64-unknown-linux-gnu/lib/libunwind-7d50b86011c66411.rlib" "/opt/rustwide/rustup-home/toolchains/1.83.0-x86_64-unknown-linux-gnu/lib/rustlib/x86_64-unknown-linux-gnu/lib/libcfg_if-51ea098fce5006bf.rlib" "/opt/rustwide/rustup-home/toolchains/1.83.0-x86_64-unknown-linux-gnu/lib/rustlib/x86_64-unknown-linux-gnu/lib/liblibc-5a14e0d0b712e731.rlib" "/opt/rustwide/rustup-home/toolchains/1.83.0-x86_64-unknown-linux-gnu/lib/rustlib/x86_64-unknown-linux-gnu/lib/liballoc-8b83dbf3a7b8f999.rlib" "/opt/rustwide/rustup-home/toolchains/1.83.0-x86_64-unknown-linux-gnu/lib/rustlib/x86_64-unknown-linux-gnu/lib/librustc_std_workspace_core-c6fd227bdc7b39ff.rlib" "/opt/rustwide/rustup-home/toolchains/1.83.0-x86_64-unknown-linux-gnu/lib/rustlib/x86_64-unknown-linux-gnu/lib/libcore-959d3389fa3da8a5.rlib" "/opt/rustwide/rustup-home/toolchains/1.83.0-x86_64-unknown-linux-gnu/lib/rustlib/x86_64-unknown-linux-gnu/lib/libcompiler_builtins-abe05db089cc2c62.rlib" "-Wl,-Bdynamic" "-lssl" "-lcrypto" "-lgcc_s" "-lutil" "-lrt" "-lpthread" "-lm" "-ldl" "-lc" "-Wl,--eh-frame-hdr" "-Wl,-z,noexecstack" "-L" "/opt/rustwide/rustup-home/toolchains/1.83.0-x86_64-unknown-linux-gnu/lib/rustlib/x86_64-unknown-linux-gnu/lib" "-o" "/tmp/rustdoctestAOWTNB/rust_out" "-Wl,--gc-sections" "-pie" "-Wl,-z,relro,-z,now" "-nodefaultlibs"
[INFO] [stdout]   = note: collect2: fatal error: ld terminated with signal 9 [Killed]
[INFO] [stdout]           compilation terminated.
[INFO] [stdout]           
[INFO] [stdout] 
[INFO] [stdout] error: aborting due to 1 previous error
[INFO] [stdout] 
[INFO] [stdout] Couldn't compile the test.
[INFO] [stdout] ---- src/geometry/vector3.rs - geometry::vector3::Vector3::boundary_max (line 88) stdout ----
[INFO] [stdout] error: linking with `cc` failed: exit status: 1
[INFO] [stdout]   |
[INFO] [stdout]   = note: LC_ALL="C" PATH="/opt/rustwide/rustup-home/toolchains/1.83.0-x86_64-unknown-linux-gnu/lib/rustlib/x86_64-unknown-linux-gnu/bin:/opt/rustwide/cargo-home/bin:/usr/local/sbin:/usr/local/bin:/usr/sbin:/usr/bin:/sbin:/bin" VSLANG="1033" "cc" "-m64" "/tmp/rustczRZGX6/symbols.o" "/tmp/rustdoctestBo2469/rust_out.rust_out.cb03291d53e4e161-cgu.0.rcgu.o" "/tmp/rustdoctestBo2469/rust_out.1s7umcihpz0t7nkz1uc2ifee9.rcgu.o" "-Wl,--as-needed" "-Wl,-Bstatic" "/opt/rustwide/target/debug/deps/libaoc2020-6ac625d15dc3d3fd.rlib" "/opt/rustwide/target/debug/deps/libreqwest-c1e73d65851e603f.rlib" "/opt/rustwide/target/debug/deps/libhyper_tls-57dc39997b15aac2.rlib" "/opt/rustwide/target/debug/deps/libcookie_store-9b24f0a30f6b93a8.rlib" "/opt/rustwide/target/debug/deps/libpublicsuffix-c676184a101aae60.rlib" "/opt/rustwide/target/debug/deps/libcookie-5b4ee16d956a6a9d.rlib" "/opt/rustwide/target/debug/deps/libtime-3e24d71faa3064ee.rlib" "/opt/rustwide/target/debug/deps/libtime_macros-c9b5c1f3ed26020f.rlib" "/opt/rustwide/target/debug/deps/libstandback-25d7c1cb7ef6ad15.rlib" "/opt/rustwide/target/debug/deps/libidna-8f94cde9cf15c682.rlib" "/opt/rustwide/target/debug/deps/libmatches-cab84763ff3283e9.rlib" "/opt/rustwide/target/debug/deps/libipnet-0eb1053c709f71ab.rlib" "/opt/rustwide/target/debug/deps/libtokio_tls-7bf9ea59b8c7b3ff.rlib" "/opt/rustwide/target/debug/deps/libserde_urlencoded-3edeca9a18d388ad.rlib" "/opt/rustwide/target/debug/deps/libencoding_rs-8700cf6701f4ea83.rlib" "/opt/rustwide/target/debug/deps/libbase64-ae8327474e664153.rlib" "/opt/rustwide/target/debug/deps/libmime_guess-f1067bd52747b224.rlib" "/opt/rustwide/target/debug/deps/libunicase-150a6591ed2b2529.rlib" "/opt/rustwide/target/debug/deps/libmime-566b615028bbb9d4.rlib" "/opt/rustwide/target/debug/deps/libasync_compression-7bf6f04d271207ab.rlib" "/opt/rustwide/target/debug/deps/libflate2-421cba3b046b99c2.rlib" "/opt/rustwide/target/debug/deps/libminiz_oxide-f79e1f083e62cf71.rlib" "/opt/rustwide/target/debug/deps/libadler-46b472a2e9e55ef6.rlib" "/opt/rustwide/target/debug/deps/libcrc32fast-6da0a50d86e2d24a.rlib" "/opt/rustwide/target/debug/deps/libnative_tls-af37d53d803d3f79.rlib" "/opt/rustwide/target/debug/deps/libopenssl_probe-111dcb0b3b714b0f.rlib" "/opt/rustwide/target/debug/deps/libopenssl-8162f9a429999ff0.rlib" "/opt/rustwide/target/debug/deps/libbitflags-e3f7c5486a00e38a.rlib" "/opt/rustwide/target/debug/deps/libforeign_types-504d8dbdd27ff197.rlib" "/opt/rustwide/target/debug/deps/libforeign_types_shared-f6b6a54f87ce1292.rlib" "/opt/rustwide/target/debug/deps/libopenssl_sys-8b17f9e808fa1aa4.rlib" "/opt/rustwide/target/debug/deps/libhyper-c1f29bab0e885acc.rlib" "/opt/rustwide/target/debug/deps/libitoa-33e5206728a399ed.rlib" "/opt/rustwide/target/debug/deps/libhttparse-7e79592399482295.rlib" "/opt/rustwide/target/debug/deps/libwant-3f13e9c0d2560241.rlib" "/opt/rustwide/target/debug/deps/libtry_lock-f3f4362ed4ca7e4a.rlib" "/opt/rustwide/target/debug/deps/libh2-09f59d622415b454.rlib" "/opt/rustwide/target/debug/deps/libtracing_futures-0b91f76bf2bb5244.rlib" "/opt/rustwide/target/debug/deps/libindexmap-8302853d056d8479.rlib" "/opt/rustwide/target/debug/deps/libhashbrown-f7f97c562b093c36.rlib" "/opt/rustwide/target/debug/deps/libtokio_util-d5efa9069260d95c.rlib" "/opt/rustwide/target/debug/deps/libfutures_sink-7d20913390016543.rlib" "/opt/rustwide/target/debug/deps/libhttpdate-6d31c95676384412.rlib" "/opt/rustwide/target/debug/deps/libsocket2-de6d98a6dd4240ce.rlib" "/opt/rustwide/target/debug/deps/libcfg_if-8217498f8667ada9.rlib" "/opt/rustwide/target/debug/deps/libtower_service-368ccdc980bf098e.rlib" "/opt/rustwide/target/debug/deps/libfutures_channel-a5551c14689b4757.rlib" "/opt/rustwide/target/debug/deps/libpin_project-2a6fa361083c7bc9.rlib" "/opt/rustwide/target/debug/deps/libtracing-8a14d0b1b5d3db39.rlib" "/opt/rustwide/target/debug/deps/libtracing_core-70a524ec788813e0.rlib" "/opt/rustwide/target/debug/deps/libtokio-529046bc9e5bb261.rlib" "/opt/rustwide/target/debug/deps/libnum_cpus-11f6f9b1f2b28170.rlib" "/opt/rustwide/target/debug/deps/libmio-e9dbee65c4bcc772.rlib" "/opt/rustwide/target/debug/deps/libiovec-3621896f739aae90.rlib" "/opt/rustwide/target/debug/deps/libnet2-ca4d73a45e373e88.rlib" "/opt/rustwide/target/debug/deps/libcfg_if-5398d23e7a4afed7.rlib" "/opt/rustwide/target/debug/deps/libpin_project_lite-3268564dcb5e803c.rlib" "/opt/rustwide/target/debug/deps/libhttp_body-e1b88acbf8b6860b.rlib" "/opt/rustwide/target/debug/deps/libbytes-38bb560d6e6bc42b.rlib" "/opt/rustwide/target/debug/deps/liblog-2579a5a2dbce8c4d.rlib" "/opt/rustwide/target/debug/deps/libfutures_util-04eb85d7c762d834.rlib" "/opt/rustwide/target/debug/deps/libfutures_io-55d4734ad987648b.rlib" "/opt/rustwide/target/debug/deps/libslab-912e2da7c32ab1d6.rlib" "/opt/rustwide/target/debug/deps/libpin_project_lite-04d37b8eb510eecb.rlib" "/opt/rustwide/target/debug/deps/libfutures_task-23c912c730b72a48.rlib" "/opt/rustwide/target/debug/deps/libpin_utils-6bd6355de79f98af.rlib" "/opt/rustwide/target/debug/deps/libfutures_core-a74d77e2ab1a5ea5.rlib" "/opt/rustwide/target/debug/deps/liburl-04ef6181800b3fc3.rlib" "/opt/rustwide/target/debug/deps/libidna-9faab38c49696285.rlib" "/opt/rustwide/target/debug/deps/libunicode_normalization-88f7f1ed65e67847.rlib" "/opt/rustwide/target/debug/deps/libtinyvec-ae8d3c8ddfe5386c.rlib" "/opt/rustwide/target/debug/deps/libtinyvec_macros-bb1333ecdeeba2ad.rlib" "/opt/rustwide/target/debug/deps/libunicode_bidi-6debc0c8cd0b0d6e.rlib" "/opt/rustwide/target/debug/deps/libform_urlencoded-533db7122d3ddfc5.rlib" "/opt/rustwide/target/debug/deps/libpercent_encoding-88cba40a7181d984.rlib" "/opt/rustwide/target/debug/deps/libhttp-ab4bf6094519a376.rlib" "/opt/rustwide/target/debug/deps/libfnv-b4bd047f342dff07.rlib" "/opt/rustwide/target/debug/deps/libtoml-ac6530e2f1d5688c.rlib" "/opt/rustwide/target/debug/deps/libdirs-48d0b9b0446d5f1c.rlib" "/opt/rustwide/target/debug/deps/libdirs_sys-c60c36a78f33eea0.rlib" "/opt/rustwide/target/debug/deps/liblibc-e74902eff35e0c34.rlib" "/opt/rustwide/target/debug/deps/libparse_display-3143aae947820f19.rlib" "/opt/rustwide/target/debug/deps/libonce_cell-dd4734ba15c3811e.rlib" "/opt/rustwide/target/debug/deps/libnum-119355e475da3950.rlib" "/opt/rustwide/target/debug/deps/libnum_iter-af4a339f918cf4d9.rlib" "/opt/rustwide/target/debug/deps/libnum_rational-083c009a8c9180c5.rlib" "/opt/rustwide/target/debug/deps/libnum_complex-c7ff013100daeb2b.rlib" "/opt/rustwide/target/debug/deps/libnum_bigint-f986d57b8976144e.rlib" "/opt/rustwide/target/debug/deps/libnum_integer-4339614b8aefad73.rlib" "/opt/rustwide/target/debug/deps/libregex-b5c26de488f94e43.rlib" "/opt/rustwide/target/debug/deps/libregex_automata-fed483145797a4fc.rlib" "/opt/rustwide/target/debug/deps/libaho_corasick-ca3c2ec2e6ffa0c6.rlib" "/opt/rustwide/target/debug/deps/libregex_syntax-a0f47b1b68ff7cf9.rlib" "/opt/rustwide/target/debug/deps/liblazy_static-977f75dcedc2f7be.rlib" "/opt/rustwide/target/debug/deps/libsmallstr-1c64b5a3f4a0d9b4.rlib" "/opt/rustwide/target/debug/deps/libsmallvec-27682ff183e60130.rlib" "/opt/rustwide/target/debug/deps/libitertools-833ae270db57ea5c.rlib" "/opt/rustwide/target/debug/deps/libeither-1067b48a2d820a8f.rlib" "/opt/rustwide/target/debug/deps/libbitvec-10e0b742fac8742e.rlib" "/opt/rustwide/target/debug/deps/libfunty-25322d0d37221e7a.rlib" "/opt/rustwide/target/debug/deps/libwyz-05fada6861bd0192.rlib" "/opt/rustwide/target/debug/deps/libtap-88d1698c4d44c9d2.rlib" "/opt/rustwide/target/debug/deps/libradium-87a60ea62cbd00fd.rlib" "/opt/rustwide/target/debug/deps/libtoml_edit-fb2e8f752dd4730f.rlib" "/opt/rustwide/target/debug/deps/libchrono-a07ee45e3cc5a36e.rlib" "/opt/rustwide/target/debug/deps/libnum_traits-fc4ba143cb039412.rlib" "/opt/rustwide/target/debug/deps/libiana_time_zone-2390d39fb9bbfd36.rlib" "/opt/rustwide/target/debug/deps/liblinked_hash_map-6d3040aaca98a906.rlib" "/opt/rustwide/target/debug/deps/libcombine-92427980eacc59c3.rlib" "/opt/rustwide/target/debug/deps/libmemchr-a61794c77f52d343.rlib" "/opt/rustwide/target/debug/deps/libbytes-7021ce78df258e87.rlib" "/opt/rustwide/target/debug/deps/libtinytemplate-ce1a0548194063c0.rlib" "/opt/rustwide/target/debug/deps/libserde_json-d61728d81987051b.rlib" "/opt/rustwide/target/debug/deps/libitoa-cde9c8f28780c780.rlib" "/opt/rustwide/target/debug/deps/libryu-bba83beca99dd7c0.rlib" "/opt/rustwide/target/debug/deps/libthiserror-5cfce4cb233bf8e9.rlib" "/opt/rustwide/target/debug/deps/libserde-5825e30a233b5ccb.rlib" "/opt/rustwide/rustup-home/toolchains/1.83.0-x86_64-unknown-linux-gnu/lib/rustlib/x86_64-unknown-linux-gnu/lib/libstd-ca74a2d9c5166d9f.rlib" "/opt/rustwide/rustup-home/toolchains/1.83.0-x86_64-unknown-linux-gnu/lib/rustlib/x86_64-unknown-linux-gnu/lib/libpanic_unwind-e31ab23316ed5080.rlib" "/opt/rustwide/rustup-home/toolchains/1.83.0-x86_64-unknown-linux-gnu/lib/rustlib/x86_64-unknown-linux-gnu/lib/libobject-27dc4aa955912662.rlib" "/opt/rustwide/rustup-home/toolchains/1.83.0-x86_64-unknown-linux-gnu/lib/rustlib/x86_64-unknown-linux-gnu/lib/libmemchr-bd0d6cccce077b99.rlib" "/opt/rustwide/rustup-home/toolchains/1.83.0-x86_64-unknown-linux-gnu/lib/rustlib/x86_64-unknown-linux-gnu/lib/libaddr2line-8d001680935b5e3c.rlib" "/opt/rustwide/rustup-home/toolchains/1.83.0-x86_64-unknown-linux-gnu/lib/rustlib/x86_64-unknown-linux-gnu/lib/libgimli-ba8ce71964f984f4.rlib" "/opt/rustwide/rustup-home/toolchains/1.83.0-x86_64-unknown-linux-gnu/lib/rustlib/x86_64-unknown-linux-gnu/lib/librustc_demangle-99a73526abcec14b.rlib" "/opt/rustwide/rustup-home/toolchains/1.83.0-x86_64-unknown-linux-gnu/lib/rustlib/x86_64-unknown-linux-gnu/lib/libstd_detect-63ac0d22cff92579.rlib" "/opt/rustwide/rustup-home/toolchains/1.83.0-x86_64-unknown-linux-gnu/lib/rustlib/x86_64-unknown-linux-gnu/lib/libhashbrown-9057355c92c922d5.rlib" "/opt/rustwide/rustup-home/toolchains/1.83.0-x86_64-unknown-linux-gnu/lib/rustlib/x86_64-unknown-linux-gnu/lib/librustc_std_workspace_alloc-358be9bc1f6bab04.rlib" "/opt/rustwide/rustup-home/toolchains/1.83.0-x86_64-unknown-linux-gnu/lib/rustlib/x86_64-unknown-linux-gnu/lib/libminiz_oxide-aca15549d5bff974.rlib" "/opt/rustwide/rustup-home/toolchains/1.83.0-x86_64-unknown-linux-gnu/lib/rustlib/x86_64-unknown-linux-gnu/lib/libadler-8251d2cef7072448.rlib" "/opt/rustwide/rustup-home/toolchains/1.83.0-x86_64-unknown-linux-gnu/lib/rustlib/x86_64-unknown-linux-gnu/lib/libunwind-7d50b86011c66411.rlib" "/opt/rustwide/rustup-home/toolchains/1.83.0-x86_64-unknown-linux-gnu/lib/rustlib/x86_64-unknown-linux-gnu/lib/libcfg_if-51ea098fce5006bf.rlib" "/opt/rustwide/rustup-home/toolchains/1.83.0-x86_64-unknown-linux-gnu/lib/rustlib/x86_64-unknown-linux-gnu/lib/liblibc-5a14e0d0b712e731.rlib" "/opt/rustwide/rustup-home/toolchains/1.83.0-x86_64-unknown-linux-gnu/lib/rustlib/x86_64-unknown-linux-gnu/lib/liballoc-8b83dbf3a7b8f999.rlib" "/opt/rustwide/rustup-home/toolchains/1.83.0-x86_64-unknown-linux-gnu/lib/rustlib/x86_64-unknown-linux-gnu/lib/librustc_std_workspace_core-c6fd227bdc7b39ff.rlib" "/opt/rustwide/rustup-home/toolchains/1.83.0-x86_64-unknown-linux-gnu/lib/rustlib/x86_64-unknown-linux-gnu/lib/libcore-959d3389fa3da8a5.rlib" "/opt/rustwide/rustup-home/toolchains/1.83.0-x86_64-unknown-linux-gnu/lib/rustlib/x86_64-unknown-linux-gnu/lib/libcompiler_builtins-abe05db089cc2c62.rlib" "-Wl,-Bdynamic" "-lssl" "-lcrypto" "-lgcc_s" "-lutil" "-lrt" "-lpthread" "-lm" "-ldl" "-lc" "-Wl,--eh-frame-hdr" "-Wl,-z,noexecstack" "-L" "/opt/rustwide/rustup-home/toolchains/1.83.0-x86_64-unknown-linux-gnu/lib/rustlib/x86_64-unknown-linux-gnu/lib" "-o" "/tmp/rustdoctestBo2469/rust_out" "-Wl,--gc-sections" "-pie" "-Wl,-z,relro,-z,now" "-nodefaultlibs"
[INFO] [stdout]   = note: collect2: fatal error: ld terminated with signal 9 [Killed]
[INFO] [stdout]           compilation terminated.
[INFO] [stdout]           
[INFO] [stdout] 
[INFO] [stdout] error: aborting due to 1 previous error
[INFO] [stdout] 
[INFO] [stdout] Couldn't compile the test.
[INFO] [stdout] 
[INFO] [stdout] failures:
[INFO] [stdout]     src/geometry/vector3.rs - geometry::vector3::Vector3::boundary_max (line 88)
[INFO] [stdout]     src/geometry/vector3.rs - geometry::vector3::Vector3::boundary_min (line 59)
[INFO] [stdout]     src/geometry/vector4.rs - geometry::vector4::Vector4::boundary_max (line 85)
[INFO] [stdout]     src/geometry/vector4.rs - geometry::vector4::Vector4::boundary_max (line 95)
[INFO] [stdout]     src/geometry/vector4.rs - geometry::vector4::Vector4::boundary_min (line 55)
[INFO] [stdout]     src/geometry/vector4.rs - geometry::vector4::Vector4::boundary_min (line 65)
[INFO] [stdout] 
[INFO] [stdout] test result: FAILED. 4 passed; 6 failed; 1 ignored; 0 measured; 0 filtered out; finished in 17.28s
[INFO] [stdout] 
[INFO] [stderr] error: doctest failed, to rerun pass `--doc`
[INFO] running `Command { std: "docker" "inspect" "1259c6d8876419f4ccffe8fb1d5e49dca804173e21f61a40eba2c7cd3553d30b", kill_on_drop: false }`
[INFO] running `Command { std: "docker" "rm" "-f" "1259c6d8876419f4ccffe8fb1d5e49dca804173e21f61a40eba2c7cd3553d30b", kill_on_drop: false }`
[INFO] [stdout] 1259c6d8876419f4ccffe8fb1d5e49dca804173e21f61a40eba2c7cd3553d30b
