[INFO] cloning repository https://github.com/conra2010/aoc2023p03
[INFO] running `Command { std: "git" "-c" "credential.helper=" "-c" "credential.helper=/workspace/cargo-home/bin/git-credential-null" "clone" "--bare" "https://github.com/conra2010/aoc2023p03" "/workspace/cache/git-repos/https%3A%2F%2Fgithub.com%2Fconra2010%2Faoc2023p03", kill_on_drop: false }`
[INFO] [stderr] Cloning into bare repository '/workspace/cache/git-repos/https%3A%2F%2Fgithub.com%2Fconra2010%2Faoc2023p03'...
[INFO] running `Command { std: "git" "rev-parse" "HEAD", kill_on_drop: false }`
[INFO] [stdout] 40a12f63559e6fa1108eed094eff845a4716a064
[INFO] testing conra2010/aoc2023p03 against beta-2024-12-08 for beta-1.84.0-4-retry
[INFO] running `Command { std: "git" "clone" "/workspace/cache/git-repos/https%3A%2F%2Fgithub.com%2Fconra2010%2Faoc2023p03" "/workspace/builds/worker-3-tc2/source", kill_on_drop: false }`
[INFO] [stderr] Cloning into '/workspace/builds/worker-3-tc2/source'...
[INFO] [stderr] done.
[INFO] validating manifest of git repo https://github.com/conra2010/aoc2023p03 on toolchain beta-2024-12-08
[INFO] running `Command { std: CARGO_HOME="/workspace/cargo-home" RUSTUP_HOME="/workspace/rustup-home" "/workspace/cargo-home/bin/cargo" "+beta-2024-12-08" "metadata" "--manifest-path" "Cargo.toml" "--no-deps", kill_on_drop: false }`
[INFO] started tweaking git repo https://github.com/conra2010/aoc2023p03
[INFO] finished tweaking git repo https://github.com/conra2010/aoc2023p03
[INFO] tweaked toml for git repo https://github.com/conra2010/aoc2023p03 written to /workspace/builds/worker-3-tc2/source/Cargo.toml
[INFO] crate git repo https://github.com/conra2010/aoc2023p03 already has a lockfile, it will not be regenerated
[INFO] running `Command { std: CARGO_HOME="/workspace/cargo-home" RUSTUP_HOME="/workspace/rustup-home" "/workspace/cargo-home/bin/cargo" "+beta-2024-12-08" "fetch" "--manifest-path" "Cargo.toml", kill_on_drop: false }`
[INFO] running `Command { std: "docker" "create" "-v" "/var/lib/crater-agent-workspace/builds/worker-3-tc2/target:/opt/rustwide/target:rw,Z" "-v" "/var/lib/crater-agent-workspace/builds/worker-3-tc2/source:/opt/rustwide/workdir:ro,Z" "-v" "/var/lib/crater-agent-workspace/cargo-home:/opt/rustwide/cargo-home:ro,Z" "-v" "/var/lib/crater-agent-workspace/rustup-home:/opt/rustwide/rustup-home:ro,Z" "-e" "SOURCE_DIR=/opt/rustwide/workdir" "-e" "CARGO_TARGET_DIR=/opt/rustwide/target" "-e" "CARGO_HOME=/opt/rustwide/cargo-home" "-e" "RUSTUP_HOME=/opt/rustwide/rustup-home" "-w" "/opt/rustwide/workdir" "-m" "1610612736" "--user" "0:0" "--network" "none" "ghcr.io/rust-lang/crates-build-env/linux@sha256:f3a9d4ad9d972b27faf3965f35b62e55ba32bbce8f20bc8fe909558a86702fde" "/opt/rustwide/cargo-home/bin/cargo" "+beta-2024-12-08" "metadata" "--no-deps" "--format-version=1", kill_on_drop: false }`
[INFO] [stdout] df1d8fdb00c997a03fb4e45bea4a39cf43f5a23056f59955b5a6e90c18e967a2
[INFO] running `Command { std: "docker" "start" "-a" "df1d8fdb00c997a03fb4e45bea4a39cf43f5a23056f59955b5a6e90c18e967a2", kill_on_drop: false }`
[INFO] running `Command { std: "docker" "inspect" "df1d8fdb00c997a03fb4e45bea4a39cf43f5a23056f59955b5a6e90c18e967a2", kill_on_drop: false }`
[INFO] running `Command { std: "docker" "rm" "-f" "df1d8fdb00c997a03fb4e45bea4a39cf43f5a23056f59955b5a6e90c18e967a2", kill_on_drop: false }`
[INFO] [stdout] df1d8fdb00c997a03fb4e45bea4a39cf43f5a23056f59955b5a6e90c18e967a2
[INFO] running `Command { std: "docker" "create" "-v" "/var/lib/crater-agent-workspace/builds/worker-3-tc2/target:/opt/rustwide/target:rw,Z" "-v" "/var/lib/crater-agent-workspace/builds/worker-3-tc2/source:/opt/rustwide/workdir:ro,Z" "-v" "/var/lib/crater-agent-workspace/cargo-home:/opt/rustwide/cargo-home:ro,Z" "-v" "/var/lib/crater-agent-workspace/rustup-home:/opt/rustwide/rustup-home:ro,Z" "-e" "SOURCE_DIR=/opt/rustwide/workdir" "-e" "CARGO_TARGET_DIR=/opt/rustwide/target" "-e" "CARGO_INCREMENTAL=0" "-e" "RUST_BACKTRACE=full" "-e" "RUSTFLAGS=--cap-lints=warn" "-e" "RUSTDOCFLAGS=--cap-lints=warn" "-e" "CARGO_HOME=/opt/rustwide/cargo-home" "-e" "RUSTUP_HOME=/opt/rustwide/rustup-home" "-w" "/opt/rustwide/workdir" "-m" "1610612736" "--user" "0:0" "--network" "none" "ghcr.io/rust-lang/crates-build-env/linux@sha256:f3a9d4ad9d972b27faf3965f35b62e55ba32bbce8f20bc8fe909558a86702fde" "/opt/rustwide/cargo-home/bin/cargo" "+beta-2024-12-08" "build" "--frozen" "--message-format=json", kill_on_drop: false }`
[INFO] [stdout] 2d58d0c2da6bec7e397136a06474dcc594f2e386f0e1d18e49bbe8b7be6a07a9
[INFO] running `Command { std: "docker" "start" "-a" "2d58d0c2da6bec7e397136a06474dcc594f2e386f0e1d18e49bbe8b7be6a07a9", kill_on_drop: false }`
[INFO] [stderr]    Compiling libc v0.2.150
[INFO] [stderr]    Compiling cfg-if v1.0.0
[INFO] [stderr]    Compiling gmp-mpfr-sys v1.6.2
[INFO] [stderr]    Compiling az v1.2.1
[INFO] [stderr]    Compiling libm v0.2.8
[INFO] [stderr]    Compiling rug v1.24.0
[INFO] [stderr]    Compiling ppv-lite86 v0.2.17
[INFO] [stderr]    Compiling getrandom v0.2.11
[INFO] [stderr]    Compiling rand_core v0.6.4
[INFO] [stderr]    Compiling rand_chacha v0.3.1
[INFO] [stderr]    Compiling rand v0.8.5
[INFO] [stderr]    Compiling l003 v0.1.0 (/opt/rustwide/workdir)
[INFO] [stdout] warning: unused import: `Complete`
[INFO] [stdout]  --> src/lib.rs:1:11
[INFO] [stdout]   |
[INFO] [stdout] 1 | use rug::{Complete, Integer};
[INFO] [stdout]   |           ^^^^^^^^
[INFO] [stdout]   |
[INFO] [stdout]   = note: `#[warn(unused_imports)]` on by default
[INFO] [stdout] 
[INFO] [stdout] 
[INFO] [stdout] warning: field `gear` is never read
[INFO] [stdout]   --> src/lib.rs:17:5
[INFO] [stdout]    |
[INFO] [stdout] 10 | struct Patch {
[INFO] [stdout]    |        ----- field in this struct
[INFO] [stdout] ...
[INFO] [stdout] 17 |     gear: bool,
[INFO] [stdout]    |     ^^^^
[INFO] [stdout]    |
[INFO] [stdout]    = note: `Patch` has derived impls for the traits `Clone` and `Debug`, but these are intentionally ignored during dead code analysis
[INFO] [stdout]    = note: `#[warn(dead_code)]` on by default
[INFO] [stdout] 
[INFO] [stdout] 
[INFO] [stdout] warning: field `available` is never read
[INFO] [stdout]   --> src/lib.rs:26:5
[INFO] [stdout]    |
[INFO] [stdout] 21 | struct Digit {
[INFO] [stdout]    |        ----- field in this struct
[INFO] [stdout] ...
[INFO] [stdout] 26 |     available: bool
[INFO] [stdout]    |     ^^^^^^^^^
[INFO] [stdout]    |
[INFO] [stdout]    = note: `Digit` has derived impls for the traits `Clone` and `Debug`, but these are intentionally ignored during dead code analysis
[INFO] [stdout] 
[INFO] [stdout] 
[INFO] [stdout] warning: unused import: `rand::prelude::*`
[INFO] [stdout]  --> src/genx.rs:1:5
[INFO] [stdout]   |
[INFO] [stdout] 1 | use rand::prelude::*;
[INFO] [stdout]   |     ^^^^^^^^^^^^^^^^
[INFO] [stdout]   |
[INFO] [stdout]   = note: `#[warn(unused_imports)]` on by default
[INFO] [stdout] 
[INFO] [stdout] 
[INFO] [stdout] warning: unused variable: `i`
[INFO] [stdout]   --> src/genx.rs:14:9
[INFO] [stdout]    |
[INFO] [stdout] 14 |     for i in 1..PHEIGHT {
[INFO] [stdout]    |         ^ help: if this is intentional, prefix it with an underscore: `_i`
[INFO] [stdout]    |
[INFO] [stdout]    = note: `#[warn(unused_variables)]` on by default
[INFO] [stdout] 
[INFO] [stdout] 
[INFO] [stdout] warning: unused import: `rand::prelude::*`
[INFO] [stdout]  --> src/app.rs:1:5
[INFO] [stdout]   |
[INFO] [stdout] 1 | use rand::prelude::*;
[INFO] [stdout]   |     ^^^^^^^^^^^^^^^^
[INFO] [stdout]   |
[INFO] [stdout]   = note: `#[warn(unused_imports)]` on by default
[INFO] [stdout] 
[INFO] [stdout] 
[INFO] [stderr]     Finished `dev` profile [unoptimized + debuginfo] target(s) in 4m 31s
[INFO] running `Command { std: "docker" "inspect" "2d58d0c2da6bec7e397136a06474dcc594f2e386f0e1d18e49bbe8b7be6a07a9", kill_on_drop: false }`
[INFO] running `Command { std: "docker" "rm" "-f" "2d58d0c2da6bec7e397136a06474dcc594f2e386f0e1d18e49bbe8b7be6a07a9", kill_on_drop: false }`
[INFO] [stdout] 2d58d0c2da6bec7e397136a06474dcc594f2e386f0e1d18e49bbe8b7be6a07a9
[INFO] running `Command { std: "docker" "create" "-v" "/var/lib/crater-agent-workspace/builds/worker-3-tc2/target:/opt/rustwide/target:rw,Z" "-v" "/var/lib/crater-agent-workspace/builds/worker-3-tc2/source:/opt/rustwide/workdir:ro,Z" "-v" "/var/lib/crater-agent-workspace/cargo-home:/opt/rustwide/cargo-home:ro,Z" "-v" "/var/lib/crater-agent-workspace/rustup-home:/opt/rustwide/rustup-home:ro,Z" "-e" "SOURCE_DIR=/opt/rustwide/workdir" "-e" "CARGO_TARGET_DIR=/opt/rustwide/target" "-e" "CARGO_INCREMENTAL=0" "-e" "RUST_BACKTRACE=full" "-e" "RUSTFLAGS=--cap-lints=warn" "-e" "RUSTDOCFLAGS=--cap-lints=warn" "-e" "CARGO_HOME=/opt/rustwide/cargo-home" "-e" "RUSTUP_HOME=/opt/rustwide/rustup-home" "-w" "/opt/rustwide/workdir" "-m" "1610612736" "--user" "0:0" "--network" "none" "ghcr.io/rust-lang/crates-build-env/linux@sha256:f3a9d4ad9d972b27faf3965f35b62e55ba32bbce8f20bc8fe909558a86702fde" "/opt/rustwide/cargo-home/bin/cargo" "+beta-2024-12-08" "test" "--frozen" "--no-run" "--message-format=json", kill_on_drop: false }`
[INFO] [stdout] 4ca685fea6531b88ecadd4fa390635a7d5aa04a774146bbef6640d77405166f2
[INFO] running `Command { std: "docker" "start" "-a" "4ca685fea6531b88ecadd4fa390635a7d5aa04a774146bbef6640d77405166f2", kill_on_drop: false }`
[INFO] [stderr]    Compiling l003 v0.1.0 (/opt/rustwide/workdir)
[INFO] [stdout] warning: unused import: `Complete`
[INFO] [stdout]  --> src/lib.rs:1:11
[INFO] [stdout]   |
[INFO] [stdout] 1 | use rug::{Complete, Integer};
[INFO] [stdout]   |           ^^^^^^^^
[INFO] [stdout]   |
[INFO] [stdout]   = note: `#[warn(unused_imports)]` on by default
[INFO] [stdout] 
[INFO] [stdout] 
[INFO] [stdout] warning: field `gear` is never read
[INFO] [stdout]   --> src/lib.rs:17:5
[INFO] [stdout]    |
[INFO] [stdout] 10 | struct Patch {
[INFO] [stdout]    |        ----- field in this struct
[INFO] [stdout] ...
[INFO] [stdout] 17 |     gear: bool,
[INFO] [stdout]    |     ^^^^
[INFO] [stdout]    |
[INFO] [stdout]    = note: `Patch` has derived impls for the traits `Clone` and `Debug`, but these are intentionally ignored during dead code analysis
[INFO] [stdout]    = note: `#[warn(dead_code)]` on by default
[INFO] [stdout] 
[INFO] [stdout] 
[INFO] [stdout] warning: field `available` is never read
[INFO] [stdout]   --> src/lib.rs:26:5
[INFO] [stdout]    |
[INFO] [stdout] 21 | struct Digit {
[INFO] [stdout]    |        ----- field in this struct
[INFO] [stdout] ...
[INFO] [stdout] 26 |     available: bool
[INFO] [stdout]    |     ^^^^^^^^^
[INFO] [stdout]    |
[INFO] [stdout]    = note: `Digit` has derived impls for the traits `Clone` and `Debug`, but these are intentionally ignored during dead code analysis
[INFO] [stdout] 
[INFO] [stdout] 
[INFO] [stdout] warning: unused import: `rand::prelude::*`
[INFO] [stdout]  --> src/app.rs:1:5
[INFO] [stdout]   |
[INFO] [stdout] 1 | use rand::prelude::*;
[INFO] [stdout]   |     ^^^^^^^^^^^^^^^^
[INFO] [stdout]   |
[INFO] [stdout]   = note: `#[warn(unused_imports)]` on by default
[INFO] [stdout] 
[INFO] [stdout] 
[INFO] [stdout] warning: unused import: `rand::prelude::*`
[INFO] [stdout]  --> src/genx.rs:1:5
[INFO] [stdout]   |
[INFO] [stdout] 1 | use rand::prelude::*;
[INFO] [stdout]   |     ^^^^^^^^^^^^^^^^
[INFO] [stdout]   |
[INFO] [stdout]   = note: `#[warn(unused_imports)]` on by default
[INFO] [stdout] 
[INFO] [stdout] 
[INFO] [stdout] warning: unused variable: `i`
[INFO] [stdout]   --> src/genx.rs:14:9
[INFO] [stdout]    |
[INFO] [stdout] 14 |     for i in 1..PHEIGHT {
[INFO] [stdout]    |         ^ help: if this is intentional, prefix it with an underscore: `_i`
[INFO] [stdout]    |
[INFO] [stdout]    = note: `#[warn(unused_variables)]` on by default
[INFO] [stdout] 
[INFO] [stdout] 
[INFO] [stdout] warning: field `gear` is never read
[INFO] [stdout]   --> src/lib.rs:17:5
[INFO] [stdout]    |
[INFO] [stdout] 10 | struct Patch {
[INFO] [stdout]    |        ----- field in this struct
[INFO] [stdout] ...
[INFO] [stdout] 17 |     gear: bool,
[INFO] [stdout]    |     ^^^^
[INFO] [stdout]    |
[INFO] [stdout]    = note: `Patch` has derived impls for the traits `Clone` and `Debug`, but these are intentionally ignored during dead code analysis
[INFO] [stdout]    = note: `#[warn(dead_code)]` on by default
[INFO] [stdout] 
[INFO] [stdout] 
[INFO] [stdout] warning: field `available` is never read
[INFO] [stdout]   --> src/lib.rs:26:5
[INFO] [stdout]    |
[INFO] [stdout] 21 | struct Digit {
[INFO] [stdout]    |        ----- field in this struct
[INFO] [stdout] ...
[INFO] [stdout] 26 |     available: bool
[INFO] [stdout]    |     ^^^^^^^^^
[INFO] [stdout]    |
[INFO] [stdout]    = note: `Digit` has derived impls for the traits `Clone` and `Debug`, but these are intentionally ignored during dead code analysis
[INFO] [stdout] 
[INFO] [stdout] 
[INFO] [stderr]     Finished `test` profile [unoptimized + debuginfo] target(s) in 1.28s
[INFO] running `Command { std: "docker" "inspect" "4ca685fea6531b88ecadd4fa390635a7d5aa04a774146bbef6640d77405166f2", kill_on_drop: false }`
[INFO] running `Command { std: "docker" "rm" "-f" "4ca685fea6531b88ecadd4fa390635a7d5aa04a774146bbef6640d77405166f2", kill_on_drop: false }`
[INFO] [stdout] 4ca685fea6531b88ecadd4fa390635a7d5aa04a774146bbef6640d77405166f2
[INFO] running `Command { std: "docker" "create" "-v" "/var/lib/crater-agent-workspace/builds/worker-3-tc2/target:/opt/rustwide/target:rw,Z" "-v" "/var/lib/crater-agent-workspace/builds/worker-3-tc2/source:/opt/rustwide/workdir:ro,Z" "-v" "/var/lib/crater-agent-workspace/cargo-home:/opt/rustwide/cargo-home:ro,Z" "-v" "/var/lib/crater-agent-workspace/rustup-home:/opt/rustwide/rustup-home:ro,Z" "-e" "SOURCE_DIR=/opt/rustwide/workdir" "-e" "CARGO_TARGET_DIR=/opt/rustwide/target" "-e" "CARGO_INCREMENTAL=0" "-e" "RUST_BACKTRACE=full" "-e" "RUSTFLAGS=--cap-lints=warn" "-e" "RUSTDOCFLAGS=--cap-lints=warn" "-e" "CARGO_HOME=/opt/rustwide/cargo-home" "-e" "RUSTUP_HOME=/opt/rustwide/rustup-home" "-w" "/opt/rustwide/workdir" "-m" "1610612736" "--user" "0:0" "--network" "none" "ghcr.io/rust-lang/crates-build-env/linux@sha256:f3a9d4ad9d972b27faf3965f35b62e55ba32bbce8f20bc8fe909558a86702fde" "/opt/rustwide/cargo-home/bin/cargo" "+beta-2024-12-08" "test" "--frozen", kill_on_drop: false }`
[INFO] [stdout] 5ffcfefacc99211eeeb674d3463f68ce5ef4bbe106e8fd3eb456b90ebe35a538
[INFO] running `Command { std: "docker" "start" "-a" "5ffcfefacc99211eeeb674d3463f68ce5ef4bbe106e8fd3eb456b90ebe35a538", kill_on_drop: false }`
[INFO] [stderr] warning: unused import: `Complete`
[INFO] [stderr]  --> src/lib.rs:1:11
[INFO] [stderr]   |
[INFO] [stderr] 1 | use rug::{Complete, Integer};
[INFO] [stderr]   |           ^^^^^^^^
[INFO] [stderr]   |
[INFO] [stderr]   = note: `#[warn(unused_imports)]` on by default
[INFO] [stderr] 
[INFO] [stderr] warning: field `gear` is never read
[INFO] [stderr]   --> src/lib.rs:17:5
[INFO] [stderr]    |
[INFO] [stderr] 10 | struct Patch {
[INFO] [stderr]    |        ----- field in this struct
[INFO] [stderr] ...
[INFO] [stderr] 17 |     gear: bool,
[INFO] [stderr]    |     ^^^^
[INFO] [stderr]    |
[INFO] [stderr]    = note: `Patch` has derived impls for the traits `Clone` and `Debug`, but these are intentionally ignored during dead code analysis
[INFO] [stderr]    = note: `#[warn(dead_code)]` on by default
[INFO] [stderr] 
[INFO] [stderr] warning: field `available` is never read
[INFO] [stderr]   --> src/lib.rs:26:5
[INFO] [stderr]    |
[INFO] [stderr] 21 | struct Digit {
[INFO] [stderr]    |        ----- field in this struct
[INFO] [stderr] ...
[INFO] [stderr] 26 |     available: bool
[INFO] [stderr]    |     ^^^^^^^^^
[INFO] [stderr]    |
[INFO] [stderr]    = note: `Digit` has derived impls for the traits `Clone` and `Debug`, but these are intentionally ignored during dead code analysis
[INFO] [stderr] 
[INFO] [stderr] warning: `l003` (lib) generated 3 warnings (run `cargo fix --lib -p l003` to apply 1 suggestion)
[INFO] [stderr] warning: unused import: `rand::prelude::*`
[INFO] [stderr]  --> src/app.rs:1:5
[INFO] [stderr]   |
[INFO] [stderr] 1 | use rand::prelude::*;
[INFO] [stderr]   |     ^^^^^^^^^^^^^^^^
[INFO] [stderr]   |
[INFO] [stderr]   = note: `#[warn(unused_imports)]` on by default
[INFO] [stderr] 
[INFO] [stderr] warning: `l003` (bin "app" test) generated 1 warning (run `cargo fix --bin "app" --tests` to apply 1 suggestion)
[INFO] [stderr] warning: unused import: `rand::prelude::*`
[INFO] [stderr]  --> src/genx.rs:1:5
[INFO] [stderr]   |
[INFO] [stderr] 1 | use rand::prelude::*;
[INFO] [stderr]   |     ^^^^^^^^^^^^^^^^
[INFO] [stderr]   |
[INFO] [stderr]   = note: `#[warn(unused_imports)]` on by default
[INFO] [stderr] 
[INFO] [stderr] warning: unused variable: `i`
[INFO] [stderr]   --> src/genx.rs:14:9
[INFO] [stderr]    |
[INFO] [stderr] 14 |     for i in 1..PHEIGHT {
[INFO] [stderr]    |         ^ help: if this is intentional, prefix it with an underscore: `_i`
[INFO] [stderr]    |
[INFO] [stderr]    = note: `#[warn(unused_variables)]` on by default
[INFO] [stderr] 
[INFO] [stderr] warning: `l003` (bin "genx" test) generated 2 warnings (run `cargo fix --bin "genx" --tests` to apply 1 suggestion)
[INFO] [stderr] warning: `l003` (lib test) generated 2 warnings (2 duplicates)
[INFO] [stderr]     Finished `test` profile [unoptimized + debuginfo] target(s) in 0.07s
[INFO] [stderr]      Running unittests src/lib.rs (/opt/rustwide/target/debug/deps/l003-49c6d57b4893501e)
[INFO] [stdout] 
[INFO] [stdout] running 6 tests
[INFO] [stdout] test tests::some_test ... ok
[INFO] [stdout] test tests::sample ... ok
[INFO] [stdout] test tests::some_big_test ... ok
[INFO] [stdout] test tests::solve ... ok
[INFO] [stdout] test tests::gears ... FAILED
[INFO] [stdout] test tests::corner_patches ... FAILED
[INFO] [stdout] 
[INFO] [stdout] failures:
[INFO] [stdout] 
[INFO] [stdout] ---- tests::gears stdout ----
[INFO] [stdout]  tick at start 0
[INFO] [stdout]  .11*..11.
[INFO] [stdout] # remaining digits [Digit { location: Patch { row: 1, col: 2, len: 2, tick: 0, gear: false }, value: 11, tick: 0, available: true }, Digit { location: Patch { row: 1, col: 7, len: 2, tick: 0, gear: false }, value: 11, tick: 0, available: true }]
[INFO] [stdout]  tick at start 1
[INFO] [stdout]  .11...11.
[INFO] [stdout] [src/lib.rs:160:17] &p = Patch {
[INFO] [stdout]     row: 1,
[INFO] [stdout]     col: 3,
[INFO] [stdout]     len: 3,
[INFO] [stdout]     tick: 0,
[INFO] [stdout]     gear: true,
[INFO] [stdout] }
[INFO] [stdout] # digit overlaps gear: Digit { location: Patch { row: 1, col: 2, len: 2, tick: 0, gear: false }, value: 11, tick: 0, available: true }
[INFO] [stdout] # digit overlaps gear: Digit { location: Patch { row: 2, col: 2, len: 2, tick: 1, gear: false }, value: 11, tick: 1, available: true }
[INFO] [stdout] # found a gear with two digits:
[INFO] [stdout] [src/lib.rs:176:25] &digits = [
[INFO] [stdout]     Digit {
[INFO] [stdout]         location: Patch {
[INFO] [stdout]             row: 1,
[INFO] [stdout]             col: 2,
[INFO] [stdout]             len: 2,
[INFO] [stdout]             tick: 0,
[INFO] [stdout]             gear: false,
[INFO] [stdout]         },
[INFO] [stdout]         value: 11,
[INFO] [stdout]         tick: 0,
[INFO] [stdout]         available: true,
[INFO] [stdout]     },
[INFO] [stdout]     Digit {
[INFO] [stdout]         location: Patch {
[INFO] [stdout]             row: 2,
[INFO] [stdout]             col: 2,
[INFO] [stdout]             len: 2,
[INFO] [stdout]             tick: 1,
[INFO] [stdout]             gear: false,
[INFO] [stdout]         },
[INFO] [stdout]         value: 11,
[INFO] [stdout]         tick: 1,
[INFO] [stdout]         available: true,
[INFO] [stdout]     },
[INFO] [stdout] ]
[INFO] [stdout] # remaining digits [Digit { location: Patch { row: 1, col: 2, len: 2, tick: 0, gear: false }, value: 11, tick: 0, available: true }, Digit { location: Patch { row: 1, col: 7, len: 2, tick: 0, gear: false }, value: 11, tick: 0, available: true }, Digit { location: Patch { row: 2, col: 2, len: 2, tick: 1, gear: false }, value: 11, tick: 1, available: true }, Digit { location: Patch { row: 2, col: 7, len: 2, tick: 1, gear: false }, value: 11, tick: 1, available: true }]
[INFO] [stdout]  tick at start 2
[INFO] [stdout]  .11*2.11.
[INFO] [stdout] # remaining digits [Digit { location: Patch { row: 1, col: 2, len: 2, tick: 0, gear: false }, value: 11, tick: 0, available: true }, Digit { location: Patch { row: 1, col: 7, len: 2, tick: 0, gear: false }, value: 11, tick: 0, available: true }, Digit { location: Patch { row: 2, col: 2, len: 2, tick: 1, gear: false }, value: 11, tick: 1, available: true }, Digit { location: Patch { row: 2, col: 7, len: 2, tick: 1, gear: false }, value: 11, tick: 1, available: true }, Digit { location: Patch { row: 3, col: 2, len: 2, tick: 2, gear: false }, value: 11, tick: 2, available: true }, Digit { location: Patch { row: 3, col: 5, len: 1, tick: 2, gear: false }, value: 2, tick: 2, available: true }, Digit { location: Patch { row: 3, col: 7, len: 2, tick: 2, gear: false }, value: 11, tick: 2, available: true }]
[INFO] [stdout]  tick at start 3
[INFO] [stdout]  .11...11.
[INFO] [stdout] [src/lib.rs:160:17] &p = Patch {
[INFO] [stdout]     row: 3,
[INFO] [stdout]     col: 3,
[INFO] [stdout]     len: 3,
[INFO] [stdout]     tick: 2,
[INFO] [stdout]     gear: true,
[INFO] [stdout] }
[INFO] [stdout] # digit overlaps gear: Digit { location: Patch { row: 2, col: 2, len: 2, tick: 1, gear: false }, value: 11, tick: 1, available: true }
[INFO] [stdout] # digit overlaps gear: Digit { location: Patch { row: 3, col: 2, len: 2, tick: 2, gear: false }, value: 11, tick: 2, available: true }
[INFO] [stdout] # digit overlaps gear: Digit { location: Patch { row: 3, col: 5, len: 1, tick: 2, gear: false }, value: 2, tick: 2, available: true }
[INFO] [stdout] # digit overlaps gear: Digit { location: Patch { row: 4, col: 2, len: 2, tick: 3, gear: false }, value: 11, tick: 3, available: true }
[INFO] [stdout] # found a gear but without exactly two digits
[INFO] [stdout] # remaining digits [Digit { location: Patch { row: 2, col: 2, len: 2, tick: 1, gear: false }, value: 11, tick: 1, available: true }, Digit { location: Patch { row: 2, col: 7, len: 2, tick: 1, gear: false }, value: 11, tick: 1, available: true }, Digit { location: Patch { row: 3, col: 2, len: 2, tick: 2, gear: false }, value: 11, tick: 2, available: true }, Digit { location: Patch { row: 3, col: 5, len: 1, tick: 2, gear: false }, value: 2, tick: 2, available: true }, Digit { location: Patch { row: 3, col: 7, len: 2, tick: 2, gear: false }, value: 11, tick: 2, available: true }, Digit { location: Patch { row: 4, col: 2, len: 2, tick: 3, gear: false }, value: 11, tick: 3, available: true }, Digit { location: Patch { row: 4, col: 7, len: 2, tick: 3, gear: false }, value: 11, tick: 3, available: true }]
[INFO] [stdout] thread 'tests::gears' panicked at src/lib.rs:251:9:
[INFO] [stdout] assertion `left == right` failed
[INFO] [stdout]   left: (7, 1, 4, 121)
[INFO] [stdout]  right: (0, 6, 4, 22)
[INFO] [stdout] stack backtrace:
[INFO] [stdout]    0:     0x57e1de8809fa - std::backtrace_rs::backtrace::libunwind::trace::h8810477743020387
[INFO] [stdout]                                at /rustc/202008a1b8de96d2e5b6bc02d379db03a877d34d/library/std/src/../../backtrace/src/backtrace/libunwind.rs:116:5
[INFO] [stdout]    1:     0x57e1de8809fa - std::backtrace_rs::backtrace::trace_unsynchronized::h3aa55355dd6c54a6
[INFO] [stdout]                                at /rustc/202008a1b8de96d2e5b6bc02d379db03a877d34d/library/std/src/../../backtrace/src/backtrace/mod.rs:66:5
[INFO] [stdout]    2:     0x57e1de8809fa - std::sys::backtrace::_print_fmt::h8588b0f62410823f
[INFO] [stdout]                                at /rustc/202008a1b8de96d2e5b6bc02d379db03a877d34d/library/std/src/sys/backtrace.rs:66:9
[INFO] [stdout]    3:     0x57e1de8809fa - <std::sys::backtrace::BacktraceLock::print::DisplayBacktrace as core::fmt::Display>::fmt::h98c26ac25ffe89bb
[INFO] [stdout]                                at /rustc/202008a1b8de96d2e5b6bc02d379db03a877d34d/library/std/src/sys/backtrace.rs:39:26
[INFO] [stdout]    4:     0x57e1de8a64d3 - core::fmt::rt::Argument::fmt::hf95377f4aebd453b
[INFO] [stdout]                                at /rustc/202008a1b8de96d2e5b6bc02d379db03a877d34d/library/core/src/fmt/rt.rs:177:76
[INFO] [stdout]    5:     0x57e1de8a64d3 - core::fmt::write::h0dd5f6e2238c7982
[INFO] [stdout]                                at /rustc/202008a1b8de96d2e5b6bc02d379db03a877d34d/library/core/src/fmt/mod.rs:1189:21
[INFO] [stdout]    6:     0x57e1de87db93 - std::io::Write::write_fmt::h03bb0ca26e6faf8c
[INFO] [stdout]                                at /rustc/202008a1b8de96d2e5b6bc02d379db03a877d34d/library/std/src/io/mod.rs:1884:15
[INFO] [stdout]    7:     0x57e1de880842 - std::sys::backtrace::BacktraceLock::print::h5c19c1c038ee186d
[INFO] [stdout]                                at /rustc/202008a1b8de96d2e5b6bc02d379db03a877d34d/library/std/src/sys/backtrace.rs:42:9
[INFO] [stdout]    8:     0x57e1de881e7d - std::panicking::default_hook::{{closure}}::h77172f079a1fcb13
[INFO] [stdout]                                at /rustc/202008a1b8de96d2e5b6bc02d379db03a877d34d/library/std/src/panicking.rs:268:22
[INFO] [stdout]    9:     0x57e1de881c87 - std::panicking::default_hook::he5f8e3b203ccddba
[INFO] [stdout]                                at /rustc/202008a1b8de96d2e5b6bc02d379db03a877d34d/library/std/src/panicking.rs:292:9
[INFO] [stdout]   10:     0x57e1de80dff7 - <alloc::boxed::Box<F,A> as core::ops::function::Fn<Args>>::call::h7a3c7b4a1ae77f2f
[INFO] [stdout]                                at /rustc/202008a1b8de96d2e5b6bc02d379db03a877d34d/library/alloc/src/boxed.rs:1986:9
[INFO] [stdout]   11:     0x57e1de80dff7 - test::test_main::{{closure}}::hf0d3b69ae9b353d1
[INFO] [stdout]                                at /rustc/202008a1b8de96d2e5b6bc02d379db03a877d34d/library/test/src/lib.rs:134:21
[INFO] [stdout]   12:     0x57e1de882528 - <alloc::boxed::Box<F,A> as core::ops::function::Fn<Args>>::call::h6332e82e7b189abd
[INFO] [stdout]                                at /rustc/202008a1b8de96d2e5b6bc02d379db03a877d34d/library/alloc/src/boxed.rs:1986:9
[INFO] [stdout]   13:     0x57e1de882528 - std::panicking::rust_panic_with_hook::h53863d4e9018df39
[INFO] [stdout]                                at /rustc/202008a1b8de96d2e5b6bc02d379db03a877d34d/library/std/src/panicking.rs:809:13
[INFO] [stdout]   14:     0x57e1de8822ea - std::panicking::begin_panic_handler::{{closure}}::h67280e6fa0757873
[INFO] [stdout]                                at /rustc/202008a1b8de96d2e5b6bc02d379db03a877d34d/library/std/src/panicking.rs:674:13
[INFO] [stdout]   15:     0x57e1de880ed9 - std::sys::backtrace::__rust_end_short_backtrace::h1dac3f54d6fbbeb2
[INFO] [stdout]                                at /rustc/202008a1b8de96d2e5b6bc02d379db03a877d34d/library/std/src/sys/backtrace.rs:170:18
[INFO] [stdout]   16:     0x57e1de881f7c - rust_begin_unwind
[INFO] [stdout]                                at /rustc/202008a1b8de96d2e5b6bc02d379db03a877d34d/library/std/src/panicking.rs:665:5
[INFO] [stdout]   17:     0x57e1de7c4b50 - core::panicking::panic_fmt::h6792bd1b2bf01041
[INFO] [stdout]                                at /rustc/202008a1b8de96d2e5b6bc02d379db03a877d34d/library/core/src/panicking.rs:76:14
[INFO] [stdout]   18:     0x57e1de7c4f1b - core::panicking::assert_failed_inner::hf2c17e6d30928787
[INFO] [stdout]   19:     0x57e1de7d3fe4 - core::panicking::assert_failed::hdc46fa2afb4a57ec
[INFO] [stdout]                                at /rustc/202008a1b8de96d2e5b6bc02d379db03a877d34d/library/core/src/panicking.rs:373:5
[INFO] [stdout]   20:     0x57e1de7ce1f5 - l003::tests::gears::hfaa1edea61b2ea2c
[INFO] [stdout]                                at /opt/rustwide/workdir/src/lib.rs:251:9
[INFO] [stdout]   21:     0x57e1de7cde57 - l003::tests::gears::{{closure}}::hf4fb51cd08dd46ff
[INFO] [stdout]                                at /opt/rustwide/workdir/src/lib.rs:243:15
[INFO] [stdout]   22:     0x57e1de7cf676 - core::ops::function::FnOnce::call_once::he28ce0e03f3841bc
[INFO] [stdout]                                at /rustc/202008a1b8de96d2e5b6bc02d379db03a877d34d/library/core/src/ops/function.rs:250:5
[INFO] [stdout]   23:     0x57e1de812b1b - core::ops::function::FnOnce::call_once::h871bf86719ec9aa4
[INFO] [stdout]                                at /rustc/202008a1b8de96d2e5b6bc02d379db03a877d34d/library/core/src/ops/function.rs:250:5
[INFO] [stdout]   24:     0x57e1de812b1b - test::__rust_begin_short_backtrace::h2167df1e2b7d76fd
[INFO] [stdout]                                at /rustc/202008a1b8de96d2e5b6bc02d379db03a877d34d/library/test/src/lib.rs:632:18
[INFO] [stdout]   25:     0x57e1de812508 - test::run_test_in_process::{{closure}}::h15d92f75a3adfb79
[INFO] [stdout]                                at /rustc/202008a1b8de96d2e5b6bc02d379db03a877d34d/library/test/src/lib.rs:655:60
[INFO] [stdout]   26:     0x57e1de812508 - <core::panic::unwind_safe::AssertUnwindSafe<F> as core::ops::function::FnOnce<()>>::call_once::hb6c8955835a8dbbb
[INFO] [stdout]                                at /rustc/202008a1b8de96d2e5b6bc02d379db03a877d34d/library/core/src/panic/unwind_safe.rs:272:9
[INFO] [stdout]   27:     0x57e1de812508 - std::panicking::try::do_call::hc79d0fc888a0bd30
[INFO] [stdout]                                at /rustc/202008a1b8de96d2e5b6bc02d379db03a877d34d/library/std/src/panicking.rs:557:40
[INFO] [stdout]   28:     0x57e1de812508 - std::panicking::try::hb8a7878e3a8589d6
[INFO] [stdout]                                at /rustc/202008a1b8de96d2e5b6bc02d379db03a877d34d/library/std/src/panicking.rs:520:19
[INFO] [stdout]   29:     0x57e1de812508 - std::panic::catch_unwind::hb8e4600ff0ff5cfa
[INFO] [stdout]                                at /rustc/202008a1b8de96d2e5b6bc02d379db03a877d34d/library/std/src/panic.rs:358:14
[INFO] [stdout]   30:     0x57e1de812508 - test::run_test_in_process::hc2900b0b18688dd6
[INFO] [stdout]                                at /rustc/202008a1b8de96d2e5b6bc02d379db03a877d34d/library/test/src/lib.rs:655:27
[INFO] [stdout]   31:     0x57e1de812508 - test::run_test::{{closure}}::hac2a9cb07be3d48d
[INFO] [stdout]                                at /rustc/202008a1b8de96d2e5b6bc02d379db03a877d34d/library/test/src/lib.rs:576:43
[INFO] [stdout]   32:     0x57e1de7d5faa - test::run_test::{{closure}}::h4a5b729e66a38cd8
[INFO] [stdout]                                at /rustc/202008a1b8de96d2e5b6bc02d379db03a877d34d/library/test/src/lib.rs:606:41
[INFO] [stdout]   33:     0x57e1de7d5faa - std::sys::backtrace::__rust_begin_short_backtrace::h0496fb742492f573
[INFO] [stdout]                                at /rustc/202008a1b8de96d2e5b6bc02d379db03a877d34d/library/std/src/sys/backtrace.rs:154:18
[INFO] [stdout]   34:     0x57e1de7d9924 - std::thread::Builder::spawn_unchecked_::{{closure}}::{{closure}}::hbb6d257c550a54bd
[INFO] [stdout]                                at /rustc/202008a1b8de96d2e5b6bc02d379db03a877d34d/library/std/src/thread/mod.rs:561:17
[INFO] [stdout]   35:     0x57e1de7d9924 - <core::panic::unwind_safe::AssertUnwindSafe<F> as core::ops::function::FnOnce<()>>::call_once::h46696fe4a6832328
[INFO] [stdout]                                at /rustc/202008a1b8de96d2e5b6bc02d379db03a877d34d/library/core/src/panic/unwind_safe.rs:272:9
[INFO] [stdout]   36:     0x57e1de7d9924 - std::panicking::try::do_call::h2625a51b667bfb64
[INFO] [stdout]                                at /rustc/202008a1b8de96d2e5b6bc02d379db03a877d34d/library/std/src/panicking.rs:557:40
[INFO] [stdout]   37:     0x57e1de7d9924 - std::panicking::try::hb956a59a1973aa4c
[INFO] [stdout]                                at /rustc/202008a1b8de96d2e5b6bc02d379db03a877d34d/library/std/src/panicking.rs:520:19
[INFO] [stdout]   38:     0x57e1de7d9924 - std::panic::catch_unwind::h64f3b9d1067ef6a0
[INFO] [stdout]                                at /rustc/202008a1b8de96d2e5b6bc02d379db03a877d34d/library/std/src/panic.rs:358:14
[INFO] [stdout]   39:     0x57e1de7d9924 - std::thread::Builder::spawn_unchecked_::{{closure}}::h42b2841295b6c0b2
[INFO] [stdout]                                at /rustc/202008a1b8de96d2e5b6bc02d379db03a877d34d/library/std/src/thread/mod.rs:559:30
[INFO] [stdout]   40:     0x57e1de7d9924 - core::ops::function::FnOnce::call_once{{vtable.shim}}::h6127de71b8124639
[INFO] [stdout]                                at /rustc/202008a1b8de96d2e5b6bc02d379db03a877d34d/library/core/src/ops/function.rs:250:5
[INFO] [stdout]   41:     0x57e1de88647b - <alloc::boxed::Box<F,A> as core::ops::function::FnOnce<Args>>::call_once::h42f0ba71002a1b2c
[INFO] [stdout]                                at /rustc/202008a1b8de96d2e5b6bc02d379db03a877d34d/library/alloc/src/boxed.rs:1972:9
[INFO] [stdout]   42:     0x57e1de88647b - <alloc::boxed::Box<F,A> as core::ops::function::FnOnce<Args>>::call_once::had9e47d7a3dcecb8
[INFO] [stdout]                                at /rustc/202008a1b8de96d2e5b6bc02d379db03a877d34d/library/alloc/src/boxed.rs:1972:9
[INFO] [stdout]   43:     0x57e1de88647b - std::sys::pal::unix::thread::Thread::new::thread_start::h48cf765408f6f5f2
[INFO] [stdout]                                at /rustc/202008a1b8de96d2e5b6bc02d379db03a877d34d/library/std/src/sys/pal/unix/thread.rs:105:17
[INFO] [stdout]   44:     0x7d6bc4b76ac3 - <unknown>
[INFO] [stdout]   45:     0x7d6bc4c07a04 - clone
[INFO] [stdout]   46:                0x0 - <unknown>
[INFO] [stdout] 
[INFO] [stdout] ---- tests::corner_patches stdout ----
[INFO] [stdout]  tick at start 0
[INFO] [stdout]  A11...11A
[INFO] [stdout] # remaining digits [Digit { location: Patch { row: 1, col: 2, len: 2, tick: 0, gear: false }, value: 11, tick: 0, available: true }, Digit { location: Patch { row: 1, col: 7, len: 2, tick: 0, gear: false }, value: 11, tick: 0, available: true }]
[INFO] [stdout]  tick at start 1
[INFO] [stdout]  .11...11.
[INFO] [stdout] # remaining digits [Digit { location: Patch { row: 1, col: 2, len: 2, tick: 0, gear: false }, value: 11, tick: 0, available: true }, Digit { location: Patch { row: 1, col: 7, len: 2, tick: 0, gear: false }, value: 11, tick: 0, available: true }, Digit { location: Patch { row: 2, col: 2, len: 2, tick: 1, gear: false }, value: 11, tick: 1, available: true }, Digit { location: Patch { row: 2, col: 7, len: 2, tick: 1, gear: false }, value: 11, tick: 1, available: true }]
[INFO] [stdout]  tick at start 2
[INFO] [stdout]  .11...11.
[INFO] [stdout] # remaining digits [Digit { location: Patch { row: 1, col: 2, len: 2, tick: 0, gear: false }, value: 11, tick: 0, available: true }, Digit { location: Patch { row: 1, col: 7, len: 2, tick: 0, gear: false }, value: 11, tick: 0, available: true }, Digit { location: Patch { row: 2, col: 2, len: 2, tick: 1, gear: false }, value: 11, tick: 1, available: true }, Digit { location: Patch { row: 2, col: 7, len: 2, tick: 1, gear: false }, value: 11, tick: 1, available: true }, Digit { location: Patch { row: 3, col: 2, len: 2, tick: 2, gear: false }, value: 11, tick: 2, available: true }, Digit { location: Patch { row: 3, col: 7, len: 2, tick: 2, gear: false }, value: 11, tick: 2, available: true }]
[INFO] [stdout]  tick at start 3
[INFO] [stdout]  A11...11A
[INFO] [stdout] # remaining digits [Digit { location: Patch { row: 2, col: 2, len: 2, tick: 1, gear: false }, value: 11, tick: 1, available: true }, Digit { location: Patch { row: 2, col: 7, len: 2, tick: 1, gear: false }, value: 11, tick: 1, available: true }, Digit { location: Patch { row: 3, col: 2, len: 2, tick: 2, gear: false }, value: 11, tick: 2, available: true }, Digit { location: Patch { row: 3, col: 7, len: 2, tick: 2, gear: false }, value: 11, tick: 2, available: true }, Digit { location: Patch { row: 4, col: 2, len: 2, tick: 3, gear: false }, value: 11, tick: 3, available: true }, Digit { location: Patch { row: 4, col: 7, len: 2, tick: 3, gear: false }, value: 11, tick: 3, available: true }]
[INFO] [stdout] thread 'tests::corner_patches' panicked at src/lib.rs:239:9:
[INFO] [stdout] assertion `left == right` failed
[INFO] [stdout]   left: (6, 0, 4, 0)
[INFO] [stdout]  right: (0, 6, 4, 88)
[INFO] [stdout] stack backtrace:
[INFO] [stdout]    0:     0x57e1de8809fa - std::backtrace_rs::backtrace::libunwind::trace::h8810477743020387
[INFO] [stdout]                                at /rustc/202008a1b8de96d2e5b6bc02d379db03a877d34d/library/std/src/../../backtrace/src/backtrace/libunwind.rs:116:5
[INFO] [stdout]    1:     0x57e1de8809fa - std::backtrace_rs::backtrace::trace_unsynchronized::h3aa55355dd6c54a6
[INFO] [stdout]                                at /rustc/202008a1b8de96d2e5b6bc02d379db03a877d34d/library/std/src/../../backtrace/src/backtrace/mod.rs:66:5
[INFO] [stdout]    2:     0x57e1de8809fa - std::sys::backtrace::_print_fmt::h8588b0f62410823f
[INFO] [stdout]                                at /rustc/202008a1b8de96d2e5b6bc02d379db03a877d34d/library/std/src/sys/backtrace.rs:66:9
[INFO] [stdout]    3:     0x57e1de8809fa - <std::sys::backtrace::BacktraceLock::print::DisplayBacktrace as core::fmt::Display>::fmt::h98c26ac25ffe89bb
[INFO] [stdout]                                at /rustc/202008a1b8de96d2e5b6bc02d379db03a877d34d/library/std/src/sys/backtrace.rs:39:26
[INFO] [stdout]    4:     0x57e1de8a64d3 - core::fmt::rt::Argument::fmt::hf95377f4aebd453b
[INFO] [stdout]                                at /rustc/202008a1b8de96d2e5b6bc02d379db03a877d34d/library/core/src/fmt/rt.rs:177:76
[INFO] [stdout]    5:     0x57e1de8a64d3 - core::fmt::write::h0dd5f6e2238c7982
[INFO] [stdout]                                at /rustc/202008a1b8de96d2e5b6bc02d379db03a877d34d/library/core/src/fmt/mod.rs:1189:21
[INFO] [stdout]    6:     0x57e1de87db93 - std::io::Write::write_fmt::h03bb0ca26e6faf8c
[INFO] [stdout]                                at /rustc/202008a1b8de96d2e5b6bc02d379db03a877d34d/library/std/src/io/mod.rs:1884:15
[INFO] [stdout]    7:     0x57e1de880842 - std::sys::backtrace::BacktraceLock::print::h5c19c1c038ee186d
[INFO] [stdout]                                at /rustc/202008a1b8de96d2e5b6bc02d379db03a877d34d/library/std/src/sys/backtrace.rs:42:9
[INFO] [stdout]    8:     0x57e1de881e7d - std::panicking::default_hook::{{closure}}::h77172f079a1fcb13
[INFO] [stdout]                                at /rustc/202008a1b8de96d2e5b6bc02d379db03a877d34d/library/std/src/panicking.rs:268:22
[INFO] [stdout]    9:     0x57e1de881c87 - std::panicking::default_hook::he5f8e3b203ccddba
[INFO] [stdout]                                at /rustc/202008a1b8de96d2e5b6bc02d379db03a877d34d/library/std/src/panicking.rs:292:9
[INFO] [stdout]   10:     0x57e1de80dff7 - <alloc::boxed::Box<F,A> as core::ops::function::Fn<Args>>::call::h7a3c7b4a1ae77f2f
[INFO] [stdout]                                at /rustc/202008a1b8de96d2e5b6bc02d379db03a877d34d/library/alloc/src/boxed.rs:1986:9
[INFO] [stdout]   11:     0x57e1de80dff7 - test::test_main::{{closure}}::hf0d3b69ae9b353d1
[INFO] [stdout]                                at /rustc/202008a1b8de96d2e5b6bc02d379db03a877d34d/library/test/src/lib.rs:134:21
[INFO] [stdout]   12:     0x57e1de882528 - <alloc::boxed::Box<F,A> as core::ops::function::Fn<Args>>::call::h6332e82e7b189abd
[INFO] [stdout]                                at /rustc/202008a1b8de96d2e5b6bc02d379db03a877d34d/library/alloc/src/boxed.rs:1986:9
[INFO] [stdout]   13:     0x57e1de882528 - std::panicking::rust_panic_with_hook::h53863d4e9018df39
[INFO] [stdout]                                at /rustc/202008a1b8de96d2e5b6bc02d379db03a877d34d/library/std/src/panicking.rs:809:13
[INFO] [stdout]   14:     0x57e1de8822ea - std::panicking::begin_panic_handler::{{closure}}::h67280e6fa0757873
[INFO] [stdout]                                at /rustc/202008a1b8de96d2e5b6bc02d379db03a877d34d/library/std/src/panicking.rs:674:13
[INFO] [stdout]   15:     0x57e1de880ed9 - std::sys::backtrace::__rust_end_short_backtrace::h1dac3f54d6fbbeb2
[INFO] [stdout]                                at /rustc/202008a1b8de96d2e5b6bc02d379db03a877d34d/library/std/src/sys/backtrace.rs:170:18
[INFO] [stdout]   16:     0x57e1de881f7c - rust_begin_unwind
[INFO] [stdout]                                at /rustc/202008a1b8de96d2e5b6bc02d379db03a877d34d/library/std/src/panicking.rs:665:5
[INFO] [stdout]   17:     0x57e1de7c4b50 - core::panicking::panic_fmt::h6792bd1b2bf01041
[INFO] [stdout]                                at /rustc/202008a1b8de96d2e5b6bc02d379db03a877d34d/library/core/src/panicking.rs:76:14
[INFO] [stdout]   18:     0x57e1de7c4f1b - core::panicking::assert_failed_inner::hf2c17e6d30928787
[INFO] [stdout]   19:     0x57e1de7d3fe4 - core::panicking::assert_failed::hdc46fa2afb4a57ec
[INFO] [stdout]                                at /rustc/202008a1b8de96d2e5b6bc02d379db03a877d34d/library/core/src/panicking.rs:373:5
[INFO] [stdout]   20:     0x57e1de7cddf5 - l003::tests::corner_patches::h19aeeb818409af79
[INFO] [stdout]                                at /opt/rustwide/workdir/src/lib.rs:239:9
[INFO] [stdout]   21:     0x57e1de7cda57 - l003::tests::corner_patches::{{closure}}::h2852571dfa1d6b89
[INFO] [stdout]                                at /opt/rustwide/workdir/src/lib.rs:231:24
[INFO] [stdout]   22:     0x57e1de7cf6b6 - core::ops::function::FnOnce::call_once::he54684a9708d2bbe
[INFO] [stdout]                                at /rustc/202008a1b8de96d2e5b6bc02d379db03a877d34d/library/core/src/ops/function.rs:250:5
[INFO] [stdout]   23:     0x57e1de812b1b - core::ops::function::FnOnce::call_once::h871bf86719ec9aa4
[INFO] [stdout]                                at /rustc/202008a1b8de96d2e5b6bc02d379db03a877d34d/library/core/src/ops/function.rs:250:5
[INFO] [stdout]   24:     0x57e1de812b1b - test::__rust_begin_short_backtrace::h2167df1e2b7d76fd
[INFO] [stdout]                                at /rustc/202008a1b8de96d2e5b6bc02d379db03a877d34d/library/test/src/lib.rs:632:18
[INFO] [stdout]   25:     0x57e1de812508 - test::run_test_in_process::{{closure}}::h15d92f75a3adfb79
[INFO] [stdout]                                at /rustc/202008a1b8de96d2e5b6bc02d379db03a877d34d/library/test/src/lib.rs:655:60
[INFO] [stdout]   26:     0x57e1de812508 - <core::panic::unwind_safe::AssertUnwindSafe<F> as core::ops::function::FnOnce<()>>::call_once::hb6c8955835a8dbbb
[INFO] [stdout]                                at /rustc/202008a1b8de96d2e5b6bc02d379db03a877d34d/library/core/src/panic/unwind_safe.rs:272:9
[INFO] [stdout]   27:     0x57e1de812508 - std::panicking::try::do_call::hc79d0fc888a0bd30
[INFO] [stdout]                                at /rustc/202008a1b8de96d2e5b6bc02d379db03a877d34d/library/std/src/panicking.rs:557:40
[INFO] [stdout]   28:     0x57e1de812508 - std::panicking::try::hb8a7878e3a8589d6
[INFO] [stdout]                                at /rustc/202008a1b8de96d2e5b6bc02d379db03a877d34d/library/std/src/panicking.rs:520:19
[INFO] [stdout]   29:     0x57e1de812508 - std::panic::catch_unwind::hb8e4600ff0ff5cfa
[INFO] [stdout]                                at /rustc/202008a1b8de96d2e5b6bc02d379db03a877d34d/library/std/src/panic.rs:358:14
[INFO] [stdout]   30:     0x57e1de812508 - test::run_test_in_process::hc2900b0b18688dd6
[INFO] [stdout]                                at /rustc/202008a1b8de96d2e5b6bc02d379db03a877d34d/library/test/src/lib.rs:655:27
[INFO] [stdout]   31:     0x57e1de812508 - test::run_test::{{closure}}::hac2a9cb07be3d48d
[INFO] [stdout]                                at /rustc/202008a1b8de96d2e5b6bc02d379db03a877d34d/library/test/src/lib.rs:576:43
[INFO] [stdout]   32:     0x57e1de7d5faa - test::run_test::{{closure}}::h4a5b729e66a38cd8
[INFO] [stdout]                                at /rustc/202008a1b8de96d2e5b6bc02d379db03a877d34d/library/test/src/lib.rs:606:41
[INFO] [stdout]   33:     0x57e1de7d5faa - std::sys::backtrace::__rust_begin_short_backtrace::h0496fb742492f573
[INFO] [stdout]                                at /rustc/202008a1b8de96d2e5b6bc02d379db03a877d34d/library/std/src/sys/backtrace.rs:154:18
[INFO] [stdout]   34:     0x57e1de7d9924 - std::thread::Builder::spawn_unchecked_::{{closure}}::{{closure}}::hbb6d257c550a54bd
[INFO] [stdout]                                at /rustc/202008a1b8de96d2e5b6bc02d379db03a877d34d/library/std/src/thread/mod.rs:561:17
[INFO] [stdout]   35:     0x57e1de7d9924 - <core::panic::unwind_safe::AssertUnwindSafe<F> as core::ops::function::FnOnce<()>>::call_once::h46696fe4a6832328
[INFO] [stdout]                                at /rustc/202008a1b8de96d2e5b6bc02d379db03a877d34d/library/core/src/panic/unwind_safe.rs:272:9
[INFO] [stdout]   36:     0x57e1de7d9924 - std::panicking::try::do_call::h2625a51b667bfb64
[INFO] [stdout]                                at /rustc/202008a1b8de96d2e5b6bc02d379db03a877d34d/library/std/src/panicking.rs:557:40
[INFO] [stdout]   37:     0x57e1de7d9924 - std::panicking::try::hb956a59a1973aa4c
[INFO] [stdout]                                at /rustc/202008a1b8de96d2e5b6bc02d379db03a877d34d/library/std/src/panicking.rs:520:19
[INFO] [stdout]   38:     0x57e1de7d9924 - std::panic::catch_unwind::h64f3b9d1067ef6a0
[INFO] [stdout]                                at /rustc/202008a1b8de96d2e5b6bc02d379db03a877d34d/library/std/src/panic.rs:358:14
[INFO] [stdout]   39:     0x57e1de7d9924 - std::thread::Builder::spawn_unchecked_::{{closure}}::h42b2841295b6c0b2
[INFO] [stdout]                                at /rustc/202008a1b8de96d2e5b6bc02d379db03a877d34d/library/std/src/thread/mod.rs:559:30
[INFO] [stdout]   40:     0x57e1de7d9924 - core::ops::function::FnOnce::call_once{{vtable.shim}}::h6127de71b8124639
[INFO] [stdout]                                at /rustc/202008a1b8de96d2e5b6bc02d379db03a877d34d/library/core/src/ops/function.rs:250:5
[INFO] [stdout]   41:     0x57e1de88647b - <alloc::boxed::Box<F,A> as core::ops::function::FnOnce<Args>>::call_once::h42f0ba71002a1b2c
[INFO] [stdout]                                at /rustc/202008a1b8de96d2e5b6bc02d379db03a877d34d/library/alloc/src/boxed.rs:1972:9
[INFO] [stdout]   42:     0x57e1de88647b - <alloc::boxed::Box<F,A> as core::ops::function::FnOnce<Args>>::call_once::had9e47d7a3dcecb8
[INFO] [stdout]                                at /rustc/202008a1b8de96d2e5b6bc02d379db03a877d34d/library/alloc/src/boxed.rs:1972:9
[INFO] [stdout]   43:     0x57e1de88647b - std::sys::pal::unix::thread::Thread::new::thread_start::h48cf765408f6f5f2
[INFO] [stdout]                                at /rustc/202008a1b8de96d2e5b6bc02d379db03a877d34d/library/std/src/sys/pal/unix/thread.rs:105:17
[INFO] [stdout]   44:     0x7d6bc4b76ac3 - <unknown>
[INFO] [stdout]   45:     0x7d6bc4c07a04 - clone
[INFO] [stdout]   46:                0x0 - <unknown>
[INFO] [stdout] 
[INFO] [stdout] 
[INFO] [stdout] failures:
[INFO] [stdout]     tests::corner_patches
[INFO] [stdout]     tests::gears
[INFO] [stdout] 
[INFO] [stdout] test result: FAILED. 4 passed; 2 failed; 0 ignored; 0 measured; 0 filtered out; finished in 0.08s
[INFO] [stdout] 
[INFO] [stderr] error: test failed, to rerun pass `--lib`
[INFO] running `Command { std: "docker" "inspect" "5ffcfefacc99211eeeb674d3463f68ce5ef4bbe106e8fd3eb456b90ebe35a538", kill_on_drop: false }`
[INFO] running `Command { std: "docker" "rm" "-f" "5ffcfefacc99211eeeb674d3463f68ce5ef4bbe106e8fd3eb456b90ebe35a538", kill_on_drop: false }`
[INFO] [stdout] 5ffcfefacc99211eeeb674d3463f68ce5ef4bbe106e8fd3eb456b90ebe35a538
