[INFO] cloning repository https://github.com/confused-ace-noises/qbit-rust
[INFO] running `Command { std: "git" "-c" "credential.helper=" "-c" "credential.helper=/workspace/cargo-home/bin/git-credential-null" "clone" "--bare" "https://github.com/confused-ace-noises/qbit-rust" "/workspace/cache/git-repos/https%3A%2F%2Fgithub.com%2Fconfused-ace-noises%2Fqbit-rust", kill_on_drop: false }`
[INFO] [stderr] Cloning into bare repository '/workspace/cache/git-repos/https%3A%2F%2Fgithub.com%2Fconfused-ace-noises%2Fqbit-rust'...
[INFO] running `Command { std: "git" "rev-parse" "HEAD", kill_on_drop: false }`
[INFO] [stdout] 372fa4876c014b209ef0b915fe92c27c61ed408b
[INFO] testing confused-ace-noises/qbit-rust against 1.83.0 for beta-1.84.0-4-retry
[INFO] running `Command { std: "git" "clone" "/workspace/cache/git-repos/https%3A%2F%2Fgithub.com%2Fconfused-ace-noises%2Fqbit-rust" "/workspace/builds/worker-3-tc1/source", kill_on_drop: false }`
[INFO] [stderr] Cloning into '/workspace/builds/worker-3-tc1/source'...
[INFO] [stderr] done.
[INFO] validating manifest of git repo https://github.com/confused-ace-noises/qbit-rust on toolchain 1.83.0
[INFO] running `Command { std: CARGO_HOME="/workspace/cargo-home" RUSTUP_HOME="/workspace/rustup-home" "/workspace/cargo-home/bin/cargo" "+1.83.0" "metadata" "--manifest-path" "Cargo.toml" "--no-deps", kill_on_drop: false }`
[INFO] started tweaking git repo https://github.com/confused-ace-noises/qbit-rust
[INFO] finished tweaking git repo https://github.com/confused-ace-noises/qbit-rust
[INFO] tweaked toml for git repo https://github.com/confused-ace-noises/qbit-rust written to /workspace/builds/worker-3-tc1/source/Cargo.toml
[INFO] crate git repo https://github.com/confused-ace-noises/qbit-rust already has a lockfile, it will not be regenerated
[INFO] running `Command { std: CARGO_HOME="/workspace/cargo-home" RUSTUP_HOME="/workspace/rustup-home" "/workspace/cargo-home/bin/cargo" "+1.83.0" "fetch" "--manifest-path" "Cargo.toml", kill_on_drop: false }`
[INFO] [stderr] warning: profiles for the non root package will be ignored, specify profiles at the workspace root:
[INFO] [stderr] package:   /workspace/builds/worker-3-tc1/source/qbittorrent_rust/Cargo.toml
[INFO] [stderr] workspace: /workspace/builds/worker-3-tc1/source/Cargo.toml
[INFO] [stderr] warning: virtual workspace defaulting to `resolver = "1"` despite one or more workspace members being on edition 2021 which implies `resolver = "2"`
[INFO] [stderr] note: to keep the current resolver, specify `workspace.resolver = "1"` in the workspace root's manifest
[INFO] [stderr] note: to use the edition 2021 resolver, specify `workspace.resolver = "2"` in the workspace root's manifest
[INFO] [stderr] note: for more details see https://doc.rust-lang.org/cargo/reference/resolver.html#resolver-versions
[INFO] [stderr]     Updating crates.io index
[INFO] [stderr]  Downloading crates ...
[INFO] [stderr]   Downloaded proc_macros_qbittorrent_rust v0.1.5
[INFO] running `Command { std: "docker" "create" "-v" "/var/lib/crater-agent-workspace/builds/worker-3-tc1/target:/opt/rustwide/target:rw,Z" "-v" "/var/lib/crater-agent-workspace/builds/worker-3-tc1/source:/opt/rustwide/workdir:ro,Z" "-v" "/var/lib/crater-agent-workspace/cargo-home:/opt/rustwide/cargo-home:ro,Z" "-v" "/var/lib/crater-agent-workspace/rustup-home:/opt/rustwide/rustup-home:ro,Z" "-e" "SOURCE_DIR=/opt/rustwide/workdir" "-e" "CARGO_TARGET_DIR=/opt/rustwide/target" "-e" "CARGO_HOME=/opt/rustwide/cargo-home" "-e" "RUSTUP_HOME=/opt/rustwide/rustup-home" "-w" "/opt/rustwide/workdir" "-m" "1610612736" "--user" "0:0" "--network" "none" "ghcr.io/rust-lang/crates-build-env/linux@sha256:f3a9d4ad9d972b27faf3965f35b62e55ba32bbce8f20bc8fe909558a86702fde" "/opt/rustwide/cargo-home/bin/cargo" "+1.83.0" "metadata" "--no-deps" "--format-version=1", kill_on_drop: false }`
[INFO] [stdout] 145ce9d5fc8855d345434d80c9a0f9a475a72cdd670911e5f02c3cc299c2aa24
[INFO] running `Command { std: "docker" "start" "-a" "145ce9d5fc8855d345434d80c9a0f9a475a72cdd670911e5f02c3cc299c2aa24", kill_on_drop: false }`
[INFO] running `Command { std: "docker" "inspect" "145ce9d5fc8855d345434d80c9a0f9a475a72cdd670911e5f02c3cc299c2aa24", kill_on_drop: false }`
[INFO] running `Command { std: "docker" "rm" "-f" "145ce9d5fc8855d345434d80c9a0f9a475a72cdd670911e5f02c3cc299c2aa24", kill_on_drop: false }`
[INFO] [stdout] 145ce9d5fc8855d345434d80c9a0f9a475a72cdd670911e5f02c3cc299c2aa24
[INFO] running `Command { std: "docker" "create" "-v" "/var/lib/crater-agent-workspace/builds/worker-3-tc1/target:/opt/rustwide/target:rw,Z" "-v" "/var/lib/crater-agent-workspace/builds/worker-3-tc1/source:/opt/rustwide/workdir:ro,Z" "-v" "/var/lib/crater-agent-workspace/cargo-home:/opt/rustwide/cargo-home:ro,Z" "-v" "/var/lib/crater-agent-workspace/rustup-home:/opt/rustwide/rustup-home:ro,Z" "-e" "SOURCE_DIR=/opt/rustwide/workdir" "-e" "CARGO_TARGET_DIR=/opt/rustwide/target" "-e" "CARGO_INCREMENTAL=0" "-e" "RUST_BACKTRACE=full" "-e" "RUSTFLAGS=--cap-lints=warn" "-e" "RUSTDOCFLAGS=--cap-lints=warn" "-e" "CARGO_HOME=/opt/rustwide/cargo-home" "-e" "RUSTUP_HOME=/opt/rustwide/rustup-home" "-w" "/opt/rustwide/workdir" "-m" "1610612736" "--user" "0:0" "--network" "none" "ghcr.io/rust-lang/crates-build-env/linux@sha256:f3a9d4ad9d972b27faf3965f35b62e55ba32bbce8f20bc8fe909558a86702fde" "/opt/rustwide/cargo-home/bin/cargo" "+1.83.0" "build" "--frozen" "--message-format=json", kill_on_drop: false }`
[INFO] [stdout] 2ec800b6ee97b63f0441166c6b1ed6d3db6af81ae133fa22b64bf75740b5db92
[INFO] running `Command { std: "docker" "start" "-a" "2ec800b6ee97b63f0441166c6b1ed6d3db6af81ae133fa22b64bf75740b5db92", kill_on_drop: false }`
[INFO] [stderr] warning: profiles for the non root package will be ignored, specify profiles at the workspace root:
[INFO] [stderr] package:   /opt/rustwide/workdir/qbittorrent_rust/Cargo.toml
[INFO] [stderr] workspace: /opt/rustwide/workdir/Cargo.toml
[INFO] [stderr] warning: virtual workspace defaulting to `resolver = "1"` despite one or more workspace members being on edition 2021 which implies `resolver = "2"`
[INFO] [stderr] note: to keep the current resolver, specify `workspace.resolver = "1"` in the workspace root's manifest
[INFO] [stderr] note: to use the edition 2021 resolver, specify `workspace.resolver = "2"` in the workspace root's manifest
[INFO] [stderr] note: for more details see https://doc.rust-lang.org/cargo/reference/resolver.html#resolver-versions
[INFO] [stderr]    Compiling proc-macro2 v1.0.92
[INFO] [stderr]    Compiling unicode-ident v1.0.14
[INFO] [stderr]    Compiling libc v0.2.167
[INFO] [stderr]    Compiling autocfg v1.4.0
[INFO] [stderr]    Compiling smallvec v1.13.2
[INFO] [stderr]    Compiling stable_deref_trait v1.2.0
[INFO] [stderr]    Compiling cfg-if v1.0.0
[INFO] [stderr]    Compiling pin-project-lite v0.2.15
[INFO] [stderr]    Compiling bytes v1.9.0
[INFO] [stderr]    Compiling shlex v1.3.0
[INFO] [stderr]    Compiling parking_lot_core v0.9.10
[INFO] [stderr]    Compiling once_cell v1.20.2
[INFO] [stderr]    Compiling itoa v1.0.14
[INFO] [stderr]    Compiling pkg-config v0.3.31
[INFO] [stderr]    Compiling scopeguard v1.2.0
[INFO] [stderr]    Compiling vcpkg v0.2.15
[INFO] [stderr]    Compiling futures-core v0.3.31
[INFO] [stderr]    Compiling litemap v0.7.4
[INFO] [stderr]    Compiling writeable v0.5.5
[INFO] [stderr]    Compiling futures-sink v0.3.31
[INFO] [stderr]    Compiling fnv v1.0.7
[INFO] [stderr]    Compiling memchr v2.7.4
[INFO] [stderr]    Compiling icu_locid_transform_data v1.5.0
[INFO] [stderr]    Compiling futures-task v0.3.31
[INFO] [stderr]    Compiling httparse v1.9.5
[INFO] [stderr]    Compiling equivalent v1.0.1
[INFO] [stderr]    Compiling pin-utils v0.1.0
[INFO] [stderr]    Compiling cc v1.2.2
[INFO] [stderr]    Compiling openssl v0.10.68
[INFO] [stderr]    Compiling tracing-core v0.1.33
[INFO] [stderr]    Compiling icu_properties_data v1.5.0
[INFO] [stderr]    Compiling foreign-types-shared v0.1.1
[INFO] [stderr]    Compiling hashbrown v0.15.2
[INFO] [stderr]    Compiling futures-io v0.3.31
[INFO] [stderr]    Compiling foreign-types v0.3.2
[INFO] [stderr]    Compiling native-tls v0.2.12
[INFO] [stderr]    Compiling bitflags v2.6.0
[INFO] [stderr]    Compiling serde v1.0.215
[INFO] [stderr]    Compiling tracing v0.1.41
[INFO] [stderr]    Compiling icu_normalizer_data v1.5.0
[INFO] [stderr]    Compiling write16 v1.0.0
[INFO] [stderr]    Compiling atomic-waker v1.1.2
[INFO] [stderr]    Compiling utf16_iter v1.0.5
[INFO] [stderr]    Compiling http v1.2.0
[INFO] [stderr]    Compiling try-lock v0.2.5
[INFO] [stderr]    Compiling utf8_iter v1.0.4
[INFO] [stderr]    Compiling want v0.3.1
[INFO] [stderr]    Compiling futures-channel v0.3.31
[INFO] [stderr]    Compiling indexmap v2.7.0
[INFO] [stderr]    Compiling percent-encoding v2.3.1
[INFO] [stderr]    Compiling openssl-probe v0.1.5
[INFO] [stderr]    Compiling log v0.4.22
[INFO] [stderr]    Compiling unicase v2.8.0
[INFO] [stderr]    Compiling serde_json v1.0.133
[INFO] [stderr]    Compiling tower-service v0.3.3
[INFO] [stderr]    Compiling form_urlencoded v1.2.1
[INFO] [stderr]    Compiling ryu v1.0.18
[INFO] [stderr]    Compiling rustls-pki-types v1.10.0
[INFO] [stderr]    Compiling mime v0.3.17
[INFO] [stderr]    Compiling sync_wrapper v1.0.2
[INFO] [stderr]    Compiling encoding_rs v0.8.35
[INFO] [stderr]    Compiling base64 v0.22.1
[INFO] [stderr]    Compiling ipnet v2.10.1
[INFO] [stderr]    Compiling mime_guess v2.0.5
[INFO] [stderr]    Compiling rustls-pemfile v2.2.0
[INFO] [stderr]    Compiling quote v1.0.37
[INFO] [stderr]    Compiling http-body v1.0.1
[INFO] [stderr]    Compiling lock_api v0.4.12
[INFO] [stderr]    Compiling slab v0.4.9
[INFO] [stderr]    Compiling syn v2.0.90
[INFO] [stderr]    Compiling futures-util v0.3.31
[INFO] [stderr]    Compiling mio v1.0.3
[INFO] [stderr]    Compiling socket2 v0.5.8
[INFO] [stderr]    Compiling signal-hook-registry v1.4.2
[INFO] [stderr]    Compiling parking_lot v0.12.3
[INFO] [stderr]    Compiling openssl-sys v0.9.104
[INFO] [stderr]    Compiling http-body-util v0.1.2
[INFO] [stderr]    Compiling synstructure v0.13.1
[INFO] [stderr]    Compiling zerofrom-derive v0.1.5
[INFO] [stderr]    Compiling yoke-derive v0.7.5
[INFO] [stderr]    Compiling zerovec-derive v0.10.3
[INFO] [stderr]    Compiling displaydoc v0.2.5
[INFO] [stderr]    Compiling icu_provider_macros v1.5.0
[INFO] [stderr]    Compiling tokio-macros v2.4.0
[INFO] [stderr]    Compiling openssl-macros v0.1.1
[INFO] [stderr]    Compiling serde_derive v1.0.215
[INFO] [stderr]    Compiling proc_macros_qbittorrent_rust v0.1.5
[INFO] [stderr]    Compiling proc_macros_qbittorrent_rust v0.1.5 (/opt/rustwide/workdir/proc_macros_qbittorrent_rust)
[INFO] [stderr]    Compiling tokio v1.42.0
[INFO] [stderr]    Compiling zerofrom v0.1.5
[INFO] [stderr]    Compiling yoke v0.7.5
[INFO] [stderr]    Compiling zerovec v0.10.4
[INFO] [stderr]    Compiling tinystr v0.7.6
[INFO] [stderr]    Compiling icu_collections v1.5.0
[INFO] [stderr]    Compiling icu_locid v1.5.0
[INFO] [stderr]    Compiling icu_provider v1.5.0
[INFO] [stderr]    Compiling icu_locid_transform v1.5.0
[INFO] [stderr]    Compiling icu_properties v1.5.1
[INFO] [stderr]    Compiling tokio-util v0.7.13
[INFO] [stderr]    Compiling tokio-native-tls v0.3.1
[INFO] [stderr]    Compiling serde_urlencoded v0.7.1
[INFO] [stderr]    Compiling h2 v0.4.7
[INFO] [stderr]    Compiling icu_normalizer v1.5.0
[INFO] [stderr]    Compiling idna_adapter v1.2.0
[INFO] [stderr]    Compiling idna v1.0.3
[INFO] [stderr]    Compiling url v2.5.4
[INFO] [stderr]    Compiling hyper v1.5.1
[INFO] [stderr]    Compiling hyper-util v0.1.10
[INFO] [stderr]    Compiling hyper-tls v0.6.0
[INFO] [stderr]    Compiling reqwest v0.12.9
[INFO] [stderr]    Compiling qbittorrent_rust v0.1.2 (/opt/rustwide/workdir/qbittorrent_rust)
[INFO] [stderr]     Finished `dev` profile [unoptimized + debuginfo] target(s) in 1m 40s
[INFO] running `Command { std: "docker" "inspect" "2ec800b6ee97b63f0441166c6b1ed6d3db6af81ae133fa22b64bf75740b5db92", kill_on_drop: false }`
[INFO] running `Command { std: "docker" "rm" "-f" "2ec800b6ee97b63f0441166c6b1ed6d3db6af81ae133fa22b64bf75740b5db92", kill_on_drop: false }`
[INFO] [stdout] 2ec800b6ee97b63f0441166c6b1ed6d3db6af81ae133fa22b64bf75740b5db92
[INFO] running `Command { std: "docker" "create" "-v" "/var/lib/crater-agent-workspace/builds/worker-3-tc1/target:/opt/rustwide/target:rw,Z" "-v" "/var/lib/crater-agent-workspace/builds/worker-3-tc1/source:/opt/rustwide/workdir:ro,Z" "-v" "/var/lib/crater-agent-workspace/cargo-home:/opt/rustwide/cargo-home:ro,Z" "-v" "/var/lib/crater-agent-workspace/rustup-home:/opt/rustwide/rustup-home:ro,Z" "-e" "SOURCE_DIR=/opt/rustwide/workdir" "-e" "CARGO_TARGET_DIR=/opt/rustwide/target" "-e" "CARGO_INCREMENTAL=0" "-e" "RUST_BACKTRACE=full" "-e" "RUSTFLAGS=--cap-lints=warn" "-e" "RUSTDOCFLAGS=--cap-lints=warn" "-e" "CARGO_HOME=/opt/rustwide/cargo-home" "-e" "RUSTUP_HOME=/opt/rustwide/rustup-home" "-w" "/opt/rustwide/workdir" "-m" "1610612736" "--user" "0:0" "--network" "none" "ghcr.io/rust-lang/crates-build-env/linux@sha256:f3a9d4ad9d972b27faf3965f35b62e55ba32bbce8f20bc8fe909558a86702fde" "/opt/rustwide/cargo-home/bin/cargo" "+1.83.0" "test" "--frozen" "--no-run" "--message-format=json", kill_on_drop: false }`
[INFO] [stdout] c34a47a39cd3d53612d6b4532c1fdba55988019e90fd98b42c18aca56c5c7ecb
[INFO] running `Command { std: "docker" "start" "-a" "c34a47a39cd3d53612d6b4532c1fdba55988019e90fd98b42c18aca56c5c7ecb", kill_on_drop: false }`
[INFO] [stderr] warning: profiles for the non root package will be ignored, specify profiles at the workspace root:
[INFO] [stderr] package:   /opt/rustwide/workdir/qbittorrent_rust/Cargo.toml
[INFO] [stderr] workspace: /opt/rustwide/workdir/Cargo.toml
[INFO] [stderr] warning: virtual workspace defaulting to `resolver = "1"` despite one or more workspace members being on edition 2021 which implies `resolver = "2"`
[INFO] [stderr] note: to keep the current resolver, specify `workspace.resolver = "1"` in the workspace root's manifest
[INFO] [stderr] note: to use the edition 2021 resolver, specify `workspace.resolver = "2"` in the workspace root's manifest
[INFO] [stderr] note: for more details see https://doc.rust-lang.org/cargo/reference/resolver.html#resolver-versions
[INFO] [stderr]    Compiling proc_macros_qbittorrent_rust v0.1.5 (/opt/rustwide/workdir/proc_macros_qbittorrent_rust)
[INFO] [stderr]    Compiling qbittorrent_rust v0.1.2 (/opt/rustwide/workdir/qbittorrent_rust)
[INFO] [stderr]     Finished `test` profile [unoptimized + debuginfo] target(s) in 4.25s
[INFO] running `Command { std: "docker" "inspect" "c34a47a39cd3d53612d6b4532c1fdba55988019e90fd98b42c18aca56c5c7ecb", kill_on_drop: false }`
[INFO] running `Command { std: "docker" "rm" "-f" "c34a47a39cd3d53612d6b4532c1fdba55988019e90fd98b42c18aca56c5c7ecb", kill_on_drop: false }`
[INFO] [stdout] c34a47a39cd3d53612d6b4532c1fdba55988019e90fd98b42c18aca56c5c7ecb
[INFO] running `Command { std: "docker" "create" "-v" "/var/lib/crater-agent-workspace/builds/worker-3-tc1/target:/opt/rustwide/target:rw,Z" "-v" "/var/lib/crater-agent-workspace/builds/worker-3-tc1/source:/opt/rustwide/workdir:ro,Z" "-v" "/var/lib/crater-agent-workspace/cargo-home:/opt/rustwide/cargo-home:ro,Z" "-v" "/var/lib/crater-agent-workspace/rustup-home:/opt/rustwide/rustup-home:ro,Z" "-e" "SOURCE_DIR=/opt/rustwide/workdir" "-e" "CARGO_TARGET_DIR=/opt/rustwide/target" "-e" "CARGO_INCREMENTAL=0" "-e" "RUST_BACKTRACE=full" "-e" "RUSTFLAGS=--cap-lints=warn" "-e" "RUSTDOCFLAGS=--cap-lints=warn" "-e" "CARGO_HOME=/opt/rustwide/cargo-home" "-e" "RUSTUP_HOME=/opt/rustwide/rustup-home" "-w" "/opt/rustwide/workdir" "-m" "1610612736" "--user" "0:0" "--network" "none" "ghcr.io/rust-lang/crates-build-env/linux@sha256:f3a9d4ad9d972b27faf3965f35b62e55ba32bbce8f20bc8fe909558a86702fde" "/opt/rustwide/cargo-home/bin/cargo" "+1.83.0" "test" "--frozen", kill_on_drop: false }`
[INFO] [stdout] 45563d9440e50301d50d12065c2a28889cde0779d25cb47f3cef9ad541684b46
[INFO] running `Command { std: "docker" "start" "-a" "45563d9440e50301d50d12065c2a28889cde0779d25cb47f3cef9ad541684b46", kill_on_drop: false }`
[INFO] [stderr] warning: profiles for the non root package will be ignored, specify profiles at the workspace root:
[INFO] [stderr] package:   /opt/rustwide/workdir/qbittorrent_rust/Cargo.toml
[INFO] [stderr] workspace: /opt/rustwide/workdir/Cargo.toml
[INFO] [stderr] warning: virtual workspace defaulting to `resolver = "1"` despite one or more workspace members being on edition 2021 which implies `resolver = "2"`
[INFO] [stderr] note: to keep the current resolver, specify `workspace.resolver = "1"` in the workspace root's manifest
[INFO] [stderr] note: to use the edition 2021 resolver, specify `workspace.resolver = "2"` in the workspace root's manifest
[INFO] [stderr] note: for more details see https://doc.rust-lang.org/cargo/reference/resolver.html#resolver-versions
[INFO] [stderr]     Finished `test` profile [unoptimized + debuginfo] target(s) in 0.15s
[INFO] [stderr]      Running unittests src/lib.rs (/opt/rustwide/target/debug/deps/proc_macros_qbittorrent_rust-bc1ad6d4b1040781)
[INFO] [stdout] 
[INFO] [stdout] running 0 tests
[INFO] [stdout] 
[INFO] [stderr]      Running unittests src/lib.rs (/opt/rustwide/target/debug/deps/qbittorrent_rust-fbe866066b578cc3)
[INFO] [stdout] test result: ok. 0 passed; 0 failed; 0 ignored; 0 measured; 0 filtered out; finished in 0.00s
[INFO] [stdout] 
[INFO] [stderr]    Doc-tests proc_macros_qbittorrent_rust
[INFO] [stdout] 
[INFO] [stdout] running 0 tests
[INFO] [stdout] 
[INFO] [stdout] test result: ok. 0 passed; 0 failed; 0 ignored; 0 measured; 0 filtered out; finished in 0.00s
[INFO] [stdout] 
[INFO] [stdout] 
[INFO] [stdout] running 0 tests
[INFO] [stdout] 
[INFO] [stdout] test result: ok. 0 passed; 0 failed; 0 ignored; 0 measured; 0 filtered out; finished in 0.00s
[INFO] [stdout] 
[INFO] [stderr]    Doc-tests qbittorrent_rust
[INFO] [stdout] 
[INFO] [stdout] running 4 tests
[INFO] [stdout] test qbittorrent_rust/src/api_fns/torrents/torrent_managing_misc.rs - api_fns::torrents::torrent_managing_misc::QbitApi::torrents_get_all_categories_raw (line 823) ... FAILED
[INFO] [stdout] test qbittorrent_rust/src/api_fns/torrents/torrent_managing_misc.rs - api_fns::torrents::torrent_managing_misc::QbitApi::torrents_get_all_categories (line 851) ... FAILED
[INFO] [stdout] test qbittorrent_rust/src/core/api.rs - core::api::QbitApi::new (line 44) ... FAILED
[INFO] [stdout] test qbittorrent_rust/src/api_fns/application/app_preferences.rs - api_fns::application::app_preferences::ScanDirs (line 14) ... FAILED
[INFO] [stdout] 
[INFO] [stdout] failures:
[INFO] [stdout] 
[INFO] [stdout] ---- qbittorrent_rust/src/api_fns/torrents/torrent_managing_misc.rs - api_fns::torrents::torrent_managing_misc::QbitApi::torrents_get_all_categories_raw (line 823) stdout ----
[INFO] [stdout] error: expected one of `.`, `;`, `?`, `}`, or an operator, found `:`
[INFO] [stdout]  --> qbittorrent_rust/src/api_fns/torrents/torrent_managing_misc.rs:824:8
[INFO] [stdout]   |
[INFO] [stdout] 3 | "Video": {  
[INFO] [stdout]   |        ^ expected one of `.`, `;`, `?`, `}`, or an operator
[INFO] [stdout] 
[INFO] [stdout] error: aborting due to 1 previous error
[INFO] [stdout] 
[INFO] [stdout] Couldn't compile the test.
[INFO] [stdout] ---- qbittorrent_rust/src/api_fns/torrents/torrent_managing_misc.rs - api_fns::torrents::torrent_managing_misc::QbitApi::torrents_get_all_categories (line 851) stdout ----
[INFO] [stdout] error: expected one of `.`, `;`, `?`, `}`, or an operator, found `:`
[INFO] [stdout]  --> qbittorrent_rust/src/api_fns/torrents/torrent_managing_misc.rs:852:8
[INFO] [stdout]   |
[INFO] [stdout] 3 | "Video": {  
[INFO] [stdout]   |        ^ expected one of `.`, `;`, `?`, `}`, or an operator
[INFO] [stdout] 
[INFO] [stdout] error: aborting due to 1 previous error
[INFO] [stdout] 
[INFO] [stdout] Couldn't compile the test.
[INFO] [stdout] ---- qbittorrent_rust/src/core/api.rs - core::api::QbitApi::new (line 44) stdout ----
[INFO] [stdout] error[E0433]: failed to resolve: use of undeclared type `QbitApi`
[INFO] [stdout]  --> qbittorrent_rust/src/core/api.rs:45:16
[INFO] [stdout]   |
[INFO] [stdout] 3 | let qbit_api = QbitApi::new("http://localhost:6011/", Credentials::new("user_name", "password")).await.unwrap();
[INFO] [stdout]   |                ^^^^^^^ use of undeclared type `QbitApi`
[INFO] [stdout]   |
[INFO] [stdout] help: consider importing this struct
[INFO] [stdout]   |
[INFO] [stdout] 2 + use qbittorrent_rust::core::api::QbitApi;
[INFO] [stdout]   |
[INFO] [stdout] 
[INFO] [stdout] error[E0433]: failed to resolve: use of undeclared type `Credentials`
[INFO] [stdout]  --> qbittorrent_rust/src/core/api.rs:45:55
[INFO] [stdout]   |
[INFO] [stdout] 3 | let qbit_api = QbitApi::new("http://localhost:6011/", Credentials::new("user_name", "password")).await.unwrap();
[INFO] [stdout]   |                                                       ^^^^^^^^^^^ use of undeclared type `Credentials`
[INFO] [stdout]   |
[INFO] [stdout] help: consider importing this struct
[INFO] [stdout]   |
[INFO] [stdout] 2 + use qbittorrent_rust::core::creds::Credentials;
[INFO] [stdout]   |
[INFO] [stdout] 
[INFO] [stdout] error[E0728]: `await` is only allowed inside `async` functions and blocks
[INFO] [stdout]  --> qbittorrent_rust/src/core/api.rs:45:98
[INFO] [stdout]   |
[INFO] [stdout] 2 | fn main() { #[allow(non_snake_case)] fn _doctest_main_qbittorrent_rust_src_core_api_rs_44_0() {
[INFO] [stdout]   |                                      -------------------------------------------------------- this is not `async`
[INFO] [stdout] 3 | let qbit_api = QbitApi::new("http://localhost:6011/", Credentials::new("user_name", "password")).await.unwrap();
[INFO] [stdout]   |                                                                                                  ^^^^^ only allowed inside `async` functions and blocks
[INFO] [stdout] 
[INFO] [stdout] error: aborting due to 3 previous errors
[INFO] [stdout] 
[INFO] [stdout] Some errors have detailed explanations: E0433, E0728.
[INFO] [stdout] For more information about an error, try `rustc --explain E0433`.
[INFO] [stdout] Couldn't compile the test.
[INFO] [stdout] ---- qbittorrent_rust/src/api_fns/application/app_preferences.rs - api_fns::application::app_preferences::ScanDirs (line 14) stdout ----
[INFO] [stdout] error[E0433]: failed to resolve: use of undeclared type `MultipleScanDirs`
[INFO] [stdout]  --> qbittorrent_rust/src/api_fns/application/app_preferences.rs:15:26
[INFO] [stdout]   |
[INFO] [stdout] 3 | let multiple_scan_dirs = MultipleScanDirs::new(vec![("folder_path", ScanDirValue::DownloadToCustomPath("./custom/path/here".to_string()))...
[INFO] [stdout]   |                          ^^^^^^^^^^^^^^^^ use of undeclared type `MultipleScanDirs`
[INFO] [stdout] 
[INFO] [stdout] error[E0433]: failed to resolve: use of undeclared type `ScanDirValue`
[INFO] [stdout]  --> qbittorrent_rust/src/api_fns/application/app_preferences.rs:15:69
[INFO] [stdout]   |
[INFO] [stdout] 3 | let multiple_scan_dirs = MultipleScanDirs::new(vec![("folder_path", ScanDirValue::DownloadToCustomPath("./custom/path/here".to_string()))...
[INFO] [stdout]   |                                                                     ^^^^^^^^^^^^ use of undeclared type `ScanDirValue`
[INFO] [stdout] 
[INFO] [stdout] error[E0433]: failed to resolve: use of undeclared type `ScanDirValue`
[INFO] [stdout]  --> qbittorrent_rust/src/api_fns/application/app_preferences.rs:15:158
[INFO] [stdout]   |
[INFO] [stdout] 3 | ...th/here".to_string())), ("folder_path_2", ScanDirValue::DownloadToDefaultPath)]);
[INFO] [stdout]   |                                              ^^^^^^^^^^^^ use of undeclared type `ScanDirValue`
[INFO] [stdout] 
[INFO] [stdout] error: aborting due to 3 previous errors
[INFO] [stdout] 
[INFO] [stdout] For more information about this error, try `rustc --explain E0433`.
[INFO] [stdout] Couldn't compile the test.
[INFO] [stdout] 
[INFO] [stdout] failures:
[INFO] [stdout]     qbittorrent_rust/src/api_fns/application/app_preferences.rs - api_fns::application::app_preferences::ScanDirs (line 14)
[INFO] [stdout]     qbittorrent_rust/src/api_fns/torrents/torrent_managing_misc.rs - api_fns::torrents::torrent_managing_misc::QbitApi::torrents_get_all_categories (line 851)
[INFO] [stdout]     qbittorrent_rust/src/api_fns/torrents/torrent_managing_misc.rs - api_fns::torrents::torrent_managing_misc::QbitApi::torrents_get_all_categories_raw (line 823)
[INFO] [stdout]     qbittorrent_rust/src/core/api.rs - core::api::QbitApi::new (line 44)
[INFO] [stdout] 
[INFO] [stdout] test result: FAILED. 0 passed; 4 failed; 0 ignored; 0 measured; 0 filtered out; finished in 0.22s
[INFO] [stdout] 
[INFO] [stderr] error: doctest failed, to rerun pass `-p qbittorrent_rust --doc`
[INFO] running `Command { std: "docker" "inspect" "45563d9440e50301d50d12065c2a28889cde0779d25cb47f3cef9ad541684b46", kill_on_drop: false }`
[INFO] running `Command { std: "docker" "rm" "-f" "45563d9440e50301d50d12065c2a28889cde0779d25cb47f3cef9ad541684b46", kill_on_drop: false }`
[INFO] [stdout] 45563d9440e50301d50d12065c2a28889cde0779d25cb47f3cef9ad541684b46
