[INFO] cloning repository https://github.com/computermouth/munzip
[INFO] running `Command { std: "git" "-c" "credential.helper=" "-c" "credential.helper=/workspace/cargo-home/bin/git-credential-null" "clone" "--bare" "https://github.com/computermouth/munzip" "/workspace/cache/git-repos/https%3A%2F%2Fgithub.com%2Fcomputermouth%2Fmunzip", kill_on_drop: false }`
[INFO] [stderr] Cloning into bare repository '/workspace/cache/git-repos/https%3A%2F%2Fgithub.com%2Fcomputermouth%2Fmunzip'...
[INFO] running `Command { std: "git" "rev-parse" "HEAD", kill_on_drop: false }`
[INFO] [stdout] 1394f7a9795c3997d9da83609a9c2401c643e9af
[INFO] testing computermouth/munzip against 1.83.0 for beta-1.84.0-4-retry
[INFO] running `Command { std: "git" "clone" "/workspace/cache/git-repos/https%3A%2F%2Fgithub.com%2Fcomputermouth%2Fmunzip" "/workspace/builds/worker-1-tc1/source", kill_on_drop: false }`
[INFO] [stderr] Cloning into '/workspace/builds/worker-1-tc1/source'...
[INFO] [stderr] done.
[INFO] validating manifest of git repo https://github.com/computermouth/munzip on toolchain 1.83.0
[INFO] running `Command { std: CARGO_HOME="/workspace/cargo-home" RUSTUP_HOME="/workspace/rustup-home" "/workspace/cargo-home/bin/cargo" "+1.83.0" "metadata" "--manifest-path" "Cargo.toml" "--no-deps", kill_on_drop: false }`
[INFO] started tweaking git repo https://github.com/computermouth/munzip
[INFO] finished tweaking git repo https://github.com/computermouth/munzip
[INFO] tweaked toml for git repo https://github.com/computermouth/munzip written to /workspace/builds/worker-1-tc1/source/Cargo.toml
[INFO] crate git repo https://github.com/computermouth/munzip already has a lockfile, it will not be regenerated
[INFO] running `Command { std: CARGO_HOME="/workspace/cargo-home" RUSTUP_HOME="/workspace/rustup-home" "/workspace/cargo-home/bin/cargo" "+1.83.0" "fetch" "--manifest-path" "Cargo.toml", kill_on_drop: false }`
[INFO] [stderr]     Blocking waiting for file lock on package cache
[INFO] [stderr]     Blocking waiting for file lock on package cache
[INFO] running `Command { std: "docker" "create" "-v" "/var/lib/crater-agent-workspace/builds/worker-1-tc1/target:/opt/rustwide/target:rw,Z" "-v" "/var/lib/crater-agent-workspace/builds/worker-1-tc1/source:/opt/rustwide/workdir:ro,Z" "-v" "/var/lib/crater-agent-workspace/cargo-home:/opt/rustwide/cargo-home:ro,Z" "-v" "/var/lib/crater-agent-workspace/rustup-home:/opt/rustwide/rustup-home:ro,Z" "-e" "SOURCE_DIR=/opt/rustwide/workdir" "-e" "CARGO_TARGET_DIR=/opt/rustwide/target" "-e" "CARGO_HOME=/opt/rustwide/cargo-home" "-e" "RUSTUP_HOME=/opt/rustwide/rustup-home" "-w" "/opt/rustwide/workdir" "-m" "1610612736" "--user" "0:0" "--network" "none" "ghcr.io/rust-lang/crates-build-env/linux@sha256:f3a9d4ad9d972b27faf3965f35b62e55ba32bbce8f20bc8fe909558a86702fde" "/opt/rustwide/cargo-home/bin/cargo" "+1.83.0" "metadata" "--no-deps" "--format-version=1", kill_on_drop: false }`
[INFO] [stdout] 8487ae83c846ba8005078fee62e45eda2834b818fbf7c32e777d1ccd688d407f
[INFO] running `Command { std: "docker" "start" "-a" "8487ae83c846ba8005078fee62e45eda2834b818fbf7c32e777d1ccd688d407f", kill_on_drop: false }`
[INFO] running `Command { std: "docker" "inspect" "8487ae83c846ba8005078fee62e45eda2834b818fbf7c32e777d1ccd688d407f", kill_on_drop: false }`
[INFO] running `Command { std: "docker" "rm" "-f" "8487ae83c846ba8005078fee62e45eda2834b818fbf7c32e777d1ccd688d407f", kill_on_drop: false }`
[INFO] [stdout] 8487ae83c846ba8005078fee62e45eda2834b818fbf7c32e777d1ccd688d407f
[INFO] running `Command { std: "docker" "create" "-v" "/var/lib/crater-agent-workspace/builds/worker-1-tc1/target:/opt/rustwide/target:rw,Z" "-v" "/var/lib/crater-agent-workspace/builds/worker-1-tc1/source:/opt/rustwide/workdir:ro,Z" "-v" "/var/lib/crater-agent-workspace/cargo-home:/opt/rustwide/cargo-home:ro,Z" "-v" "/var/lib/crater-agent-workspace/rustup-home:/opt/rustwide/rustup-home:ro,Z" "-e" "SOURCE_DIR=/opt/rustwide/workdir" "-e" "CARGO_TARGET_DIR=/opt/rustwide/target" "-e" "CARGO_INCREMENTAL=0" "-e" "RUST_BACKTRACE=full" "-e" "RUSTFLAGS=--cap-lints=warn" "-e" "RUSTDOCFLAGS=--cap-lints=warn" "-e" "CARGO_HOME=/opt/rustwide/cargo-home" "-e" "RUSTUP_HOME=/opt/rustwide/rustup-home" "-w" "/opt/rustwide/workdir" "-m" "1610612736" "--user" "0:0" "--network" "none" "ghcr.io/rust-lang/crates-build-env/linux@sha256:f3a9d4ad9d972b27faf3965f35b62e55ba32bbce8f20bc8fe909558a86702fde" "/opt/rustwide/cargo-home/bin/cargo" "+1.83.0" "build" "--frozen" "--message-format=json", kill_on_drop: false }`
[INFO] [stdout] 15e499a67c149158e348c4a4e75309a0d53ed64184520ae0a768086f49fb1d3a
[INFO] running `Command { std: "docker" "start" "-a" "15e499a67c149158e348c4a4e75309a0d53ed64184520ae0a768086f49fb1d3a", kill_on_drop: false }`
[INFO] [stderr]    Compiling adler32 v1.2.0
[INFO] [stderr]    Compiling inflate v0.4.5
[INFO] [stderr]    Compiling munzip v0.1.0 (/opt/rustwide/workdir)
[INFO] [stdout] warning: fields `version_needed_to_extract`, `general_purpose_bit_flag`, `last_mod_file_time`, `last_mod_file_date`, and `crc32` are never read
[INFO] [stdout]   --> src/types.rs:33:9
[INFO] [stdout]    |
[INFO] [stdout] 31 | pub struct LocalFileHeader {
[INFO] [stdout]    |            --------------- fields in this struct
[INFO] [stdout] 32 |     pub signature: u32,                 // 0x04034B50
[INFO] [stdout] 33 |     pub version_needed_to_extract: u16, // unsupported
[INFO] [stdout]    |         ^^^^^^^^^^^^^^^^^^^^^^^^^
[INFO] [stdout] 34 |     pub general_purpose_bit_flag: u16,  // unsupported
[INFO] [stdout]    |         ^^^^^^^^^^^^^^^^^^^^^^^^
[INFO] [stdout] 35 |     pub compression_method: u16,
[INFO] [stdout] 36 |     pub last_mod_file_time: u16,
[INFO] [stdout]    |         ^^^^^^^^^^^^^^^^^^
[INFO] [stdout] 37 |     pub last_mod_file_date: u16,
[INFO] [stdout]    |         ^^^^^^^^^^^^^^^^^^
[INFO] [stdout] 38 |     pub crc32: u32,
[INFO] [stdout]    |         ^^^^^
[INFO] [stdout]    |
[INFO] [stdout]    = note: `LocalFileHeader` has derived impls for the traits `Clone` and `Debug`, but these are intentionally ignored during dead code analysis
[INFO] [stdout]    = note: `#[warn(dead_code)]` on by default
[INFO] [stdout] 
[INFO] [stdout] 
[INFO] [stdout] warning: multiple fields are never read
[INFO] [stdout]   --> src/types.rs:49:9
[INFO] [stdout]    |
[INFO] [stdout] 47 | pub struct GlobalFileHeader {
[INFO] [stdout]    |            ---------------- fields in this struct
[INFO] [stdout] 48 |     pub signature: u32,                 // 0x02014B50
[INFO] [stdout] 49 |     pub version_made_by: u16,           // unsupported
[INFO] [stdout]    |         ^^^^^^^^^^^^^^^
[INFO] [stdout] 50 |     pub version_needed_to_extract: u16, // unsupported
[INFO] [stdout]    |         ^^^^^^^^^^^^^^^^^^^^^^^^^
[INFO] [stdout] 51 |     pub general_purpose_bit_flag: u16,  // unsupported
[INFO] [stdout]    |         ^^^^^^^^^^^^^^^^^^^^^^^^
[INFO] [stdout] 52 |     pub compression_method: u16,
[INFO] [stdout]    |         ^^^^^^^^^^^^^^^^^^
[INFO] [stdout] 53 |     pub last_mod_file_time: u16,
[INFO] [stdout]    |         ^^^^^^^^^^^^^^^^^^
[INFO] [stdout] 54 |     pub last_mod_file_date: u16,
[INFO] [stdout]    |         ^^^^^^^^^^^^^^^^^^
[INFO] [stdout] 55 |     pub crc32: u32,
[INFO] [stdout]    |         ^^^^^
[INFO] [stdout] 56 |     pub compressed_size: u32,
[INFO] [stdout]    |         ^^^^^^^^^^^^^^^
[INFO] [stdout] 57 |     pub uncompressed_size: u32,
[INFO] [stdout]    |         ^^^^^^^^^^^^^^^^^
[INFO] [stdout] ...
[INFO] [stdout] 61 |     pub disk_number_start: u16,        // unsupported
[INFO] [stdout]    |         ^^^^^^^^^^^^^^^^^
[INFO] [stdout] 62 |     pub internal_file_attributes: u16, // unsupported
[INFO] [stdout]    |         ^^^^^^^^^^^^^^^^^^^^^^^^
[INFO] [stdout] 63 |     pub external_file_attributes: u32, // unsupported
[INFO] [stdout]    |         ^^^^^^^^^^^^^^^^^^^^^^^^
[INFO] [stdout]    |
[INFO] [stdout]    = note: `GlobalFileHeader` has derived impls for the traits `Clone` and `Debug`, but these are intentionally ignored during dead code analysis
[INFO] [stdout] 
[INFO] [stdout] 
[INFO] [stdout] warning: fields `signature`, `central_directory_size`, and `zip_comment_length` are never read
[INFO] [stdout]   --> src/types.rs:79:9
[INFO] [stdout]    |
[INFO] [stdout] 78 | pub struct EndRecord {
[INFO] [stdout]    |            --------- fields in this struct
[INFO] [stdout] 79 |     pub signature: u32,
[INFO] [stdout]    |         ^^^^^^^^^
[INFO] [stdout] ...
[INFO] [stdout] 84 |     pub central_directory_size: u32,
[INFO] [stdout]    |         ^^^^^^^^^^^^^^^^^^^^^^
[INFO] [stdout] 85 |     pub central_directory_offset: u32,
[INFO] [stdout] 86 |     pub zip_comment_length: u16,
[INFO] [stdout]    |         ^^^^^^^^^^^^^^^^^^
[INFO] [stdout]    |
[INFO] [stdout]    = note: `EndRecord` has derived impls for the traits `Clone` and `Debug`, but these are intentionally ignored during dead code analysis
[INFO] [stdout] 
[INFO] [stdout] 
[INFO] [stderr]     Finished `dev` profile [unoptimized + debuginfo] target(s) in 1.02s
[INFO] running `Command { std: "docker" "inspect" "15e499a67c149158e348c4a4e75309a0d53ed64184520ae0a768086f49fb1d3a", kill_on_drop: false }`
[INFO] running `Command { std: "docker" "rm" "-f" "15e499a67c149158e348c4a4e75309a0d53ed64184520ae0a768086f49fb1d3a", kill_on_drop: false }`
[INFO] [stdout] 15e499a67c149158e348c4a4e75309a0d53ed64184520ae0a768086f49fb1d3a
[INFO] running `Command { std: "docker" "create" "-v" "/var/lib/crater-agent-workspace/builds/worker-1-tc1/target:/opt/rustwide/target:rw,Z" "-v" "/var/lib/crater-agent-workspace/builds/worker-1-tc1/source:/opt/rustwide/workdir:ro,Z" "-v" "/var/lib/crater-agent-workspace/cargo-home:/opt/rustwide/cargo-home:ro,Z" "-v" "/var/lib/crater-agent-workspace/rustup-home:/opt/rustwide/rustup-home:ro,Z" "-e" "SOURCE_DIR=/opt/rustwide/workdir" "-e" "CARGO_TARGET_DIR=/opt/rustwide/target" "-e" "CARGO_INCREMENTAL=0" "-e" "RUST_BACKTRACE=full" "-e" "RUSTFLAGS=--cap-lints=warn" "-e" "RUSTDOCFLAGS=--cap-lints=warn" "-e" "CARGO_HOME=/opt/rustwide/cargo-home" "-e" "RUSTUP_HOME=/opt/rustwide/rustup-home" "-w" "/opt/rustwide/workdir" "-m" "1610612736" "--user" "0:0" "--network" "none" "ghcr.io/rust-lang/crates-build-env/linux@sha256:f3a9d4ad9d972b27faf3965f35b62e55ba32bbce8f20bc8fe909558a86702fde" "/opt/rustwide/cargo-home/bin/cargo" "+1.83.0" "test" "--frozen" "--no-run" "--message-format=json", kill_on_drop: false }`
[INFO] [stdout] 4ae7a75c251950b281e6c2b910f6174387626111c7801f08e8ee9e89944615bb
[INFO] running `Command { std: "docker" "start" "-a" "4ae7a75c251950b281e6c2b910f6174387626111c7801f08e8ee9e89944615bb", kill_on_drop: false }`
[INFO] [stdout] warning: fields `version_needed_to_extract`, `general_purpose_bit_flag`, `last_mod_file_time`, `last_mod_file_date`, and `crc32` are never read
[INFO] [stdout]   --> src/types.rs:33:9
[INFO] [stdout]    |
[INFO] [stdout] 31 | pub struct LocalFileHeader {
[INFO] [stdout]    |            --------------- fields in this struct
[INFO] [stdout] 32 |     pub signature: u32,                 // 0x04034B50
[INFO] [stdout] 33 |     pub version_needed_to_extract: u16, // unsupported
[INFO] [stdout]    |         ^^^^^^^^^^^^^^^^^^^^^^^^^
[INFO] [stdout] 34 |     pub general_purpose_bit_flag: u16,  // unsupported
[INFO] [stdout]    |         ^^^^^^^^^^^^^^^^^^^^^^^^
[INFO] [stdout] 35 |     pub compression_method: u16,
[INFO] [stdout] 36 |     pub last_mod_file_time: u16,
[INFO] [stdout]    |         ^^^^^^^^^^^^^^^^^^
[INFO] [stdout] 37 |     pub last_mod_file_date: u16,
[INFO] [stdout]    |         ^^^^^^^^^^^^^^^^^^
[INFO] [stdout] 38 |     pub crc32: u32,
[INFO] [stdout]    |         ^^^^^
[INFO] [stdout]    |
[INFO] [stdout]    = note: `LocalFileHeader` has derived impls for the traits `Clone` and `Debug`, but these are intentionally ignored during dead code analysis
[INFO] [stdout]    = note: `#[warn(dead_code)]` on by default
[INFO] [stdout] 
[INFO] [stdout] 
[INFO] [stdout] warning: multiple fields are never read
[INFO] [stdout]   --> src/types.rs:49:9
[INFO] [stdout]    |
[INFO] [stdout] 47 | pub struct GlobalFileHeader {
[INFO] [stdout]    |            ---------------- fields in this struct
[INFO] [stdout] 48 |     pub signature: u32,                 // 0x02014B50
[INFO] [stdout] 49 |     pub version_made_by: u16,           // unsupported
[INFO] [stdout]    |         ^^^^^^^^^^^^^^^
[INFO] [stdout] 50 |     pub version_needed_to_extract: u16, // unsupported
[INFO] [stdout]    |         ^^^^^^^^^^^^^^^^^^^^^^^^^
[INFO] [stdout] 51 |     pub general_purpose_bit_flag: u16,  // unsupported
[INFO] [stdout]    |         ^^^^^^^^^^^^^^^^^^^^^^^^
[INFO] [stdout] 52 |     pub compression_method: u16,
[INFO] [stdout]    |         ^^^^^^^^^^^^^^^^^^
[INFO] [stdout] 53 |     pub last_mod_file_time: u16,
[INFO] [stdout]    |         ^^^^^^^^^^^^^^^^^^
[INFO] [stdout] 54 |     pub last_mod_file_date: u16,
[INFO] [stdout]    |         ^^^^^^^^^^^^^^^^^^
[INFO] [stdout] 55 |     pub crc32: u32,
[INFO] [stdout]    |         ^^^^^
[INFO] [stdout] 56 |     pub compressed_size: u32,
[INFO] [stdout]    |         ^^^^^^^^^^^^^^^
[INFO] [stdout] 57 |     pub uncompressed_size: u32,
[INFO] [stdout]    |         ^^^^^^^^^^^^^^^^^
[INFO] [stdout] ...
[INFO] [stdout] 61 |     pub disk_number_start: u16,        // unsupported
[INFO] [stdout]    |         ^^^^^^^^^^^^^^^^^
[INFO] [stdout] 62 |     pub internal_file_attributes: u16, // unsupported
[INFO] [stdout]    |         ^^^^^^^^^^^^^^^^^^^^^^^^
[INFO] [stdout] 63 |     pub external_file_attributes: u32, // unsupported
[INFO] [stdout]    |         ^^^^^^^^^^^^^^^^^^^^^^^^
[INFO] [stdout]    |
[INFO] [stdout]    = note: `GlobalFileHeader` has derived impls for the traits `Clone` and `Debug`, but these are intentionally ignored during dead code analysis
[INFO] [stdout] 
[INFO] [stdout] 
[INFO] [stdout] warning: fields `signature`, `central_directory_size`, and `zip_comment_length` are never read
[INFO] [stdout]   --> src/types.rs:79:9
[INFO] [stdout]    |
[INFO] [stdout] 78 | pub struct EndRecord {
[INFO] [stdout]    |            --------- fields in this struct
[INFO] [stdout] 79 |     pub signature: u32,
[INFO] [stdout]    |         ^^^^^^^^^
[INFO] [stdout] ...
[INFO] [stdout] 84 |     pub central_directory_size: u32,
[INFO] [stdout]    |         ^^^^^^^^^^^^^^^^^^^^^^
[INFO] [stdout] 85 |     pub central_directory_offset: u32,
[INFO] [stdout] 86 |     pub zip_comment_length: u16,
[INFO] [stdout]    |         ^^^^^^^^^^^^^^^^^^
[INFO] [stdout]    |
[INFO] [stdout]    = note: `EndRecord` has derived impls for the traits `Clone` and `Debug`, but these are intentionally ignored during dead code analysis
[INFO] [stdout] 
[INFO] [stdout] 
[INFO] [stderr]    Compiling munzip v0.1.0 (/opt/rustwide/workdir)
[INFO] [stdout] warning: fields `version_needed_to_extract`, `general_purpose_bit_flag`, `last_mod_file_time`, `last_mod_file_date`, and `crc32` are never read
[INFO] [stdout]   --> src/types.rs:33:9
[INFO] [stdout]    |
[INFO] [stdout] 31 | pub struct LocalFileHeader {
[INFO] [stdout]    |            --------------- fields in this struct
[INFO] [stdout] 32 |     pub signature: u32,                 // 0x04034B50
[INFO] [stdout] 33 |     pub version_needed_to_extract: u16, // unsupported
[INFO] [stdout]    |         ^^^^^^^^^^^^^^^^^^^^^^^^^
[INFO] [stdout] 34 |     pub general_purpose_bit_flag: u16,  // unsupported
[INFO] [stdout]    |         ^^^^^^^^^^^^^^^^^^^^^^^^
[INFO] [stdout] 35 |     pub compression_method: u16,
[INFO] [stdout] 36 |     pub last_mod_file_time: u16,
[INFO] [stdout]    |         ^^^^^^^^^^^^^^^^^^
[INFO] [stdout] 37 |     pub last_mod_file_date: u16,
[INFO] [stdout]    |         ^^^^^^^^^^^^^^^^^^
[INFO] [stdout] 38 |     pub crc32: u32,
[INFO] [stdout]    |         ^^^^^
[INFO] [stdout]    |
[INFO] [stdout]    = note: `LocalFileHeader` has derived impls for the traits `Clone` and `Debug`, but these are intentionally ignored during dead code analysis
[INFO] [stdout]    = note: `#[warn(dead_code)]` on by default
[INFO] [stdout] 
[INFO] [stdout] 
[INFO] [stdout] warning: multiple fields are never read
[INFO] [stdout]   --> src/types.rs:49:9
[INFO] [stdout]    |
[INFO] [stdout] 47 | pub struct GlobalFileHeader {
[INFO] [stdout]    |            ---------------- fields in this struct
[INFO] [stdout] 48 |     pub signature: u32,                 // 0x02014B50
[INFO] [stdout] 49 |     pub version_made_by: u16,           // unsupported
[INFO] [stdout]    |         ^^^^^^^^^^^^^^^
[INFO] [stdout] 50 |     pub version_needed_to_extract: u16, // unsupported
[INFO] [stdout]    |         ^^^^^^^^^^^^^^^^^^^^^^^^^
[INFO] [stdout] 51 |     pub general_purpose_bit_flag: u16,  // unsupported
[INFO] [stdout]    |         ^^^^^^^^^^^^^^^^^^^^^^^^
[INFO] [stdout] 52 |     pub compression_method: u16,
[INFO] [stdout]    |         ^^^^^^^^^^^^^^^^^^
[INFO] [stdout] 53 |     pub last_mod_file_time: u16,
[INFO] [stdout]    |         ^^^^^^^^^^^^^^^^^^
[INFO] [stdout] 54 |     pub last_mod_file_date: u16,
[INFO] [stdout]    |         ^^^^^^^^^^^^^^^^^^
[INFO] [stdout] 55 |     pub crc32: u32,
[INFO] [stdout]    |         ^^^^^
[INFO] [stdout] 56 |     pub compressed_size: u32,
[INFO] [stdout]    |         ^^^^^^^^^^^^^^^
[INFO] [stdout] 57 |     pub uncompressed_size: u32,
[INFO] [stdout]    |         ^^^^^^^^^^^^^^^^^
[INFO] [stdout] ...
[INFO] [stdout] 61 |     pub disk_number_start: u16,        // unsupported
[INFO] [stdout]    |         ^^^^^^^^^^^^^^^^^
[INFO] [stdout] 62 |     pub internal_file_attributes: u16, // unsupported
[INFO] [stdout]    |         ^^^^^^^^^^^^^^^^^^^^^^^^
[INFO] [stdout] 63 |     pub external_file_attributes: u32, // unsupported
[INFO] [stdout]    |         ^^^^^^^^^^^^^^^^^^^^^^^^
[INFO] [stdout]    |
[INFO] [stdout]    = note: `GlobalFileHeader` has derived impls for the traits `Clone` and `Debug`, but these are intentionally ignored during dead code analysis
[INFO] [stdout] 
[INFO] [stdout] 
[INFO] [stdout] warning: fields `signature`, `central_directory_size`, and `zip_comment_length` are never read
[INFO] [stdout]   --> src/types.rs:79:9
[INFO] [stdout]    |
[INFO] [stdout] 78 | pub struct EndRecord {
[INFO] [stdout]    |            --------- fields in this struct
[INFO] [stdout] 79 |     pub signature: u32,
[INFO] [stdout]    |         ^^^^^^^^^
[INFO] [stdout] ...
[INFO] [stdout] 84 |     pub central_directory_size: u32,
[INFO] [stdout]    |         ^^^^^^^^^^^^^^^^^^^^^^
[INFO] [stdout] 85 |     pub central_directory_offset: u32,
[INFO] [stdout] 86 |     pub zip_comment_length: u16,
[INFO] [stdout]    |         ^^^^^^^^^^^^^^^^^^
[INFO] [stdout]    |
[INFO] [stdout]    = note: `EndRecord` has derived impls for the traits `Clone` and `Debug`, but these are intentionally ignored during dead code analysis
[INFO] [stdout] 
[INFO] [stdout] 
[INFO] [stderr]     Finished `test` profile [unoptimized + debuginfo] target(s) in 1.22s
[INFO] running `Command { std: "docker" "inspect" "4ae7a75c251950b281e6c2b910f6174387626111c7801f08e8ee9e89944615bb", kill_on_drop: false }`
[INFO] running `Command { std: "docker" "rm" "-f" "4ae7a75c251950b281e6c2b910f6174387626111c7801f08e8ee9e89944615bb", kill_on_drop: false }`
[INFO] [stdout] 4ae7a75c251950b281e6c2b910f6174387626111c7801f08e8ee9e89944615bb
[INFO] running `Command { std: "docker" "create" "-v" "/var/lib/crater-agent-workspace/builds/worker-1-tc1/target:/opt/rustwide/target:rw,Z" "-v" "/var/lib/crater-agent-workspace/builds/worker-1-tc1/source:/opt/rustwide/workdir:ro,Z" "-v" "/var/lib/crater-agent-workspace/cargo-home:/opt/rustwide/cargo-home:ro,Z" "-v" "/var/lib/crater-agent-workspace/rustup-home:/opt/rustwide/rustup-home:ro,Z" "-e" "SOURCE_DIR=/opt/rustwide/workdir" "-e" "CARGO_TARGET_DIR=/opt/rustwide/target" "-e" "CARGO_INCREMENTAL=0" "-e" "RUST_BACKTRACE=full" "-e" "RUSTFLAGS=--cap-lints=warn" "-e" "RUSTDOCFLAGS=--cap-lints=warn" "-e" "CARGO_HOME=/opt/rustwide/cargo-home" "-e" "RUSTUP_HOME=/opt/rustwide/rustup-home" "-w" "/opt/rustwide/workdir" "-m" "1610612736" "--user" "0:0" "--network" "none" "ghcr.io/rust-lang/crates-build-env/linux@sha256:f3a9d4ad9d972b27faf3965f35b62e55ba32bbce8f20bc8fe909558a86702fde" "/opt/rustwide/cargo-home/bin/cargo" "+1.83.0" "test" "--frozen", kill_on_drop: false }`
[INFO] [stdout] ea588e5dcfbee8a158b7332a0f08ca3ec3bad952daa37808469597c20e000ba1
[INFO] running `Command { std: "docker" "start" "-a" "ea588e5dcfbee8a158b7332a0f08ca3ec3bad952daa37808469597c20e000ba1", kill_on_drop: false }`
[INFO] [stderr] warning: fields `version_needed_to_extract`, `general_purpose_bit_flag`, `last_mod_file_time`, `last_mod_file_date`, and `crc32` are never read
[INFO] [stderr]   --> src/types.rs:33:9
[INFO] [stderr]    |
[INFO] [stderr] 31 | pub struct LocalFileHeader {
[INFO] [stderr]    |            --------------- fields in this struct
[INFO] [stderr] 32 |     pub signature: u32,                 // 0x04034B50
[INFO] [stderr] 33 |     pub version_needed_to_extract: u16, // unsupported
[INFO] [stderr]    |         ^^^^^^^^^^^^^^^^^^^^^^^^^
[INFO] [stderr] 34 |     pub general_purpose_bit_flag: u16,  // unsupported
[INFO] [stderr]    |         ^^^^^^^^^^^^^^^^^^^^^^^^
[INFO] [stderr] 35 |     pub compression_method: u16,
[INFO] [stderr] 36 |     pub last_mod_file_time: u16,
[INFO] [stderr]    |         ^^^^^^^^^^^^^^^^^^
[INFO] [stderr] 37 |     pub last_mod_file_date: u16,
[INFO] [stderr]    |         ^^^^^^^^^^^^^^^^^^
[INFO] [stderr] 38 |     pub crc32: u32,
[INFO] [stderr]    |         ^^^^^
[INFO] [stderr]    |
[INFO] [stderr]    = note: `LocalFileHeader` has derived impls for the traits `Clone` and `Debug`, but these are intentionally ignored during dead code analysis
[INFO] [stderr]    = note: `#[warn(dead_code)]` on by default
[INFO] [stderr] 
[INFO] [stderr] warning: multiple fields are never read
[INFO] [stderr]   --> src/types.rs:49:9
[INFO] [stderr]    |
[INFO] [stderr] 47 | pub struct GlobalFileHeader {
[INFO] [stderr]    |            ---------------- fields in this struct
[INFO] [stderr] 48 |     pub signature: u32,                 // 0x02014B50
[INFO] [stderr] 49 |     pub version_made_by: u16,           // unsupported
[INFO] [stderr]    |         ^^^^^^^^^^^^^^^
[INFO] [stderr] 50 |     pub version_needed_to_extract: u16, // unsupported
[INFO] [stderr]    |         ^^^^^^^^^^^^^^^^^^^^^^^^^
[INFO] [stderr] 51 |     pub general_purpose_bit_flag: u16,  // unsupported
[INFO] [stderr]    |         ^^^^^^^^^^^^^^^^^^^^^^^^
[INFO] [stderr] 52 |     pub compression_method: u16,
[INFO] [stderr]    |         ^^^^^^^^^^^^^^^^^^
[INFO] [stderr] 53 |     pub last_mod_file_time: u16,
[INFO] [stderr]    |         ^^^^^^^^^^^^^^^^^^
[INFO] [stderr] 54 |     pub last_mod_file_date: u16,
[INFO] [stderr]    |         ^^^^^^^^^^^^^^^^^^
[INFO] [stderr] 55 |     pub crc32: u32,
[INFO] [stderr]    |         ^^^^^
[INFO] [stderr] 56 |     pub compressed_size: u32,
[INFO] [stderr]    |         ^^^^^^^^^^^^^^^
[INFO] [stderr] 57 |     pub uncompressed_size: u32,
[INFO] [stderr]    |         ^^^^^^^^^^^^^^^^^
[INFO] [stderr] ...
[INFO] [stderr] 61 |     pub disk_number_start: u16,        // unsupported
[INFO] [stderr]    |         ^^^^^^^^^^^^^^^^^
[INFO] [stderr] 62 |     pub internal_file_attributes: u16, // unsupported
[INFO] [stderr]    |         ^^^^^^^^^^^^^^^^^^^^^^^^
[INFO] [stderr] 63 |     pub external_file_attributes: u32, // unsupported
[INFO] [stderr]    |         ^^^^^^^^^^^^^^^^^^^^^^^^
[INFO] [stderr]    |
[INFO] [stderr]    = note: `GlobalFileHeader` has derived impls for the traits `Clone` and `Debug`, but these are intentionally ignored during dead code analysis
[INFO] [stderr] 
[INFO] [stderr] warning: fields `signature`, `central_directory_size`, and `zip_comment_length` are never read
[INFO] [stderr]   --> src/types.rs:79:9
[INFO] [stderr]    |
[INFO] [stderr] 78 | pub struct EndRecord {
[INFO] [stderr]    |            --------- fields in this struct
[INFO] [stderr] 79 |     pub signature: u32,
[INFO] [stderr]    |         ^^^^^^^^^
[INFO] [stderr] ...
[INFO] [stderr] 84 |     pub central_directory_size: u32,
[INFO] [stderr]    |         ^^^^^^^^^^^^^^^^^^^^^^
[INFO] [stderr] 85 |     pub central_directory_offset: u32,
[INFO] [stderr] 86 |     pub zip_comment_length: u16,
[INFO] [stderr]    |         ^^^^^^^^^^^^^^^^^^
[INFO] [stderr]    |
[INFO] [stderr]    = note: `EndRecord` has derived impls for the traits `Clone` and `Debug`, but these are intentionally ignored during dead code analysis
[INFO] [stderr] 
[INFO] [stderr] warning: `munzip` (lib) generated 3 warnings
[INFO] [stdout] 
[INFO] [stdout] running 0 tests
[INFO] [stdout] 
[INFO] [stdout] test result: ok. 0 passed; 0 failed; 0 ignored; 0 measured; 0 filtered out; finished in 0.00s
[INFO] [stdout] 
[INFO] [stderr] warning: `munzip` (lib test) generated 3 warnings (3 duplicates)
[INFO] [stderr]     Finished `test` profile [unoptimized + debuginfo] target(s) in 0.02s
[INFO] [stderr]      Running unittests src/lib.rs (/opt/rustwide/target/debug/deps/munzip-2507e5304df180b8)
[INFO] [stderr]    Doc-tests munzip
[INFO] [stdout] 
[INFO] [stdout] running 2 tests
[INFO] [stdout] test src/iterable.rs - iterable::IterableArchive (line 15) - compile ... FAILED
[INFO] [stdout] test src/searchable.rs - searchable::SearchableArchive (line 16) - compile ... FAILED
[INFO] [stdout] 
[INFO] [stdout] failures:
[INFO] [stdout] 
[INFO] [stdout] ---- src/iterable.rs - iterable::IterableArchive (line 15) stdout ----
[INFO] [stdout] error[E0425]: cannot find value `my_file` in this scope
[INFO] [stdout]  --> src/iterable.rs:17:44
[INFO] [stdout]   |
[INFO] [stdout] 5 | let zi = munzip::IterableArchive::new(&mut my_file).unwrap();
[INFO] [stdout]   |                                            ^^^^^^^ not found in this scope
[INFO] [stdout] 
[INFO] [stdout] error[E0425]: cannot find function `write_file` in this scope
[INFO] [stdout]   --> src/iterable.rs:25:5
[INFO] [stdout]    |
[INFO] [stdout] 13 |     write_file(&filename, &buffer).unwrap();
[INFO] [stdout]    |     ^^^^^^^^^^ not found in this scope
[INFO] [stdout] 
[INFO] [stdout] error: aborting due to 2 previous errors
[INFO] [stdout] 
[INFO] [stdout] For more information about this error, try `rustc --explain E0425`.
[INFO] [stdout] Couldn't compile the test.
[INFO] [stdout] ---- src/searchable.rs - searchable::SearchableArchive (line 16) stdout ----
[INFO] [stdout] error[E0425]: cannot find value `input` in this scope
[INFO] [stdout]  --> src/searchable.rs:18:50
[INFO] [stdout]   |
[INFO] [stdout] 5 | let mut zi = munzip::SearchableArchive::new(&mut input).unwrap();
[INFO] [stdout]   |                                                  ^^^^^ not found in this scope
[INFO] [stdout] 
[INFO] [stdout] error[E0433]: failed to resolve: use of undeclared crate or module `write`
[INFO] [stdout]  --> src/searchable.rs:22:1
[INFO] [stdout]   |
[INFO] [stdout] 9 | write::write_file(&"Cargo.toml".to_owned(), &cargo_toml).unwrap();
[INFO] [stdout]   | ^^^^^ use of undeclared crate or module `write`
[INFO] [stdout] 
[INFO] [stdout] error: aborting due to 2 previous errors
[INFO] [stdout] 
[INFO] [stdout] Some errors have detailed explanations: E0425, E0433.
[INFO] [stdout] For more information about an error, try `rustc --explain E0425`.
[INFO] [stdout] Couldn't compile the test.
[INFO] [stdout] 
[INFO] [stdout] failures:
[INFO] [stdout]     src/iterable.rs - iterable::IterableArchive (line 15)
[INFO] [stdout]     src/searchable.rs - searchable::SearchableArchive (line 16)
[INFO] [stdout] 
[INFO] [stdout] test result: FAILED. 0 passed; 2 failed; 0 ignored; 0 measured; 0 filtered out; finished in 0.22s
[INFO] [stdout] 
[INFO] [stderr] error: doctest failed, to rerun pass `--doc`
[INFO] running `Command { std: "docker" "inspect" "ea588e5dcfbee8a158b7332a0f08ca3ec3bad952daa37808469597c20e000ba1", kill_on_drop: false }`
[INFO] running `Command { std: "docker" "rm" "-f" "ea588e5dcfbee8a158b7332a0f08ca3ec3bad952daa37808469597c20e000ba1", kill_on_drop: false }`
[INFO] [stdout] ea588e5dcfbee8a158b7332a0f08ca3ec3bad952daa37808469597c20e000ba1
