[INFO] cloning repository https://github.com/complexityclass/RustML
[INFO] running `Command { std: "git" "-c" "credential.helper=" "-c" "credential.helper=/workspace/cargo-home/bin/git-credential-null" "clone" "--bare" "https://github.com/complexityclass/RustML" "/workspace/cache/git-repos/https%3A%2F%2Fgithub.com%2Fcomplexityclass%2FRustML", kill_on_drop: false }`
[INFO] [stderr] Cloning into bare repository '/workspace/cache/git-repos/https%3A%2F%2Fgithub.com%2Fcomplexityclass%2FRustML'...
[INFO] running `Command { std: "git" "rev-parse" "HEAD", kill_on_drop: false }`
[INFO] [stdout] da9a88d4d11402107965ee8a65aa02ccc4812ffe
[INFO] testing complexityclass/RustML against 1.83.0 for beta-1.84.0-4-retry
[INFO] running `Command { std: "git" "clone" "/workspace/cache/git-repos/https%3A%2F%2Fgithub.com%2Fcomplexityclass%2FRustML" "/workspace/builds/worker-5-tc1/source", kill_on_drop: false }`
[INFO] [stderr] Cloning into '/workspace/builds/worker-5-tc1/source'...
[INFO] [stderr] done.
[INFO] validating manifest of git repo https://github.com/complexityclass/RustML on toolchain 1.83.0
[INFO] running `Command { std: CARGO_HOME="/workspace/cargo-home" RUSTUP_HOME="/workspace/rustup-home" "/workspace/cargo-home/bin/cargo" "+1.83.0" "metadata" "--manifest-path" "Cargo.toml" "--no-deps", kill_on_drop: false }`
[INFO] started tweaking git repo https://github.com/complexityclass/RustML
[INFO] finished tweaking git repo https://github.com/complexityclass/RustML
[INFO] tweaked toml for git repo https://github.com/complexityclass/RustML written to /workspace/builds/worker-5-tc1/source/Cargo.toml
[INFO] crate git repo https://github.com/complexityclass/RustML already has a lockfile, it will not be regenerated
[INFO] running `Command { std: CARGO_HOME="/workspace/cargo-home" RUSTUP_HOME="/workspace/rustup-home" "/workspace/cargo-home/bin/cargo" "+1.83.0" "fetch" "--manifest-path" "Cargo.toml", kill_on_drop: false }`
[INFO] running `Command { std: "docker" "create" "-v" "/var/lib/crater-agent-workspace/builds/worker-5-tc1/target:/opt/rustwide/target:rw,Z" "-v" "/var/lib/crater-agent-workspace/builds/worker-5-tc1/source:/opt/rustwide/workdir:ro,Z" "-v" "/var/lib/crater-agent-workspace/cargo-home:/opt/rustwide/cargo-home:ro,Z" "-v" "/var/lib/crater-agent-workspace/rustup-home:/opt/rustwide/rustup-home:ro,Z" "-e" "SOURCE_DIR=/opt/rustwide/workdir" "-e" "CARGO_TARGET_DIR=/opt/rustwide/target" "-e" "CARGO_HOME=/opt/rustwide/cargo-home" "-e" "RUSTUP_HOME=/opt/rustwide/rustup-home" "-w" "/opt/rustwide/workdir" "-m" "1610612736" "--user" "0:0" "--network" "none" "ghcr.io/rust-lang/crates-build-env/linux@sha256:f3a9d4ad9d972b27faf3965f35b62e55ba32bbce8f20bc8fe909558a86702fde" "/opt/rustwide/cargo-home/bin/cargo" "+1.83.0" "metadata" "--no-deps" "--format-version=1", kill_on_drop: false }`
[INFO] [stdout] f8bda6d4d1312836fa9718b2c7d7f032677ed87a1f8a8019880291c62b3136a2
[INFO] running `Command { std: "docker" "start" "-a" "f8bda6d4d1312836fa9718b2c7d7f032677ed87a1f8a8019880291c62b3136a2", kill_on_drop: false }`
[INFO] running `Command { std: "docker" "inspect" "f8bda6d4d1312836fa9718b2c7d7f032677ed87a1f8a8019880291c62b3136a2", kill_on_drop: false }`
[INFO] running `Command { std: "docker" "rm" "-f" "f8bda6d4d1312836fa9718b2c7d7f032677ed87a1f8a8019880291c62b3136a2", kill_on_drop: false }`
[INFO] [stdout] f8bda6d4d1312836fa9718b2c7d7f032677ed87a1f8a8019880291c62b3136a2
[INFO] running `Command { std: "docker" "create" "-v" "/var/lib/crater-agent-workspace/builds/worker-5-tc1/target:/opt/rustwide/target:rw,Z" "-v" "/var/lib/crater-agent-workspace/builds/worker-5-tc1/source:/opt/rustwide/workdir:ro,Z" "-v" "/var/lib/crater-agent-workspace/cargo-home:/opt/rustwide/cargo-home:ro,Z" "-v" "/var/lib/crater-agent-workspace/rustup-home:/opt/rustwide/rustup-home:ro,Z" "-e" "SOURCE_DIR=/opt/rustwide/workdir" "-e" "CARGO_TARGET_DIR=/opt/rustwide/target" "-e" "CARGO_INCREMENTAL=0" "-e" "RUST_BACKTRACE=full" "-e" "RUSTFLAGS=--cap-lints=warn" "-e" "RUSTDOCFLAGS=--cap-lints=warn" "-e" "CARGO_HOME=/opt/rustwide/cargo-home" "-e" "RUSTUP_HOME=/opt/rustwide/rustup-home" "-w" "/opt/rustwide/workdir" "-m" "1610612736" "--user" "0:0" "--network" "none" "ghcr.io/rust-lang/crates-build-env/linux@sha256:f3a9d4ad9d972b27faf3965f35b62e55ba32bbce8f20bc8fe909558a86702fde" "/opt/rustwide/cargo-home/bin/cargo" "+1.83.0" "build" "--frozen" "--message-format=json", kill_on_drop: false }`
[INFO] [stdout] 5c57204821d936b1056916db2e61ed050e6941951b4ddafae9e6c0b5832d3d11
[INFO] running `Command { std: "docker" "start" "-a" "5c57204821d936b1056916db2e61ed050e6941951b4ddafae9e6c0b5832d3d11", kill_on_drop: false }`
[INFO] [stderr]    Compiling autocfg v1.1.0
[INFO] [stderr]    Compiling memchr v2.5.0
[INFO] [stderr]    Compiling serde v1.0.158
[INFO] [stderr]    Compiling rawpointer v0.2.1
[INFO] [stderr]    Compiling ryu v1.0.13
[INFO] [stderr]    Compiling itoa v1.0.6
[INFO] [stderr]    Compiling matrixmultiply v0.3.2
[INFO] [stderr]    Compiling num-traits v0.2.15
[INFO] [stderr]    Compiling num-integer v0.1.45
[INFO] [stderr]    Compiling csv-core v0.1.10
[INFO] [stderr]    Compiling num-complex v0.4.3
[INFO] [stderr]    Compiling ndarray v0.15.6
[INFO] [stderr]    Compiling csv v1.2.1
[INFO] [stderr]    Compiling RustML v0.1.0 (/opt/rustwide/workdir)
[INFO] [stdout] warning: unused import: `std::f64::consts`
[INFO] [stdout]  --> src/shallow/gradient_descent_single_param.rs:1:5
[INFO] [stdout]   |
[INFO] [stdout] 1 | use std::f64::consts;
[INFO] [stdout]   |     ^^^^^^^^^^^^^^^^
[INFO] [stdout]   |
[INFO] [stdout]   = note: `#[warn(unused_imports)]` on by default
[INFO] [stdout] 
[INFO] [stdout] 
[INFO] [stdout] warning: unused import: `std::io::repeat`
[INFO] [stdout]  --> src/shallow/gradient_descent_single_param.rs:2:5
[INFO] [stdout]   |
[INFO] [stdout] 2 | use std::io::repeat;
[INFO] [stdout]   |     ^^^^^^^^^^^^^^^
[INFO] [stdout] 
[INFO] [stdout] 
[INFO] [stdout] warning: unused import: `super::*`
[INFO] [stdout]   --> src/shallow/gradient_descent_single_param.rs:62:9
[INFO] [stdout]    |
[INFO] [stdout] 62 |     use super::*;
[INFO] [stdout]    |         ^^^^^^^^
[INFO] [stdout] 
[INFO] [stdout] 
[INFO] [stdout] warning: unused import: `ArrayView2`
[INFO] [stdout]  --> src/shallow/gradient_descent_multi.rs:1:26
[INFO] [stdout]   |
[INFO] [stdout] 1 | use ndarray::{s, Array2, ArrayView2};
[INFO] [stdout]   |                          ^^^^^^^^^^
[INFO] [stdout] 
[INFO] [stdout] 
[INFO] [stdout] warning: unused import: `std::f64::consts`
[INFO] [stdout]  --> src/shallow/gradient_descent_multi.rs:2:5
[INFO] [stdout]   |
[INFO] [stdout] 2 | use std::f64::consts;
[INFO] [stdout]   |     ^^^^^^^^^^^^^^^^
[INFO] [stdout] 
[INFO] [stdout] 
[INFO] [stdout] warning: unused import: `ndarray::array`
[INFO] [stdout]   --> src/shallow/gradient_descent_multi.rs:71:9
[INFO] [stdout]    |
[INFO] [stdout] 71 |     use ndarray::array;
[INFO] [stdout]    |         ^^^^^^^^^^^^^^
[INFO] [stdout] 
[INFO] [stdout] 
[INFO] [stdout] warning: unused import: `super::*`
[INFO] [stdout]   --> src/shallow/gradient_descent_multi.rs:72:9
[INFO] [stdout]    |
[INFO] [stdout] 72 |     use super::*;
[INFO] [stdout]    |         ^^^^^^^^
[INFO] [stdout] 
[INFO] [stdout] 
[INFO] [stdout] warning: function `gradient_descent` is never used
[INFO] [stdout]  --> src/shallow/gradient_descent_multi.rs:4:8
[INFO] [stdout]   |
[INFO] [stdout] 4 | pub fn gradient_descent(
[INFO] [stdout]   |        ^^^^^^^^^^^^^^^^
[INFO] [stdout]   |
[INFO] [stdout]   = note: `#[warn(dead_code)]` on by default
[INFO] [stdout] 
[INFO] [stdout] 
[INFO] [stdout] warning: function `compute_cost` is never used
[INFO] [stdout]   --> src/shallow/gradient_descent_multi.rs:29:4
[INFO] [stdout]    |
[INFO] [stdout] 29 | fn compute_cost(
[INFO] [stdout]    |    ^^^^^^^^^^^^
[INFO] [stdout] 
[INFO] [stdout] 
[INFO] [stdout] warning: function `compute_gradient` is never used
[INFO] [stdout]   --> src/shallow/gradient_descent_multi.rs:46:4
[INFO] [stdout]    |
[INFO] [stdout] 46 | fn compute_gradient(
[INFO] [stdout]    |    ^^^^^^^^^^^^^^^^
[INFO] [stdout] 
[INFO] [stdout] 
[INFO] [stdout] warning: unused `Result` that must be used
[INFO] [stdout]   --> src/kaggle/house_pricing.rs:11:5
[INFO] [stdout]    |
[INFO] [stdout] 11 |     predict(w, b);
[INFO] [stdout]    |     ^^^^^^^^^^^^^
[INFO] [stdout]    |
[INFO] [stdout]    = note: this `Result` may be an `Err` variant, which should be handled
[INFO] [stdout]    = note: `#[warn(unused_must_use)]` on by default
[INFO] [stdout] help: use `let _ = ...` to ignore the resulting value
[INFO] [stdout]    |
[INFO] [stdout] 11 |     let _ = predict(w, b);
[INFO] [stdout]    |     +++++++
[INFO] [stdout] 
[INFO] [stdout] 
[INFO] [stderr]     Finished `dev` profile [unoptimized + debuginfo] target(s) in 11.23s
[INFO] running `Command { std: "docker" "inspect" "5c57204821d936b1056916db2e61ed050e6941951b4ddafae9e6c0b5832d3d11", kill_on_drop: false }`
[INFO] running `Command { std: "docker" "rm" "-f" "5c57204821d936b1056916db2e61ed050e6941951b4ddafae9e6c0b5832d3d11", kill_on_drop: false }`
[INFO] [stdout] 5c57204821d936b1056916db2e61ed050e6941951b4ddafae9e6c0b5832d3d11
[INFO] running `Command { std: "docker" "create" "-v" "/var/lib/crater-agent-workspace/builds/worker-5-tc1/target:/opt/rustwide/target:rw,Z" "-v" "/var/lib/crater-agent-workspace/builds/worker-5-tc1/source:/opt/rustwide/workdir:ro,Z" "-v" "/var/lib/crater-agent-workspace/cargo-home:/opt/rustwide/cargo-home:ro,Z" "-v" "/var/lib/crater-agent-workspace/rustup-home:/opt/rustwide/rustup-home:ro,Z" "-e" "SOURCE_DIR=/opt/rustwide/workdir" "-e" "CARGO_TARGET_DIR=/opt/rustwide/target" "-e" "CARGO_INCREMENTAL=0" "-e" "RUST_BACKTRACE=full" "-e" "RUSTFLAGS=--cap-lints=warn" "-e" "RUSTDOCFLAGS=--cap-lints=warn" "-e" "CARGO_HOME=/opt/rustwide/cargo-home" "-e" "RUSTUP_HOME=/opt/rustwide/rustup-home" "-w" "/opt/rustwide/workdir" "-m" "1610612736" "--user" "0:0" "--network" "none" "ghcr.io/rust-lang/crates-build-env/linux@sha256:f3a9d4ad9d972b27faf3965f35b62e55ba32bbce8f20bc8fe909558a86702fde" "/opt/rustwide/cargo-home/bin/cargo" "+1.83.0" "test" "--frozen" "--no-run" "--message-format=json", kill_on_drop: false }`
[INFO] [stdout] ea70b3981bfc1fb0041efd77fdca42c3628b2af6a6560e47f89926af71604d36
[INFO] running `Command { std: "docker" "start" "-a" "ea70b3981bfc1fb0041efd77fdca42c3628b2af6a6560e47f89926af71604d36", kill_on_drop: false }`
[INFO] [stderr]    Compiling RustML v0.1.0 (/opt/rustwide/workdir)
[INFO] [stdout] warning: unused import: `std::f64::consts`
[INFO] [stdout]  --> src/shallow/gradient_descent_single_param.rs:1:5
[INFO] [stdout]   |
[INFO] [stdout] 1 | use std::f64::consts;
[INFO] [stdout]   |     ^^^^^^^^^^^^^^^^
[INFO] [stdout]   |
[INFO] [stdout]   = note: `#[warn(unused_imports)]` on by default
[INFO] [stdout] 
[INFO] [stdout] 
[INFO] [stdout] warning: unused import: `std::io::repeat`
[INFO] [stdout]  --> src/shallow/gradient_descent_single_param.rs:2:5
[INFO] [stdout]   |
[INFO] [stdout] 2 | use std::io::repeat;
[INFO] [stdout]   |     ^^^^^^^^^^^^^^^
[INFO] [stdout] 
[INFO] [stdout] 
[INFO] [stdout] warning: unused import: `ArrayView2`
[INFO] [stdout]  --> src/shallow/gradient_descent_multi.rs:1:26
[INFO] [stdout]   |
[INFO] [stdout] 1 | use ndarray::{s, Array2, ArrayView2};
[INFO] [stdout]   |                          ^^^^^^^^^^
[INFO] [stdout] 
[INFO] [stdout] 
[INFO] [stdout] warning: unused import: `std::f64::consts`
[INFO] [stdout]  --> src/shallow/gradient_descent_multi.rs:2:5
[INFO] [stdout]   |
[INFO] [stdout] 2 | use std::f64::consts;
[INFO] [stdout]   |     ^^^^^^^^^^^^^^^^
[INFO] [stdout] 
[INFO] [stdout] 
[INFO] [stdout] warning: unused `Result` that must be used
[INFO] [stdout]   --> src/kaggle/house_pricing.rs:11:5
[INFO] [stdout]    |
[INFO] [stdout] 11 |     predict(w, b);
[INFO] [stdout]    |     ^^^^^^^^^^^^^
[INFO] [stdout]    |
[INFO] [stdout]    = note: this `Result` may be an `Err` variant, which should be handled
[INFO] [stdout]    = note: `#[warn(unused_must_use)]` on by default
[INFO] [stdout] help: use `let _ = ...` to ignore the resulting value
[INFO] [stdout]    |
[INFO] [stdout] 11 |     let _ = predict(w, b);
[INFO] [stdout]    |     +++++++
[INFO] [stdout] 
[INFO] [stdout] 
[INFO] [stderr]     Finished `test` profile [unoptimized + debuginfo] target(s) in 1.43s
[INFO] running `Command { std: "docker" "inspect" "ea70b3981bfc1fb0041efd77fdca42c3628b2af6a6560e47f89926af71604d36", kill_on_drop: false }`
[INFO] running `Command { std: "docker" "rm" "-f" "ea70b3981bfc1fb0041efd77fdca42c3628b2af6a6560e47f89926af71604d36", kill_on_drop: false }`
[INFO] [stdout] ea70b3981bfc1fb0041efd77fdca42c3628b2af6a6560e47f89926af71604d36
[INFO] running `Command { std: "docker" "create" "-v" "/var/lib/crater-agent-workspace/builds/worker-5-tc1/target:/opt/rustwide/target:rw,Z" "-v" "/var/lib/crater-agent-workspace/builds/worker-5-tc1/source:/opt/rustwide/workdir:ro,Z" "-v" "/var/lib/crater-agent-workspace/cargo-home:/opt/rustwide/cargo-home:ro,Z" "-v" "/var/lib/crater-agent-workspace/rustup-home:/opt/rustwide/rustup-home:ro,Z" "-e" "SOURCE_DIR=/opt/rustwide/workdir" "-e" "CARGO_TARGET_DIR=/opt/rustwide/target" "-e" "CARGO_INCREMENTAL=0" "-e" "RUST_BACKTRACE=full" "-e" "RUSTFLAGS=--cap-lints=warn" "-e" "RUSTDOCFLAGS=--cap-lints=warn" "-e" "CARGO_HOME=/opt/rustwide/cargo-home" "-e" "RUSTUP_HOME=/opt/rustwide/rustup-home" "-w" "/opt/rustwide/workdir" "-m" "1610612736" "--user" "0:0" "--network" "none" "ghcr.io/rust-lang/crates-build-env/linux@sha256:f3a9d4ad9d972b27faf3965f35b62e55ba32bbce8f20bc8fe909558a86702fde" "/opt/rustwide/cargo-home/bin/cargo" "+1.83.0" "test" "--frozen", kill_on_drop: false }`
[INFO] [stdout] 747bb149b0cce4722b18f837dee27ce739c20578fe38bd468f9000793f2e8100
[INFO] running `Command { std: "docker" "start" "-a" "747bb149b0cce4722b18f837dee27ce739c20578fe38bd468f9000793f2e8100", kill_on_drop: false }`
[INFO] [stderr] warning: unused import: `std::f64::consts`
[INFO] [stderr]  --> src/shallow/gradient_descent_single_param.rs:1:5
[INFO] [stderr]   |
[INFO] [stderr] 1 | use std::f64::consts;
[INFO] [stderr]   |     ^^^^^^^^^^^^^^^^
[INFO] [stderr]   |
[INFO] [stderr]   = note: `#[warn(unused_imports)]` on by default
[INFO] [stderr] 
[INFO] [stderr] warning: unused import: `std::io::repeat`
[INFO] [stderr]  --> src/shallow/gradient_descent_single_param.rs:2:5
[INFO] [stderr]   |
[INFO] [stderr] 2 | use std::io::repeat;
[INFO] [stderr]   |     ^^^^^^^^^^^^^^^
[INFO] [stderr] 
[INFO] [stderr] warning: unused import: `ArrayView2`
[INFO] [stderr]  --> src/shallow/gradient_descent_multi.rs:1:26
[INFO] [stderr]   |
[INFO] [stderr] 1 | use ndarray::{s, Array2, ArrayView2};
[INFO] [stderr]   |                          ^^^^^^^^^^
[INFO] [stderr] 
[INFO] [stderr] warning: unused import: `std::f64::consts`
[INFO] [stderr]  --> src/shallow/gradient_descent_multi.rs:2:5
[INFO] [stderr]   |
[INFO] [stderr] 2 | use std::f64::consts;
[INFO] [stderr]   |     ^^^^^^^^^^^^^^^^
[INFO] [stderr] 
[INFO] [stderr] warning: unused `Result` that must be used
[INFO] [stderr]   --> src/kaggle/house_pricing.rs:11:5
[INFO] [stderr]    |
[INFO] [stderr] 11 |     predict(w, b);
[INFO] [stderr]    |     ^^^^^^^^^^^^^
[INFO] [stderr]    |
[INFO] [stderr]    = note: this `Result` may be an `Err` variant, which should be handled
[INFO] [stderr]    = note: `#[warn(unused_must_use)]` on by default
[INFO] [stderr] help: use `let _ = ...` to ignore the resulting value
[INFO] [stderr]    |
[INFO] [stderr] 11 |     let _ = predict(w, b);
[INFO] [stderr]    |     +++++++
[INFO] [stderr] 
[INFO] [stderr] warning: `RustML` (bin "RustML" test) generated 5 warnings (run `cargo fix --bin "RustML" --tests` to apply 4 suggestions)
[INFO] [stderr]     Finished `test` profile [unoptimized + debuginfo] target(s) in 0.03s
[INFO] [stderr]      Running unittests src/main.rs (/opt/rustwide/target/debug/deps/RustML-a7e874d0ad229774)
[INFO] [stdout] 
[INFO] [stdout] running 6 tests
[INFO] [stdout] test shallow::gradient_descent_multi::tests::test_compute_gradient ... ok
[INFO] [stdout] test shallow::gradient_descent_multi::tests::test_compute_cost ... ok
[INFO] [stdout] test shallow::gradient_descent_single_param::tests::test_compute_gradient ... ok
[INFO] [stdout] test shallow::gradient_descent_single_param::tests::test_compute_cost ... ok
[INFO] [stdout] test shallow::gradient_descent_single_param::tests::test_gradient_descent ... ok
[INFO] [stdout] test shallow::gradient_descent_multi::tests::test_gradient_descent ... FAILED
[INFO] [stdout] 
[INFO] [stdout] failures:
[INFO] [stdout] 
[INFO] [stdout] ---- shallow::gradient_descent_multi::tests::test_gradient_descent stdout ----
[INFO] [stdout] Iteration    0: Cost 2.53e3 dj_dw: [[-4.827e5, -1.117e3, -3.673e2, -1.207e4]], dj_db: -2.900e2  w: [[2.413e-1, 5.587e-4, 1.837e-4, 6.035e-3]], b: 1.45000e-4
[INFO] [stdout] Iteration  100: Cost 6.96e2 dj_dw: [[-3.663e0, -6.586e0, 2.296e1, 1.445e2]], dj_db: 4.807e0  w: [[2.024e-1, 7.980e-4, -9.966e-4, -2.197e-3]], b: -1.19860e-4
[INFO] [stdout] Iteration  200: Cost 6.95e2 dj_dw: [[-3.647e0, -6.582e0, 2.292e1, 1.439e2]], dj_db: 4.785e0  w: [[2.025e-1, 1.127e-3, -2.143e-3, -9.406e-3]], b: -3.59658e-4
[INFO] [stdout] Iteration  300: Cost 6.94e2 dj_dw: [[-3.631e0, -6.577e0, 2.289e1, 1.432e2]], dj_db: 4.762e0  w: [[2.027e-1, 1.456e-3, -3.289e-3, -1.658e-2]], b: -5.98324e-4
[INFO] [stdout] Iteration  400: Cost 6.93e2 dj_dw: [[-3.615e0, -6.572e0, 2.286e1, 1.426e2]], dj_db: 4.740e0  w: [[2.029e-1, 1.785e-3, -4.432e-3, -2.373e-2]], b: -8.35863e-4
[INFO] [stdout] Iteration  500: Cost 6.92e2 dj_dw: [[-3.598e0, -6.568e0, 2.282e1, 1.419e2]], dj_db: 4.717e0  w: [[2.031e-1, 2.113e-3, -5.574e-3, -3.084e-2]], b: -1.07228e-3
[INFO] [stdout] Iteration  600: Cost 6.91e2 dj_dw: [[-3.582e0, -6.563e0, 2.279e1, 1.413e2]], dj_db: 4.695e0  w: [[2.033e-1, 2.442e-3, -6.715e-3, -3.792e-2]], b: -1.30758e-3
[INFO] [stdout] Iteration  700: Cost 6.90e2 dj_dw: [[-3.566e0, -6.559e0, 2.276e1, 1.407e2]], dj_db: 4.673e0  w: [[2.034e-1, 2.770e-3, -7.853e-3, -4.497e-2]], b: -1.54177e-3
[INFO] [stdout] Iteration  800: Cost 6.89e2 dj_dw: [[-3.550e0, -6.554e0, 2.273e1, 1.400e2]], dj_db: 4.651e0  w: [[2.036e-1, 3.097e-3, -8.991e-3, -5.199e-2]], b: -1.77485e-3
[INFO] [stdout] Iteration  900: Cost 6.88e2 dj_dw: [[-3.535e0, -6.550e0, 2.269e1, 1.394e2]], dj_db: 4.629e0  w: [[2.038e-1, 3.425e-3, -1.013e-2, -5.898e-2]], b: -2.00683e-3
[INFO] [stdout] thread 'shallow::gradient_descent_multi::tests::test_gradient_descent' panicked at src/shallow/gradient_descent_multi.rs:132:13:
[INFO] [stdout] assertion `left == right` failed
[INFO] [stdout]   left: false
[INFO] [stdout]  right: true
[INFO] [stdout] stack backtrace:
[INFO] [stdout]    0:     0x56703d73cc5a - std::backtrace_rs::backtrace::libunwind::trace::h5a5b8284f2d0c266
[INFO] [stdout]                                at /rustc/90b35a6239c3d8bdabc530a6a0816f7ff89a0aaf/library/std/src/../../backtrace/src/backtrace/libunwind.rs:116:5
[INFO] [stdout]    1:     0x56703d73cc5a - std::backtrace_rs::backtrace::trace_unsynchronized::h76d4f1c9b0b875e3
[INFO] [stdout]                                at /rustc/90b35a6239c3d8bdabc530a6a0816f7ff89a0aaf/library/std/src/../../backtrace/src/backtrace/mod.rs:66:5
[INFO] [stdout]    2:     0x56703d73cc5a - std::sys::backtrace::_print_fmt::hc4546b8364a537c6
[INFO] [stdout]                                at /rustc/90b35a6239c3d8bdabc530a6a0816f7ff89a0aaf/library/std/src/sys/backtrace.rs:66:9
[INFO] [stdout]    3:     0x56703d73cc5a - <std::sys::backtrace::BacktraceLock::print::DisplayBacktrace as core::fmt::Display>::fmt::h5b6bd5631a6d1f6b
[INFO] [stdout]                                at /rustc/90b35a6239c3d8bdabc530a6a0816f7ff89a0aaf/library/std/src/sys/backtrace.rs:39:26
[INFO] [stdout]    4:     0x56703d762713 - core::fmt::rt::Argument::fmt::h270f6602a2b96f62
[INFO] [stdout]                                at /rustc/90b35a6239c3d8bdabc530a6a0816f7ff89a0aaf/library/core/src/fmt/rt.rs:177:76
[INFO] [stdout]    5:     0x56703d762713 - core::fmt::write::h7550c97b06c86515
[INFO] [stdout]                                at /rustc/90b35a6239c3d8bdabc530a6a0816f7ff89a0aaf/library/core/src/fmt/mod.rs:1186:21
[INFO] [stdout]    6:     0x56703d739e23 - std::io::Write::write_fmt::h509ff860e5956e5e
[INFO] [stdout]                                at /rustc/90b35a6239c3d8bdabc530a6a0816f7ff89a0aaf/library/std/src/io/mod.rs:1839:15
[INFO] [stdout]    7:     0x56703d73caa2 - std::sys::backtrace::BacktraceLock::print::h2395ccd2c84ba3aa
[INFO] [stdout]                                at /rustc/90b35a6239c3d8bdabc530a6a0816f7ff89a0aaf/library/std/src/sys/backtrace.rs:42:9
[INFO] [stdout]    8:     0x56703d73e0ba - std::panicking::default_hook::{{closure}}::he19d4c7230e07961
[INFO] [stdout]                                at /rustc/90b35a6239c3d8bdabc530a6a0816f7ff89a0aaf/library/std/src/panicking.rs:268:22
[INFO] [stdout]    9:     0x56703d73dec4 - std::panicking::default_hook::hf614597d3c67bbdb
[INFO] [stdout]                                at /rustc/90b35a6239c3d8bdabc530a6a0816f7ff89a0aaf/library/std/src/panicking.rs:292:9
[INFO] [stdout]   10:     0x56703d701f59 - <alloc::boxed::Box<F,A> as core::ops::function::Fn<Args>>::call::h39b51ce4599c23d1
[INFO] [stdout]                                at /rustc/90b35a6239c3d8bdabc530a6a0816f7ff89a0aaf/library/alloc/src/boxed.rs:2468:9
[INFO] [stdout]   11:     0x56703d701f59 - test::test_main::{{closure}}::he977ae839a582784
[INFO] [stdout]                                at /rustc/90b35a6239c3d8bdabc530a6a0816f7ff89a0aaf/library/test/src/lib.rs:133:21
[INFO] [stdout]   12:     0x56703d73e758 - <alloc::boxed::Box<F,A> as core::ops::function::Fn<Args>>::call::h9455091b6b06f9fb
[INFO] [stdout]                                at /rustc/90b35a6239c3d8bdabc530a6a0816f7ff89a0aaf/library/alloc/src/boxed.rs:2468:9
[INFO] [stdout]   13:     0x56703d73e758 - std::panicking::rust_panic_with_hook::h8942133a8b252070
[INFO] [stdout]                                at /rustc/90b35a6239c3d8bdabc530a6a0816f7ff89a0aaf/library/std/src/panicking.rs:809:13
[INFO] [stdout]   14:     0x56703d73e51a - std::panicking::begin_panic_handler::{{closure}}::hb5f5963570096b29
[INFO] [stdout]                                at /rustc/90b35a6239c3d8bdabc530a6a0816f7ff89a0aaf/library/std/src/panicking.rs:674:13
[INFO] [stdout]   15:     0x56703d73d139 - std::sys::backtrace::__rust_end_short_backtrace::h6208cedc1922feda
[INFO] [stdout]                                at /rustc/90b35a6239c3d8bdabc530a6a0816f7ff89a0aaf/library/std/src/sys/backtrace.rs:170:18
[INFO] [stdout]   16:     0x56703d73e1ac - rust_begin_unwind
[INFO] [stdout]                                at /rustc/90b35a6239c3d8bdabc530a6a0816f7ff89a0aaf/library/std/src/panicking.rs:665:5
[INFO] [stdout]   17:     0x56703d693a60 - core::panicking::panic_fmt::h0c3082644d1bf418
[INFO] [stdout]                                at /rustc/90b35a6239c3d8bdabc530a6a0816f7ff89a0aaf/library/core/src/panicking.rs:74:14
[INFO] [stdout]   18:     0x56703d693e2b - core::panicking::assert_failed_inner::h2ddf1fcc067fa858
[INFO] [stdout]   19:     0x56703d6ad0dc - core::panicking::assert_failed::h9b6bde6b5a1dfb0d
[INFO] [stdout]                                at /rustc/90b35a6239c3d8bdabc530a6a0816f7ff89a0aaf/library/core/src/panicking.rs:367:5
[INFO] [stdout]   20:     0x56703d6b3b0d - RustML::shallow::gradient_descent_multi::tests::test_gradient_descent::h43121a0e3217779e
[INFO] [stdout]                                at /opt/rustwide/workdir/src/shallow/gradient_descent_multi.rs:132:13
[INFO] [stdout]   21:     0x56703d6b30f7 - RustML::shallow::gradient_descent_multi::tests::test_gradient_descent::{{closure}}::h8df6f540c542e304
[INFO] [stdout]                                at /opt/rustwide/workdir/src/shallow/gradient_descent_multi.rs:115:31
[INFO] [stdout]   22:     0x56703d6a49a6 - core::ops::function::FnOnce::call_once::hf3de43f43227e753
[INFO] [stdout]                                at /rustc/90b35a6239c3d8bdabc530a6a0816f7ff89a0aaf/library/core/src/ops/function.rs:250:5
[INFO] [stdout]   23:     0x56703d70691b - core::ops::function::FnOnce::call_once::h109cf8051a59b34e
[INFO] [stdout]                                at /rustc/90b35a6239c3d8bdabc530a6a0816f7ff89a0aaf/library/core/src/ops/function.rs:250:5
[INFO] [stdout]   24:     0x56703d70691b - test::__rust_begin_short_backtrace::hf4fff89d377446ba
[INFO] [stdout]                                at /rustc/90b35a6239c3d8bdabc530a6a0816f7ff89a0aaf/library/test/src/lib.rs:621:18
[INFO] [stdout]   25:     0x56703d706157 - test::run_test_in_process::{{closure}}::h0e39181dd7ee5a43
[INFO] [stdout]                                at /rustc/90b35a6239c3d8bdabc530a6a0816f7ff89a0aaf/library/test/src/lib.rs:644:60
[INFO] [stdout]   26:     0x56703d706157 - <core::panic::unwind_safe::AssertUnwindSafe<F> as core::ops::function::FnOnce<()>>::call_once::hc5a66a30f0bdfd1f
[INFO] [stdout]                                at /rustc/90b35a6239c3d8bdabc530a6a0816f7ff89a0aaf/library/core/src/panic/unwind_safe.rs:272:9
[INFO] [stdout]   27:     0x56703d706157 - std::panicking::try::do_call::h873b7cf639554a5e
[INFO] [stdout]                                at /rustc/90b35a6239c3d8bdabc530a6a0816f7ff89a0aaf/library/std/src/panicking.rs:557:40
[INFO] [stdout]   28:     0x56703d706157 - std::panicking::try::hdb19862fad9c8bd1
[INFO] [stdout]                                at /rustc/90b35a6239c3d8bdabc530a6a0816f7ff89a0aaf/library/std/src/panicking.rs:520:19
[INFO] [stdout]   29:     0x56703d706157 - std::panic::catch_unwind::h281fe732d236d260
[INFO] [stdout]                                at /rustc/90b35a6239c3d8bdabc530a6a0816f7ff89a0aaf/library/std/src/panic.rs:358:14
[INFO] [stdout]   30:     0x56703d706157 - test::run_test_in_process::h949b6df8457ed338
[INFO] [stdout]                                at /rustc/90b35a6239c3d8bdabc530a6a0816f7ff89a0aaf/library/test/src/lib.rs:644:27
[INFO] [stdout]   31:     0x56703d706157 - test::run_test::{{closure}}::h52c556a6d4740e10
[INFO] [stdout]                                at /rustc/90b35a6239c3d8bdabc530a6a0816f7ff89a0aaf/library/test/src/lib.rs:565:43
[INFO] [stdout]   32:     0x56703d6cb434 - test::run_test::{{closure}}::h4237f6381c45ccb9
[INFO] [stdout]                                at /rustc/90b35a6239c3d8bdabc530a6a0816f7ff89a0aaf/library/test/src/lib.rs:595:41
[INFO] [stdout]   33:     0x56703d6cb434 - std::sys::backtrace::__rust_begin_short_backtrace::h505c97a579eca628
[INFO] [stdout]                                at /rustc/90b35a6239c3d8bdabc530a6a0816f7ff89a0aaf/library/std/src/sys/backtrace.rs:154:18
[INFO] [stdout]   34:     0x56703d6ceafe - std::thread::Builder::spawn_unchecked_::{{closure}}::{{closure}}::h9e86b2e2bc107ea3
[INFO] [stdout]                                at /rustc/90b35a6239c3d8bdabc530a6a0816f7ff89a0aaf/library/std/src/thread/mod.rs:538:17
[INFO] [stdout]   35:     0x56703d6ceafe - <core::panic::unwind_safe::AssertUnwindSafe<F> as core::ops::function::FnOnce<()>>::call_once::h8b06ddb275ff4a25
[INFO] [stdout]                                at /rustc/90b35a6239c3d8bdabc530a6a0816f7ff89a0aaf/library/core/src/panic/unwind_safe.rs:272:9
[INFO] [stdout]   36:     0x56703d6ceafe - std::panicking::try::do_call::hb26ecd7cd9a9355d
[INFO] [stdout]                                at /rustc/90b35a6239c3d8bdabc530a6a0816f7ff89a0aaf/library/std/src/panicking.rs:557:40
[INFO] [stdout]   37:     0x56703d6ceafe - std::panicking::try::h8ddeca9d705f9069
[INFO] [stdout]                                at /rustc/90b35a6239c3d8bdabc530a6a0816f7ff89a0aaf/library/std/src/panicking.rs:520:19
[INFO] [stdout]   38:     0x56703d6ceafe - std::panic::catch_unwind::h49e1c33078844c46
[INFO] [stdout]                                at /rustc/90b35a6239c3d8bdabc530a6a0816f7ff89a0aaf/library/std/src/panic.rs:358:14
[INFO] [stdout]   39:     0x56703d6ceafe - std::thread::Builder::spawn_unchecked_::{{closure}}::h6073db6ff56ad35d
[INFO] [stdout]                                at /rustc/90b35a6239c3d8bdabc530a6a0816f7ff89a0aaf/library/std/src/thread/mod.rs:537:30
[INFO] [stdout]   40:     0x56703d6ceafe - core::ops::function::FnOnce::call_once{{vtable.shim}}::h2c5a5f3779c774f1
[INFO] [stdout]                                at /rustc/90b35a6239c3d8bdabc530a6a0816f7ff89a0aaf/library/core/src/ops/function.rs:250:5
[INFO] [stdout]   41:     0x56703d7424ab - <alloc::boxed::Box<F,A> as core::ops::function::FnOnce<Args>>::call_once::hf75717d9f28faebf
[INFO] [stdout]                                at /rustc/90b35a6239c3d8bdabc530a6a0816f7ff89a0aaf/library/alloc/src/boxed.rs:2454:9
[INFO] [stdout]   42:     0x56703d7424ab - <alloc::boxed::Box<F,A> as core::ops::function::FnOnce<Args>>::call_once::h7bd883a5f3c5f3c1
[INFO] [stdout]                                at /rustc/90b35a6239c3d8bdabc530a6a0816f7ff89a0aaf/library/alloc/src/boxed.rs:2454:9
[INFO] [stdout]   43:     0x56703d7424ab - std::sys::pal::unix::thread::Thread::new::thread_start::hcc78f3943333fa94
[INFO] [stdout]                                at /rustc/90b35a6239c3d8bdabc530a6a0816f7ff89a0aaf/library/std/src/sys/pal/unix/thread.rs:105:17
[INFO] [stdout]   44:     0x7cfd125feac3 - <unknown>
[INFO] [stdout]   45:     0x7cfd1268fa04 - clone
[INFO] [stdout]   46:                0x0 - <unknown>
[INFO] [stdout] 
[INFO] [stdout] 
[INFO] [stdout] failures:
[INFO] [stdout]     shallow::gradient_descent_multi::tests::test_gradient_descent
[INFO] [stdout] 
[INFO] [stdout] test result: FAILED. 5 passed; 1 failed; 0 ignored; 0 measured; 0 filtered out; finished in 0.06s
[INFO] [stdout] 
[INFO] [stderr] error: test failed, to rerun pass `--bin RustML`
[INFO] running `Command { std: "docker" "inspect" "747bb149b0cce4722b18f837dee27ce739c20578fe38bd468f9000793f2e8100", kill_on_drop: false }`
[INFO] running `Command { std: "docker" "rm" "-f" "747bb149b0cce4722b18f837dee27ce739c20578fe38bd468f9000793f2e8100", kill_on_drop: false }`
[INFO] [stdout] 747bb149b0cce4722b18f837dee27ce739c20578fe38bd468f9000793f2e8100
