[INFO] cloning repository https://github.com/come-senusi-wale/arch-hub
[INFO] running `Command { std: "git" "-c" "credential.helper=" "-c" "credential.helper=/workspace/cargo-home/bin/git-credential-null" "clone" "--bare" "https://github.com/come-senusi-wale/arch-hub" "/workspace/cache/git-repos/https%3A%2F%2Fgithub.com%2Fcome-senusi-wale%2Farch-hub", kill_on_drop: false }`
[INFO] [stderr] Cloning into bare repository '/workspace/cache/git-repos/https%3A%2F%2Fgithub.com%2Fcome-senusi-wale%2Farch-hub'...
[INFO] running `Command { std: "git" "rev-parse" "HEAD", kill_on_drop: false }`
[INFO] [stdout] 8440f730ba5dec6f85e5b8fb06799a1ac4f84fbb
[INFO] testing come-senusi-wale/arch-hub against 1.83.0 for beta-1.84.0-4-retry
[INFO] running `Command { std: "git" "clone" "/workspace/cache/git-repos/https%3A%2F%2Fgithub.com%2Fcome-senusi-wale%2Farch-hub" "/workspace/builds/worker-5-tc1/source", kill_on_drop: false }`
[INFO] [stderr] Cloning into '/workspace/builds/worker-5-tc1/source'...
[INFO] [stderr] done.
[INFO] validating manifest of git repo https://github.com/come-senusi-wale/arch-hub on toolchain 1.83.0
[INFO] running `Command { std: CARGO_HOME="/workspace/cargo-home" RUSTUP_HOME="/workspace/rustup-home" "/workspace/cargo-home/bin/cargo" "+1.83.0" "metadata" "--manifest-path" "Cargo.toml" "--no-deps", kill_on_drop: false }`
[INFO] removed /workspace/builds/worker-5-tc1/source/.cargo/config
[INFO] started tweaking git repo https://github.com/come-senusi-wale/arch-hub
[INFO] finished tweaking git repo https://github.com/come-senusi-wale/arch-hub
[INFO] tweaked toml for git repo https://github.com/come-senusi-wale/arch-hub written to /workspace/builds/worker-5-tc1/source/Cargo.toml
[INFO] crate git repo https://github.com/come-senusi-wale/arch-hub already has a lockfile, it will not be regenerated
[INFO] running `Command { std: CARGO_HOME="/workspace/cargo-home" RUSTUP_HOME="/workspace/rustup-home" "/workspace/cargo-home/bin/cargo" "+1.83.0" "fetch" "--manifest-path" "Cargo.toml", kill_on_drop: false }`
[INFO] [stderr]     Updating git repository `https://github.com/archid-protocol/archid-token.git`
[INFO] [stderr]     Updating git repository `https://github.com/archid-protocol/cw721-updatable.git`
[INFO] [stderr]     Blocking waiting for file lock on package cache
[INFO] [stderr]  Downloading crates ...
[INFO] [stderr]   Downloaded cosmwasm-derive v1.5.4
[INFO] [stderr]   Downloaded cosmwasm-schema-derive v1.5.4
[INFO] [stderr]   Downloaded schemars v0.8.17
[INFO] [stderr]   Downloaded cosmwasm-schema v1.5.4
[INFO] [stderr]   Downloaded cosmwasm-crypto v1.5.4
[INFO] [stderr]   Downloaded schemars_derive v0.8.17
[INFO] [stderr]   Downloaded cosmwasm-storage v1.0.1
[INFO] [stderr]   Downloaded cosmwasm-std v1.0.1
[INFO] running `Command { std: "docker" "create" "-v" "/var/lib/crater-agent-workspace/builds/worker-5-tc1/target:/opt/rustwide/target:rw,Z" "-v" "/var/lib/crater-agent-workspace/builds/worker-5-tc1/source:/opt/rustwide/workdir:ro,Z" "-v" "/var/lib/crater-agent-workspace/cargo-home:/opt/rustwide/cargo-home:ro,Z" "-v" "/var/lib/crater-agent-workspace/rustup-home:/opt/rustwide/rustup-home:ro,Z" "-e" "SOURCE_DIR=/opt/rustwide/workdir" "-e" "CARGO_TARGET_DIR=/opt/rustwide/target" "-e" "CARGO_HOME=/opt/rustwide/cargo-home" "-e" "RUSTUP_HOME=/opt/rustwide/rustup-home" "-w" "/opt/rustwide/workdir" "-m" "1610612736" "--user" "0:0" "--network" "none" "ghcr.io/rust-lang/crates-build-env/linux@sha256:f3a9d4ad9d972b27faf3965f35b62e55ba32bbce8f20bc8fe909558a86702fde" "/opt/rustwide/cargo-home/bin/cargo" "+1.83.0" "metadata" "--no-deps" "--format-version=1", kill_on_drop: false }`
[INFO] [stdout] 763425b6d7f8beec93a736b36f3030450340a8925a327ec1eb4a7225228a47fc
[INFO] running `Command { std: "docker" "start" "-a" "763425b6d7f8beec93a736b36f3030450340a8925a327ec1eb4a7225228a47fc", kill_on_drop: false }`
[INFO] running `Command { std: "docker" "inspect" "763425b6d7f8beec93a736b36f3030450340a8925a327ec1eb4a7225228a47fc", kill_on_drop: false }`
[INFO] running `Command { std: "docker" "rm" "-f" "763425b6d7f8beec93a736b36f3030450340a8925a327ec1eb4a7225228a47fc", kill_on_drop: false }`
[INFO] [stdout] 763425b6d7f8beec93a736b36f3030450340a8925a327ec1eb4a7225228a47fc
[INFO] running `Command { std: "docker" "create" "-v" "/var/lib/crater-agent-workspace/builds/worker-5-tc1/target:/opt/rustwide/target:rw,Z" "-v" "/var/lib/crater-agent-workspace/builds/worker-5-tc1/source:/opt/rustwide/workdir:ro,Z" "-v" "/var/lib/crater-agent-workspace/cargo-home:/opt/rustwide/cargo-home:ro,Z" "-v" "/var/lib/crater-agent-workspace/rustup-home:/opt/rustwide/rustup-home:ro,Z" "-e" "SOURCE_DIR=/opt/rustwide/workdir" "-e" "CARGO_TARGET_DIR=/opt/rustwide/target" "-e" "CARGO_INCREMENTAL=0" "-e" "RUST_BACKTRACE=full" "-e" "RUSTFLAGS=--cap-lints=warn" "-e" "RUSTDOCFLAGS=--cap-lints=warn" "-e" "CARGO_HOME=/opt/rustwide/cargo-home" "-e" "RUSTUP_HOME=/opt/rustwide/rustup-home" "-w" "/opt/rustwide/workdir" "-m" "1610612736" "--user" "0:0" "--network" "none" "ghcr.io/rust-lang/crates-build-env/linux@sha256:f3a9d4ad9d972b27faf3965f35b62e55ba32bbce8f20bc8fe909558a86702fde" "/opt/rustwide/cargo-home/bin/cargo" "+1.83.0" "build" "--frozen" "--message-format=json", kill_on_drop: false }`
[INFO] [stdout] b0650d2297366db99f982c3f2ab5150019bfbc7afacd11a469adb07a8f97c167
[INFO] running `Command { std: "docker" "start" "-a" "b0650d2297366db99f982c3f2ab5150019bfbc7afacd11a469adb07a8f97c167", kill_on_drop: false }`
[INFO] [stderr]    Compiling version_check v0.9.4
[INFO] [stderr]    Compiling zeroize v1.7.0
[INFO] [stderr]    Compiling typenum v1.17.0
[INFO] [stderr]    Compiling proc-macro2 v1.0.81
[INFO] [stderr]    Compiling unicode-ident v1.0.12
[INFO] [stderr]    Compiling cfg-if v1.0.0
[INFO] [stderr]    Compiling libc v0.2.153
[INFO] [stderr]    Compiling subtle v2.5.0
[INFO] [stderr]    Compiling const-oid v0.9.6
[INFO] [stderr]    Compiling serde v1.0.199
[INFO] [stderr]    Compiling cpufeatures v0.2.12
[INFO] [stderr]    Compiling once_cell v1.19.0
[INFO] [stderr]    Compiling base16ct v0.2.0
[INFO] [stderr]    Compiling syn v1.0.109
[INFO] [stderr]    Compiling serde_json v1.0.116
[INFO] [stderr]    Compiling byteorder v1.5.0
[INFO] [stderr]    Compiling thiserror v1.0.59
[INFO] [stderr]    Compiling schemars v0.8.17
[INFO] [stderr]    Compiling ryu v1.0.17
[INFO] [stderr]    Compiling hex v0.4.3
[INFO] [stderr]    Compiling der v0.7.9
[INFO] [stderr]    Compiling rand_core v0.5.1
[INFO] [stderr]    Compiling opaque-debug v0.3.1
[INFO] [stderr]    Compiling itoa v1.0.11
[INFO] [stderr]    Compiling crunchy v0.2.2
[INFO] [stderr]    Compiling dyn-clone v1.0.17
[INFO] [stderr]    Compiling static_assertions v1.1.0
[INFO] [stderr]    Compiling forward_ref v1.0.0
[INFO] [stderr]    Compiling base64 v0.13.1
[INFO] [stderr]    Compiling semver v1.0.22
[INFO] [stderr]    Compiling generic-array v0.14.7
[INFO] [stderr]    Compiling ahash v0.7.8
[INFO] [stderr]    Compiling uint v0.9.5
[INFO] [stderr]    Compiling quote v1.0.36
[INFO] [stderr]    Compiling getrandom v0.2.14
[INFO] [stderr]    Compiling rand_core v0.6.4
[INFO] [stderr]    Compiling ff v0.13.0
[INFO] [stderr]    Compiling syn v2.0.60
[INFO] [stderr]    Compiling hashbrown v0.12.3
[INFO] [stderr]    Compiling group v0.13.0
[INFO] [stderr]    Compiling spki v0.7.3
[INFO] [stderr]    Compiling pkcs8 v0.10.2
[INFO] [stderr]    Compiling crypto-common v0.1.6
[INFO] [stderr]    Compiling block-buffer v0.10.4
[INFO] [stderr]    Compiling crypto-bigint v0.5.5
[INFO] [stderr]    Compiling sec1 v0.7.3
[INFO] [stderr]    Compiling digest v0.9.0
[INFO] [stderr]    Compiling block-buffer v0.9.0
[INFO] [stderr]    Compiling curve25519-dalek v3.2.0
[INFO] [stderr]    Compiling sha2 v0.9.9
[INFO] [stderr]    Compiling digest v0.10.7
[INFO] [stderr]    Compiling hmac v0.12.1
[INFO] [stderr]    Compiling signature v2.2.0
[INFO] [stderr]    Compiling sha2 v0.10.8
[INFO] [stderr]    Compiling rfc6979 v0.4.0
[INFO] [stderr]    Compiling serde_derive_internals v0.29.0
[INFO] [stderr]    Compiling serde_derive v1.0.199
[INFO] [stderr]    Compiling thiserror-impl v1.0.59
[INFO] [stderr]    Compiling elliptic-curve v0.13.8
[INFO] [stderr]    Compiling schemars_derive v0.8.17
[INFO] [stderr]    Compiling ecdsa v0.16.9
[INFO] [stderr]    Compiling cosmwasm-derive v1.5.4
[INFO] [stderr]    Compiling cosmwasm-schema-derive v1.5.4
[INFO] [stderr]    Compiling k256 v0.13.1
[INFO] [stderr]    Compiling ed25519-zebra v3.1.0
[INFO] [stderr]    Compiling serde-json-wasm v0.4.1
[INFO] [stderr]    Compiling cosmwasm-crypto v1.5.4
[INFO] [stderr]    Compiling cosmwasm-std v1.0.1
[INFO] [stderr]    Compiling cosmwasm-schema v1.5.4
[INFO] [stderr]    Compiling cw-utils v0.13.4
[INFO] [stderr]    Compiling cw-storage-plus v0.13.4
[INFO] [stderr]    Compiling cw-storage-plus v0.11.1
[INFO] [stderr]    Compiling cw-storage-plus v0.14.0
[INFO] [stderr]    Compiling cosmwasm-storage v1.0.1
[INFO] [stderr]    Compiling cw721-updatable v1.0.2 (https://github.com/archid-protocol/cw721-updatable.git#40ff34de)
[INFO] [stderr]    Compiling cw20 v0.13.4
[INFO] [stderr]    Compiling cw2 v0.14.0
[INFO] [stderr]    Compiling cw-utils v0.14.0
[INFO] [stderr]    Compiling cw2 v0.13.4
[INFO] [stderr]    Compiling cw2 v0.11.1
[INFO] [stderr]    Compiling cw721-archid v1.0.3 (https://github.com/archid-protocol/cw721-updatable.git#40ff34de)
[INFO] [stderr]    Compiling archid-token v1.0.2 (https://github.com/archid-protocol/archid-token.git#d9570361)
[INFO] [stderr]    Compiling arch-hub v0.1.0 (/opt/rustwide/workdir)
[INFO] [stdout] warning: unused imports: `CW721_ADDRESS`, `MetaDataUpdateMsg`, `query_current_metadata`, `query_name_owner`, and `write_utils::send_data_update`
[INFO] [stdout]   --> src/execute.rs:14:41
[INFO] [stdout]    |
[INFO] [stdout] 14 |         ExecuteMsg as ArchIdExecuteMsg, MetaDataUpdateMsg
[INFO] [stdout]    |                                         ^^^^^^^^^^^^^^^^^
[INFO] [stdout] 15 |     }, 
[INFO] [stdout] 16 |     constant::{ARCH_REGISTRY_ADDRESS, CW721_ADDRESS, DENOM}, error::ContractError, 
[INFO] [stdout]    |                                       ^^^^^^^^^^^^^
[INFO] [stdout] 17 |     read_util::{query_current_metadata, query_name_owner}, 
[INFO] [stdout]    |                 ^^^^^^^^^^^^^^^^^^^^^^  ^^^^^^^^^^^^^^^^
[INFO] [stdout] ...
[INFO] [stdout] 21 |     write_utils::send_data_update
[INFO] [stdout]    |     ^^^^^^^^^^^^^^^^^^^^^^^^^^^^^
[INFO] [stdout]    |
[INFO] [stdout]    = note: `#[warn(unused_imports)]` on by default
[INFO] [stdout] 
[INFO] [stdout] 
[INFO] [stdout] warning: unused import: `archid_registry::MetaDataUpdateMsg`
[INFO] [stdout]  --> src/msg.rs:5:13
[INFO] [stdout]   |
[INFO] [stdout] 5 | use crate::{archid_registry::MetaDataUpdateMsg, state::{Job, Preferences, Profile, Status}};
[INFO] [stdout]   |             ^^^^^^^^^^^^^^^^^^^^^^^^^^^^^^^^^^
[INFO] [stdout] 
[INFO] [stdout] 
[INFO] [stdout] warning: unused variable: `name`
[INFO] [stdout]    --> src/execute.rs:173:9
[INFO] [stdout]     |
[INFO] [stdout] 173 |     let name = parts.next().unwrap();
[INFO] [stdout]     |         ^^^^ help: if this is intentional, prefix it with an underscore: `_name`
[INFO] [stdout]     |
[INFO] [stdout]     = note: `#[warn(unused_variables)]` on by default
[INFO] [stdout] 
[INFO] [stdout] 
[INFO] [stdout] warning: unused variable: `start_after`
[INFO] [stdout]    --> src/query.rs:149:29
[INFO] [stdout]     |
[INFO] [stdout] 149 | pub fn profiles(deps: Deps, start_after: Option<u64>, limit: Option<u32>) -> StdResult<ProfilesResponse> {
[INFO] [stdout]     |                             ^^^^^^^^^^^ help: if this is intentional, prefix it with an underscore: `_start_after`
[INFO] [stdout] 
[INFO] [stdout] 
[INFO] [stdout] warning: method `as_str` is never used
[INFO] [stdout]   --> src/state.rs:18:8
[INFO] [stdout]    |
[INFO] [stdout] 17 | impl Status {
[INFO] [stdout]    | ----------- method in this implementation
[INFO] [stdout] 18 |     fn as_str(&self) -> &'static str {
[INFO] [stdout]    |        ^^^^^^
[INFO] [stdout]    |
[INFO] [stdout]    = note: `#[warn(dead_code)]` on by default
[INFO] [stdout] 
[INFO] [stdout] 
[INFO] [stdout] warning: function `query_name_owner` is never used
[INFO] [stdout]  --> src/read_util.rs:6:8
[INFO] [stdout]   |
[INFO] [stdout] 6 | pub fn query_name_owner(
[INFO] [stdout]   |        ^^^^^^^^^^^^^^^^
[INFO] [stdout] 
[INFO] [stdout] 
[INFO] [stdout] warning: function `query_current_metadata` is never used
[INFO] [stdout]   --> src/read_util.rs:23:8
[INFO] [stdout]    |
[INFO] [stdout] 23 | pub fn query_current_metadata(
[INFO] [stdout]    |        ^^^^^^^^^^^^^^^^^^^^^^
[INFO] [stdout] 
[INFO] [stdout] 
[INFO] [stdout] warning: function `send_data_update` is never used
[INFO] [stdout]  --> src/write_utils.rs:6:8
[INFO] [stdout]   |
[INFO] [stdout] 6 | pub fn send_data_update(name: &String, cw721: &Addr, data: Metadata) -> StdResult<CosmosMsg> {
[INFO] [stdout]   |        ^^^^^^^^^^^^^^^^
[INFO] [stdout] 
[INFO] [stdout] 
[INFO] [stderr]     Finished `dev` profile [unoptimized + debuginfo] target(s) in 38.20s
[INFO] running `Command { std: "docker" "inspect" "b0650d2297366db99f982c3f2ab5150019bfbc7afacd11a469adb07a8f97c167", kill_on_drop: false }`
[INFO] running `Command { std: "docker" "rm" "-f" "b0650d2297366db99f982c3f2ab5150019bfbc7afacd11a469adb07a8f97c167", kill_on_drop: false }`
[INFO] [stdout] b0650d2297366db99f982c3f2ab5150019bfbc7afacd11a469adb07a8f97c167
[INFO] running `Command { std: "docker" "create" "-v" "/var/lib/crater-agent-workspace/builds/worker-5-tc1/target:/opt/rustwide/target:rw,Z" "-v" "/var/lib/crater-agent-workspace/builds/worker-5-tc1/source:/opt/rustwide/workdir:ro,Z" "-v" "/var/lib/crater-agent-workspace/cargo-home:/opt/rustwide/cargo-home:ro,Z" "-v" "/var/lib/crater-agent-workspace/rustup-home:/opt/rustwide/rustup-home:ro,Z" "-e" "SOURCE_DIR=/opt/rustwide/workdir" "-e" "CARGO_TARGET_DIR=/opt/rustwide/target" "-e" "CARGO_INCREMENTAL=0" "-e" "RUST_BACKTRACE=full" "-e" "RUSTFLAGS=--cap-lints=warn" "-e" "RUSTDOCFLAGS=--cap-lints=warn" "-e" "CARGO_HOME=/opt/rustwide/cargo-home" "-e" "RUSTUP_HOME=/opt/rustwide/rustup-home" "-w" "/opt/rustwide/workdir" "-m" "1610612736" "--user" "0:0" "--network" "none" "ghcr.io/rust-lang/crates-build-env/linux@sha256:f3a9d4ad9d972b27faf3965f35b62e55ba32bbce8f20bc8fe909558a86702fde" "/opt/rustwide/cargo-home/bin/cargo" "+1.83.0" "test" "--frozen" "--no-run" "--message-format=json", kill_on_drop: false }`
[INFO] [stdout] 6536c2e3527ec3657129c82200671cbdeac8984f9e825ac4c52fe7595bd08da2
[INFO] running `Command { std: "docker" "start" "-a" "6536c2e3527ec3657129c82200671cbdeac8984f9e825ac4c52fe7595bd08da2", kill_on_drop: false }`
[INFO] [stdout] warning: unused imports: `CW721_ADDRESS`, `MetaDataUpdateMsg`, `query_current_metadata`, `query_name_owner`, and `write_utils::send_data_update`
[INFO] [stdout]   --> src/execute.rs:14:41
[INFO] [stdout]    |
[INFO] [stdout] 14 |         ExecuteMsg as ArchIdExecuteMsg, MetaDataUpdateMsg
[INFO] [stdout]    |                                         ^^^^^^^^^^^^^^^^^
[INFO] [stdout] 15 |     }, 
[INFO] [stdout] 16 |     constant::{ARCH_REGISTRY_ADDRESS, CW721_ADDRESS, DENOM}, error::ContractError, 
[INFO] [stdout]    |                                       ^^^^^^^^^^^^^
[INFO] [stdout] 17 |     read_util::{query_current_metadata, query_name_owner}, 
[INFO] [stdout]    |                 ^^^^^^^^^^^^^^^^^^^^^^  ^^^^^^^^^^^^^^^^
[INFO] [stdout] ...
[INFO] [stdout] 21 |     write_utils::send_data_update
[INFO] [stdout]    |     ^^^^^^^^^^^^^^^^^^^^^^^^^^^^^
[INFO] [stdout]    |
[INFO] [stdout]    = note: `#[warn(unused_imports)]` on by default
[INFO] [stdout] 
[INFO] [stdout] 
[INFO] [stdout] warning: unused import: `archid_registry::MetaDataUpdateMsg`
[INFO] [stdout]  --> src/msg.rs:5:13
[INFO] [stdout]   |
[INFO] [stdout] 5 | use crate::{archid_registry::MetaDataUpdateMsg, state::{Job, Preferences, Profile, Status}};
[INFO] [stdout]   |             ^^^^^^^^^^^^^^^^^^^^^^^^^^^^^^^^^^
[INFO] [stdout] 
[INFO] [stdout] 
[INFO] [stdout] warning: unused variable: `name`
[INFO] [stdout]    --> src/execute.rs:173:9
[INFO] [stdout]     |
[INFO] [stdout] 173 |     let name = parts.next().unwrap();
[INFO] [stdout]     |         ^^^^ help: if this is intentional, prefix it with an underscore: `_name`
[INFO] [stdout]     |
[INFO] [stdout]     = note: `#[warn(unused_variables)]` on by default
[INFO] [stdout] 
[INFO] [stdout] 
[INFO] [stdout] warning: unused variable: `start_after`
[INFO] [stdout]    --> src/query.rs:149:29
[INFO] [stdout]     |
[INFO] [stdout] 149 | pub fn profiles(deps: Deps, start_after: Option<u64>, limit: Option<u32>) -> StdResult<ProfilesResponse> {
[INFO] [stdout]     |                             ^^^^^^^^^^^ help: if this is intentional, prefix it with an underscore: `_start_after`
[INFO] [stdout] 
[INFO] [stdout] 
[INFO] [stdout] warning: method `as_str` is never used
[INFO] [stdout]   --> src/state.rs:18:8
[INFO] [stdout]    |
[INFO] [stdout] 17 | impl Status {
[INFO] [stdout]    | ----------- method in this implementation
[INFO] [stdout] 18 |     fn as_str(&self) -> &'static str {
[INFO] [stdout]    |        ^^^^^^
[INFO] [stdout]    |
[INFO] [stdout]    = note: `#[warn(dead_code)]` on by default
[INFO] [stdout] 
[INFO] [stdout] 
[INFO] [stdout] warning: function `query_name_owner` is never used
[INFO] [stdout]  --> src/read_util.rs:6:8
[INFO] [stdout]   |
[INFO] [stdout] 6 | pub fn query_name_owner(
[INFO] [stdout]   |        ^^^^^^^^^^^^^^^^
[INFO] [stdout] 
[INFO] [stdout] 
[INFO] [stdout] warning: function `query_current_metadata` is never used
[INFO] [stdout]   --> src/read_util.rs:23:8
[INFO] [stdout]    |
[INFO] [stdout] 23 | pub fn query_current_metadata(
[INFO] [stdout]    |        ^^^^^^^^^^^^^^^^^^^^^^
[INFO] [stdout] 
[INFO] [stdout] 
[INFO] [stdout] warning: function `send_data_update` is never used
[INFO] [stdout]  --> src/write_utils.rs:6:8
[INFO] [stdout]   |
[INFO] [stdout] 6 | pub fn send_data_update(name: &String, cw721: &Addr, data: Metadata) -> StdResult<CosmosMsg> {
[INFO] [stdout]   |        ^^^^^^^^^^^^^^^^
[INFO] [stdout] 
[INFO] [stdout] 
[INFO] [stderr]    Compiling arch-hub v0.1.0 (/opt/rustwide/workdir)
[INFO] [stdout] warning: unused imports: `CW721_ADDRESS`, `MetaDataUpdateMsg`, `query_current_metadata`, `query_name_owner`, and `write_utils::send_data_update`
[INFO] [stdout]   --> src/execute.rs:14:41
[INFO] [stdout]    |
[INFO] [stdout] 14 |         ExecuteMsg as ArchIdExecuteMsg, MetaDataUpdateMsg
[INFO] [stdout]    |                                         ^^^^^^^^^^^^^^^^^
[INFO] [stdout] 15 |     }, 
[INFO] [stdout] 16 |     constant::{ARCH_REGISTRY_ADDRESS, CW721_ADDRESS, DENOM}, error::ContractError, 
[INFO] [stdout]    |                                       ^^^^^^^^^^^^^
[INFO] [stdout] 17 |     read_util::{query_current_metadata, query_name_owner}, 
[INFO] [stdout]    |                 ^^^^^^^^^^^^^^^^^^^^^^  ^^^^^^^^^^^^^^^^
[INFO] [stdout] ...
[INFO] [stdout] 21 |     write_utils::send_data_update
[INFO] [stdout]    |     ^^^^^^^^^^^^^^^^^^^^^^^^^^^^^
[INFO] [stdout]    |
[INFO] [stdout]    = note: `#[warn(unused_imports)]` on by default
[INFO] [stdout] 
[INFO] [stdout] 
[INFO] [stdout] warning: unused import: `archid_registry::MetaDataUpdateMsg`
[INFO] [stdout]  --> src/msg.rs:5:13
[INFO] [stdout]   |
[INFO] [stdout] 5 | use crate::{archid_registry::MetaDataUpdateMsg, state::{Job, Preferences, Profile, Status}};
[INFO] [stdout]   |             ^^^^^^^^^^^^^^^^^^^^^^^^^^^^^^^^^^
[INFO] [stdout] 
[INFO] [stdout] 
[INFO] [stdout] warning: unused variable: `name`
[INFO] [stdout]    --> src/execute.rs:173:9
[INFO] [stdout]     |
[INFO] [stdout] 173 |     let name = parts.next().unwrap();
[INFO] [stdout]     |         ^^^^ help: if this is intentional, prefix it with an underscore: `_name`
[INFO] [stdout]     |
[INFO] [stdout]     = note: `#[warn(unused_variables)]` on by default
[INFO] [stdout] 
[INFO] [stdout] 
[INFO] [stdout] warning: unused variable: `start_after`
[INFO] [stdout]    --> src/query.rs:149:29
[INFO] [stdout]     |
[INFO] [stdout] 149 | pub fn profiles(deps: Deps, start_after: Option<u64>, limit: Option<u32>) -> StdResult<ProfilesResponse> {
[INFO] [stdout]     |                             ^^^^^^^^^^^ help: if this is intentional, prefix it with an underscore: `_start_after`
[INFO] [stdout] 
[INFO] [stdout] 
[INFO] [stdout] warning: method `as_str` is never used
[INFO] [stdout]   --> src/state.rs:18:8
[INFO] [stdout]    |
[INFO] [stdout] 17 | impl Status {
[INFO] [stdout]    | ----------- method in this implementation
[INFO] [stdout] 18 |     fn as_str(&self) -> &'static str {
[INFO] [stdout]    |        ^^^^^^
[INFO] [stdout]    |
[INFO] [stdout]    = note: `#[warn(dead_code)]` on by default
[INFO] [stdout] 
[INFO] [stdout] 
[INFO] [stdout] warning: function `query_name_owner` is never used
[INFO] [stdout]  --> src/read_util.rs:6:8
[INFO] [stdout]   |
[INFO] [stdout] 6 | pub fn query_name_owner(
[INFO] [stdout]   |        ^^^^^^^^^^^^^^^^
[INFO] [stdout] 
[INFO] [stdout] 
[INFO] [stdout] warning: function `query_current_metadata` is never used
[INFO] [stdout]   --> src/read_util.rs:23:8
[INFO] [stdout]    |
[INFO] [stdout] 23 | pub fn query_current_metadata(
[INFO] [stdout]    |        ^^^^^^^^^^^^^^^^^^^^^^
[INFO] [stdout] 
[INFO] [stdout] 
[INFO] [stdout] warning: function `send_data_update` is never used
[INFO] [stdout]  --> src/write_utils.rs:6:8
[INFO] [stdout]   |
[INFO] [stdout] 6 | pub fn send_data_update(name: &String, cw721: &Addr, data: Metadata) -> StdResult<CosmosMsg> {
[INFO] [stdout]   |        ^^^^^^^^^^^^^^^^
[INFO] [stdout] 
[INFO] [stdout] 
[INFO] [stderr]     Finished `test` profile [unoptimized + debuginfo] target(s) in 3.62s
[INFO] running `Command { std: "docker" "inspect" "6536c2e3527ec3657129c82200671cbdeac8984f9e825ac4c52fe7595bd08da2", kill_on_drop: false }`
[INFO] running `Command { std: "docker" "rm" "-f" "6536c2e3527ec3657129c82200671cbdeac8984f9e825ac4c52fe7595bd08da2", kill_on_drop: false }`
[INFO] [stdout] 6536c2e3527ec3657129c82200671cbdeac8984f9e825ac4c52fe7595bd08da2
[INFO] running `Command { std: "docker" "create" "-v" "/var/lib/crater-agent-workspace/builds/worker-5-tc1/target:/opt/rustwide/target:rw,Z" "-v" "/var/lib/crater-agent-workspace/builds/worker-5-tc1/source:/opt/rustwide/workdir:ro,Z" "-v" "/var/lib/crater-agent-workspace/cargo-home:/opt/rustwide/cargo-home:ro,Z" "-v" "/var/lib/crater-agent-workspace/rustup-home:/opt/rustwide/rustup-home:ro,Z" "-e" "SOURCE_DIR=/opt/rustwide/workdir" "-e" "CARGO_TARGET_DIR=/opt/rustwide/target" "-e" "CARGO_INCREMENTAL=0" "-e" "RUST_BACKTRACE=full" "-e" "RUSTFLAGS=--cap-lints=warn" "-e" "RUSTDOCFLAGS=--cap-lints=warn" "-e" "CARGO_HOME=/opt/rustwide/cargo-home" "-e" "RUSTUP_HOME=/opt/rustwide/rustup-home" "-w" "/opt/rustwide/workdir" "-m" "1610612736" "--user" "0:0" "--network" "none" "ghcr.io/rust-lang/crates-build-env/linux@sha256:f3a9d4ad9d972b27faf3965f35b62e55ba32bbce8f20bc8fe909558a86702fde" "/opt/rustwide/cargo-home/bin/cargo" "+1.83.0" "test" "--frozen", kill_on_drop: false }`
[INFO] [stdout] 721a7dce56a4a56b68dcd1bcb142c35b86a734487efdf891df737ffb61a9acb8
[INFO] running `Command { std: "docker" "start" "-a" "721a7dce56a4a56b68dcd1bcb142c35b86a734487efdf891df737ffb61a9acb8", kill_on_drop: false }`
[INFO] [stderr] warning: unused imports: `CW721_ADDRESS`, `MetaDataUpdateMsg`, `query_current_metadata`, `query_name_owner`, and `write_utils::send_data_update`
[INFO] [stderr]   --> src/execute.rs:14:41
[INFO] [stderr]    |
[INFO] [stderr] 14 |         ExecuteMsg as ArchIdExecuteMsg, MetaDataUpdateMsg
[INFO] [stderr]    |                                         ^^^^^^^^^^^^^^^^^
[INFO] [stderr] 15 |     }, 
[INFO] [stderr] 16 |     constant::{ARCH_REGISTRY_ADDRESS, CW721_ADDRESS, DENOM}, error::ContractError, 
[INFO] [stderr]    |                                       ^^^^^^^^^^^^^
[INFO] [stderr] 17 |     read_util::{query_current_metadata, query_name_owner}, 
[INFO] [stderr]    |                 ^^^^^^^^^^^^^^^^^^^^^^  ^^^^^^^^^^^^^^^^
[INFO] [stderr] ...
[INFO] [stderr] 21 |     write_utils::send_data_update
[INFO] [stderr]    |     ^^^^^^^^^^^^^^^^^^^^^^^^^^^^^
[INFO] [stderr]    |
[INFO] [stderr]    = note: `#[warn(unused_imports)]` on by default
[INFO] [stderr] 
[INFO] [stderr] warning: unused import: `archid_registry::MetaDataUpdateMsg`
[INFO] [stderr]  --> src/msg.rs:5:13
[INFO] [stderr]   |
[INFO] [stderr] 5 | use crate::{archid_registry::MetaDataUpdateMsg, state::{Job, Preferences, Profile, Status}};
[INFO] [stderr]   |             ^^^^^^^^^^^^^^^^^^^^^^^^^^^^^^^^^^
[INFO] [stderr] 
[INFO] [stderr] warning: unused variable: `name`
[INFO] [stderr]    --> src/execute.rs:173:9
[INFO] [stderr]     |
[INFO] [stderr] 173 |     let name = parts.next().unwrap();
[INFO] [stderr]     |         ^^^^ help: if this is intentional, prefix it with an underscore: `_name`
[INFO] [stderr]     |
[INFO] [stderr]     = note: `#[warn(unused_variables)]` on by default
[INFO] [stderr] 
[INFO] [stderr] warning: unused variable: `start_after`
[INFO] [stderr]    --> src/query.rs:149:29
[INFO] [stderr]     |
[INFO] [stderr] 149 | pub fn profiles(deps: Deps, start_after: Option<u64>, limit: Option<u32>) -> StdResult<ProfilesResponse> {
[INFO] [stderr]     |                             ^^^^^^^^^^^ help: if this is intentional, prefix it with an underscore: `_start_after`
[INFO] [stderr] 
[INFO] [stderr] warning: method `as_str` is never used
[INFO] [stderr]   --> src/state.rs:18:8
[INFO] [stderr]    |
[INFO] [stderr] 17 | impl Status {
[INFO] [stderr]    | ----------- method in this implementation
[INFO] [stderr] 18 |     fn as_str(&self) -> &'static str {
[INFO] [stderr]    |        ^^^^^^
[INFO] [stderr]    |
[INFO] [stderr]    = note: `#[warn(dead_code)]` on by default
[INFO] [stderr] 
[INFO] [stderr] warning: function `query_name_owner` is never used
[INFO] [stderr]  --> src/read_util.rs:6:8
[INFO] [stderr]   |
[INFO] [stderr] 6 | pub fn query_name_owner(
[INFO] [stderr]   |        ^^^^^^^^^^^^^^^^
[INFO] [stderr] 
[INFO] [stderr] warning: function `query_current_metadata` is never used
[INFO] [stderr]   --> src/read_util.rs:23:8
[INFO] [stderr]    |
[INFO] [stderr] 23 | pub fn query_current_metadata(
[INFO] [stderr]    |        ^^^^^^^^^^^^^^^^^^^^^^
[INFO] [stderr] 
[INFO] [stderr] warning: function `send_data_update` is never used
[INFO] [stderr]  --> src/write_utils.rs:6:8
[INFO] [stderr]   |
[INFO] [stderr] 6 | pub fn send_data_update(name: &String, cw721: &Addr, data: Metadata) -> StdResult<CosmosMsg> {
[INFO] [stderr]   |        ^^^^^^^^^^^^^^^^
[INFO] [stderr] 
[INFO] [stderr] warning: `arch-hub` (lib) generated 8 warnings (run `cargo fix --lib -p arch-hub` to apply 2 suggestions)
[INFO] [stderr] warning: `arch-hub` (lib test) generated 8 warnings (8 duplicates)
[INFO] [stderr]     Finished `test` profile [unoptimized + debuginfo] target(s) in 0.10s
[INFO] [stderr]      Running unittests src/lib.rs (/opt/rustwide/target/debug/deps/arch_hub-4a2d474ac91f77d2)
[INFO] [stdout] 
[INFO] [stdout] running 2 tests
[INFO] [stdout] test contract::tests::proper_initialization ... ok
[INFO] [stdout] test contract::tests::profile_job_accept_reject_query ... FAILED
[INFO] [stdout] 
[INFO] [stdout] failures:
[INFO] [stdout] 
[INFO] [stdout] ---- contract::tests::profile_job_accept_reject_query stdout ----
[INFO] [stdout] thread 'contract::tests::profile_job_accept_reject_query' panicked at src/contract.rs:153:74:
[INFO] [stdout] called `Result::unwrap()` on an `Err` value: InvalidAccount
[INFO] [stdout] stack backtrace:
[INFO] [stdout]    0:     0x61f972fa5b5a - std::backtrace_rs::backtrace::libunwind::trace::h5a5b8284f2d0c266
[INFO] [stdout]                                at /rustc/90b35a6239c3d8bdabc530a6a0816f7ff89a0aaf/library/std/src/../../backtrace/src/backtrace/libunwind.rs:116:5
[INFO] [stdout]    1:     0x61f972fa5b5a - std::backtrace_rs::backtrace::trace_unsynchronized::h76d4f1c9b0b875e3
[INFO] [stdout]                                at /rustc/90b35a6239c3d8bdabc530a6a0816f7ff89a0aaf/library/std/src/../../backtrace/src/backtrace/mod.rs:66:5
[INFO] [stdout]    2:     0x61f972fa5b5a - std::sys::backtrace::_print_fmt::hc4546b8364a537c6
[INFO] [stdout]                                at /rustc/90b35a6239c3d8bdabc530a6a0816f7ff89a0aaf/library/std/src/sys/backtrace.rs:66:9
[INFO] [stdout]    3:     0x61f972fa5b5a - <std::sys::backtrace::BacktraceLock::print::DisplayBacktrace as core::fmt::Display>::fmt::h5b6bd5631a6d1f6b
[INFO] [stdout]                                at /rustc/90b35a6239c3d8bdabc530a6a0816f7ff89a0aaf/library/std/src/sys/backtrace.rs:39:26
[INFO] [stdout]    4:     0x61f972fcc153 - core::fmt::rt::Argument::fmt::h270f6602a2b96f62
[INFO] [stdout]                                at /rustc/90b35a6239c3d8bdabc530a6a0816f7ff89a0aaf/library/core/src/fmt/rt.rs:177:76
[INFO] [stdout]    5:     0x61f972fcc153 - core::fmt::write::h7550c97b06c86515
[INFO] [stdout]                                at /rustc/90b35a6239c3d8bdabc530a6a0816f7ff89a0aaf/library/core/src/fmt/mod.rs:1186:21
[INFO] [stdout]    6:     0x61f972fa2d23 - std::io::Write::write_fmt::h509ff860e5956e5e
[INFO] [stdout]                                at /rustc/90b35a6239c3d8bdabc530a6a0816f7ff89a0aaf/library/std/src/io/mod.rs:1839:15
[INFO] [stdout]    7:     0x61f972fa59a2 - std::sys::backtrace::BacktraceLock::print::h2395ccd2c84ba3aa
[INFO] [stdout]                                at /rustc/90b35a6239c3d8bdabc530a6a0816f7ff89a0aaf/library/std/src/sys/backtrace.rs:42:9
[INFO] [stdout]    8:     0x61f972fa6fba - std::panicking::default_hook::{{closure}}::he19d4c7230e07961
[INFO] [stdout]                                at /rustc/90b35a6239c3d8bdabc530a6a0816f7ff89a0aaf/library/std/src/panicking.rs:268:22
[INFO] [stdout]    9:     0x61f972fa6dc4 - std::panicking::default_hook::hf614597d3c67bbdb
[INFO] [stdout]                                at /rustc/90b35a6239c3d8bdabc530a6a0816f7ff89a0aaf/library/std/src/panicking.rs:292:9
[INFO] [stdout]   10:     0x61f972e891a9 - <alloc::boxed::Box<F,A> as core::ops::function::Fn<Args>>::call::h39b51ce4599c23d1
[INFO] [stdout]                                at /rustc/90b35a6239c3d8bdabc530a6a0816f7ff89a0aaf/library/alloc/src/boxed.rs:2468:9
[INFO] [stdout]   11:     0x61f972e891a9 - test::test_main::{{closure}}::he977ae839a582784
[INFO] [stdout]                                at /rustc/90b35a6239c3d8bdabc530a6a0816f7ff89a0aaf/library/test/src/lib.rs:133:21
[INFO] [stdout]   12:     0x61f972fa7658 - <alloc::boxed::Box<F,A> as core::ops::function::Fn<Args>>::call::h9455091b6b06f9fb
[INFO] [stdout]                                at /rustc/90b35a6239c3d8bdabc530a6a0816f7ff89a0aaf/library/alloc/src/boxed.rs:2468:9
[INFO] [stdout]   13:     0x61f972fa7658 - std::panicking::rust_panic_with_hook::h8942133a8b252070
[INFO] [stdout]                                at /rustc/90b35a6239c3d8bdabc530a6a0816f7ff89a0aaf/library/std/src/panicking.rs:809:13
[INFO] [stdout]   14:     0x61f972fa741a - std::panicking::begin_panic_handler::{{closure}}::hb5f5963570096b29
[INFO] [stdout]                                at /rustc/90b35a6239c3d8bdabc530a6a0816f7ff89a0aaf/library/std/src/panicking.rs:674:13
[INFO] [stdout]   15:     0x61f972fa6039 - std::sys::backtrace::__rust_end_short_backtrace::h6208cedc1922feda
[INFO] [stdout]                                at /rustc/90b35a6239c3d8bdabc530a6a0816f7ff89a0aaf/library/std/src/sys/backtrace.rs:170:18
[INFO] [stdout]   16:     0x61f972fa70ac - rust_begin_unwind
[INFO] [stdout]                                at /rustc/90b35a6239c3d8bdabc530a6a0816f7ff89a0aaf/library/std/src/panicking.rs:665:5
[INFO] [stdout]   17:     0x61f972deea60 - core::panicking::panic_fmt::h0c3082644d1bf418
[INFO] [stdout]                                at /rustc/90b35a6239c3d8bdabc530a6a0816f7ff89a0aaf/library/core/src/panicking.rs:74:14
[INFO] [stdout]   18:     0x61f972deeee6 - core::result::unwrap_failed::hd20b4aa073bda1e2
[INFO] [stdout]                                at /rustc/90b35a6239c3d8bdabc530a6a0816f7ff89a0aaf/library/core/src/result.rs:1700:5
[INFO] [stdout]   19:     0x61f972e19c2a - core::result::Result<T,E>::unwrap::h58de99114b890e60
[INFO] [stdout]                                at /rustc/90b35a6239c3d8bdabc530a6a0816f7ff89a0aaf/library/core/src/result.rs:1104:23
[INFO] [stdout]   20:     0x61f972e19c2a - arch_hub::contract::tests::profile_job_accept_reject_query::h9a8d3390fa039cad
[INFO] [stdout]                                at /opt/rustwide/workdir/src/contract.rs:153:19
[INFO] [stdout]   21:     0x61f972e18947 - arch_hub::contract::tests::profile_job_accept_reject_query::{{closure}}::hb60824cbb8318ff5
[INFO] [stdout]                                at /opt/rustwide/workdir/src/contract.rs:97:41
[INFO] [stdout]   22:     0x61f972e2a1f6 - core::ops::function::FnOnce::call_once::h1943591094817903
[INFO] [stdout]                                at /rustc/90b35a6239c3d8bdabc530a6a0816f7ff89a0aaf/library/core/src/ops/function.rs:250:5
[INFO] [stdout]   23:     0x61f972e8db6b - core::ops::function::FnOnce::call_once::h109cf8051a59b34e
[INFO] [stdout]                                at /rustc/90b35a6239c3d8bdabc530a6a0816f7ff89a0aaf/library/core/src/ops/function.rs:250:5
[INFO] [stdout]   24:     0x61f972e8db6b - test::__rust_begin_short_backtrace::hf4fff89d377446ba
[INFO] [stdout]                                at /rustc/90b35a6239c3d8bdabc530a6a0816f7ff89a0aaf/library/test/src/lib.rs:621:18
[INFO] [stdout]   25:     0x61f972e8d3a7 - test::run_test_in_process::{{closure}}::h0e39181dd7ee5a43
[INFO] [stdout]                                at /rustc/90b35a6239c3d8bdabc530a6a0816f7ff89a0aaf/library/test/src/lib.rs:644:60
[INFO] [stdout]   26:     0x61f972e8d3a7 - <core::panic::unwind_safe::AssertUnwindSafe<F> as core::ops::function::FnOnce<()>>::call_once::hc5a66a30f0bdfd1f
[INFO] [stdout]                                at /rustc/90b35a6239c3d8bdabc530a6a0816f7ff89a0aaf/library/core/src/panic/unwind_safe.rs:272:9
[INFO] [stdout]   27:     0x61f972e8d3a7 - std::panicking::try::do_call::h873b7cf639554a5e
[INFO] [stdout]                                at /rustc/90b35a6239c3d8bdabc530a6a0816f7ff89a0aaf/library/std/src/panicking.rs:557:40
[INFO] [stdout]   28:     0x61f972e8d3a7 - std::panicking::try::hdb19862fad9c8bd1
[INFO] [stdout]                                at /rustc/90b35a6239c3d8bdabc530a6a0816f7ff89a0aaf/library/std/src/panicking.rs:520:19
[INFO] [stdout]   29:     0x61f972e8d3a7 - std::panic::catch_unwind::h281fe732d236d260
[INFO] [stdout]                                at /rustc/90b35a6239c3d8bdabc530a6a0816f7ff89a0aaf/library/std/src/panic.rs:358:14
[INFO] [stdout]   30:     0x61f972e8d3a7 - test::run_test_in_process::h949b6df8457ed338
[INFO] [stdout]                                at /rustc/90b35a6239c3d8bdabc530a6a0816f7ff89a0aaf/library/test/src/lib.rs:644:27
[INFO] [stdout]   31:     0x61f972e8d3a7 - test::run_test::{{closure}}::h52c556a6d4740e10
[INFO] [stdout]                                at /rustc/90b35a6239c3d8bdabc530a6a0816f7ff89a0aaf/library/test/src/lib.rs:565:43
[INFO] [stdout]   32:     0x61f972e52684 - test::run_test::{{closure}}::h4237f6381c45ccb9
[INFO] [stdout]                                at /rustc/90b35a6239c3d8bdabc530a6a0816f7ff89a0aaf/library/test/src/lib.rs:595:41
[INFO] [stdout]   33:     0x61f972e52684 - std::sys::backtrace::__rust_begin_short_backtrace::h505c97a579eca628
[INFO] [stdout]                                at /rustc/90b35a6239c3d8bdabc530a6a0816f7ff89a0aaf/library/std/src/sys/backtrace.rs:154:18
[INFO] [stdout]   34:     0x61f972e55d4e - std::thread::Builder::spawn_unchecked_::{{closure}}::{{closure}}::h9e86b2e2bc107ea3
[INFO] [stdout]                                at /rustc/90b35a6239c3d8bdabc530a6a0816f7ff89a0aaf/library/std/src/thread/mod.rs:538:17
[INFO] [stdout]   35:     0x61f972e55d4e - <core::panic::unwind_safe::AssertUnwindSafe<F> as core::ops::function::FnOnce<()>>::call_once::h8b06ddb275ff4a25
[INFO] [stdout]                                at /rustc/90b35a6239c3d8bdabc530a6a0816f7ff89a0aaf/library/core/src/panic/unwind_safe.rs:272:9
[INFO] [stdout]   36:     0x61f972e55d4e - std::panicking::try::do_call::hb26ecd7cd9a9355d
[INFO] [stdout]                                at /rustc/90b35a6239c3d8bdabc530a6a0816f7ff89a0aaf/library/std/src/panicking.rs:557:40
[INFO] [stdout]   37:     0x61f972e55d4e - std::panicking::try::h8ddeca9d705f9069
[INFO] [stdout]                                at /rustc/90b35a6239c3d8bdabc530a6a0816f7ff89a0aaf/library/std/src/panicking.rs:520:19
[INFO] [stdout]   38:     0x61f972e55d4e - std::panic::catch_unwind::h49e1c33078844c46
[INFO] [stdout]                                at /rustc/90b35a6239c3d8bdabc530a6a0816f7ff89a0aaf/library/std/src/panic.rs:358:14
[INFO] [stdout]   39:     0x61f972e55d4e - std::thread::Builder::spawn_unchecked_::{{closure}}::h6073db6ff56ad35d
[INFO] [stdout]                                at /rustc/90b35a6239c3d8bdabc530a6a0816f7ff89a0aaf/library/std/src/thread/mod.rs:537:30
[INFO] [stdout]   40:     0x61f972e55d4e - core::ops::function::FnOnce::call_once{{vtable.shim}}::h2c5a5f3779c774f1
[INFO] [stdout]                                at /rustc/90b35a6239c3d8bdabc530a6a0816f7ff89a0aaf/library/core/src/ops/function.rs:250:5
[INFO] [stdout]   41:     0x61f972fab3ab - <alloc::boxed::Box<F,A> as core::ops::function::FnOnce<Args>>::call_once::hf75717d9f28faebf
[INFO] [stdout]                                at /rustc/90b35a6239c3d8bdabc530a6a0816f7ff89a0aaf/library/alloc/src/boxed.rs:2454:9
[INFO] [stdout]   42:     0x61f972fab3ab - <alloc::boxed::Box<F,A> as core::ops::function::FnOnce<Args>>::call_once::h7bd883a5f3c5f3c1
[INFO] [stdout]                                at /rustc/90b35a6239c3d8bdabc530a6a0816f7ff89a0aaf/library/alloc/src/boxed.rs:2454:9
[INFO] [stdout]   43:     0x61f972fab3ab - std::sys::pal::unix::thread::Thread::new::thread_start::hcc78f3943333fa94
[INFO] [stdout]                                at /rustc/90b35a6239c3d8bdabc530a6a0816f7ff89a0aaf/library/std/src/sys/pal/unix/thread.rs:105:17
[INFO] [stdout]   44:     0x74b4a2eefac3 - <unknown>
[INFO] [stdout]   45:     0x74b4a2f80a04 - clone
[INFO] [stdout]   46:                0x0 - <unknown>
[INFO] [stdout] 
[INFO] [stdout] 
[INFO] [stdout] failures:
[INFO] [stdout]     contract::tests::profile_job_accept_reject_query
[INFO] [stdout] 
[INFO] [stdout] test result: FAILED. 1 passed; 1 failed; 0 ignored; 0 measured; 0 filtered out; finished in 0.05s
[INFO] [stdout] 
[INFO] [stderr] error: test failed, to rerun pass `--lib`
[INFO] running `Command { std: "docker" "inspect" "721a7dce56a4a56b68dcd1bcb142c35b86a734487efdf891df737ffb61a9acb8", kill_on_drop: false }`
[INFO] running `Command { std: "docker" "rm" "-f" "721a7dce56a4a56b68dcd1bcb142c35b86a734487efdf891df737ffb61a9acb8", kill_on_drop: false }`
[INFO] [stdout] 721a7dce56a4a56b68dcd1bcb142c35b86a734487efdf891df737ffb61a9acb8
