[INFO] cloning repository https://github.com/collinvandyck/rustracer
[INFO] running `Command { std: "git" "-c" "credential.helper=" "-c" "credential.helper=/workspace/cargo-home/bin/git-credential-null" "clone" "--bare" "https://github.com/collinvandyck/rustracer" "/workspace/cache/git-repos/https%3A%2F%2Fgithub.com%2Fcollinvandyck%2Frustracer", kill_on_drop: false }`
[INFO] [stderr] Cloning into bare repository '/workspace/cache/git-repos/https%3A%2F%2Fgithub.com%2Fcollinvandyck%2Frustracer'...
[INFO] running `Command { std: "git" "rev-parse" "HEAD", kill_on_drop: false }`
[INFO] [stdout] 379f5a243a22c46cd8154b32b82ee2dbc6e67c86
[INFO] testing collinvandyck/rustracer against beta-2024-12-08 for beta-1.84.0-4-retry
[INFO] running `Command { std: "git" "clone" "/workspace/cache/git-repos/https%3A%2F%2Fgithub.com%2Fcollinvandyck%2Frustracer" "/workspace/builds/worker-2-tc2/source", kill_on_drop: false }`
[INFO] [stderr] Cloning into '/workspace/builds/worker-2-tc2/source'...
[INFO] [stderr] done.
[INFO] validating manifest of git repo https://github.com/collinvandyck/rustracer on toolchain beta-2024-12-08
[INFO] running `Command { std: CARGO_HOME="/workspace/cargo-home" RUSTUP_HOME="/workspace/rustup-home" "/workspace/cargo-home/bin/cargo" "+beta-2024-12-08" "metadata" "--manifest-path" "Cargo.toml" "--no-deps", kill_on_drop: false }`
[INFO] started tweaking git repo https://github.com/collinvandyck/rustracer
[INFO] finished tweaking git repo https://github.com/collinvandyck/rustracer
[INFO] tweaked toml for git repo https://github.com/collinvandyck/rustracer written to /workspace/builds/worker-2-tc2/source/Cargo.toml
[INFO] crate git repo https://github.com/collinvandyck/rustracer already has a lockfile, it will not be regenerated
[INFO] running `Command { std: CARGO_HOME="/workspace/cargo-home" RUSTUP_HOME="/workspace/rustup-home" "/workspace/cargo-home/bin/cargo" "+beta-2024-12-08" "fetch" "--manifest-path" "Cargo.toml", kill_on_drop: false }`
[INFO] running `Command { std: "docker" "create" "-v" "/var/lib/crater-agent-workspace/builds/worker-2-tc2/target:/opt/rustwide/target:rw,Z" "-v" "/var/lib/crater-agent-workspace/builds/worker-2-tc2/source:/opt/rustwide/workdir:ro,Z" "-v" "/var/lib/crater-agent-workspace/cargo-home:/opt/rustwide/cargo-home:ro,Z" "-v" "/var/lib/crater-agent-workspace/rustup-home:/opt/rustwide/rustup-home:ro,Z" "-e" "SOURCE_DIR=/opt/rustwide/workdir" "-e" "CARGO_TARGET_DIR=/opt/rustwide/target" "-e" "CARGO_HOME=/opt/rustwide/cargo-home" "-e" "RUSTUP_HOME=/opt/rustwide/rustup-home" "-w" "/opt/rustwide/workdir" "-m" "1610612736" "--user" "0:0" "--network" "none" "ghcr.io/rust-lang/crates-build-env/linux@sha256:f3a9d4ad9d972b27faf3965f35b62e55ba32bbce8f20bc8fe909558a86702fde" "/opt/rustwide/cargo-home/bin/cargo" "+beta-2024-12-08" "metadata" "--no-deps" "--format-version=1", kill_on_drop: false }`
[INFO] [stdout] 1eaa8bc2547badd34fa93f474104183d3deda6abcf785ef6ba801dbeead6d18c
[INFO] running `Command { std: "docker" "start" "-a" "1eaa8bc2547badd34fa93f474104183d3deda6abcf785ef6ba801dbeead6d18c", kill_on_drop: false }`
[INFO] running `Command { std: "docker" "inspect" "1eaa8bc2547badd34fa93f474104183d3deda6abcf785ef6ba801dbeead6d18c", kill_on_drop: false }`
[INFO] running `Command { std: "docker" "rm" "-f" "1eaa8bc2547badd34fa93f474104183d3deda6abcf785ef6ba801dbeead6d18c", kill_on_drop: false }`
[INFO] [stdout] 1eaa8bc2547badd34fa93f474104183d3deda6abcf785ef6ba801dbeead6d18c
[INFO] running `Command { std: "docker" "create" "-v" "/var/lib/crater-agent-workspace/builds/worker-2-tc2/target:/opt/rustwide/target:rw,Z" "-v" "/var/lib/crater-agent-workspace/builds/worker-2-tc2/source:/opt/rustwide/workdir:ro,Z" "-v" "/var/lib/crater-agent-workspace/cargo-home:/opt/rustwide/cargo-home:ro,Z" "-v" "/var/lib/crater-agent-workspace/rustup-home:/opt/rustwide/rustup-home:ro,Z" "-e" "SOURCE_DIR=/opt/rustwide/workdir" "-e" "CARGO_TARGET_DIR=/opt/rustwide/target" "-e" "CARGO_INCREMENTAL=0" "-e" "RUST_BACKTRACE=full" "-e" "RUSTFLAGS=--cap-lints=warn" "-e" "RUSTDOCFLAGS=--cap-lints=warn" "-e" "CARGO_HOME=/opt/rustwide/cargo-home" "-e" "RUSTUP_HOME=/opt/rustwide/rustup-home" "-w" "/opt/rustwide/workdir" "-m" "1610612736" "--user" "0:0" "--network" "none" "ghcr.io/rust-lang/crates-build-env/linux@sha256:f3a9d4ad9d972b27faf3965f35b62e55ba32bbce8f20bc8fe909558a86702fde" "/opt/rustwide/cargo-home/bin/cargo" "+beta-2024-12-08" "build" "--frozen" "--message-format=json", kill_on_drop: false }`
[INFO] [stdout] c281222637d7a609b43158a98f299946116d399eeeda85c8803c1b74a793d97b
[INFO] running `Command { std: "docker" "start" "-a" "c281222637d7a609b43158a98f299946116d399eeeda85c8803c1b74a793d97b", kill_on_drop: false }`
[INFO] [stderr]    Compiling proc-macro2 v1.0.81
[INFO] [stderr]    Compiling unicode-ident v1.0.12
[INFO] [stderr]    Compiling utf8parse v0.2.1
[INFO] [stderr]    Compiling anstyle v1.0.6
[INFO] [stderr]    Compiling colorchoice v1.0.0
[INFO] [stderr]    Compiling anstyle-query v1.0.2
[INFO] [stderr]    Compiling heck v0.5.0
[INFO] [stderr]    Compiling anyhow v1.0.79
[INFO] [stderr]    Compiling clap_lex v0.7.0
[INFO] [stderr]    Compiling strsim v0.11.1
[INFO] [stderr]    Compiling either v1.11.0
[INFO] [stderr]    Compiling once_cell v1.19.0
[INFO] [stderr]    Compiling anstyle-parse v0.2.3
[INFO] [stderr]    Compiling anstream v0.6.13
[INFO] [stderr]    Compiling itertools v0.12.1
[INFO] [stderr]    Compiling clap_builder v4.5.2
[INFO] [stderr]    Compiling quote v1.0.36
[INFO] [stderr]    Compiling syn v2.0.60
[INFO] [stderr]    Compiling clap_derive v4.5.4
[INFO] [stderr]    Compiling clap v4.5.4
[INFO] [stderr]    Compiling rustracer v0.1.0 (/opt/rustwide/workdir)
[INFO] [stderr]     Finished `dev` profile [unoptimized + debuginfo] target(s) in 12.76s
[INFO] running `Command { std: "docker" "inspect" "c281222637d7a609b43158a98f299946116d399eeeda85c8803c1b74a793d97b", kill_on_drop: false }`
[INFO] running `Command { std: "docker" "rm" "-f" "c281222637d7a609b43158a98f299946116d399eeeda85c8803c1b74a793d97b", kill_on_drop: false }`
[INFO] [stdout] c281222637d7a609b43158a98f299946116d399eeeda85c8803c1b74a793d97b
[INFO] running `Command { std: "docker" "create" "-v" "/var/lib/crater-agent-workspace/builds/worker-2-tc2/target:/opt/rustwide/target:rw,Z" "-v" "/var/lib/crater-agent-workspace/builds/worker-2-tc2/source:/opt/rustwide/workdir:ro,Z" "-v" "/var/lib/crater-agent-workspace/cargo-home:/opt/rustwide/cargo-home:ro,Z" "-v" "/var/lib/crater-agent-workspace/rustup-home:/opt/rustwide/rustup-home:ro,Z" "-e" "SOURCE_DIR=/opt/rustwide/workdir" "-e" "CARGO_TARGET_DIR=/opt/rustwide/target" "-e" "CARGO_INCREMENTAL=0" "-e" "RUST_BACKTRACE=full" "-e" "RUSTFLAGS=--cap-lints=warn" "-e" "RUSTDOCFLAGS=--cap-lints=warn" "-e" "CARGO_HOME=/opt/rustwide/cargo-home" "-e" "RUSTUP_HOME=/opt/rustwide/rustup-home" "-w" "/opt/rustwide/workdir" "-m" "1610612736" "--user" "0:0" "--network" "none" "ghcr.io/rust-lang/crates-build-env/linux@sha256:f3a9d4ad9d972b27faf3965f35b62e55ba32bbce8f20bc8fe909558a86702fde" "/opt/rustwide/cargo-home/bin/cargo" "+beta-2024-12-08" "test" "--frozen" "--no-run" "--message-format=json", kill_on_drop: false }`
[INFO] [stdout] bf8fe7d3e45a4fb0d52b034cfce6411425c44ecd1505c75be26b0da80c2feaaf
[INFO] running `Command { std: "docker" "start" "-a" "bf8fe7d3e45a4fb0d52b034cfce6411425c44ecd1505c75be26b0da80c2feaaf", kill_on_drop: false }`
[INFO] [stderr]    Compiling rustracer v0.1.0 (/opt/rustwide/workdir)
[INFO] [stderr]     Finished `test` profile [unoptimized + debuginfo] target(s) in 2.03s
[INFO] running `Command { std: "docker" "inspect" "bf8fe7d3e45a4fb0d52b034cfce6411425c44ecd1505c75be26b0da80c2feaaf", kill_on_drop: false }`
[INFO] running `Command { std: "docker" "rm" "-f" "bf8fe7d3e45a4fb0d52b034cfce6411425c44ecd1505c75be26b0da80c2feaaf", kill_on_drop: false }`
[INFO] [stdout] bf8fe7d3e45a4fb0d52b034cfce6411425c44ecd1505c75be26b0da80c2feaaf
[INFO] running `Command { std: "docker" "create" "-v" "/var/lib/crater-agent-workspace/builds/worker-2-tc2/target:/opt/rustwide/target:rw,Z" "-v" "/var/lib/crater-agent-workspace/builds/worker-2-tc2/source:/opt/rustwide/workdir:ro,Z" "-v" "/var/lib/crater-agent-workspace/cargo-home:/opt/rustwide/cargo-home:ro,Z" "-v" "/var/lib/crater-agent-workspace/rustup-home:/opt/rustwide/rustup-home:ro,Z" "-e" "SOURCE_DIR=/opt/rustwide/workdir" "-e" "CARGO_TARGET_DIR=/opt/rustwide/target" "-e" "CARGO_INCREMENTAL=0" "-e" "RUST_BACKTRACE=full" "-e" "RUSTFLAGS=--cap-lints=warn" "-e" "RUSTDOCFLAGS=--cap-lints=warn" "-e" "CARGO_HOME=/opt/rustwide/cargo-home" "-e" "RUSTUP_HOME=/opt/rustwide/rustup-home" "-w" "/opt/rustwide/workdir" "-m" "1610612736" "--user" "0:0" "--network" "none" "ghcr.io/rust-lang/crates-build-env/linux@sha256:f3a9d4ad9d972b27faf3965f35b62e55ba32bbce8f20bc8fe909558a86702fde" "/opt/rustwide/cargo-home/bin/cargo" "+beta-2024-12-08" "test" "--frozen", kill_on_drop: false }`
[INFO] [stdout] 359f95339cd1bbac970b0bf908f3004d117550392b68c772e163a5f7b100fe98
[INFO] running `Command { std: "docker" "start" "-a" "359f95339cd1bbac970b0bf908f3004d117550392b68c772e163a5f7b100fe98", kill_on_drop: false }`
[INFO] [stderr]     Finished `test` profile [unoptimized + debuginfo] target(s) in 0.04s
[INFO] [stderr]      Running unittests src/lib.rs (/opt/rustwide/target/debug/deps/rustracer-6d6d2e20cd94b354)
[INFO] [stdout] 
[INFO] [stdout] running 95 tests
[INFO] [stdout] test color::tests::test_color_are_tuples ... ok
[INFO] [stdout] test canvas::tests::test_create_canvas ... ok
[INFO] [stdout] test canvas::tests::test_constructing_ppm_pixel_data ... ok
[INFO] [stdout] test canvas::tests::test_writing_pixels_to_canvas ... ok
[INFO] [stdout] test canvas::tests::test_splitting_long_lines_in_ppm ... ok
[INFO] [stdout] test color::tests::test_multiply_color ... ok
[INFO] [stdout] test coord::tests::test_add_tuples ... ok
[INFO] [stdout] test color::tests::test_sub_colors ... ok
[INFO] [stdout] test coord::tests::test_compute_magnitude_of_vectors ... ok
[INFO] [stdout] test canvas::tests::test_constructing_ppm_header ... ok
[INFO] [stdout] test coord::tests::test_divide_tuple_by_scalar ... ok
[INFO] [stdout] test coord::tests::test_dot_product_of_two_tuples ... ok
[INFO] [stdout] test color::tests::test_add_colors ... ok
[INFO] [stdout] test coord::tests::test_multiply_tuple_by_scalar ... ok
[INFO] [stdout] test coord::tests::test_negate_tuple ... ok
[INFO] [stdout] test coord::tests::test_subtract_points ... ok
[INFO] [stdout] test coord::tests::test_normalize_vector ... ok
[INFO] [stdout] test coord::tests::test_subtract_vector_from_point ... ok
[INFO] [stdout] test coord::tests::test_subtract_vector_from_vector ... ok
[INFO] [stdout] test coord::tests::test_tuples ... ok
[INFO] [stdout] test intersection::tests::aggregating_intersections ... ok
[INFO] [stdout] test intersection::tests::an_intersection_encapsulates_t_and_object ... ok
[INFO] [stdout] test intersection::tests::the_hit_all_some_xs_have_negative_t ... ok
[INFO] [stdout] test intersection::tests::the_hit_all_xs_have_positive_t ... ok
[INFO] [stdout] test coord::tests::test_subtract_vector_from_zero_vector ... ok
[INFO] [stdout] test coord::tests::test_tuple_convenience ... ok
[INFO] [stdout] test coord::tests::test_magnitude_of_normalized_vector ... ok
[INFO] [stdout] test intersection::tests::the_hit_all_xs_negative_t ... ok
[INFO] [stdout] test intersection::tests::the_hit_is_always_the_lowest_nonneg_intersection ... ok
[INFO] [stdout] test canvas::tests::test_ppm_files_terminated_by_newline ... ok
[INFO] [stdout] test coord::tests::test_multiply_tuple_by_fraction ... ok
[INFO] [stdout] test matrix::tests::test_2x2_matrix_representable ... ok
[INFO] [stdout] test matrix::tests::test_3x3_matrix_representable ... ok
[INFO] [stdout] test matrix::tests::test_a_noninvertible_matrix_for_invertability ... ok
[INFO] [stdout] test matrix::tests::test_an_invertible_matrix_for_invertability ... ok
[INFO] [stdout] test color::tests::test_multiply_scalar ... ok
[INFO] [stdout] test matrix::tests::test_calculate_inverse_of_matrix ... ok
[INFO] [stdout] test matrix::tests::test_calculating_cofactor_of_3x3_matrix ... ok
[INFO] [stdout] test matrix::tests::test_calculating_inverse_of_a_third_matrix ... ok
[INFO] [stdout] test matrix::tests::test_calculating_inverse_of_another_matrix ... ok
[INFO] [stdout] test matrix::tests::test_calculating_minor_of_3x3_matrix ... ok
[INFO] [stdout] test matrix::tests::test_constructing_and_inspecting ... ok
[INFO] [stdout] test matrix::tests::test_determinant_of_2x2_matrix ... ok
[INFO] [stdout] test matrix::tests::test_determinant_of_3x3_matrix ... ok
[INFO] [stdout] test matrix::tests::test_determinant_of_4x4_matrix ... ok
[INFO] [stdout] test matrix::tests::test_matrix_equality_with_different_matrices ... ok
[INFO] [stdout] test matrix::tests::test_matrix_equality_with_identical_matrices ... ok
[INFO] [stdout] test matrix::tests::test_multiply_matrix_by_a_tuple ... ok
[INFO] [stdout] test matrix::tests::test_multiplying_two_matrixes ... ok
[INFO] [stdout] test matrix::tests::test_submatrix_of_3x3_matrix ... ok
[INFO] [stdout] test matrix::tests::test_transpose_identity_matrix ... ok
[INFO] [stdout] test rays::tests::computing_point_from_a_distance ... ok
[INFO] [stdout] test rays::tests::scaling_a_ray ... ok
[INFO] [stdout] test sphere::tests::computing_normal_on_translated_sphere ... ok
[INFO] [stdout] test rays::tests::create_and_query_array ... ok
[INFO] [stdout] test sphere::tests::intersect_scaled_sphere_with_ray ... ok
[INFO] [stdout] test sphere::tests::intersection_translated_sphere_with_ray ... ok
[INFO] [stdout] test matrix::tests::test_submatrix_of_4x4_matrix ... ok
[INFO] [stdout] test sphere::tests::normal_on_a_sphere_at_a_nonaxial_point ... ok
[INFO] [stdout] test rays::tests::translating_a_ray ... ok
[INFO] [stdout] test sphere::tests::change_a_sphere_transformation ... ok
[INFO] [stdout] test matrix::tests::test_transpose_a_matrix ... ok
[INFO] [stdout] test matrix::tests::test_multiplying_matrix_by_identity ... ok
[INFO] [stdout] test sphere::tests::normal_on_a_sphere_at_a_point_on_the_y_axis ... ok
[INFO] [stdout] test sphere::tests::ray_intersects_sphere_at_tangent ... ok
[INFO] [stdout] test sphere::tests::ray_intersects_sphere_at_two_points ... ok
[INFO] [stdout] test sphere::tests::sphere_is_behind_ray ... ok
[INFO] [stdout] test sphere::tests::ray_misses_sphere ... ok
[INFO] [stdout] test transform::tests::test_reflection_is_scaling_by_a_negative_value ... ok
[INFO] [stdout] test sphere::tests::the_normal_is_a_normalized_vector ... ok
[INFO] [stdout] test transform::tests::test_rotate_point_around_the_x_axis_inverted ... ok
[INFO] [stdout] test transform::tests::test_rotate_point_around_the_x_axis ... ok
[INFO] [stdout] test sphere::tests::ray_originates_inside_sphere ... ok
[INFO] [stdout] test sphere::tests::normal_on_a_sphere_at_a_point_on_the_z_axis ... ok
[INFO] [stdout] test transform::tests::test_multiplying_by_the_inverse_of_a_scaling_matrix ... ok
[INFO] [stdout] test sphere::tests::normal_on_a_sphere_at_a_point_on_the_x_axis ... ok
[INFO] [stdout] test transform::tests::test_scaling_matrix_applied_to_a_point ... ok
[INFO] [stdout] test transform::tests::test_multiplying_by_the_inverse_of_a_translation_matrix ... ok
[INFO] [stdout] test transform::tests::test_rotate_point_around_the_y_axis ... ok
[INFO] [stdout] test transform::tests::multiplying_by_a_translation_matrix ... ok
[INFO] [stdout] test transform::tests::test_rotate_point_around_the_z_axis ... ok
[INFO] [stdout] test sphere::tests::sphere_default_transformation ... ok
[INFO] [stdout] test transform::tests::test_shearing_yx ... ok
[INFO] [stdout] test transform::tests::test_chained_transforms ... ok
[INFO] [stdout] test transform::tests::test_translation_does_not_affect_vectors ... ok
[INFO] [stdout] test transform::tests::test_shearing_xy ... ok
[INFO] [stdout] test transform::tests::test_transforms_applied_in_sequence ... ok
[INFO] [stdout] test transform::tests::test_shearing_zx ... ok
[INFO] [stdout] test matrix::tests::test_multiplying_a_product_by_its_inverse ... ok
[INFO] [stdout] test transform::tests::test_shearing_yz ... ok
[INFO] [stdout] test transform::tests::test_scaling_matrix_applied_to_a_vector ... ok
[INFO] [stdout] test transform::tests::test_shearing_xz ... ok
[INFO] [stdout] test transform::tests::test_shearing_zy ... ok
[INFO] [stdout] test coord::tests::test_cross_product_of_two_vectors ... ok
[INFO] [stderr] error: test failed, to rerun pass `--lib`
[INFO] [stdout] test sphere::tests::computing_normal_on_transformed_sphere ... FAILED
[INFO] [stdout] 
[INFO] [stdout] failures:
[INFO] [stdout] 
[INFO] [stdout] ---- sphere::tests::computing_normal_on_transformed_sphere stdout ----
[INFO] [stdout] thread 'sphere::tests::computing_normal_on_transformed_sphere' panicked at src/sphere.rs:226:9:
[INFO] [stdout] assertion `left == right` failed
[INFO] [stdout]   left: Vector { tup: Tuple4([0.4293462474798756, 0.9028827206870872, -0.021554406965468093, 0.0]) }
[INFO] [stdout]  right: Vector { tup: Tuple4([0.0, 0.97014, -0.24254, 0.0]) }
[INFO] [stdout] stack backtrace:
[INFO] [stdout]    0:     0x5cec867bf53a - std::backtrace_rs::backtrace::libunwind::trace::h8810477743020387
[INFO] [stdout]                                at /rustc/202008a1b8de96d2e5b6bc02d379db03a877d34d/library/std/src/../../backtrace/src/backtrace/libunwind.rs:116:5
[INFO] [stdout]    1:     0x5cec867bf53a - std::backtrace_rs::backtrace::trace_unsynchronized::h3aa55355dd6c54a6
[INFO] [stdout]                                at /rustc/202008a1b8de96d2e5b6bc02d379db03a877d34d/library/std/src/../../backtrace/src/backtrace/mod.rs:66:5
[INFO] [stdout]    2:     0x5cec867bf53a - std::sys::backtrace::_print_fmt::h8588b0f62410823f
[INFO] [stdout]                                at /rustc/202008a1b8de96d2e5b6bc02d379db03a877d34d/library/std/src/sys/backtrace.rs:66:9
[INFO] [stdout]    3:     0x5cec867bf53a - <std::sys::backtrace::BacktraceLock::print::DisplayBacktrace as core::fmt::Display>::fmt::h98c26ac25ffe89bb
[INFO] [stdout]                                at /rustc/202008a1b8de96d2e5b6bc02d379db03a877d34d/library/std/src/sys/backtrace.rs:39:26
[INFO] [stdout]    4:     0x5cec867e63c3 - core::fmt::rt::Argument::fmt::hf95377f4aebd453b
[INFO] [stdout]                                at /rustc/202008a1b8de96d2e5b6bc02d379db03a877d34d/library/core/src/fmt/rt.rs:177:76
[INFO] [stdout]    5:     0x5cec867e63c3 - core::fmt::write::h0dd5f6e2238c7982
[INFO] [stdout]                                at /rustc/202008a1b8de96d2e5b6bc02d379db03a877d34d/library/core/src/fmt/mod.rs:1189:21
[INFO] [stdout]    6:     0x5cec867bc503 - std::io::Write::write_fmt::h03bb0ca26e6faf8c
[INFO] [stdout]                                at /rustc/202008a1b8de96d2e5b6bc02d379db03a877d34d/library/std/src/io/mod.rs:1884:15
[INFO] [stdout]    7:     0x5cec867bf382 - std::sys::backtrace::BacktraceLock::print::h5c19c1c038ee186d
[INFO] [stdout]                                at /rustc/202008a1b8de96d2e5b6bc02d379db03a877d34d/library/std/src/sys/backtrace.rs:42:9
[INFO] [stdout]    8:     0x5cec867c09bd - std::panicking::default_hook::{{closure}}::h77172f079a1fcb13
[INFO] [stdout]                                at /rustc/202008a1b8de96d2e5b6bc02d379db03a877d34d/library/std/src/panicking.rs:268:22
[INFO] [stdout]    9:     0x5cec867c07c7 - std::panicking::default_hook::he5f8e3b203ccddba
[INFO] [stdout]                                at /rustc/202008a1b8de96d2e5b6bc02d379db03a877d34d/library/std/src/panicking.rs:292:9
[INFO] [stdout]   10:     0x5cec8677db47 - <alloc::boxed::Box<F,A> as core::ops::function::Fn<Args>>::call::h7a3c7b4a1ae77f2f
[INFO] [stdout]                                at /rustc/202008a1b8de96d2e5b6bc02d379db03a877d34d/library/alloc/src/boxed.rs:1986:9
[INFO] [stdout]   11:     0x5cec8677db47 - test::test_main::{{closure}}::hf0d3b69ae9b353d1
[INFO] [stdout]                                at /rustc/202008a1b8de96d2e5b6bc02d379db03a877d34d/library/test/src/lib.rs:134:21
[INFO] [stdout]   12:     0x5cec867c1068 - <alloc::boxed::Box<F,A> as core::ops::function::Fn<Args>>::call::h6332e82e7b189abd
[INFO] [stdout]                                at /rustc/202008a1b8de96d2e5b6bc02d379db03a877d34d/library/alloc/src/boxed.rs:1986:9
[INFO] [stdout]   13:     0x5cec867c1068 - std::panicking::rust_panic_with_hook::h53863d4e9018df39
[INFO] [stdout]                                at /rustc/202008a1b8de96d2e5b6bc02d379db03a877d34d/library/std/src/panicking.rs:809:13
[INFO] [stdout]   14:     0x5cec867c0e2a - std::panicking::begin_panic_handler::{{closure}}::h67280e6fa0757873
[INFO] [stdout]                                at /rustc/202008a1b8de96d2e5b6bc02d379db03a877d34d/library/std/src/panicking.rs:674:13
[INFO] [stdout]   15:     0x5cec867bfa19 - std::sys::backtrace::__rust_end_short_backtrace::h1dac3f54d6fbbeb2
[INFO] [stdout]                                at /rustc/202008a1b8de96d2e5b6bc02d379db03a877d34d/library/std/src/sys/backtrace.rs:170:18
[INFO] [stdout]   16:     0x5cec867c0abc - rust_begin_unwind
[INFO] [stdout]                                at /rustc/202008a1b8de96d2e5b6bc02d379db03a877d34d/library/std/src/panicking.rs:665:5
[INFO] [stdout]   17:     0x5cec86719aa0 - core::panicking::panic_fmt::h6792bd1b2bf01041
[INFO] [stdout]                                at /rustc/202008a1b8de96d2e5b6bc02d379db03a877d34d/library/core/src/panicking.rs:76:14
[INFO] [stdout]   18:     0x5cec86719e6b - core::panicking::assert_failed_inner::hf2c17e6d30928787
[INFO] [stdout]   19:     0x5cec8673fcef - core::panicking::assert_failed::h8447dbfbbc565699
[INFO] [stdout]                                at /rustc/202008a1b8de96d2e5b6bc02d379db03a877d34d/library/core/src/panicking.rs:373:5
[INFO] [stdout]   20:     0x5cec8672a4d7 - rustracer::sphere::tests::computing_normal_on_transformed_sphere::h79d8f3610f6ec526
[INFO] [stdout]                                at /opt/rustwide/workdir/src/sphere.rs:226:9
[INFO] [stdout]   21:     0x5cec8672a367 - rustracer::sphere::tests::computing_normal_on_transformed_sphere::{{closure}}::h34efa2d3363662d0
[INFO] [stdout]                                at /opt/rustwide/workdir/src/sphere.rs:221:48
[INFO] [stdout]   22:     0x5cec8672c166 - core::ops::function::FnOnce::call_once::hc0331ddd86fcb809
[INFO] [stdout]                                at /rustc/202008a1b8de96d2e5b6bc02d379db03a877d34d/library/core/src/ops/function.rs:250:5
[INFO] [stdout]   23:     0x5cec8678266b - core::ops::function::FnOnce::call_once::h871bf86719ec9aa4
[INFO] [stdout]                                at /rustc/202008a1b8de96d2e5b6bc02d379db03a877d34d/library/core/src/ops/function.rs:250:5
[INFO] [stdout]   24:     0x5cec8678266b - test::__rust_begin_short_backtrace::h2167df1e2b7d76fd
[INFO] [stdout]                                at /rustc/202008a1b8de96d2e5b6bc02d379db03a877d34d/library/test/src/lib.rs:632:18
[INFO] [stdout]   25:     0x5cec86782058 - test::run_test_in_process::{{closure}}::h15d92f75a3adfb79
[INFO] [stdout]                                at /rustc/202008a1b8de96d2e5b6bc02d379db03a877d34d/library/test/src/lib.rs:655:60
[INFO] [stdout]   26:     0x5cec86782058 - <core::panic::unwind_safe::AssertUnwindSafe<F> as core::ops::function::FnOnce<()>>::call_once::hb6c8955835a8dbbb
[INFO] [stdout]                                at /rustc/202008a1b8de96d2e5b6bc02d379db03a877d34d/library/core/src/panic/unwind_safe.rs:272:9
[INFO] [stdout]   27:     0x5cec86782058 - std::panicking::try::do_call::hc79d0fc888a0bd30
[INFO] [stdout]                                at /rustc/202008a1b8de96d2e5b6bc02d379db03a877d34d/library/std/src/panicking.rs:557:40
[INFO] [stdout]   28:     0x5cec86782058 - std::panicking::try::hb8a7878e3a8589d6
[INFO] [stdout]                                at /rustc/202008a1b8de96d2e5b6bc02d379db03a877d34d/library/std/src/panicking.rs:520:19
[INFO] [stdout]   29:     0x5cec86782058 - std::panic::catch_unwind::hb8e4600ff0ff5cfa
[INFO] [stdout]                                at /rustc/202008a1b8de96d2e5b6bc02d379db03a877d34d/library/std/src/panic.rs:358:14
[INFO] [stdout]   30:     0x5cec86782058 - test::run_test_in_process::hc2900b0b18688dd6
[INFO] [stdout]                                at /rustc/202008a1b8de96d2e5b6bc02d379db03a877d34d/library/test/src/lib.rs:655:27
[INFO] [stdout]   31:     0x5cec86782058 - test::run_test::{{closure}}::hac2a9cb07be3d48d
[INFO] [stdout]                                at /rustc/202008a1b8de96d2e5b6bc02d379db03a877d34d/library/test/src/lib.rs:576:43
[INFO] [stdout]   32:     0x5cec86745afa - test::run_test::{{closure}}::h4a5b729e66a38cd8
[INFO] [stdout]                                at /rustc/202008a1b8de96d2e5b6bc02d379db03a877d34d/library/test/src/lib.rs:606:41
[INFO] [stdout]   33:     0x5cec86745afa - std::sys::backtrace::__rust_begin_short_backtrace::h0496fb742492f573
[INFO] [stdout]                                at /rustc/202008a1b8de96d2e5b6bc02d379db03a877d34d/library/std/src/sys/backtrace.rs:154:18
[INFO] [stdout]   34:     0x5cec86749474 - std::thread::Builder::spawn_unchecked_::{{closure}}::{{closure}}::hbb6d257c550a54bd
[INFO] [stdout]                                at /rustc/202008a1b8de96d2e5b6bc02d379db03a877d34d/library/std/src/thread/mod.rs:561:17
[INFO] [stdout]   35:     0x5cec86749474 - <core::panic::unwind_safe::AssertUnwindSafe<F> as core::ops::function::FnOnce<()>>::call_once::h46696fe4a6832328
[INFO] [stdout]                                at /rustc/202008a1b8de96d2e5b6bc02d379db03a877d34d/library/core/src/panic/unwind_safe.rs:272:9
[INFO] [stdout]   36:     0x5cec86749474 - std::panicking::try::do_call::h2625a51b667bfb64
[INFO] [stdout]                                at /rustc/202008a1b8de96d2e5b6bc02d379db03a877d34d/library/std/src/panicking.rs:557:40
[INFO] [stdout]   37:     0x5cec86749474 - std::panicking::try::hb956a59a1973aa4c
[INFO] [stdout]                                at /rustc/202008a1b8de96d2e5b6bc02d379db03a877d34d/library/std/src/panicking.rs:520:19
[INFO] [stdout]   38:     0x5cec86749474 - std::panic::catch_unwind::h64f3b9d1067ef6a0
[INFO] [stdout]                                at /rustc/202008a1b8de96d2e5b6bc02d379db03a877d34d/library/std/src/panic.rs:358:14
[INFO] [stdout]   39:     0x5cec86749474 - std::thread::Builder::spawn_unchecked_::{{closure}}::h42b2841295b6c0b2
[INFO] [stdout]                                at /rustc/202008a1b8de96d2e5b6bc02d379db03a877d34d/library/std/src/thread/mod.rs:559:30
[INFO] [stdout]   40:     0x5cec86749474 - core::ops::function::FnOnce::call_once{{vtable.shim}}::h6127de71b8124639
[INFO] [stdout]                                at /rustc/202008a1b8de96d2e5b6bc02d379db03a877d34d/library/core/src/ops/function.rs:250:5
[INFO] [stdout]   41:     0x5cec867c4fab - <alloc::boxed::Box<F,A> as core::ops::function::FnOnce<Args>>::call_once::h42f0ba71002a1b2c
[INFO] [stdout]                                at /rustc/202008a1b8de96d2e5b6bc02d379db03a877d34d/library/alloc/src/boxed.rs:1972:9
[INFO] [stdout]   42:     0x5cec867c4fab - <alloc::boxed::Box<F,A> as core::ops::function::FnOnce<Args>>::call_once::had9e47d7a3dcecb8
[INFO] [stdout]                                at /rustc/202008a1b8de96d2e5b6bc02d379db03a877d34d/library/alloc/src/boxed.rs:1972:9
[INFO] [stdout]   43:     0x5cec867c4fab - std::sys::pal::unix::thread::Thread::new::thread_start::h48cf765408f6f5f2
[INFO] [stdout]                                at /rustc/202008a1b8de96d2e5b6bc02d379db03a877d34d/library/std/src/sys/pal/unix/thread.rs:105:17
[INFO] [stdout]   44:     0x765fbfea9ac3 - <unknown>
[INFO] [stdout]   45:     0x765fbff3aa04 - clone
[INFO] [stdout]   46:                0x0 - <unknown>
[INFO] [stdout] 
[INFO] [stdout] 
[INFO] [stdout] failures:
[INFO] [stdout]     sphere::tests::computing_normal_on_transformed_sphere
[INFO] [stdout] 
[INFO] [stdout] test result: FAILED. 94 passed; 1 failed; 0 ignored; 0 measured; 0 filtered out; finished in 0.07s
[INFO] [stdout] 
[INFO] running `Command { std: "docker" "inspect" "359f95339cd1bbac970b0bf908f3004d117550392b68c772e163a5f7b100fe98", kill_on_drop: false }`
[INFO] running `Command { std: "docker" "rm" "-f" "359f95339cd1bbac970b0bf908f3004d117550392b68c772e163a5f7b100fe98", kill_on_drop: false }`
[INFO] [stdout] 359f95339cd1bbac970b0bf908f3004d117550392b68c772e163a5f7b100fe98
