[INFO] cloning repository https://github.com/cody-why/axum-casbin-admin
[INFO] running `Command { std: "git" "-c" "credential.helper=" "-c" "credential.helper=/workspace/cargo-home/bin/git-credential-null" "clone" "--bare" "https://github.com/cody-why/axum-casbin-admin" "/workspace/cache/git-repos/https%3A%2F%2Fgithub.com%2Fcody-why%2Faxum-casbin-admin", kill_on_drop: false }`
[INFO] [stderr] Cloning into bare repository '/workspace/cache/git-repos/https%3A%2F%2Fgithub.com%2Fcody-why%2Faxum-casbin-admin'...
[INFO] running `Command { std: "git" "rev-parse" "HEAD", kill_on_drop: false }`
[INFO] [stdout] 13f0567209d42fe8e81e9ae7664608e21e0bee7f
[INFO] testing cody-why/axum-casbin-admin against 1.83.0 for beta-1.84.0-4-retry
[INFO] running `Command { std: "git" "clone" "/workspace/cache/git-repos/https%3A%2F%2Fgithub.com%2Fcody-why%2Faxum-casbin-admin" "/workspace/builds/worker-0-tc1/source", kill_on_drop: false }`
[INFO] [stderr] Cloning into '/workspace/builds/worker-0-tc1/source'...
[INFO] [stderr] done.
[INFO] validating manifest of git repo https://github.com/cody-why/axum-casbin-admin on toolchain 1.83.0
[INFO] running `Command { std: CARGO_HOME="/workspace/cargo-home" RUSTUP_HOME="/workspace/rustup-home" "/workspace/cargo-home/bin/cargo" "+1.83.0" "metadata" "--manifest-path" "Cargo.toml" "--no-deps", kill_on_drop: false }`
[INFO] started tweaking git repo https://github.com/cody-why/axum-casbin-admin
[INFO] finished tweaking git repo https://github.com/cody-why/axum-casbin-admin
[INFO] tweaked toml for git repo https://github.com/cody-why/axum-casbin-admin written to /workspace/builds/worker-0-tc1/source/Cargo.toml
[INFO] running `Command { std: CARGO_HOME="/workspace/cargo-home" RUSTUP_HOME="/workspace/rustup-home" "/workspace/cargo-home/bin/cargo" "+1.83.0" "generate-lockfile" "--manifest-path" "Cargo.toml", kill_on_drop: false }`
[INFO] [stderr]     Updating crates.io index
[INFO] [stderr]     Updating git repository `https://github.com/cody-why/rbdc-pool-deadpool`
[INFO] [stderr]      Locking 334 packages to latest compatible versions
[INFO] [stderr]       Adding axum-serde v0.5.0 (available: v0.7.0)
[INFO] [stderr]       Adding axum-test v15.7.4 (available: v16.4.0)
[INFO] [stderr]       Adding bcrypt v0.15.1 (available: v0.16.0)
[INFO] [stderr]       Adding deadpool-redis v0.15.1 (available: v0.18.0)
[INFO] [stderr]       Adding thiserror v1.0.69 (available: v2.0.7)
[INFO] [stderr]       Adding tower-http v0.5.2 (available: v0.6.2)
[INFO] running `Command { std: CARGO_HOME="/workspace/cargo-home" RUSTUP_HOME="/workspace/rustup-home" "/workspace/cargo-home/bin/cargo" "+1.83.0" "fetch" "--manifest-path" "Cargo.toml", kill_on_drop: false }`
[INFO] [stderr]  Downloading crates ...
[INFO] [stderr]   Downloaded rancor v0.1.0
[INFO] [stderr]   Downloaded rkyv_derive v0.8.9
[INFO] [stderr]   Downloaded rbdc-pool-fast v4.5.11
[INFO] [stderr]   Downloaded reserve-port v2.0.1
[INFO] [stderr]   Downloaded ptr_meta v0.3.0
[INFO] [stderr]   Downloaded rbatis-macro-driver v4.5.12
[INFO] [stderr]   Downloaded auto-future v1.0.0
[INFO] [stderr]   Downloaded sql-parser v0.1.0
[INFO] [stderr]   Downloaded munge_macro v0.4.1
[INFO] [stderr]   Downloaded rend v0.5.2
[INFO] [stderr]   Downloaded deadpool-redis v0.15.1
[INFO] [stderr]   Downloaded rust-multipart-rfc7578_2 v0.6.1
[INFO] [stderr]   Downloaded casbin-rb-adapter v0.1.10
[INFO] [stderr]   Downloaded axum-test v15.7.4
[INFO] [stderr]   Downloaded casbin v2.5.0
[INFO] [stderr]   Downloaded bigdecimal v0.4.7
[INFO] [stderr]   Downloaded rkyv v0.8.9
[INFO] [stderr]   Downloaded sonic-rs v0.3.17
[INFO] [stderr]   Downloaded rhai_codegen v2.2.0
[INFO] [stderr]   Downloaded log4rs v1.3.0
[INFO] [stderr]   Downloaded redis v0.25.4
[INFO] [stderr]   Downloaded dark-std v0.2.16
[INFO] [stderr]   Downloaded generic-array v1.1.1
[INFO] [stderr]   Downloaded rhai v1.20.1
[INFO] [stderr]   Downloaded faststr v0.2.27
[INFO] [stderr]   Downloaded rbdc v4.5.45
[INFO] [stderr]   Downloaded rbatis v4.5.47
[INFO] [stderr]   Downloaded rbatis-codegen v4.5.29
[INFO] [stderr]   Downloaded deadpool v0.12.1
[INFO] [stderr]   Downloaded fastdate v0.3.34
[INFO] [stderr]   Downloaded rbdc-mysql v4.5.16
[INFO] [stderr]   Downloaded rbs v4.5.24
[INFO] [stderr]   Downloaded munge v0.4.1
[INFO] [stderr]   Downloaded sonic-number v0.1.0
[INFO] [stderr]   Downloaded thread-id v4.2.2
[INFO] [stderr]   Downloaded fast_pool v0.2.1
[INFO] [stderr]   Downloaded sonic-simd v0.1.0
[INFO] [stderr]   Downloaded ptr_meta_derive v0.3.0
[INFO] [stderr]   Downloaded axum-serde v0.5.0
[INFO] running `Command { std: "docker" "create" "-v" "/var/lib/crater-agent-workspace/builds/worker-0-tc1/target:/opt/rustwide/target:rw,Z" "-v" "/var/lib/crater-agent-workspace/builds/worker-0-tc1/source:/opt/rustwide/workdir:ro,Z" "-v" "/var/lib/crater-agent-workspace/cargo-home:/opt/rustwide/cargo-home:ro,Z" "-v" "/var/lib/crater-agent-workspace/rustup-home:/opt/rustwide/rustup-home:ro,Z" "-e" "SOURCE_DIR=/opt/rustwide/workdir" "-e" "CARGO_TARGET_DIR=/opt/rustwide/target" "-e" "CARGO_HOME=/opt/rustwide/cargo-home" "-e" "RUSTUP_HOME=/opt/rustwide/rustup-home" "-w" "/opt/rustwide/workdir" "-m" "1610612736" "--user" "0:0" "--network" "none" "ghcr.io/rust-lang/crates-build-env/linux@sha256:f3a9d4ad9d972b27faf3965f35b62e55ba32bbce8f20bc8fe909558a86702fde" "/opt/rustwide/cargo-home/bin/cargo" "+1.83.0" "metadata" "--no-deps" "--format-version=1", kill_on_drop: false }`
[INFO] [stdout] 00e7eb4a135bd852eba50fade6696381049b37cbc9b9bbb8b95131912a47e323
[INFO] running `Command { std: "docker" "start" "-a" "00e7eb4a135bd852eba50fade6696381049b37cbc9b9bbb8b95131912a47e323", kill_on_drop: false }`
[INFO] running `Command { std: "docker" "inspect" "00e7eb4a135bd852eba50fade6696381049b37cbc9b9bbb8b95131912a47e323", kill_on_drop: false }`
[INFO] running `Command { std: "docker" "rm" "-f" "00e7eb4a135bd852eba50fade6696381049b37cbc9b9bbb8b95131912a47e323", kill_on_drop: false }`
[INFO] [stdout] 00e7eb4a135bd852eba50fade6696381049b37cbc9b9bbb8b95131912a47e323
[INFO] running `Command { std: "docker" "create" "-v" "/var/lib/crater-agent-workspace/builds/worker-0-tc1/target:/opt/rustwide/target:rw,Z" "-v" "/var/lib/crater-agent-workspace/builds/worker-0-tc1/source:/opt/rustwide/workdir:ro,Z" "-v" "/var/lib/crater-agent-workspace/cargo-home:/opt/rustwide/cargo-home:ro,Z" "-v" "/var/lib/crater-agent-workspace/rustup-home:/opt/rustwide/rustup-home:ro,Z" "-e" "SOURCE_DIR=/opt/rustwide/workdir" "-e" "CARGO_TARGET_DIR=/opt/rustwide/target" "-e" "CARGO_INCREMENTAL=0" "-e" "RUST_BACKTRACE=full" "-e" "RUSTFLAGS=--cap-lints=warn" "-e" "RUSTDOCFLAGS=--cap-lints=warn" "-e" "CARGO_HOME=/opt/rustwide/cargo-home" "-e" "RUSTUP_HOME=/opt/rustwide/rustup-home" "-w" "/opt/rustwide/workdir" "-m" "1610612736" "--user" "0:0" "--network" "none" "ghcr.io/rust-lang/crates-build-env/linux@sha256:f3a9d4ad9d972b27faf3965f35b62e55ba32bbce8f20bc8fe909558a86702fde" "/opt/rustwide/cargo-home/bin/cargo" "+1.83.0" "build" "--frozen" "--message-format=json", kill_on_drop: false }`
[INFO] [stdout] 0d1a307d9184256fd24e770fe4d87b25b7ce30989c1d64aed0289ff5dfbb99aa
[INFO] running `Command { std: "docker" "start" "-a" "0d1a307d9184256fd24e770fe4d87b25b7ce30989c1d64aed0289ff5dfbb99aa", kill_on_drop: false }`
[INFO] [stderr]    Compiling proc-macro2 v1.0.92
[INFO] [stderr]    Compiling unicode-ident v1.0.14
[INFO] [stderr]    Compiling serde v1.0.216
[INFO] [stderr]    Compiling libc v0.2.168
[INFO] [stderr]    Compiling memchr v2.7.4
[INFO] [stderr]    Compiling itoa v1.0.14
[INFO] [stderr]    Compiling version_check v0.9.5
[INFO] [stderr]    Compiling bytes v1.9.0
[INFO] [stderr]    Compiling pin-project-lite v0.2.15
[INFO] [stderr]    Compiling portable-atomic v1.10.0
[INFO] [stderr]    Compiling futures-core v0.3.31
[INFO] [stderr]    Compiling futures-sink v0.3.31
[INFO] [stderr]    Compiling stable_deref_trait v1.2.0
[INFO] [stderr]    Compiling libm v0.2.11
[INFO] [stderr]    Compiling num-traits v0.2.19
[INFO] [stderr]    Compiling ryu v1.0.18
[INFO] [stderr]    Compiling slab v0.4.9
[INFO] [stderr]    Compiling quote v1.0.37
[INFO] [stderr]    Compiling once_cell v1.20.2
[INFO] [stderr]    Compiling litemap v0.7.4
[INFO] [stderr]    Compiling writeable v0.5.5
[INFO] [stderr]    Compiling syn v2.0.90
[INFO] [stderr]    Compiling byteorder v1.5.0
[INFO] [stderr]    Compiling equivalent v1.0.1
[INFO] [stderr]    Compiling futures-channel v0.3.31
[INFO] [stderr]    Compiling futures-task v0.3.31
[INFO] [stderr]    Compiling futures-io v0.3.31
[INFO] [stderr]    Compiling pin-utils v0.1.0
[INFO] [stderr]    Compiling icu_locid_transform_data v1.5.0
[INFO] [stderr]    Compiling spin v0.9.8
[INFO] [stderr]    Compiling icu_properties_data v1.5.0
[INFO] [stderr]    Compiling foldhash v0.1.3
[INFO] [stderr]    Compiling allocator-api2 v0.2.21
[INFO] [stderr]    Compiling utf8_iter v1.0.4
[INFO] [stderr]    Compiling getrandom v0.2.15
[INFO] [stderr]    Compiling mio v1.0.3
[INFO] [stderr]    Compiling socket2 v0.5.8
[INFO] [stderr]    Compiling signal-hook-registry v1.4.2
[INFO] [stderr]    Compiling icu_normalizer_data v1.5.0
[INFO] [stderr]    Compiling utf16_iter v1.0.5
[INFO] [stderr]    Compiling typenum v1.17.0
[INFO] [stderr]    Compiling write16 v1.0.0
[INFO] [stderr]    Compiling zeroize v1.8.1
[INFO] [stderr]    Compiling hashbrown v0.15.2
[INFO] [stderr]    Compiling shlex v1.3.0
[INFO] [stderr]    Compiling generic-array v0.14.7
[INFO] [stderr]    Compiling cc v1.2.4
[INFO] [stderr]    Compiling thiserror v2.0.7
[INFO] [stderr]    Compiling serde_json v1.0.133
[INFO] [stderr]    Compiling crunchy v0.2.2
[INFO] [stderr]    Compiling thiserror v1.0.69
[INFO] [stderr]    Compiling num-integer v0.1.46
[INFO] [stderr]    Compiling tiny-keccak v2.0.2
[INFO] [stderr]    Compiling num-conv v0.1.0
[INFO] [stderr]    Compiling powerfmt v0.2.0
[INFO] [stderr]    Compiling untrusted v0.9.0
[INFO] [stderr]    Compiling rustls-pki-types v1.10.1
[INFO] [stderr]    Compiling percent-encoding v2.3.1
[INFO] [stderr]    Compiling ucd-trie v0.1.7
[INFO] [stderr]    Compiling time-core v0.1.2
[INFO] [stderr]    Compiling ahash v0.8.11
[INFO] [stderr]    Compiling time-macros v0.2.19
[INFO] [stderr]    Compiling fnv v1.0.7
[INFO] [stderr]    Compiling subtle v2.6.1
[INFO] [stderr]    Compiling const-oid v0.9.6
[INFO] [stderr]    Compiling form_urlencoded v1.2.1
[INFO] [stderr]    Compiling num-bigint v0.4.6
[INFO] [stderr]    Compiling rand_core v0.6.4
[INFO] [stderr]    Compiling ring v0.17.8
[INFO] [stderr]    Compiling const-random-macro v0.1.16
[INFO] [stderr]    Compiling crossbeam-utils v0.8.20
[INFO] [stderr]    Compiling crypto-common v0.1.6
[INFO] [stderr]    Compiling rustls v0.23.20
[INFO] [stderr]    Compiling http v1.2.0
[INFO] [stderr]    Compiling bigdecimal v0.4.7
[INFO] [stderr]    Compiling const-random v0.1.18
[INFO] [stderr]    Compiling base64 v0.22.1
[INFO] [stderr]    Compiling smallvec v1.13.2
[INFO] [stderr]    Compiling num_cpus v1.16.0
[INFO] [stderr]    Compiling tracing-core v0.1.33
[INFO] [stderr]    Compiling http-body v1.0.1
[INFO] [stderr]    Compiling base64ct v1.6.0
[INFO] [stderr]    Compiling pem-rfc7468 v0.7.0
[INFO] [stderr]    Compiling block-buffer v0.10.4
[INFO] [stderr]    Compiling rustls-pemfile v2.2.0
[INFO] [stderr]    Compiling webpki-roots v0.26.7
[INFO] [stderr]    Compiling lru v0.12.5
[INFO] [stderr]    Compiling uuid v1.11.0
[INFO] [stderr]    Compiling tower-service v0.3.3
[INFO] [stderr]    Compiling der v0.7.9
[INFO] [stderr]    Compiling digest v0.10.7
[INFO] [stderr]    Compiling flume v0.11.1
[INFO] [stderr]    Compiling synstructure v0.13.1
[INFO] [stderr]    Compiling smartstring v1.0.1
[INFO] [stderr]    Compiling mime v0.3.17
[INFO] [stderr]    Compiling httparse v1.9.5
[INFO] [stderr]    Compiling rustversion v1.0.18
[INFO] [stderr]    Compiling tower-layer v0.3.3
[INFO] [stderr]    Compiling bitflags v2.6.0
[INFO] [stderr]    Compiling indexmap v2.7.0
[INFO] [stderr]    Compiling crossbeam-epoch v0.9.18
[INFO] [stderr]    Compiling aho-corasick v1.1.3
[INFO] [stderr]    Compiling static_assertions v1.1.0
[INFO] [stderr]    Compiling unicase v2.8.0
[INFO] [stderr]    Compiling spki v0.7.3
[INFO] [stderr]    Compiling num-bigint-dig v0.8.4
[INFO] [stderr]    Compiling sync_wrapper v1.0.2
[INFO] [stderr]    Compiling regex-syntax v0.8.5
[INFO] [stderr]    Compiling spin v0.5.2
[INFO] [stderr]    Compiling rayon-core v1.12.1
[INFO] [stderr]    Compiling httpdate v1.0.3
[INFO] [stderr]    Compiling syn v1.0.109
[INFO] [stderr]    Compiling no-std-compat v0.4.1
[INFO] [stderr]    Compiling crossbeam-deque v0.8.5
[INFO] [stderr]    Compiling mime_guess v2.0.5
[INFO] [stderr]    Compiling pkcs8 v0.10.2
[INFO] [stderr]    Compiling rustls-webpki v0.102.8
[INFO] [stderr]    Compiling inout v0.1.3
[INFO] [stderr]    Compiling num-iter v0.1.45
[INFO] [stderr]    Compiling lazy_static v1.5.0
[INFO] [stderr]    Compiling hex v0.4.3
[INFO] [stderr]    Compiling either v1.13.0
[INFO] [stderr]    Compiling ref-cast v1.0.23
[INFO] [stderr]    Compiling anyhow v1.0.94
[INFO] [stderr]    Compiling serde_derive v1.0.216
[INFO] [stderr]    Compiling zerofrom-derive v0.1.5
[INFO] [stderr]    Compiling yoke-derive v0.7.5
[INFO] [stderr]    Compiling zerovec-derive v0.10.3
[INFO] [stderr]    Compiling displaydoc v0.2.5
[INFO] [stderr]    Compiling tokio-macros v2.4.0
[INFO] [stderr]    Compiling futures-macro v0.3.31
[INFO] [stderr]    Compiling icu_provider_macros v1.5.0
[INFO] [stderr]    Compiling zerofrom v0.1.5
[INFO] [stderr]    Compiling yoke v0.7.5
[INFO] [stderr]    Compiling zerovec v0.10.4
[INFO] [stderr]    Compiling zerocopy-derive v0.7.35
[INFO] [stderr]    Compiling async-trait v0.1.83
[INFO] [stderr]    Compiling thiserror-impl v1.0.69
[INFO] [stderr]    Compiling futures-util v0.3.31
[INFO] [stderr]    Compiling thiserror-impl v2.0.7
[INFO] [stderr]    Compiling tinystr v0.7.6
[INFO] [stderr]    Compiling zerocopy v0.7.35
[INFO] [stderr]    Compiling icu_locid v1.5.0
[INFO] [stderr]    Compiling icu_provider v1.5.0
[INFO] [stderr]    Compiling icu_collections v1.5.0
[INFO] [stderr]    Compiling icu_locid_transform v1.5.0
[INFO] [stderr]    Compiling pest v2.7.15
[INFO] [stderr]    Compiling ppv-lite86 v0.2.20
[INFO] [stderr]    Compiling icu_properties v1.5.1
[INFO] [stderr]    Compiling rand_chacha v0.3.1
[INFO] [stderr]    Compiling tracing-attributes v0.1.28
[INFO] [stderr]    Compiling rand v0.8.5
[INFO] [stderr]    Compiling hashbrown v0.14.5
[INFO] [stderr]    Compiling pest_meta v2.7.15
[INFO] [stderr]    Compiling http-body-util v0.1.2
[INFO] [stderr]    Compiling futures-executor v0.3.31
[INFO] [stderr]    Compiling regex-automata v0.4.9
[INFO] [stderr]    Compiling rhai_codegen v2.2.0
[INFO] [stderr]    Compiling destructure_traitobject v0.2.0
[INFO] [stderr]    Compiling fixedbitset v0.4.2
[INFO] [stderr]    Compiling pest_generator v2.7.15
[INFO] [stderr]    Compiling cpufeatures v0.2.16
[INFO] [stderr]    Compiling unsafe-any-ors v1.0.0
[INFO] [stderr]    Compiling icu_normalizer v1.5.0
[INFO] [stderr]    Compiling log v0.4.22
[INFO] [stderr]    Compiling parking_lot_core v0.9.10
[INFO] [stderr]    Compiling parking_lot v0.12.3
[INFO] [stderr]    Compiling deranged v0.3.11
[INFO] [stderr]    Compiling tokio v1.42.0
[INFO] [stderr]    Compiling pest_derive v2.7.15
[INFO] [stderr]    Compiling tracing v0.1.41
[INFO] [stderr]    Compiling rbs v4.5.24
[INFO] [stderr]    Compiling idna_adapter v1.2.0
[INFO] [stderr]    Compiling serde_bytes v0.11.15
[INFO] [stderr]    Compiling time v0.3.37
[INFO] [stderr]    Compiling idna v1.0.3
[INFO] [stderr]    Compiling url v2.5.4
[INFO] [stderr]    Compiling html_parser v0.6.3
[INFO] [stderr]    Compiling fastdate v0.3.34
[INFO] [stderr]    Compiling rbatis-codegen v4.5.29
[INFO] [stderr]    Compiling dark-std v0.2.16
[INFO] [stderr]    Compiling thin-vec v0.2.13
[INFO] [stderr]    Compiling rhai v1.20.1
[INFO] [stderr]    Compiling regex v1.11.1
[INFO] [stderr]    Compiling petgraph v0.6.5
[INFO] [stderr]    Compiling axum-core v0.4.5
[INFO] [stderr]    Compiling futures v0.3.31
[INFO] [stderr]    Compiling hashlink v0.9.1
[INFO] [stderr]    Compiling ref-cast-impl v1.0.23
[INFO] [stderr]    Compiling tokio-rustls v0.26.1
[INFO] [stderr]    Compiling tokio-util v0.7.13
[INFO] [stderr]    Compiling fast_pool v0.2.1
[INFO] [stderr]    Compiling rbdc v4.5.45
[INFO] [stderr]    Compiling deadpool-runtime v0.1.4
[INFO] [stderr]    Compiling deadpool v0.12.1
[INFO] [stderr]    Compiling rbatis-macro-driver v4.5.12
[INFO] [stderr]    Compiling combine v4.6.7
[INFO] [stderr]    Compiling hyper v1.5.1
[INFO] [stderr]    Compiling cipher v0.4.4
[INFO] [stderr]    Compiling rbdc-pool-fast v4.5.11
[INFO] [stderr]    Compiling pkcs1 v0.7.5
[INFO] [stderr]    Compiling signature v2.2.0
[INFO] [stderr]    Compiling ordered-float v2.10.1
[INFO] [stderr]    Compiling unsafe-libyaml v0.2.11
[INFO] [stderr]    Compiling simdutf8 v0.1.5
[INFO] [stderr]    Compiling iana-time-zone v0.1.61
[INFO] [stderr]    Compiling sql-parser v0.1.0
[INFO] [stderr]    Compiling mini-moka v0.10.3
[INFO] [stderr]    Compiling serde_yaml v0.9.34+deprecated
[INFO] [stderr]    Compiling chrono v0.4.39
[INFO] [stderr]    Compiling faststr v0.2.27
[INFO] [stderr]    Compiling serde-value v0.7.0
[INFO] [stderr]    Compiling rsa v0.9.7
[INFO] [stderr]    Compiling derivative v2.2.0
[INFO] [stderr]    Compiling casbin v2.5.0
[INFO] [stderr]    Compiling redis v0.25.4
[INFO] [stderr]    Compiling rayon v1.10.0
[INFO] [stderr]    Compiling hyper-util v0.1.10
[INFO] [stderr]    Compiling blowfish v0.9.1
[INFO] [stderr]    Compiling tower v0.5.2
[INFO] [stderr]    Compiling simple_asn1 v0.6.2
[INFO] [stderr]    Compiling dashmap v5.5.3
[INFO] [stderr]    Compiling serde_path_to_error v0.1.16
[INFO] [stderr]    Compiling serde_urlencoded v0.7.1
[INFO] [stderr]    Compiling typemap-ors v1.0.0
[INFO] [stderr]    Compiling sha-1 v0.10.1
[INFO] [stderr]    Compiling sha2 v0.10.8
[INFO] [stderr]    Compiling crossbeam-channel v0.5.13
[INFO] [stderr]    Compiling pem v3.0.4
[INFO] [stderr]    Compiling generic-array v1.1.1
[INFO] [stderr]    Compiling thread-id v4.2.2
[INFO] [stderr]    Compiling sonic-number v0.1.0
[INFO] [stderr]    Compiling sonic-simd v0.1.0
[INFO] [stderr]    Compiling humantime v2.1.0
[INFO] [stderr]    Compiling triomphe v0.1.14
[INFO] [stderr]    Compiling log-mdc v0.1.0
[INFO] [stderr]    Compiling matchit v0.7.3
[INFO] [stderr]    Compiling bumpalo v3.16.0
[INFO] [stderr]    Compiling tagptr v0.2.0
[INFO] [stderr]    Compiling http-range-header v0.4.2
[INFO] [stderr]    Compiling base64 v0.21.7
[INFO] [stderr]    Compiling arc-swap v1.7.1
[INFO] [stderr]    Compiling log4rs v1.3.0
[INFO] [stderr]    Compiling jsonwebtoken v9.3.0
[INFO] [stderr]    Compiling tower-http v0.5.2
[INFO] [stderr]    Compiling sonic-rs v0.3.17
[INFO] [stderr]    Compiling axum v0.7.9
[INFO] [stderr]    Compiling rbdc-mysql v4.5.16
[INFO] [stderr]    Compiling dashmap v6.1.0
[INFO] [stderr]    Compiling deadpool-redis v0.15.1
[INFO] [stderr]    Compiling bcrypt v0.15.1
[INFO] [stderr]    Compiling rbdc-pool-deadpool v4.5.7 (https://github.com/cody-why/rbdc-pool-deadpool#b6389b4d)
[INFO] [stderr]    Compiling axum-serde v0.5.0
[INFO] [stderr]    Compiling md5 v0.7.0
[INFO] [stderr]    Compiling rbatis v4.5.47
[INFO] [stderr]    Compiling casbin-rb-adapter v0.1.10
[INFO] [stderr]    Compiling axum-admin v0.1.0 (/opt/rustwide/workdir)
[INFO] [stdout] warning: variable does not need to be mutable
[INFO] [stdout]   --> src/service/role_service.rs:58:9
[INFO] [stdout]    |
[INFO] [stdout] 58 |     let mut tx = rb.acquire_begin().await?;
[INFO] [stdout]    |         ----^^
[INFO] [stdout]    |         |
[INFO] [stdout]    |         help: remove this `mut`
[INFO] [stdout]    |
[INFO] [stdout]    = note: `#[warn(unused_mut)]` on by default
[INFO] [stdout] 
[INFO] [stdout] 
[INFO] [stderr]     Finished `dev` profile [unoptimized + debuginfo] target(s) in 5m 23s
[INFO] running `Command { std: "docker" "inspect" "0d1a307d9184256fd24e770fe4d87b25b7ce30989c1d64aed0289ff5dfbb99aa", kill_on_drop: false }`
[INFO] running `Command { std: "docker" "rm" "-f" "0d1a307d9184256fd24e770fe4d87b25b7ce30989c1d64aed0289ff5dfbb99aa", kill_on_drop: false }`
[INFO] [stdout] 0d1a307d9184256fd24e770fe4d87b25b7ce30989c1d64aed0289ff5dfbb99aa
[INFO] running `Command { std: "docker" "create" "-v" "/var/lib/crater-agent-workspace/builds/worker-0-tc1/target:/opt/rustwide/target:rw,Z" "-v" "/var/lib/crater-agent-workspace/builds/worker-0-tc1/source:/opt/rustwide/workdir:ro,Z" "-v" "/var/lib/crater-agent-workspace/cargo-home:/opt/rustwide/cargo-home:ro,Z" "-v" "/var/lib/crater-agent-workspace/rustup-home:/opt/rustwide/rustup-home:ro,Z" "-e" "SOURCE_DIR=/opt/rustwide/workdir" "-e" "CARGO_TARGET_DIR=/opt/rustwide/target" "-e" "CARGO_INCREMENTAL=0" "-e" "RUST_BACKTRACE=full" "-e" "RUSTFLAGS=--cap-lints=warn" "-e" "RUSTDOCFLAGS=--cap-lints=warn" "-e" "CARGO_HOME=/opt/rustwide/cargo-home" "-e" "RUSTUP_HOME=/opt/rustwide/rustup-home" "-w" "/opt/rustwide/workdir" "-m" "1610612736" "--user" "0:0" "--network" "none" "ghcr.io/rust-lang/crates-build-env/linux@sha256:f3a9d4ad9d972b27faf3965f35b62e55ba32bbce8f20bc8fe909558a86702fde" "/opt/rustwide/cargo-home/bin/cargo" "+1.83.0" "test" "--frozen" "--no-run" "--message-format=json", kill_on_drop: false }`
[INFO] [stdout] 3edd37c7b9d1b09c2be2ee372c8b08387c5a4d37bf0dd7a8a3f842d036c601a5
[INFO] running `Command { std: "docker" "start" "-a" "3edd37c7b9d1b09c2be2ee372c8b08387c5a4d37bf0dd7a8a3f842d036c601a5", kill_on_drop: false }`
[INFO] [stderr]    Compiling rand v0.8.5
[INFO] [stderr]    Compiling mime_guess v2.0.5
[INFO] [stderr]    Compiling try-lock v0.2.5
[INFO] [stderr]    Compiling cookie v0.18.1
[INFO] [stderr]    Compiling http v0.2.12
[INFO] [stderr]    Compiling yansi v1.0.1
[INFO] [stderr]    Compiling diff v0.1.13
[INFO] [stderr]    Compiling reserve-port v2.0.1
[INFO] [stderr]    Compiling want v0.3.1
[INFO] [stderr]    Compiling hyper v1.5.1
[INFO] [stderr]    Compiling pretty_assertions v1.4.1
[INFO] [stderr]    Compiling auto-future v1.0.0
[INFO] [stderr]    Compiling num-bigint-dig v0.8.4
[INFO] [stderr]    Compiling rbatis v4.5.47
[INFO] [stderr]    Compiling log4rs v1.3.0
[INFO] [stderr]    Compiling rust-multipart-rfc7578_2 v0.6.1
[INFO] [stderr]    Compiling tower-http v0.5.2
[INFO] [stderr]    Compiling hyper-util v0.1.10
[INFO] [stderr]    Compiling casbin-rb-adapter v0.1.10
[INFO] [stderr]    Compiling rsa v0.9.7
[INFO] [stderr]    Compiling rbdc-mysql v4.5.16
[INFO] [stderr]    Compiling axum v0.7.9
[INFO] [stderr]    Compiling axum-test v15.7.4
[INFO] [stderr]    Compiling axum-admin v0.1.0 (/opt/rustwide/workdir)
[INFO] [stdout] warning: variable does not need to be mutable
[INFO] [stdout]   --> src/service/role_service.rs:58:9
[INFO] [stdout]    |
[INFO] [stdout] 58 |     let mut tx = rb.acquire_begin().await?;
[INFO] [stdout]    |         ----^^
[INFO] [stdout]    |         |
[INFO] [stdout]    |         help: remove this `mut`
[INFO] [stdout]    |
[INFO] [stdout]    = note: `#[warn(unused_mut)]` on by default
[INFO] [stdout] 
[INFO] [stdout] 
[INFO] [stderr]     Finished `test` profile [unoptimized + debuginfo] target(s) in 58.24s
[INFO] running `Command { std: "docker" "inspect" "3edd37c7b9d1b09c2be2ee372c8b08387c5a4d37bf0dd7a8a3f842d036c601a5", kill_on_drop: false }`
[INFO] running `Command { std: "docker" "rm" "-f" "3edd37c7b9d1b09c2be2ee372c8b08387c5a4d37bf0dd7a8a3f842d036c601a5", kill_on_drop: false }`
[INFO] [stdout] 3edd37c7b9d1b09c2be2ee372c8b08387c5a4d37bf0dd7a8a3f842d036c601a5
[INFO] running `Command { std: "docker" "create" "-v" "/var/lib/crater-agent-workspace/builds/worker-0-tc1/target:/opt/rustwide/target:rw,Z" "-v" "/var/lib/crater-agent-workspace/builds/worker-0-tc1/source:/opt/rustwide/workdir:ro,Z" "-v" "/var/lib/crater-agent-workspace/cargo-home:/opt/rustwide/cargo-home:ro,Z" "-v" "/var/lib/crater-agent-workspace/rustup-home:/opt/rustwide/rustup-home:ro,Z" "-e" "SOURCE_DIR=/opt/rustwide/workdir" "-e" "CARGO_TARGET_DIR=/opt/rustwide/target" "-e" "CARGO_INCREMENTAL=0" "-e" "RUST_BACKTRACE=full" "-e" "RUSTFLAGS=--cap-lints=warn" "-e" "RUSTDOCFLAGS=--cap-lints=warn" "-e" "CARGO_HOME=/opt/rustwide/cargo-home" "-e" "RUSTUP_HOME=/opt/rustwide/rustup-home" "-w" "/opt/rustwide/workdir" "-m" "1610612736" "--user" "0:0" "--network" "none" "ghcr.io/rust-lang/crates-build-env/linux@sha256:f3a9d4ad9d972b27faf3965f35b62e55ba32bbce8f20bc8fe909558a86702fde" "/opt/rustwide/cargo-home/bin/cargo" "+1.83.0" "test" "--frozen", kill_on_drop: false }`
[INFO] [stdout] af3e21d47bab19d9b18b3281802907cdac5b39b594561297b47facb888f429ca
[INFO] running `Command { std: "docker" "start" "-a" "af3e21d47bab19d9b18b3281802907cdac5b39b594561297b47facb888f429ca", kill_on_drop: false }`
[INFO] [stderr] warning: variable does not need to be mutable
[INFO] [stderr]   --> src/service/role_service.rs:58:9
[INFO] [stderr]    |
[INFO] [stderr] 58 |     let mut tx = rb.acquire_begin().await?;
[INFO] [stderr]    |         ----^^
[INFO] [stderr]    |         |
[INFO] [stderr]    |         help: remove this `mut`
[INFO] [stderr]    |
[INFO] [stderr]    = note: `#[warn(unused_mut)]` on by default
[INFO] [stderr] 
[INFO] [stderr] warning: `axum-admin` (bin "axum-admin" test) generated 1 warning (run `cargo fix --bin "axum-admin" --tests` to apply 1 suggestion)
[INFO] [stderr]     Finished `test` profile [unoptimized + debuginfo] target(s) in 0.71s
[INFO] [stderr]      Running unittests src/main.rs (/opt/rustwide/target/debug/deps/axum_admin-b38bcb3712e6f671)
[INFO] [stdout] 
[INFO] [stdout] running 14 tests
[INFO] [stdout] test utils::cache::cache_mem_service::tests::test_mem ... ignored
[INFO] [stdout] test utils::cache::cache_redis_service::tests::test_redis ... ignored
[INFO] [stdout] test config::load_config_test ... ok
[INFO] [stdout] test utils::casbin::tests::enforcer_test ... ignored
[INFO] [stdout] test utils::json::sonic_test::response ... ok
[INFO] [stdout] test utils::json::sonic_test::extractor ... ok
[INFO] [stdout] test utils::json::tests::test_name ... ok
[INFO] [stdout] test utils::redis::test_redis_pool ... ignored
[INFO] [stdout] test utils::cache::cache_service::test_cache_service ... ok
[INFO] [stdout] 2024-12-14 11:52:44 INFO - current_dir: "/opt/rustwide/workdir", config_file: config/application.yaml
[INFO] [stderr] log4rs: error deserializing appender my_rolling_appender: Read-only file system (os error 30)
[INFO] [stdout]  - [axum_admin::config] [src/config/mod.rs:24]
[INFO] [stdout] 2024-12-14 11:52:44 INFO - rbatis pool init (Some("172.17.99.45:3306/axum_admin"))...
[INFO] [stdout]  - [axum_admin::utils::db] [src/utils/db.rs:20]
[INFO] [stderr] log4rs: error deserializing appender my_rolling_appender: Read-only file system (os error 30)
[INFO] [stdout] test model::menu::tests::test_select ... FAILED
[INFO] [stdout] test utils::jwt_util::tests::test_jwt ... FAILED
[INFO] [stdout] test utils::password::test::test_encode ... ok
[INFO] [stdout] test utils::cache::cache_mem_service::tests::test_mem_ttl ... ok
[INFO] [stdout] test utils::password::test::test_verify ... ok
[INFO] [stdout] 
[INFO] [stdout] failures:
[INFO] [stdout] 
[INFO] [stdout] ---- model::menu::tests::test_select stdout ----
[INFO] [stdout] config_file: config/application.yaml
[INFO] [stdout] [cache] cache_type: mem
[INFO] [stdout] thread 'model::menu::tests::test_select' panicked at src/utils/db.rs:37:22:
[INFO] [stdout] get conn fail!: E("Error occurred while creating a new object: Network is unreachable (os error 101)")
[INFO] [stdout] stack backtrace:
[INFO] [stdout]    0:     0x63c432b2143a - std::backtrace_rs::backtrace::libunwind::trace::h5a5b8284f2d0c266
[INFO] [stdout]                                at /rustc/90b35a6239c3d8bdabc530a6a0816f7ff89a0aaf/library/std/src/../../backtrace/src/backtrace/libunwind.rs:116:5
[INFO] [stdout]    1:     0x63c432b2143a - std::backtrace_rs::backtrace::trace_unsynchronized::h76d4f1c9b0b875e3
[INFO] [stdout]                                at /rustc/90b35a6239c3d8bdabc530a6a0816f7ff89a0aaf/library/std/src/../../backtrace/src/backtrace/mod.rs:66:5
[INFO] [stdout]    2:     0x63c432b2143a - std::sys::backtrace::_print_fmt::hc4546b8364a537c6
[INFO] [stdout]                                at /rustc/90b35a6239c3d8bdabc530a6a0816f7ff89a0aaf/library/std/src/sys/backtrace.rs:66:9
[INFO] [stdout]    3:     0x63c432b2143a - <std::sys::backtrace::BacktraceLock::print::DisplayBacktrace as core::fmt::Display>::fmt::h5b6bd5631a6d1f6b
[INFO] [stdout]                                at /rustc/90b35a6239c3d8bdabc530a6a0816f7ff89a0aaf/library/std/src/sys/backtrace.rs:39:26
[INFO] [stdout]    4:     0x63c432b4d6a3 - core::fmt::rt::Argument::fmt::h270f6602a2b96f62
[INFO] [stdout]                                at /rustc/90b35a6239c3d8bdabc530a6a0816f7ff89a0aaf/library/core/src/fmt/rt.rs:177:76
[INFO] [stdout]    5:     0x63c432b4d6a3 - core::fmt::write::h7550c97b06c86515
[INFO] [stdout]                                at /rustc/90b35a6239c3d8bdabc530a6a0816f7ff89a0aaf/library/core/src/fmt/mod.rs:1186:21
[INFO] [stdout]    6:     0x63c432b1d2d3 - std::io::Write::write_fmt::h509ff860e5956e5e
[INFO] [stdout]                                at /rustc/90b35a6239c3d8bdabc530a6a0816f7ff89a0aaf/library/std/src/io/mod.rs:1839:15
[INFO] [stdout]    7:     0x63c432b21282 - std::sys::backtrace::BacktraceLock::print::h2395ccd2c84ba3aa
[INFO] [stdout]                                at /rustc/90b35a6239c3d8bdabc530a6a0816f7ff89a0aaf/library/std/src/sys/backtrace.rs:42:9
[INFO] [stdout]    8:     0x63c432b2289a - std::panicking::default_hook::{{closure}}::he19d4c7230e07961
[INFO] [stdout]                                at /rustc/90b35a6239c3d8bdabc530a6a0816f7ff89a0aaf/library/std/src/panicking.rs:268:22
[INFO] [stdout]    9:     0x63c432b226a4 - std::panicking::default_hook::hf614597d3c67bbdb
[INFO] [stdout]                                at /rustc/90b35a6239c3d8bdabc530a6a0816f7ff89a0aaf/library/std/src/panicking.rs:292:9
[INFO] [stdout]   10:     0x63c431f4b8b9 - <alloc::boxed::Box<F,A> as core::ops::function::Fn<Args>>::call::h39b51ce4599c23d1
[INFO] [stdout]                                at /rustc/90b35a6239c3d8bdabc530a6a0816f7ff89a0aaf/library/alloc/src/boxed.rs:2468:9
[INFO] [stdout]   11:     0x63c431f4b8b9 - test::test_main::{{closure}}::he977ae839a582784
[INFO] [stdout]                                at /rustc/90b35a6239c3d8bdabc530a6a0816f7ff89a0aaf/library/test/src/lib.rs:133:21
[INFO] [stdout]   12:     0x63c432b22f38 - <alloc::boxed::Box<F,A> as core::ops::function::Fn<Args>>::call::h9455091b6b06f9fb
[INFO] [stdout]                                at /rustc/90b35a6239c3d8bdabc530a6a0816f7ff89a0aaf/library/alloc/src/boxed.rs:2468:9
[INFO] [stdout]   13:     0x63c432b22f38 - std::panicking::rust_panic_with_hook::h8942133a8b252070
[INFO] [stdout]                                at /rustc/90b35a6239c3d8bdabc530a6a0816f7ff89a0aaf/library/std/src/panicking.rs:809:13
[INFO] [stdout]   14:     0x63c432b22cfa - std::panicking::begin_panic_handler::{{closure}}::hb5f5963570096b29
[INFO] [stdout]                                at /rustc/90b35a6239c3d8bdabc530a6a0816f7ff89a0aaf/library/std/src/panicking.rs:674:13
[INFO] [stdout]   15:     0x63c432b21919 - std::sys::backtrace::__rust_end_short_backtrace::h6208cedc1922feda
[INFO] [stdout]                                at /rustc/90b35a6239c3d8bdabc530a6a0816f7ff89a0aaf/library/std/src/sys/backtrace.rs:170:18
[INFO] [stdout]   16:     0x63c432b2298c - rust_begin_unwind
[INFO] [stdout]                                at /rustc/90b35a6239c3d8bdabc530a6a0816f7ff89a0aaf/library/std/src/panicking.rs:665:5
[INFO] [stdout]   17:     0x63c431a55450 - core::panicking::panic_fmt::h0c3082644d1bf418
[INFO] [stdout]                                at /rustc/90b35a6239c3d8bdabc530a6a0816f7ff89a0aaf/library/core/src/panicking.rs:74:14
[INFO] [stdout]   18:     0x63c431a55936 - core::result::unwrap_failed::hd20b4aa073bda1e2
[INFO] [stdout]                                at /rustc/90b35a6239c3d8bdabc530a6a0816f7ff89a0aaf/library/core/src/result.rs:1700:5
[INFO] [stdout]   19:     0x63c431ab9733 - core::result::Result<T,E>::expect::hb0e9e50ab5a16620
[INFO] [stdout]                                at /rustc/90b35a6239c3d8bdabc530a6a0816f7ff89a0aaf/library/core/src/result.rs:1061:23
[INFO] [stdout]   20:     0x63c431b22939 - axum_admin::utils::db::init_db::{{closure}}::h348491cc8acb2d2d
[INFO] [stdout]                                at /opt/rustwide/workdir/src/utils/db.rs:37:5
[INFO] [stdout]   21:     0x63c431aeb403 - axum_admin::service::ServiceContext::init::{{closure}}::hcb541aef350fe05e
[INFO] [stdout]                                at /opt/rustwide/workdir/src/service/mod.rs:55:41
[INFO] [stdout]   22:     0x63c431aeaef8 - axum_admin::service::context::{{closure}}::{{closure}}::h1bfc5353140f9e4c
[INFO] [stdout]                                at /opt/rustwide/workdir/src/service/mod.rs:26:22
[INFO] [stdout]   23:     0x63c431a65ecf - futures_executor::local_pool::block_on::{{closure}}::h67f3c8e34c4363d8
[INFO] [stdout]                                at /opt/rustwide/cargo-home/registry/src/index.crates.io-6f17d22bba15001f/futures-executor-0.3.31/src/local_pool.rs:316:23
[INFO] [stdout]   24:     0x63c431a65d66 - futures_executor::local_pool::run_executor::{{closure}}::hb3399f395b190427
[INFO] [stdout]                                at /opt/rustwide/cargo-home/registry/src/index.crates.io-6f17d22bba15001f/futures-executor-0.3.31/src/local_pool.rs:90:37
[INFO] [stdout]   25:     0x63c431b44f2a - std::thread::local::LocalKey<T>::try_with::h31ca865e110ede5e
[INFO] [stdout]                                at /rustc/90b35a6239c3d8bdabc530a6a0816f7ff89a0aaf/library/std/src/thread/local.rs:283:12
[INFO] [stdout]   26:     0x63c431b4470b - std::thread::local::LocalKey<T>::with::he9a6520e8d55ca40
[INFO] [stdout]                                at /rustc/90b35a6239c3d8bdabc530a6a0816f7ff89a0aaf/library/std/src/thread/local.rs:260:9
[INFO] [stdout]   27:     0x63c431a65cb8 - futures_executor::local_pool::run_executor::h23528454e5afd9de
[INFO] [stdout]                                at /opt/rustwide/cargo-home/registry/src/index.crates.io-6f17d22bba15001f/futures-executor-0.3.31/src/local_pool.rs:86:5
[INFO] [stdout]   28:     0x63c431a65e60 - futures_executor::local_pool::block_on::h764fa36623df0166
[INFO] [stdout]                                at /opt/rustwide/cargo-home/registry/src/index.crates.io-6f17d22bba15001f/futures-executor-0.3.31/src/local_pool.rs:316:5
[INFO] [stdout]   29:     0x63c431aead51 - axum_admin::service::context::{{closure}}::h3fe2146fa8cf3ff8
[INFO] [stdout]                                at /opt/rustwide/workdir/src/service/mod.rs:29:9
[INFO] [stdout]   30:     0x63c431b3085a - std::sync::once_lock::OnceLock<T>::get_or_init::{{closure}}::hf78e5ddf665ffbd5
[INFO] [stdout]                                at /rustc/90b35a6239c3d8bdabc530a6a0816f7ff89a0aaf/library/std/src/sync/once_lock.rs:304:50
[INFO] [stdout]   31:     0x63c431b304e9 - std::sync::once_lock::OnceLock<T>::initialize::{{closure}}::hf8bdb10b13ce2524
[INFO] [stdout]                                at /rustc/90b35a6239c3d8bdabc530a6a0816f7ff89a0aaf/library/std/src/sync/once_lock.rs:512:19
[INFO] [stdout]   32:     0x63c431b3017e - std::sync::once::Once::call_once_force::{{closure}}::hd63ba5c279b15688
[INFO] [stdout]                                at /rustc/90b35a6239c3d8bdabc530a6a0816f7ff89a0aaf/library/std/src/sync/once.rs:217:40
[INFO] [stdout]   33:     0x63c431a54553 - std::sys::sync::once::futex::Once::call::hddfcaeb766e3f5ce
[INFO] [stdout]                                at /rustc/90b35a6239c3d8bdabc530a6a0816f7ff89a0aaf/library/std/src/sys/sync/once/futex.rs:177:21
[INFO] [stdout]   34:     0x63c431b2feb5 - std::sync::once::Once::call_once_force::ha7ee36e591101616
[INFO] [stdout]                                at /rustc/90b35a6239c3d8bdabc530a6a0816f7ff89a0aaf/library/std/src/sync/once.rs:217:9
[INFO] [stdout]   35:     0x63c431b30247 - std::sync::once_lock::OnceLock<T>::initialize::hb2ee995dd9792eeb
[INFO] [stdout]                                at /rustc/90b35a6239c3d8bdabc530a6a0816f7ff89a0aaf/library/std/src/sync/once_lock.rs:511:9
[INFO] [stdout]   36:     0x63c431b30a9a - std::sync::once_lock::OnceLock<T>::get_or_try_init::hdc6f43bc1842ae41
[INFO] [stdout]                                at /rustc/90b35a6239c3d8bdabc530a6a0816f7ff89a0aaf/library/std/src/sync/once_lock.rs:390:9
[INFO] [stdout]   37:     0x63c431b3072e - std::sync::once_lock::OnceLock<T>::get_or_init::h0333e1131d1ad6e8
[INFO] [stdout]                                at /rustc/90b35a6239c3d8bdabc530a6a0816f7ff89a0aaf/library/std/src/sync/once_lock.rs:304:15
[INFO] [stdout]   38:     0x63c431aead2d - axum_admin::service::context::h0a859906aac7836e
[INFO] [stdout]                                at /opt/rustwide/workdir/src/service/mod.rs:23:5
[INFO] [stdout]   39:     0x63c431ade483 - axum_admin::model::menu::tests::test_select::{{closure}}::hf865089bd41f2bd5
[INFO] [stdout]                                at /opt/rustwide/workdir/src/utils/db.rs:14:10
[INFO] [stdout]   40:     0x63c431b2c352 - <core::pin::Pin<P> as core::future::future::Future>::poll::h96d73debde8b901a
[INFO] [stdout]                                at /rustc/90b35a6239c3d8bdabc530a6a0816f7ff89a0aaf/library/core/src/future/future.rs:123:9
[INFO] [stdout]   41:     0x63c431ad7ecf - tokio::runtime::park::CachedParkThread::block_on::{{closure}}::h3f868222fd46cbcd
[INFO] [stdout]                                at /opt/rustwide/cargo-home/registry/src/index.crates.io-6f17d22bba15001f/tokio-1.42.0/src/runtime/park.rs:281:63
[INFO] [stdout]   42:     0x63c431ad7d40 - tokio::runtime::coop::with_budget::hb3fc951cc1ebfa97
[INFO] [stdout]                                at /opt/rustwide/cargo-home/registry/src/index.crates.io-6f17d22bba15001f/tokio-1.42.0/src/runtime/coop.rs:107:5
[INFO] [stdout]   43:     0x63c431ad7d40 - tokio::runtime::coop::budget::hcefffef910320afd
[INFO] [stdout]                                at /opt/rustwide/cargo-home/registry/src/index.crates.io-6f17d22bba15001f/tokio-1.42.0/src/runtime/coop.rs:73:5
[INFO] [stdout]   44:     0x63c431ad7d40 - tokio::runtime::park::CachedParkThread::block_on::hc4b3ecccb182c0ea
[INFO] [stdout]                                at /opt/rustwide/cargo-home/registry/src/index.crates.io-6f17d22bba15001f/tokio-1.42.0/src/runtime/park.rs:281:31
[INFO] [stdout]   45:     0x63c431b2a834 - tokio::runtime::context::blocking::BlockingRegionGuard::block_on::h371c32fa2f6199be
[INFO] [stdout]                                at /opt/rustwide/cargo-home/registry/src/index.crates.io-6f17d22bba15001f/tokio-1.42.0/src/runtime/context/blocking.rs:66:9
[INFO] [stdout]   46:     0x63c431a6ae68 - tokio::runtime::scheduler::multi_thread::MultiThread::block_on::{{closure}}::hf4bfe823834cf97a
[INFO] [stdout]                                at /opt/rustwide/cargo-home/registry/src/index.crates.io-6f17d22bba15001f/tokio-1.42.0/src/runtime/scheduler/multi_thread/mod.rs:87:13
[INFO] [stdout]   47:     0x63c431afb36c - tokio::runtime::context::runtime::enter_runtime::h33095a2f4b24fe00
[INFO] [stdout]                                at /opt/rustwide/cargo-home/registry/src/index.crates.io-6f17d22bba15001f/tokio-1.42.0/src/runtime/context/runtime.rs:65:16
[INFO] [stdout]   48:     0x63c431a6ade4 - tokio::runtime::scheduler::multi_thread::MultiThread::block_on::hebfe042829984923
[INFO] [stdout]                                at /opt/rustwide/cargo-home/registry/src/index.crates.io-6f17d22bba15001f/tokio-1.42.0/src/runtime/scheduler/multi_thread/mod.rs:86:9
[INFO] [stdout]   49:     0x63c431b2ab41 - tokio::runtime::runtime::Runtime::block_on_inner::h86f69857f9e51255
[INFO] [stdout]                                at /opt/rustwide/cargo-home/registry/src/index.crates.io-6f17d22bba15001f/tokio-1.42.0/src/runtime/runtime.rs:370:45
[INFO] [stdout]   50:     0x63c431b2ad07 - tokio::runtime::runtime::Runtime::block_on::h61c58fd2488c1826
[INFO] [stdout]                                at /opt/rustwide/cargo-home/registry/src/index.crates.io-6f17d22bba15001f/tokio-1.42.0/src/runtime/runtime.rs:342:13
[INFO] [stdout]   51:     0x63c431ade3b1 - axum_admin::model::menu::tests::test_select::h54a418caa91a956b
[INFO] [stdout]                                at /opt/rustwide/workdir/src/model/menu.rs:58:9
[INFO] [stdout]   52:     0x63c431ade257 - axum_admin::model::menu::tests::test_select::{{closure}}::hd50d8973b9dc2ba5
[INFO] [stdout]                                at /opt/rustwide/workdir/src/model/menu.rs:54:27
[INFO] [stdout]   53:     0x63c431a578a6 - core::ops::function::FnOnce::call_once::hd30e65c8c0adf364
[INFO] [stdout]                                at /rustc/90b35a6239c3d8bdabc530a6a0816f7ff89a0aaf/library/core/src/ops/function.rs:250:5
[INFO] [stdout]   54:     0x63c431f5027b - core::ops::function::FnOnce::call_once::h109cf8051a59b34e
[INFO] [stdout]                                at /rustc/90b35a6239c3d8bdabc530a6a0816f7ff89a0aaf/library/core/src/ops/function.rs:250:5
[INFO] [stdout]   55:     0x63c431f5027b - test::__rust_begin_short_backtrace::hf4fff89d377446ba
[INFO] [stdout]                                at /rustc/90b35a6239c3d8bdabc530a6a0816f7ff89a0aaf/library/test/src/lib.rs:621:18
[INFO] [stdout]   56:     0x63c431f4fab7 - test::run_test_in_process::{{closure}}::h0e39181dd7ee5a43
[INFO] [stdout]                                at /rustc/90b35a6239c3d8bdabc530a6a0816f7ff89a0aaf/library/test/src/lib.rs:644:60
[INFO] [stdout]   57:     0x63c431f4fab7 - <core::panic::unwind_safe::AssertUnwindSafe<F> as core::ops::function::FnOnce<()>>::call_once::hc5a66a30f0bdfd1f
[INFO] [stdout]                                at /rustc/90b35a6239c3d8bdabc530a6a0816f7ff89a0aaf/library/core/src/panic/unwind_safe.rs:272:9
[INFO] [stdout]   58:     0x63c431f4fab7 - std::panicking::try::do_call::h873b7cf639554a5e
[INFO] [stdout]                                at /rustc/90b35a6239c3d8bdabc530a6a0816f7ff89a0aaf/library/std/src/panicking.rs:557:40
[INFO] [stdout]   59:     0x63c431f4fab7 - std::panicking::try::hdb19862fad9c8bd1
[INFO] [stdout]                                at /rustc/90b35a6239c3d8bdabc530a6a0816f7ff89a0aaf/library/std/src/panicking.rs:520:19
[INFO] [stdout]   60:     0x63c431f4fab7 - std::panic::catch_unwind::h281fe732d236d260
[INFO] [stdout]                                at /rustc/90b35a6239c3d8bdabc530a6a0816f7ff89a0aaf/library/std/src/panic.rs:358:14
[INFO] [stdout]   61:     0x63c431f4fab7 - test::run_test_in_process::h949b6df8457ed338
[INFO] [stdout]                                at /rustc/90b35a6239c3d8bdabc530a6a0816f7ff89a0aaf/library/test/src/lib.rs:644:27
[INFO] [stdout]   62:     0x63c431f4fab7 - test::run_test::{{closure}}::h52c556a6d4740e10
[INFO] [stdout]                                at /rustc/90b35a6239c3d8bdabc530a6a0816f7ff89a0aaf/library/test/src/lib.rs:565:43
[INFO] [stdout]   63:     0x63c431f14d94 - test::run_test::{{closure}}::h4237f6381c45ccb9
[INFO] [stdout]                                at /rustc/90b35a6239c3d8bdabc530a6a0816f7ff89a0aaf/library/test/src/lib.rs:595:41
[INFO] [stdout]   64:     0x63c431f14d94 - std::sys::backtrace::__rust_begin_short_backtrace::h505c97a579eca628
[INFO] [stdout]                                at /rustc/90b35a6239c3d8bdabc530a6a0816f7ff89a0aaf/library/std/src/sys/backtrace.rs:154:18
[INFO] [stdout]   65:     0x63c431f1845e - std::thread::Builder::spawn_unchecked_::{{closure}}::{{closure}}::h9e86b2e2bc107ea3
[INFO] [stdout]                                at /rustc/90b35a6239c3d8bdabc530a6a0816f7ff89a0aaf/library/std/src/thread/mod.rs:538:17
[INFO] [stdout]   66:     0x63c431f1845e - <core::panic::unwind_safe::AssertUnwindSafe<F> as core::ops::function::FnOnce<()>>::call_once::h8b06ddb275ff4a25
[INFO] [stdout]                                at /rustc/90b35a6239c3d8bdabc530a6a0816f7ff89a0aaf/library/core/src/panic/unwind_safe.rs:272:9
[INFO] [stdout]   67:     0x63c431f1845e - std::panicking::try::do_call::hb26ecd7cd9a9355d
[INFO] [stdout]                                at /rustc/90b35a6239c3d8bdabc530a6a0816f7ff89a0aaf/library/std/src/panicking.rs:557:40
[INFO] [stdout]   68:     0x63c431f1845e - std::panicking::try::h8ddeca9d705f9069
[INFO] [stdout]                                at /rustc/90b35a6239c3d8bdabc530a6a0816f7ff89a0aaf/library/std/src/panicking.rs:520:19
[INFO] [stdout]   69:     0x63c431f1845e - std::panic::catch_unwind::h49e1c33078844c46
[INFO] [stdout]                                at /rustc/90b35a6239c3d8bdabc530a6a0816f7ff89a0aaf/library/std/src/panic.rs:358:14
[INFO] [stdout]   70:     0x63c431f1845e - std::thread::Builder::spawn_unchecked_::{{closure}}::h6073db6ff56ad35d
[INFO] [stdout]                                at /rustc/90b35a6239c3d8bdabc530a6a0816f7ff89a0aaf/library/std/src/thread/mod.rs:537:30
[INFO] [stdout]   71:     0x63c431f1845e - core::ops::function::FnOnce::call_once{{vtable.shim}}::h2c5a5f3779c774f1
[INFO] [stdout]                                at /rustc/90b35a6239c3d8bdabc530a6a0816f7ff89a0aaf/library/core/src/ops/function.rs:250:5
[INFO] [stdout]   72:     0x63c432b27cfb - <alloc::boxed::Box<F,A> as core::ops::function::FnOnce<Args>>::call_once::hf75717d9f28faebf
[INFO] [stdout]                                at /rustc/90b35a6239c3d8bdabc530a6a0816f7ff89a0aaf/library/alloc/src/boxed.rs:2454:9
[INFO] [stdout]   73:     0x63c432b27cfb - <alloc::boxed::Box<F,A> as core::ops::function::FnOnce<Args>>::call_once::h7bd883a5f3c5f3c1
[INFO] [stdout]                                at /rustc/90b35a6239c3d8bdabc530a6a0816f7ff89a0aaf/library/alloc/src/boxed.rs:2454:9
[INFO] [stdout]   74:     0x63c432b27cfb - std::sys::pal::unix::thread::Thread::new::thread_start::hcc78f3943333fa94
[INFO] [stdout]                                at /rustc/90b35a6239c3d8bdabc530a6a0816f7ff89a0aaf/library/std/src/sys/pal/unix/thread.rs:105:17
[INFO] [stdout]   75:     0x747dbadd4ac3 - <unknown>
[INFO] [stdout]   76:     0x747dbae65a04 - clone
[INFO] [stdout]   77:                0x0 - <unknown>
[INFO] [stdout] 
[INFO] [stdout] ---- utils::jwt_util::tests::test_jwt stdout ----
[INFO] [stdout] thread 'utils::jwt_util::tests::test_jwt' panicked at src/config/logger.rs:3:65:
[INFO] [stdout] called `Result::unwrap()` on an `Err` value: attempted to set a logger after the logging system was already initialized
[INFO] [stdout] 
[INFO] [stdout] Stack backtrace:
[INFO] [stdout]    0: anyhow::error::<impl core::convert::From<E> for anyhow::Error>::from
[INFO] [stdout]              at /opt/rustwide/cargo-home/registry/src/index.crates.io-6f17d22bba15001f/anyhow-1.0.94/src/backtrace.rs:27:14
[INFO] [stdout]    1: <T as core::convert::Into<U>>::into
[INFO] [stdout]              at /rustc/90b35a6239c3d8bdabc530a6a0816f7ff89a0aaf/library/core/src/convert/mod.rs:759:9
[INFO] [stdout]    2: log4rs::config::file::init_file
[INFO] [stdout]              at /opt/rustwide/cargo-home/registry/src/index.crates.io-6f17d22bba15001f/log4rs-1.3.0/src/config/file.rs:51:23
[INFO] [stdout]    3: axum_admin::config::logger::init_logger
[INFO] [stdout]              at ./src/config/logger.rs:3:5
[INFO] [stdout]    4: axum_admin::service::ServiceContext::new
[INFO] [stdout]              at ./src/service/mod.rs:42:9
[INFO] [stdout]    5: axum_admin::service::context::{{closure}}::{{closure}}
[INFO] [stdout]              at ./src/service/mod.rs:25:21
[INFO] [stdout]    6: futures_executor::local_pool::block_on::{{closure}}
[INFO] [stdout]              at /opt/rustwide/cargo-home/registry/src/index.crates.io-6f17d22bba15001f/futures-executor-0.3.31/src/local_pool.rs:316:23
[INFO] [stdout]    7: futures_executor::local_pool::run_executor::{{closure}}
[INFO] [stdout]              at /opt/rustwide/cargo-home/registry/src/index.crates.io-6f17d22bba15001f/futures-executor-0.3.31/src/local_pool.rs:90:37
[INFO] [stdout]    8: std::thread::local::LocalKey<T>::try_with
[INFO] [stdout]              at /rustc/90b35a6239c3d8bdabc530a6a0816f7ff89a0aaf/library/std/src/thread/local.rs:283:12
[INFO] [stdout]    9: std::thread::local::LocalKey<T>::with
[INFO] [stdout]              at /rustc/90b35a6239c3d8bdabc530a6a0816f7ff89a0aaf/library/std/src/thread/local.rs:260:9
[INFO] [stdout]   10: futures_executor::local_pool::run_executor
[INFO] [stdout]              at /opt/rustwide/cargo-home/registry/src/index.crates.io-6f17d22bba15001f/futures-executor-0.3.31/src/local_pool.rs:86:5
[INFO] [stdout]   11: futures_executor::local_pool::block_on
[INFO] [stdout]              at /opt/rustwide/cargo-home/registry/src/index.crates.io-6f17d22bba15001f/futures-executor-0.3.31/src/local_pool.rs:316:5
[INFO] [stdout]   12: axum_admin::service::context::{{closure}}
[INFO] [stdout]              at ./src/service/mod.rs:29:9
[INFO] [stdout]   13: std::sync::once_lock::OnceLock<T>::get_or_init::{{closure}}
[INFO] [stdout]              at /rustc/90b35a6239c3d8bdabc530a6a0816f7ff89a0aaf/library/std/src/sync/once_lock.rs:304:50
[INFO] [stdout]   14: std::sync::once_lock::OnceLock<T>::initialize::{{closure}}
[INFO] [stdout]              at /rustc/90b35a6239c3d8bdabc530a6a0816f7ff89a0aaf/library/std/src/sync/once_lock.rs:512:19
[INFO] [stdout]   15: std::sync::once::Once::call_once_force::{{closure}}
[INFO] [stdout]              at /rustc/90b35a6239c3d8bdabc530a6a0816f7ff89a0aaf/library/std/src/sync/once.rs:217:40
[INFO] [stdout]   16: std::sys::sync::once::futex::Once::call
[INFO] [stdout]              at /rustc/90b35a6239c3d8bdabc530a6a0816f7ff89a0aaf/library/std/src/sys/sync/once/futex.rs:177:21
[INFO] [stdout]   17: std::sync::once::Once::call_once_force
[INFO] [stdout]              at /rustc/90b35a6239c3d8bdabc530a6a0816f7ff89a0aaf/library/std/src/sync/once.rs:217:9
[INFO] [stdout]   18: std::sync::once_lock::OnceLock<T>::initialize
[INFO] [stdout]              at /rustc/90b35a6239c3d8bdabc530a6a0816f7ff89a0aaf/library/std/src/sync/once_lock.rs:511:9
[INFO] [stdout]   19: std::sync::once_lock::OnceLock<T>::get_or_try_init
[INFO] [stdout]              at /rustc/90b35a6239c3d8bdabc530a6a0816f7ff89a0aaf/library/std/src/sync/once_lock.rs:390:9
[INFO] [stdout]   20: std::sync::once_lock::OnceLock<T>::get_or_init
[INFO] [stdout]              at /rustc/90b35a6239c3d8bdabc530a6a0816f7ff89a0aaf/library/std/src/sync/once_lock.rs:304:15
[INFO] [stdout]   21: axum_admin::service::context
[INFO] [stdout]              at ./src/service/mod.rs:23:5
[INFO] [stdout]   22: axum_admin::utils::jwt_util::JWTToken::new
[INFO] [stdout]              at ./src/utils/jwt_util.rs:47:39
[INFO] [stdout]   23: axum_admin::utils::jwt_util::tests::test_jwt
[INFO] [stdout]              at ./src/utils/jwt_util.rs:144:19
[INFO] [stdout]   24: axum_admin::utils::jwt_util::tests::test_jwt::{{closure}}
[INFO] [stdout]              at ./src/utils/jwt_util.rs:143:18
[INFO] [stdout]   25: core::ops::function::FnOnce::call_once
[INFO] [stdout]              at /rustc/90b35a6239c3d8bdabc530a6a0816f7ff89a0aaf/library/core/src/ops/function.rs:250:5
[INFO] [stdout]   26: core::ops::function::FnOnce::call_once
[INFO] [stdout]              at /rustc/90b35a6239c3d8bdabc530a6a0816f7ff89a0aaf/library/core/src/ops/function.rs:250:5
[INFO] [stdout]   27: test::__rust_begin_short_backtrace
[INFO] [stdout]              at /rustc/90b35a6239c3d8bdabc530a6a0816f7ff89a0aaf/library/test/src/lib.rs:621:18
[INFO] [stdout]   28: test::run_test_in_process::{{closure}}
[INFO] [stdout]              at /rustc/90b35a6239c3d8bdabc530a6a0816f7ff89a0aaf/library/test/src/lib.rs:644:60
[INFO] [stdout]   29: <core::panic::unwind_safe::AssertUnwindSafe<F> as core::ops::function::FnOnce<()>>::call_once
[INFO] [stdout]              at /rustc/90b35a6239c3d8bdabc530a6a0816f7ff89a0aaf/library/core/src/panic/unwind_safe.rs:272:9
[INFO] [stdout]   30: std::panicking::try::do_call
[INFO] [stdout]              at /rustc/90b35a6239c3d8bdabc530a6a0816f7ff89a0aaf/library/std/src/panicking.rs:557:40
[INFO] [stdout]   31: std::panicking::try
[INFO] [stdout]              at /rustc/90b35a6239c3d8bdabc530a6a0816f7ff89a0aaf/library/std/src/panicking.rs:520:19
[INFO] [stdout]   32: std::panic::catch_unwind
[INFO] [stdout]              at /rustc/90b35a6239c3d8bdabc530a6a0816f7ff89a0aaf/library/std/src/panic.rs:358:14
[INFO] [stdout]   33: test::run_test_in_process
[INFO] [stdout]              at /rustc/90b35a6239c3d8bdabc530a6a0816f7ff89a0aaf/library/test/src/lib.rs:644:27
[INFO] [stdout]   34: test::run_test::{{closure}}
[INFO] [stdout]              at /rustc/90b35a6239c3d8bdabc530a6a0816f7ff89a0aaf/library/test/src/lib.rs:565:43
[INFO] [stdout]   35: test::run_test::{{closure}}
[INFO] [stdout]              at /rustc/90b35a6239c3d8bdabc530a6a0816f7ff89a0aaf/library/test/src/lib.rs:595:41
[INFO] [stdout]   36: std::sys::backtrace::__rust_begin_short_backtrace
[INFO] [stdout]              at /rustc/90b35a6239c3d8bdabc530a6a0816f7ff89a0aaf/library/std/src/sys/backtrace.rs:154:18
[INFO] [stdout]   37: std::thread::Builder::spawn_unchecked_::{{closure}}::{{closure}}
[INFO] [stdout]              at /rustc/90b35a6239c3d8bdabc530a6a0816f7ff89a0aaf/library/std/src/thread/mod.rs:538:17
[INFO] [stdout]   38: <core::panic::unwind_safe::AssertUnwindSafe<F> as core::ops::function::FnOnce<()>>::call_once
[INFO] [stdout]              at /rustc/90b35a6239c3d8bdabc530a6a0816f7ff89a0aaf/library/core/src/panic/unwind_safe.rs:272:9
[INFO] [stdout]   39: std::panicking::try::do_call
[INFO] [stdout]              at /rustc/90b35a6239c3d8bdabc530a6a0816f7ff89a0aaf/library/std/src/panicking.rs:557:40
[INFO] [stdout]   40: std::panicking::try
[INFO] [stdout]              at /rustc/90b35a6239c3d8bdabc530a6a0816f7ff89a0aaf/library/std/src/panicking.rs:520:19
[INFO] [stdout]   41: std::panic::catch_unwind
[INFO] [stdout]              at /rustc/90b35a6239c3d8bdabc530a6a0816f7ff89a0aaf/library/std/src/panic.rs:358:14
[INFO] [stdout]   42: std::thread::Builder::spawn_unchecked_::{{closure}}
[INFO] [stdout]              at /rustc/90b35a6239c3d8bdabc530a6a0816f7ff89a0aaf/library/std/src/thread/mod.rs:537:30
[INFO] [stdout]   43: core::ops::function::FnOnce::call_once{{vtable.shim}}
[INFO] [stdout]              at /rustc/90b35a6239c3d8bdabc530a6a0816f7ff89a0aaf/library/core/src/ops/function.rs:250:5
[INFO] [stdout]   44: <alloc::boxed::Box<F,A> as core::ops::function::FnOnce<Args>>::call_once
[INFO] [stdout]              at /rustc/90b35a6239c3d8bdabc530a6a0816f7ff89a0aaf/library/alloc/src/boxed.rs:2454:9
[INFO] [stdout]   45: <alloc::boxed::Box<F,A> as core::ops::function::FnOnce<Args>>::call_once
[INFO] [stdout]              at /rustc/90b35a6239c3d8bdabc530a6a0816f7ff89a0aaf/library/alloc/src/boxed.rs:2454:9
[INFO] [stdout]   46: std::sys::pal::unix::thread::Thread::new::thread_start
[INFO] [stdout]              at /rustc/90b35a6239c3d8bdabc530a6a0816f7ff89a0aaf/library/std/src/sys/pal/unix/thread.rs:105:17
[INFO] [stdout]   47: <unknown>
[INFO] [stdout]   48: clone
[INFO] [stdout] stack backtrace:
[INFO] [stdout]    0:     0x63c432b2143a - std::backtrace_rs::backtrace::libunwind::trace::h5a5b8284f2d0c266
[INFO] [stdout]                                at /rustc/90b35a6239c3d8bdabc530a6a0816f7ff89a0aaf/library/std/src/../../backtrace/src/backtrace/libunwind.rs:116:5
[INFO] [stdout]    1:     0x63c432b2143a - std::backtrace_rs::backtrace::trace_unsynchronized::h76d4f1c9b0b875e3
[INFO] [stdout]                                at /rustc/90b35a6239c3d8bdabc530a6a0816f7ff89a0aaf/library/std/src/../../backtrace/src/backtrace/mod.rs:66:5
[INFO] [stdout]    2:     0x63c432b2143a - std::sys::backtrace::_print_fmt::hc4546b8364a537c6
[INFO] [stdout]                                at /rustc/90b35a6239c3d8bdabc530a6a0816f7ff89a0aaf/library/std/src/sys/backtrace.rs:66:9
[INFO] [stdout]    3:     0x63c432b2143a - <std::sys::backtrace::BacktraceLock::print::DisplayBacktrace as core::fmt::Display>::fmt::h5b6bd5631a6d1f6b
[INFO] [stdout]                                at /rustc/90b35a6239c3d8bdabc530a6a0816f7ff89a0aaf/library/std/src/sys/backtrace.rs:39:26
[INFO] [stdout]    4:     0x63c432b4d6a3 - core::fmt::rt::Argument::fmt::h270f6602a2b96f62
[INFO] [stdout]                                at /rustc/90b35a6239c3d8bdabc530a6a0816f7ff89a0aaf/library/core/src/fmt/rt.rs:177:76
[INFO] [stdout]    5:     0x63c432b4d6a3 - core::fmt::write::h7550c97b06c86515
[INFO] [stdout]                                at /rustc/90b35a6239c3d8bdabc530a6a0816f7ff89a0aaf/library/core/src/fmt/mod.rs:1186:21
[INFO] [stdout]    6:     0x63c432b1d2d3 - std::io::Write::write_fmt::h509ff860e5956e5e
[INFO] [stdout]                                at /rustc/90b35a6239c3d8bdabc530a6a0816f7ff89a0aaf/library/std/src/io/mod.rs:1839:15
[INFO] [stdout]    7:     0x63c432b21282 - std::sys::backtrace::BacktraceLock::print::h2395ccd2c84ba3aa
[INFO] [stdout]                                at /rustc/90b35a6239c3d8bdabc530a6a0816f7ff89a0aaf/library/std/src/sys/backtrace.rs:42:9
[INFO] [stdout]    8:     0x63c432b2289a - std::panicking::default_hook::{{closure}}::he19d4c7230e07961
[INFO] [stdout]                                at /rustc/90b35a6239c3d8bdabc530a6a0816f7ff89a0aaf/library/std/src/panicking.rs:268:22
[INFO] [stdout]    9:     0x63c432b226a4 - std::panicking::default_hook::hf614597d3c67bbdb
[INFO] [stdout]                                at /rustc/90b35a6239c3d8bdabc530a6a0816f7ff89a0aaf/library/std/src/panicking.rs:292:9
[INFO] [stdout]   10:     0x63c431f4b8b9 - <alloc::boxed::Box<F,A> as core::ops::function::Fn<Args>>::call::h39b51ce4599c23d1
[INFO] [stdout]                                at /rustc/90b35a6239c3d8bdabc530a6a0816f7ff89a0aaf/library/alloc/src/boxed.rs:2468:9
[INFO] [stdout]   11:     0x63c431f4b8b9 - test::test_main::{{closure}}::he977ae839a582784
[INFO] [stdout]                                at /rustc/90b35a6239c3d8bdabc530a6a0816f7ff89a0aaf/library/test/src/lib.rs:133:21
[INFO] [stdout]   12:     0x63c432b22f38 - <alloc::boxed::Box<F,A> as core::ops::function::Fn<Args>>::call::h9455091b6b06f9fb
[INFO] [stdout]                                at /rustc/90b35a6239c3d8bdabc530a6a0816f7ff89a0aaf/library/alloc/src/boxed.rs:2468:9
[INFO] [stdout]   13:     0x63c432b22f38 - std::panicking::rust_panic_with_hook::h8942133a8b252070
[INFO] [stdout]                                at /rustc/90b35a6239c3d8bdabc530a6a0816f7ff89a0aaf/library/std/src/panicking.rs:809:13
[INFO] [stdout]   14:     0x63c432b22cfa - std::panicking::begin_panic_handler::{{closure}}::hb5f5963570096b29
[INFO] [stdout]                                at /rustc/90b35a6239c3d8bdabc530a6a0816f7ff89a0aaf/library/std/src/panicking.rs:674:13
[INFO] [stdout]   15:     0x63c432b21919 - std::sys::backtrace::__rust_end_short_backtrace::h6208cedc1922feda
[INFO] [stdout]                                at /rustc/90b35a6239c3d8bdabc530a6a0816f7ff89a0aaf/library/std/src/sys/backtrace.rs:170:18
[INFO] [stdout]   16:     0x63c432b2298c - rust_begin_unwind
[INFO] [stdout]                                at /rustc/90b35a6239c3d8bdabc530a6a0816f7ff89a0aaf/library/std/src/panicking.rs:665:5
[INFO] [stdout]   17:     0x63c431a55450 - core::panicking::panic_fmt::h0c3082644d1bf418
[INFO] [stdout]                                at /rustc/90b35a6239c3d8bdabc530a6a0816f7ff89a0aaf/library/core/src/panicking.rs:74:14
[INFO] [stdout]   18:     0x63c431a55936 - core::result::unwrap_failed::hd20b4aa073bda1e2
[INFO] [stdout]                                at /rustc/90b35a6239c3d8bdabc530a6a0816f7ff89a0aaf/library/core/src/result.rs:1700:5
[INFO] [stdout]   19:     0x63c431b40f8c - core::result::Result<T,E>::unwrap::hac20d1fe3721e4cd
[INFO] [stdout]                                at /rustc/90b35a6239c3d8bdabc530a6a0816f7ff89a0aaf/library/core/src/result.rs:1104:23
[INFO] [stdout]   20:     0x63c431b40f8c - axum_admin::config::logger::init_logger::h7e3332624cde095f
[INFO] [stdout]                                at /opt/rustwide/workdir/src/config/logger.rs:3:5
[INFO] [stdout]   21:     0x63c431aeafee - axum_admin::service::ServiceContext::new::hcee2647de77db011
[INFO] [stdout]                                at /opt/rustwide/workdir/src/service/mod.rs:42:9
[INFO] [stdout]   22:     0x63c431aeadc2 - axum_admin::service::context::{{closure}}::{{closure}}::h1bfc5353140f9e4c
[INFO] [stdout]                                at /opt/rustwide/workdir/src/service/mod.rs:25:21
[INFO] [stdout]   23:     0x63c431a65ecf - futures_executor::local_pool::block_on::{{closure}}::h67f3c8e34c4363d8
[INFO] [stdout]                                at /opt/rustwide/cargo-home/registry/src/index.crates.io-6f17d22bba15001f/futures-executor-0.3.31/src/local_pool.rs:316:23
[INFO] [stdout]   24:     0x63c431a65d66 - futures_executor::local_pool::run_executor::{{closure}}::hb3399f395b190427
[INFO] [stdout]                                at /opt/rustwide/cargo-home/registry/src/index.crates.io-6f17d22bba15001f/futures-executor-0.3.31/src/local_pool.rs:90:37
[INFO] [stdout]   25:     0x63c431b44f2a - std::thread::local::LocalKey<T>::try_with::h31ca865e110ede5e
[INFO] [stdout]                                at /rustc/90b35a6239c3d8bdabc530a6a0816f7ff89a0aaf/library/std/src/thread/local.rs:283:12
[INFO] [stdout]   26:     0x63c431b4470b - std::thread::local::LocalKey<T>::with::he9a6520e8d55ca40
[INFO] [stdout]                                at /rustc/90b35a6239c3d8bdabc530a6a0816f7ff89a0aaf/library/std/src/thread/local.rs:260:9
[INFO] [stdout]   27:     0x63c431a65cb8 - futures_executor::local_pool::run_executor::h23528454e5afd9de
[INFO] [stdout]                                at /opt/rustwide/cargo-home/registry/src/index.crates.io-6f17d22bba15001f/futures-executor-0.3.31/src/local_pool.rs:86:5
[INFO] [stdout]   28:     0x63c431a65e60 - futures_executor::local_pool::block_on::h764fa36623df0166
[INFO] [stdout]                                at /opt/rustwide/cargo-home/registry/src/index.crates.io-6f17d22bba15001f/futures-executor-0.3.31/src/local_pool.rs:316:5
[INFO] [stdout]   29:     0x63c431aead51 - axum_admin::service::context::{{closure}}::h3fe2146fa8cf3ff8
[INFO] [stdout]                                at /opt/rustwide/workdir/src/service/mod.rs:29:9
[INFO] [stdout]   30:     0x63c431b3085a - std::sync::once_lock::OnceLock<T>::get_or_init::{{closure}}::hf78e5ddf665ffbd5
[INFO] [stdout]                                at /rustc/90b35a6239c3d8bdabc530a6a0816f7ff89a0aaf/library/std/src/sync/once_lock.rs:304:50
[INFO] [stdout]   31:     0x63c431b304e9 - std::sync::once_lock::OnceLock<T>::initialize::{{closure}}::hf8bdb10b13ce2524
[INFO] [stdout]                                at /rustc/90b35a6239c3d8bdabc530a6a0816f7ff89a0aaf/library/std/src/sync/once_lock.rs:512:19
[INFO] [stdout]   32:     0x63c431b3017e - std::sync::once::Once::call_once_force::{{closure}}::hd63ba5c279b15688
[INFO] [stdout]                                at /rustc/90b35a6239c3d8bdabc530a6a0816f7ff89a0aaf/library/std/src/sync/once.rs:217:40
[INFO] [stdout]   33:     0x63c431a54553 - std::sys::sync::once::futex::Once::call::hddfcaeb766e3f5ce
[INFO] [stdout]                                at /rustc/90b35a6239c3d8bdabc530a6a0816f7ff89a0aaf/library/std/src/sys/sync/once/futex.rs:177:21
[INFO] [stdout]   34:     0x63c431b2feb5 - std::sync::once::Once::call_once_force::ha7ee36e591101616
[INFO] [stdout]                                at /rustc/90b35a6239c3d8bdabc530a6a0816f7ff89a0aaf/library/std/src/sync/once.rs:217:9
[INFO] [stdout]   35:     0x63c431b30247 - std::sync::once_lock::OnceLock<T>::initialize::hb2ee995dd9792eeb
[INFO] [stdout]                                at /rustc/90b35a6239c3d8bdabc530a6a0816f7ff89a0aaf/library/std/src/sync/once_lock.rs:511:9
[INFO] [stdout]   36:     0x63c431b30a9a - std::sync::once_lock::OnceLock<T>::get_or_try_init::hdc6f43bc1842ae41
[INFO] [stdout]                                at /rustc/90b35a6239c3d8bdabc530a6a0816f7ff89a0aaf/library/std/src/sync/once_lock.rs:390:9
[INFO] [stdout]   37:     0x63c431b3072e - std::sync::once_lock::OnceLock<T>::get_or_init::h0333e1131d1ad6e8
[INFO] [stdout]                                at /rustc/90b35a6239c3d8bdabc530a6a0816f7ff89a0aaf/library/std/src/sync/once_lock.rs:304:15
[INFO] [stdout]   38:     0x63c431aead2d - axum_admin::service::context::h0a859906aac7836e
[INFO] [stdout]                                at /opt/rustwide/workdir/src/service/mod.rs:23:5
[INFO] [stdout]   39:     0x63c431afc852 - axum_admin::utils::jwt_util::JWTToken::new::hce64ffd4e56c1425
[INFO] [stdout]                                at /opt/rustwide/workdir/src/utils/jwt_util.rs:47:39
[INFO] [stdout]   40:     0x63c431a7966a - axum_admin::utils::jwt_util::tests::test_jwt::h35c87962cde3c88e
[INFO] [stdout]                                at /opt/rustwide/workdir/src/utils/jwt_util.rs:144:19
[INFO] [stdout]   41:     0x63c431a79607 - axum_admin::utils::jwt_util::tests::test_jwt::{{closure}}::h5ac2d31342f6a15e
[INFO] [stdout]                                at /opt/rustwide/workdir/src/utils/jwt_util.rs:143:18
[INFO] [stdout]   42:     0x63c431a56a96 - core::ops::function::FnOnce::call_once::h46b2e318cdf6d91b
[INFO] [stdout]                                at /rustc/90b35a6239c3d8bdabc530a6a0816f7ff89a0aaf/library/core/src/ops/function.rs:250:5
[INFO] [stdout]   43:     0x63c431f5027b - core::ops::function::FnOnce::call_once::h109cf8051a59b34e
[INFO] [stdout]                                at /rustc/90b35a6239c3d8bdabc530a6a0816f7ff89a0aaf/library/core/src/ops/function.rs:250:5
[INFO] [stdout]   44:     0x63c431f5027b - test::__rust_begin_short_backtrace::hf4fff89d377446ba
[INFO] [stdout]                                at /rustc/90b35a6239c3d8bdabc530a6a0816f7ff89a0aaf/library/test/src/lib.rs:621:18
[INFO] [stdout]   45:     0x63c431f4fab7 - test::run_test_in_process::{{closure}}::h0e39181dd7ee5a43
[INFO] [stdout]                                at /rustc/90b35a6239c3d8bdabc530a6a0816f7ff89a0aaf/library/test/src/lib.rs:644:60
[INFO] [stdout]   46:     0x63c431f4fab7 - <core::panic::unwind_safe::AssertUnwindSafe<F> as core::ops::function::FnOnce<()>>::call_once::hc5a66a30f0bdfd1f
[INFO] [stdout]                                at /rustc/90b35a6239c3d8bdabc530a6a0816f7ff89a0aaf/library/core/src/panic/unwind_safe.rs:272:9
[INFO] [stdout]   47:     0x63c431f4fab7 - std::panicking::try::do_call::h873b7cf639554a5e
[INFO] [stdout]                                at /rustc/90b35a6239c3d8bdabc530a6a0816f7ff89a0aaf/library/std/src/panicking.rs:557:40
[INFO] [stdout]   48:     0x63c431f4fab7 - std::panicking::try::hdb19862fad9c8bd1
[INFO] [stdout]                                at /rustc/90b35a6239c3d8bdabc530a6a0816f7ff89a0aaf/library/std/src/panicking.rs:520:19
[INFO] [stdout]   49:     0x63c431f4fab7 - std::panic::catch_unwind::h281fe732d236d260
[INFO] [stdout]                                at /rustc/90b35a6239c3d8bdabc530a6a0816f7ff89a0aaf/library/std/src/panic.rs:358:14
[INFO] [stdout]   50:     0x63c431f4fab7 - test::run_test_in_process::h949b6df8457ed338
[INFO] [stdout]                                at /rustc/90b35a6239c3d8bdabc530a6a0816f7ff89a0aaf/library/test/src/lib.rs:644:27
[INFO] [stdout]   51:     0x63c431f4fab7 - test::run_test::{{closure}}::h52c556a6d4740e10
[INFO] [stdout]                                at /rustc/90b35a6239c3d8bdabc530a6a0816f7ff89a0aaf/library/test/src/lib.rs:565:43
[INFO] [stdout]   52:     0x63c431f14d94 - test::run_test::{{closure}}::h4237f6381c45ccb9
[INFO] [stdout]                                at /rustc/90b35a6239c3d8bdabc530a6a0816f7ff89a0aaf/library/test/src/lib.rs:595:41
[INFO] [stdout]   53:     0x63c431f14d94 - std::sys::backtrace::__rust_begin_short_backtrace::h505c97a579eca628
[INFO] [stdout]                                at /rustc/90b35a6239c3d8bdabc530a6a0816f7ff89a0aaf/library/std/src/sys/backtrace.rs:154:18
[INFO] [stdout]   54:     0x63c431f1845e - std::thread::Builder::spawn_unchecked_::{{closure}}::{{closure}}::h9e86b2e2bc107ea3
[INFO] [stdout]                                at /rustc/90b35a6239c3d8bdabc530a6a0816f7ff89a0aaf/library/std/src/thread/mod.rs:538:17
[INFO] [stdout]   55:     0x63c431f1845e - <core::panic::unwind_safe::AssertUnwindSafe<F> as core::ops::function::FnOnce<()>>::call_once::h8b06ddb275ff4a25
[INFO] [stdout]                                at /rustc/90b35a6239c3d8bdabc530a6a0816f7ff89a0aaf/library/core/src/panic/unwind_safe.rs:272:9
[INFO] [stdout]   56:     0x63c431f1845e - std::panicking::try::do_call::hb26ecd7cd9a9355d
[INFO] [stdout]                                at /rustc/90b35a6239c3d8bdabc530a6a0816f7ff89a0aaf/library/std/src/panicking.rs:557:40
[INFO] [stdout]   57:     0x63c431f1845e - std::panicking::try::h8ddeca9d705f9069
[INFO] [stdout]                                at /rustc/90b35a6239c3d8bdabc530a6a0816f7ff89a0aaf/library/std/src/panicking.rs:520:19
[INFO] [stdout]   58:     0x63c431f1845e - std::panic::catch_unwind::h49e1c33078844c46
[INFO] [stdout]                                at /rustc/90b35a6239c3d8bdabc530a6a0816f7ff89a0aaf/library/std/src/panic.rs:358:14
[INFO] [stdout]   59:     0x63c431f1845e - std::thread::Builder::spawn_unchecked_::{{closure}}::h6073db6ff56ad35d
[INFO] [stdout]                                at /rustc/90b35a6239c3d8bdabc530a6a0816f7ff89a0aaf/library/std/src/thread/mod.rs:537:30
[INFO] [stdout]   60:     0x63c431f1845e - core::ops::function::FnOnce::call_once{{vtable.shim}}::h2c5a5f3779c774f1
[INFO] [stdout]                                at /rustc/90b35a6239c3d8bdabc530a6a0816f7ff89a0aaf/library/core/src/ops/function.rs:250:5
[INFO] [stdout]   61:     0x63c432b27cfb - <alloc::boxed::Box<F,A> as core::ops::function::FnOnce<Args>>::call_once::hf75717d9f28faebf
[INFO] [stdout]                                at /rustc/90b35a6239c3d8bdabc530a6a0816f7ff89a0aaf/library/alloc/src/boxed.rs:2454:9
[INFO] [stdout]   62:     0x63c432b27cfb - <alloc::boxed::Box<F,A> as core::ops::function::FnOnce<Args>>::call_once::h7bd883a5f3c5f3c1
[INFO] [stdout]                                at /rustc/90b35a6239c3d8bdabc530a6a0816f7ff89a0aaf/library/alloc/src/boxed.rs:2454:9
[INFO] [stdout]   63:     0x63c432b27cfb - std::sys::pal::unix::thread::Thread::new::thread_start::hcc78f3943333fa94
[INFO] [stdout]                                at /rustc/90b35a6239c3d8bdabc530a6a0816f7ff89a0aaf/library/std/src/sys/pal/unix/thread.rs:105:17
[INFO] [stdout]   64:     0x747dbadd4ac3 - <unknown>
[INFO] [stdout]   65:     0x747dbae65a04 - clone
[INFO] [stdout]   66:                0x0 - <unknown>
[INFO] [stdout] 
[INFO] [stdout] 
[INFO] [stdout] failures:
[INFO] [stdout]     model::menu::tests::test_select
[INFO] [stdout]     utils::jwt_util::tests::test_jwt
[INFO] [stdout] 
[INFO] [stdout] test result: FAILED. 8 passed; 2 failed; 4 ignored; 0 measured; 0 filtered out; finished in 6.88s
[INFO] [stdout] 
[INFO] [stderr] error: test failed, to rerun pass `--bin axum-admin`
[INFO] running `Command { std: "docker" "inspect" "af3e21d47bab19d9b18b3281802907cdac5b39b594561297b47facb888f429ca", kill_on_drop: false }`
[INFO] running `Command { std: "docker" "rm" "-f" "af3e21d47bab19d9b18b3281802907cdac5b39b594561297b47facb888f429ca", kill_on_drop: false }`
[INFO] [stdout] af3e21d47bab19d9b18b3281802907cdac5b39b594561297b47facb888f429ca
