[INFO] cloning repository https://github.com/codetheweb/placed
[INFO] running `Command { std: "git" "-c" "credential.helper=" "-c" "credential.helper=/workspace/cargo-home/bin/git-credential-null" "clone" "--bare" "https://github.com/codetheweb/placed" "/workspace/cache/git-repos/https%3A%2F%2Fgithub.com%2Fcodetheweb%2Fplaced", kill_on_drop: false }`
[INFO] [stderr] Cloning into bare repository '/workspace/cache/git-repos/https%3A%2F%2Fgithub.com%2Fcodetheweb%2Fplaced'...
[INFO] running `Command { std: "git" "rev-parse" "HEAD", kill_on_drop: false }`
[INFO] [stdout] f2310c4127c07571a90130b40ef9c8e6eaff3737
[INFO] testing codetheweb/placed against beta-2024-12-08 for beta-1.84.0-4-retry
[INFO] running `Command { std: "git" "clone" "/workspace/cache/git-repos/https%3A%2F%2Fgithub.com%2Fcodetheweb%2Fplaced" "/workspace/builds/worker-3-tc2/source", kill_on_drop: false }`
[INFO] [stderr] Cloning into '/workspace/builds/worker-3-tc2/source'...
[INFO] [stderr] done.
[INFO] validating manifest of git repo https://github.com/codetheweb/placed on toolchain beta-2024-12-08
[INFO] running `Command { std: CARGO_HOME="/workspace/cargo-home" RUSTUP_HOME="/workspace/rustup-home" "/workspace/cargo-home/bin/cargo" "+beta-2024-12-08" "metadata" "--manifest-path" "Cargo.toml" "--no-deps", kill_on_drop: false }`
[INFO] started tweaking git repo https://github.com/codetheweb/placed
[INFO] finished tweaking git repo https://github.com/codetheweb/placed
[INFO] tweaked toml for git repo https://github.com/codetheweb/placed written to /workspace/builds/worker-3-tc2/source/Cargo.toml
[INFO] crate git repo https://github.com/codetheweb/placed already has a lockfile, it will not be regenerated
[INFO] running `Command { std: CARGO_HOME="/workspace/cargo-home" RUSTUP_HOME="/workspace/rustup-home" "/workspace/cargo-home/bin/cargo" "+beta-2024-12-08" "fetch" "--manifest-path" "Cargo.toml", kill_on_drop: false }`
[INFO] [stderr]     Blocking waiting for file lock on package cache
[INFO] running `Command { std: "docker" "create" "-v" "/var/lib/crater-agent-workspace/builds/worker-3-tc2/target:/opt/rustwide/target:rw,Z" "-v" "/var/lib/crater-agent-workspace/builds/worker-3-tc2/source:/opt/rustwide/workdir:ro,Z" "-v" "/var/lib/crater-agent-workspace/cargo-home:/opt/rustwide/cargo-home:ro,Z" "-v" "/var/lib/crater-agent-workspace/rustup-home:/opt/rustwide/rustup-home:ro,Z" "-e" "SOURCE_DIR=/opt/rustwide/workdir" "-e" "CARGO_TARGET_DIR=/opt/rustwide/target" "-e" "CARGO_HOME=/opt/rustwide/cargo-home" "-e" "RUSTUP_HOME=/opt/rustwide/rustup-home" "-w" "/opt/rustwide/workdir" "-m" "1610612736" "--user" "0:0" "--network" "none" "ghcr.io/rust-lang/crates-build-env/linux@sha256:f3a9d4ad9d972b27faf3965f35b62e55ba32bbce8f20bc8fe909558a86702fde" "/opt/rustwide/cargo-home/bin/cargo" "+beta-2024-12-08" "metadata" "--no-deps" "--format-version=1", kill_on_drop: false }`
[INFO] [stdout] 869f97480786e982a2f400a03dbdd3f9b926087f6f963015f813c6347cf1b746
[INFO] running `Command { std: "docker" "start" "-a" "869f97480786e982a2f400a03dbdd3f9b926087f6f963015f813c6347cf1b746", kill_on_drop: false }`
[INFO] running `Command { std: "docker" "inspect" "869f97480786e982a2f400a03dbdd3f9b926087f6f963015f813c6347cf1b746", kill_on_drop: false }`
[INFO] running `Command { std: "docker" "rm" "-f" "869f97480786e982a2f400a03dbdd3f9b926087f6f963015f813c6347cf1b746", kill_on_drop: false }`
[INFO] [stdout] 869f97480786e982a2f400a03dbdd3f9b926087f6f963015f813c6347cf1b746
[INFO] running `Command { std: "docker" "create" "-v" "/var/lib/crater-agent-workspace/builds/worker-3-tc2/target:/opt/rustwide/target:rw,Z" "-v" "/var/lib/crater-agent-workspace/builds/worker-3-tc2/source:/opt/rustwide/workdir:ro,Z" "-v" "/var/lib/crater-agent-workspace/cargo-home:/opt/rustwide/cargo-home:ro,Z" "-v" "/var/lib/crater-agent-workspace/rustup-home:/opt/rustwide/rustup-home:ro,Z" "-e" "SOURCE_DIR=/opt/rustwide/workdir" "-e" "CARGO_TARGET_DIR=/opt/rustwide/target" "-e" "CARGO_INCREMENTAL=0" "-e" "RUST_BACKTRACE=full" "-e" "RUSTFLAGS=--cap-lints=warn" "-e" "RUSTDOCFLAGS=--cap-lints=warn" "-e" "CARGO_HOME=/opt/rustwide/cargo-home" "-e" "RUSTUP_HOME=/opt/rustwide/rustup-home" "-w" "/opt/rustwide/workdir" "-m" "1610612736" "--user" "0:0" "--network" "none" "ghcr.io/rust-lang/crates-build-env/linux@sha256:f3a9d4ad9d972b27faf3965f35b62e55ba32bbce8f20bc8fe909558a86702fde" "/opt/rustwide/cargo-home/bin/cargo" "+beta-2024-12-08" "build" "--frozen" "--message-format=json", kill_on_drop: false }`
[INFO] [stdout] 3a35f363714992b6212052b74a24e516d9da1c82f467eb358f8def1cc0684438
[INFO] running `Command { std: "docker" "start" "-a" "3a35f363714992b6212052b74a24e516d9da1c82f467eb358f8def1cc0684438", kill_on_drop: false }`
[INFO] [stderr]    Compiling cfg-if v1.0.0
[INFO] [stderr]    Compiling autocfg v1.1.0
[INFO] [stderr]    Compiling libc v0.2.137
[INFO] [stderr]    Compiling proc-macro2 v1.0.47
[INFO] [stderr]    Compiling unicode-ident v1.0.5
[INFO] [stderr]    Compiling version_check v0.9.4
[INFO] [stderr]    Compiling quote v1.0.21
[INFO] [stderr]    Compiling syn v1.0.103
[INFO] [stderr]    Compiling bitflags v1.3.2
[INFO] [stderr]    Compiling pkg-config v0.3.26
[INFO] [stderr]    Compiling typenum v1.16.0
[INFO] [stderr]    Compiling scopeguard v1.1.0
[INFO] [stderr]    Compiling memoffset v0.6.5
[INFO] [stderr]    Compiling once_cell v1.16.0
[INFO] [stderr]    Compiling generic-array v0.14.6
[INFO] [stderr]    Compiling smallvec v1.10.0
[INFO] [stderr]    Compiling num-traits v0.2.15
[INFO] [stderr]    Compiling libloading v0.7.4
[INFO] [stderr]    Compiling cc v1.0.76
[INFO] [stderr]    Compiling lock_api v0.4.9
[INFO] [stderr]    Compiling log v0.4.17
[INFO] [stderr]    Compiling adler v1.0.2
[INFO] [stderr]    Compiling lazy_static v1.4.0
[INFO] [stderr]    Compiling memchr v2.5.0
[INFO] [stderr]    Compiling cmake v0.1.49
[INFO] [stderr]    Compiling xml-rs v0.8.4
[INFO] [stderr]    Compiling crc32fast v1.3.2
[INFO] [stderr]    Compiling bytemuck v1.12.3
[INFO] [stderr]    Compiling getrandom v0.2.8
[INFO] [stderr]    Compiling thiserror v1.0.38
[INFO] [stderr]    Compiling wayland-scanner v0.29.5
[INFO] [stderr]    Compiling freetype-sys v0.13.1
[INFO] [stderr]    Compiling crypto-common v0.1.6
[INFO] [stderr]    Compiling wayland-sys v0.29.5
[INFO] [stderr]    Compiling subtle v2.4.1
[INFO] [stderr]    Compiling unicode-xid v0.2.4
[INFO] [stderr]    Compiling crossbeam-utils v0.8.12
[INFO] [stderr]    Compiling expat-sys v2.1.6
[INFO] [stderr]    Compiling miniz_oxide v0.5.4
[INFO] [stderr]    Compiling dlib v0.5.0
[INFO] [stderr]    Compiling parking_lot_core v0.9.5
[INFO] [stderr]    Compiling nix v0.24.3
[INFO] [stderr]    Compiling miniz_oxide v0.6.2
[INFO] [stderr]    Compiling ahash v0.7.6
[INFO] [stderr]    Compiling crossbeam-epoch v0.9.11
[INFO] [stderr]    Compiling flate2 v1.0.24
[INFO] [stderr]    Compiling num-integer v0.1.45
[INFO] [stderr]    Compiling serde_derive v1.0.147
[INFO] [stderr]    Compiling byteorder v1.4.3
[INFO] [stderr]    Compiling num_cpus v1.14.0
[INFO] [stderr]    Compiling wayland-client v0.29.5
[INFO] [stderr]    Compiling servo-fontconfig-sys v5.1.0
[INFO] [stderr]    Compiling slotmap v1.0.6
[INFO] [stderr]    Compiling minimal-lexical v0.2.1
[INFO] [stderr]    Compiling downcast-rs v1.2.0
[INFO] [stderr]    Compiling scoped-tls v1.0.1
[INFO] [stderr]    Compiling cty v0.2.2
[INFO] [stderr]    Compiling serde v1.0.147
[INFO] [stderr]    Compiling parking_lot v0.12.1
[INFO] [stderr]    Compiling wayland-protocols v0.29.5
[INFO] [stderr]    Compiling nom v7.1.2
[INFO] [stderr]    Compiling png v0.17.7
[INFO] [stderr]    Compiling rayon-core v1.10.1
[INFO] [stderr]    Compiling futures-core v0.3.25
[INFO] [stderr]    Compiling wayland-commons v0.29.5
[INFO] [stderr]    Compiling crossbeam-deque v0.8.2
[INFO] [stderr]    Compiling hashbrown v0.12.3
[INFO] [stderr]    Compiling raw-window-handle v0.5.0
[INFO] [stderr]    Compiling crossbeam-channel v0.5.6
[INFO] [stderr]    Compiling block-buffer v0.10.3
[INFO] [stderr]    Compiling nix v0.25.1
[INFO] [stderr]    Compiling smithay-client-toolkit v0.16.0
[INFO] [stderr]    Compiling synstructure v0.12.6
[INFO] [stderr]    Compiling crossfont v0.5.1
[INFO] [stderr]    Compiling num-bigint v0.4.3
[INFO] [stderr]    Compiling xcursor v0.3.4
[INFO] [stderr]    Compiling indexmap v1.9.2
[INFO] [stderr]    Compiling vec_map v0.8.2
[INFO] [stderr]    Compiling cpufeatures v0.2.5
[INFO] [stderr]    Compiling arrayref v0.3.6
[INFO] [stderr]    Compiling foreign-types-shared v0.3.1
[INFO] [stderr]    Compiling termcolor v1.1.3
[INFO] [stderr]    Compiling tiny-skia-path v0.7.0
[INFO] [stderr]    Compiling digest v0.10.6
[INFO] [stderr]    Compiling servo-fontconfig v0.5.1
[INFO] [stderr]    Compiling freetype-rs v0.26.0
[INFO] [stderr]    Compiling inout v0.1.3
[INFO] [stderr]    Compiling safe_arch v0.5.2
[INFO] [stderr]    Compiling memmap2 v0.5.8
[INFO] [stderr]    Compiling x11-dl v2.20.1
[INFO] [stderr]    Compiling num-rational v0.4.1
[INFO] [stderr]    Compiling bit-vec v0.6.3
[INFO] [stderr]    Compiling wayland-cursor v0.29.5
[INFO] [stderr]    Compiling ash v0.37.2+1.3.238
[INFO] [stderr]    Compiling either v1.8.0
[INFO] [stderr]    Compiling arrayvec v0.5.2
[INFO] [stderr]    Compiling unicode-width v0.1.10
[INFO] [stderr]    Compiling alloc-no-stdlib v2.0.4
[INFO] [stderr]    Compiling khronos-egl v4.1.0
[INFO] [stderr]    Compiling alloc-stdlib v0.2.2
[INFO] [stderr]    Compiling tiny-skia v0.7.0
[INFO] [stderr]    Compiling codespan-reporting v0.11.1
[INFO] [stderr]    Compiling rayon v1.6.0
[INFO] [stderr]    Compiling bit-set v0.5.3
[INFO] [stderr]    Compiling cipher v0.4.3
[INFO] [stderr]    Compiling thiserror-impl v1.0.38
[INFO] [stderr]    Compiling foreign-types-macros v0.2.2
[INFO] [stderr]    Compiling foreign-types v0.5.0
[INFO] [stderr]    Compiling pin-project-internal v1.0.12
[INFO] [stderr]    Compiling zeroize_derive v1.3.3
[INFO] [stderr]    Compiling calloop v0.10.5
[INFO] [stderr]    Compiling pin-project v1.0.12
[INFO] [stderr]    Compiling universal-hash v0.5.0
[INFO] [stderr]    Compiling digest v0.9.0
[INFO] [stderr]    Compiling spirv v0.2.0+1.5.4
[INFO] [stderr]    Compiling rand_core v0.6.4
[INFO] [stderr]    Compiling nanorand v0.7.0
[INFO] [stderr]    Compiling zeroize v1.3.0
[INFO] [stderr]    Compiling spin v0.9.4
[INFO] [stderr]    Compiling proc-macro-error-attr v1.0.4
[INFO] [stderr]    Compiling gpu-alloc-types v0.2.0
[INFO] [stderr]    Compiling gpu-descriptor-types v0.1.1
[INFO] [stderr]    Compiling rand_core v0.5.1
[INFO] [stderr]    Compiling io-lifetimes v1.0.3
[INFO] [stderr]    Compiling hexf-parse v0.2.1
[INFO] [stderr]    Compiling ppv-lite86 v0.2.17
[INFO] [stderr]    Compiling futures-sink v0.3.25
[INFO] [stderr]    Compiling opaque-debug v0.3.0
[INFO] [stderr]    Compiling rustc-hash v1.1.0
[INFO] [stderr]    Compiling weezl v0.1.7
[INFO] [stderr]    Compiling naga v0.11.0
[INFO] [stderr]    Compiling polyval v0.6.0
[INFO] [stderr]    Compiling flume v0.10.14
[INFO] [stderr]    Compiling rand_chacha v0.3.1
[INFO] [stderr]    Compiling curve25519-dalek v3.2.1
[INFO] [stderr]    Compiling gpu-descriptor v0.2.3
[INFO] [stderr]    Compiling gpu-alloc v0.5.3
[INFO] [stderr]    Compiling jpeg-decoder v0.3.0
[INFO] [stderr]    Compiling brotli-decompressor v2.3.2
[INFO] [stderr]    Compiling hmac v0.12.1
[INFO] [stderr]    Compiling raw-window-handle v0.4.3
[INFO] [stderr]    Compiling fxhash v0.2.1
[INFO] [stderr]    Compiling threadpool v1.8.1
[INFO] [stderr]    Compiling mio v0.8.5
[INFO] [stderr]    Compiling proc-macro-error v1.0.4
[INFO] [stderr]    Compiling num-iter v0.1.43
[INFO] [stderr]    Compiling wgpu-types v0.15.0
[INFO] [stderr]    Compiling instant v0.1.12
[INFO] [stderr]    Compiling color_quant v1.1.0
[INFO] [stderr]    Compiling virtue v0.0.8
[INFO] [stderr]    Compiling arrayvec v0.7.2
[INFO] [stderr]    Compiling glow v0.12.0
[INFO] [stderr]    Compiling rustix v0.36.5
[INFO] [stderr]    Compiling half v2.1.0
[INFO] [stderr]    Compiling percent-encoding v2.2.0
[INFO] [stderr]    Compiling renderdoc-sys v0.7.1
[INFO] [stderr]    Compiling lebe v0.5.2
[INFO] [stderr]    Compiling profiling v1.0.7
[INFO] [stderr]    Compiling bit_field v0.10.1
[INFO] [stderr]    Compiling bincode_derive v2.0.0-rc.2
[INFO] [stderr]    Compiling exr v1.5.2
[INFO] [stderr]    Compiling gif v0.11.4
[INFO] [stderr]    Compiling brotli v3.3.4
[INFO] [stderr]    Compiling hkdf v0.12.3
[INFO] [stderr]    Compiling tiff v0.8.0
[INFO] [stderr]    Compiling bincode v1.3.3
[INFO] [stderr]    Compiling x25519-dalek v1.2.0
[INFO] [stderr]    Compiling rand v0.8.5
[INFO] [stderr]    Compiling ghash v0.5.0
[INFO] [stderr]    Compiling ctr v0.9.2
[INFO] [stderr]    Compiling aes v0.8.2
[INFO] [stderr]    Compiling sha2 v0.10.6
[INFO] [stderr]    Compiling safe_arch v0.6.0
[INFO] [stderr]    Compiling time v0.1.44
[INFO] [stderr]    Compiling scoped_threadpool v0.1.9
[INFO] [stderr]    Compiling linux-raw-sys v0.1.3
[INFO] [stderr]    Compiling fastrand v1.8.0
[INFO] [stderr]    Compiling remove_dir_all v0.5.3
[INFO] [stderr]    Compiling iana-time-zone v0.1.53
[INFO] [stderr]    Compiling tempfile v3.3.0
[INFO] [stderr]    Compiling chrono v0.4.23
[INFO] [stderr]    Compiling image v0.24.5
[INFO] [stderr]    Compiling wide v0.7.5
[INFO] [stderr]    Compiling mla v1.3.0
[INFO] [stderr]    Compiling bincode v2.0.0-rc.2
[INFO] [stderr]    Compiling num-complex v0.4.3
[INFO] [stderr]    Compiling colors-transform v0.2.11
[INFO] [stderr]    Compiling static_assertions v1.1.0
[INFO] [stderr]    Compiling os_str_bytes v6.4.1
[INFO] [stderr]    Compiling heck v0.4.0
[INFO] [stderr]    Compiling regex-automata v0.1.10
[INFO] [stderr]    Compiling num v0.4.0
[INFO] [stderr]    Compiling clap_lex v0.3.0
[INFO] [stderr]    Compiling clap_derive v4.0.21
[INFO] [stderr]    Compiling ultraviolet v0.9.0
[INFO] [stderr]    Compiling is-terminal v0.4.1
[INFO] [stderr]    Compiling futures-intrusive v0.5.0
[INFO] [stderr]    Compiling bstr v0.2.17
[INFO] [stderr]    Compiling csv-core v0.1.10
[INFO] [stderr]    Compiling wgpu-hal v0.15.1
[INFO] [stderr]    Compiling pollster v0.2.5
[INFO] [stderr]    Compiling itoa v0.4.8
[INFO] [stderr]    Compiling strsim v0.10.0
[INFO] [stderr]    Compiling utf8-width v0.1.6
[INFO] [stderr]    Compiling ryu v1.0.11
[INFO] [stderr]    Compiling csv v1.1.6
[INFO] [stderr]    Compiling byte-unit v4.0.18
[INFO] [stderr]    Compiling archive v0.1.0 (/opt/rustwide/workdir/archive)
[INFO] [stderr]    Compiling clap v4.0.29
[INFO] [stdout] warning: field `0` is never read
[INFO] [stdout]   --> archive/src/errors.rs:12:28
[INFO] [stdout]    |
[INFO] [stdout] 12 |     CouldNotFetchChunkFile(mla::errors::Error),
[INFO] [stdout]    |     ---------------------- ^^^^^^^^^^^^^^^^^^
[INFO] [stdout]    |     |
[INFO] [stdout]    |     field in this variant
[INFO] [stdout]    |
[INFO] [stdout]    = note: `NextTileChunkError` has a derived impl for the trait `Debug`, but this is intentionally ignored during dead code analysis
[INFO] [stdout]    = note: `#[warn(dead_code)]` on by default
[INFO] [stdout] help: consider changing the field to be of unit type to suppress this warning while preserving the field numbering, or remove the field
[INFO] [stdout]    |
[INFO] [stdout] 12 |     CouldNotFetchChunkFile(()),
[INFO] [stdout]    |                            ~~
[INFO] [stdout] 
[INFO] [stdout] 
[INFO] [stderr]    Compiling wgpu-core v0.15.0
[INFO] [stderr]    Compiling wgpu v0.15.0
[INFO] [stderr]    Compiling sctk-adwaita v0.4.3
[INFO] [stderr]    Compiling winit v0.27.5
[INFO] [stderr]    Compiling game-loop v0.10.0
[INFO] [stderr]    Compiling winit_input_helper v0.13.0
[INFO] [stderr]    Compiling player v0.1.0 (/opt/rustwide/workdir/player)
[INFO] [stdout] warning: unused imports: `BufReader` and `Cursor`
[INFO] [stdout]  --> player/src/lib.rs:3:10
[INFO] [stdout]   |
[INFO] [stdout] 3 |     io::{BufReader, Cursor, Read, Seek},
[INFO] [stdout]   |          ^^^^^^^^^  ^^^^^^
[INFO] [stdout]   |
[INFO] [stdout]   = note: `#[warn(unused_imports)]` on by default
[INFO] [stdout] 
[INFO] [stdout] 
[INFO] [stdout] warning: unused import: `structures::StoredTilePlacement`
[INFO] [stdout]  --> player/src/lib.rs:7:15
[INFO] [stdout]   |
[INFO] [stdout] 7 | use archive::{structures::StoredTilePlacement, PlacedArchiveReader};
[INFO] [stdout]   |               ^^^^^^^^^^^^^^^^^^^^^^^^^^^^^^^
[INFO] [stdout] 
[INFO] [stdout] 
[INFO] [stdout] warning: unused import: `sync::mpsc`
[INFO] [stdout]  --> player/src/texture_update_by_coords.rs:4:5
[INFO] [stdout]   |
[INFO] [stdout] 4 |     sync::mpsc,
[INFO] [stdout]   |     ^^^^^^^^^^
[INFO] [stdout] 
[INFO] [stdout] 
[INFO] [stdout] warning: unused import: `Write`
[INFO] [stdout]  --> player/src/texture_update_by_coords.rs:2:40
[INFO] [stdout]   |
[INFO] [stdout] 2 |     io::{Cursor, Read, Seek, SeekFrom, Write},
[INFO] [stdout]   |                                        ^^^^^
[INFO] [stdout] 
[INFO] [stdout] 
[INFO] [stdout] warning: unused variable: `max_ms_since_epoch_used`
[INFO] [stdout]    --> player/src/pixel_art_display_state.rs:125:17
[INFO] [stdout]     |
[INFO] [stdout] 125 |                 max_ms_since_epoch_used,
[INFO] [stdout]     |                 ^^^^^^^^^^^^^^^^^^^^^^^ help: try ignoring the field: `max_ms_since_epoch_used: _`
[INFO] [stdout]     |
[INFO] [stdout]     = note: `#[warn(unused_variables)]` on by default
[INFO] [stdout] 
[INFO] [stdout] 
[INFO] [stdout] warning: unused variable: `did_update_up_to_requested_ms`
[INFO] [stdout]    --> player/src/pixel_art_display_state.rs:126:17
[INFO] [stdout]     |
[INFO] [stdout] 126 |                 did_update_up_to_requested_ms,
[INFO] [stdout]     |                 ^^^^^^^^^^^^^^^^^^^^^^^^^^^^^ help: try ignoring the field: `did_update_up_to_requested_ms: _`
[INFO] [stdout] 
[INFO] [stdout] 
[INFO] [stdout] warning: struct `SurfaceSize` is never constructed
[INFO] [stdout]  --> player/src/renderers.rs:6:12
[INFO] [stdout]   |
[INFO] [stdout] 6 | pub struct SurfaceSize {
[INFO] [stdout]   |            ^^^^^^^^^^^
[INFO] [stdout]   |
[INFO] [stdout]   = note: `SurfaceSize` has a derived impl for the trait `Debug`, but this is intentionally ignored during dead code analysis
[INFO] [stdout]   = note: `#[warn(dead_code)]` on by default
[INFO] [stdout] 
[INFO] [stdout] 
[INFO] [stdout] warning: field `requested_up_to_ms_since_epoch` is never read
[INFO] [stdout]   --> player/src/texture_update_by_coords.rs:62:5
[INFO] [stdout]    |
[INFO] [stdout] 61 | struct ComputedBounds {
[INFO] [stdout]    |        -------------- field in this struct
[INFO] [stdout] 62 |     requested_up_to_ms_since_epoch: u32,
[INFO] [stdout]    |     ^^^^^^^^^^^^^^^^^^^^^^^^^^^^^^
[INFO] [stdout]    |
[INFO] [stdout]    = note: `ComputedBounds` has a derived impl for the trait `Debug`, but this is intentionally ignored during dead code analysis
[INFO] [stdout] 
[INFO] [stdout] 
[INFO] [stdout] warning: fields `texture` and `texture_extent` are never read
[INFO] [stdout]   --> player/src/texture_update_by_coords.rs:71:5
[INFO] [stdout]    |
[INFO] [stdout] 68 | pub struct TextureUpdateByCoords<R> {
[INFO] [stdout]    |            --------------------- fields in this struct
[INFO] [stdout] ...
[INFO] [stdout] 71 |     texture: wgpu::Texture,
[INFO] [stdout]    |     ^^^^^^^
[INFO] [stdout] 72 |     texture_extent: wgpu::Extent3d,
[INFO] [stdout]    |     ^^^^^^^^^^^^^^
[INFO] [stdout] 
[INFO] [stdout] 
[INFO] [stderr]    Compiling cli v0.1.0 (/opt/rustwide/workdir/cli)
[INFO] [stderr]     Finished `dev` profile [unoptimized + debuginfo] target(s) in 4m 20s
[INFO] running `Command { std: "docker" "inspect" "3a35f363714992b6212052b74a24e516d9da1c82f467eb358f8def1cc0684438", kill_on_drop: false }`
[INFO] running `Command { std: "docker" "rm" "-f" "3a35f363714992b6212052b74a24e516d9da1c82f467eb358f8def1cc0684438", kill_on_drop: false }`
[INFO] [stdout] 3a35f363714992b6212052b74a24e516d9da1c82f467eb358f8def1cc0684438
[INFO] running `Command { std: "docker" "create" "-v" "/var/lib/crater-agent-workspace/builds/worker-3-tc2/target:/opt/rustwide/target:rw,Z" "-v" "/var/lib/crater-agent-workspace/builds/worker-3-tc2/source:/opt/rustwide/workdir:ro,Z" "-v" "/var/lib/crater-agent-workspace/cargo-home:/opt/rustwide/cargo-home:ro,Z" "-v" "/var/lib/crater-agent-workspace/rustup-home:/opt/rustwide/rustup-home:ro,Z" "-e" "SOURCE_DIR=/opt/rustwide/workdir" "-e" "CARGO_TARGET_DIR=/opt/rustwide/target" "-e" "CARGO_INCREMENTAL=0" "-e" "RUST_BACKTRACE=full" "-e" "RUSTFLAGS=--cap-lints=warn" "-e" "RUSTDOCFLAGS=--cap-lints=warn" "-e" "CARGO_HOME=/opt/rustwide/cargo-home" "-e" "RUSTUP_HOME=/opt/rustwide/rustup-home" "-w" "/opt/rustwide/workdir" "-m" "1610612736" "--user" "0:0" "--network" "none" "ghcr.io/rust-lang/crates-build-env/linux@sha256:f3a9d4ad9d972b27faf3965f35b62e55ba32bbce8f20bc8fe909558a86702fde" "/opt/rustwide/cargo-home/bin/cargo" "+beta-2024-12-08" "test" "--frozen" "--no-run" "--message-format=json", kill_on_drop: false }`
[INFO] [stdout] fa18d7d0c2fc61fd07a8c5396192e6bfc4a74afdb59a6ec7f3b0c02802a49649
[INFO] running `Command { std: "docker" "start" "-a" "fa18d7d0c2fc61fd07a8c5396192e6bfc4a74afdb59a6ec7f3b0c02802a49649", kill_on_drop: false }`
[INFO] [stderr]    Compiling memchr v2.5.0
[INFO] [stderr]    Compiling log v0.4.17
[INFO] [stderr]    Compiling rand v0.8.5
[INFO] [stderr]    Compiling regex-syntax v0.6.28
[INFO] [stderr]    Compiling humantime v2.1.0
[INFO] [stderr]    Compiling calloop v0.10.5
[INFO] [stderr]    Compiling crossfont v0.5.1
[INFO] [stderr]    Compiling naga v0.11.0
[INFO] [stderr]    Compiling mio v0.8.5
[INFO] [stderr]    Compiling nom v7.1.2
[INFO] [stderr]    Compiling aho-corasick v0.7.20
[INFO] [stderr]    Compiling mla v1.3.0
[INFO] [stderr]    Compiling csv-core v0.1.10
[INFO] [stderr]    Compiling bstr v0.2.17
[INFO] [stderr]    Compiling regex v1.7.1
[INFO] [stderr]    Compiling csv v1.1.6
[INFO] [stderr]    Compiling archive v0.1.0 (/opt/rustwide/workdir/archive)
[INFO] [stdout] warning: field `0` is never read
[INFO] [stdout]   --> archive/src/errors.rs:12:28
[INFO] [stdout]    |
[INFO] [stdout] 12 |     CouldNotFetchChunkFile(mla::errors::Error),
[INFO] [stdout]    |     ---------------------- ^^^^^^^^^^^^^^^^^^
[INFO] [stdout]    |     |
[INFO] [stdout]    |     field in this variant
[INFO] [stdout]    |
[INFO] [stdout]    = note: `NextTileChunkError` has a derived impl for the trait `Debug`, but this is intentionally ignored during dead code analysis
[INFO] [stdout]    = note: `#[warn(dead_code)]` on by default
[INFO] [stdout] help: consider changing the field to be of unit type to suppress this warning while preserving the field numbering, or remove the field
[INFO] [stdout]    |
[INFO] [stdout] 12 |     CouldNotFetchChunkFile(()),
[INFO] [stdout]    |                            ~~
[INFO] [stdout] 
[INFO] [stdout] 
[INFO] [stdout] warning: field `0` is never read
[INFO] [stdout]   --> archive/src/errors.rs:12:28
[INFO] [stdout]    |
[INFO] [stdout] 12 |     CouldNotFetchChunkFile(mla::errors::Error),
[INFO] [stdout]    |     ---------------------- ^^^^^^^^^^^^^^^^^^
[INFO] [stdout]    |     |
[INFO] [stdout]    |     field in this variant
[INFO] [stdout]    |
[INFO] [stdout]    = note: `NextTileChunkError` has a derived impl for the trait `Debug`, but this is intentionally ignored during dead code analysis
[INFO] [stdout]    = note: `#[warn(dead_code)]` on by default
[INFO] [stdout] help: consider changing the field to be of unit type to suppress this warning while preserving the field numbering, or remove the field
[INFO] [stdout]    |
[INFO] [stdout] 12 |     CouldNotFetchChunkFile(()),
[INFO] [stdout]    |                            ~~
[INFO] [stdout] 
[INFO] [stdout] 
[INFO] [stderr]    Compiling xcursor v0.3.4
[INFO] [stderr]    Compiling env_logger v0.10.0
[INFO] [stderr]    Compiling wayland-cursor v0.29.5
[INFO] [stderr]    Compiling smithay-client-toolkit v0.16.0
[INFO] [stderr]    Compiling sctk-adwaita v0.4.3
[INFO] [stderr]    Compiling winit v0.27.5
[INFO] [stderr]    Compiling wgpu-hal v0.15.1
[INFO] [stderr]    Compiling game-loop v0.10.0
[INFO] [stderr]    Compiling winit_input_helper v0.13.0
[INFO] [stderr]    Compiling wgpu-core v0.15.0
[INFO] [stderr]    Compiling wgpu v0.15.0
[INFO] [stderr]    Compiling player v0.1.0 (/opt/rustwide/workdir/player)
[INFO] [stdout] warning: unused imports: `BufReader` and `Cursor`
[INFO] [stdout]  --> player/src/lib.rs:3:10
[INFO] [stdout]   |
[INFO] [stdout] 3 |     io::{BufReader, Cursor, Read, Seek},
[INFO] [stdout]   |          ^^^^^^^^^  ^^^^^^
[INFO] [stdout]   |
[INFO] [stdout]   = note: `#[warn(unused_imports)]` on by default
[INFO] [stdout] 
[INFO] [stdout] 
[INFO] [stdout] warning: unused import: `structures::StoredTilePlacement`
[INFO] [stdout]  --> player/src/lib.rs:7:15
[INFO] [stdout]   |
[INFO] [stdout] 7 | use archive::{structures::StoredTilePlacement, PlacedArchiveReader};
[INFO] [stdout]   |               ^^^^^^^^^^^^^^^^^^^^^^^^^^^^^^^
[INFO] [stdout] 
[INFO] [stdout] 
[INFO] [stdout] warning: unused import: `sync::mpsc`
[INFO] [stdout]  --> player/src/texture_update_by_coords.rs:4:5
[INFO] [stdout]   |
[INFO] [stdout] 4 |     sync::mpsc,
[INFO] [stdout]   |     ^^^^^^^^^^
[INFO] [stdout] 
[INFO] [stdout] 
[INFO] [stdout] warning: unused import: `Write`
[INFO] [stdout]  --> player/src/texture_update_by_coords.rs:2:40
[INFO] [stdout]   |
[INFO] [stdout] 2 |     io::{Cursor, Read, Seek, SeekFrom, Write},
[INFO] [stdout]   |                                        ^^^^^
[INFO] [stdout] 
[INFO] [stdout] 
[INFO] [stdout] warning: unused variable: `max_ms_since_epoch_used`
[INFO] [stdout]    --> player/src/pixel_art_display_state.rs:125:17
[INFO] [stdout]     |
[INFO] [stdout] 125 |                 max_ms_since_epoch_used,
[INFO] [stdout]     |                 ^^^^^^^^^^^^^^^^^^^^^^^ help: try ignoring the field: `max_ms_since_epoch_used: _`
[INFO] [stdout]     |
[INFO] [stdout]     = note: `#[warn(unused_variables)]` on by default
[INFO] [stdout] 
[INFO] [stdout] 
[INFO] [stdout] warning: unused variable: `did_update_up_to_requested_ms`
[INFO] [stdout]    --> player/src/pixel_art_display_state.rs:126:17
[INFO] [stdout]     |
[INFO] [stdout] 126 |                 did_update_up_to_requested_ms,
[INFO] [stdout]     |                 ^^^^^^^^^^^^^^^^^^^^^^^^^^^^^ help: try ignoring the field: `did_update_up_to_requested_ms: _`
[INFO] [stdout] 
[INFO] [stdout] 
[INFO] [stdout] warning: struct `SurfaceSize` is never constructed
[INFO] [stdout]  --> player/src/renderers.rs:6:12
[INFO] [stdout]   |
[INFO] [stdout] 6 | pub struct SurfaceSize {
[INFO] [stdout]   |            ^^^^^^^^^^^
[INFO] [stdout]   |
[INFO] [stdout]   = note: `SurfaceSize` has a derived impl for the trait `Debug`, but this is intentionally ignored during dead code analysis
[INFO] [stdout]   = note: `#[warn(dead_code)]` on by default
[INFO] [stdout] 
[INFO] [stdout] 
[INFO] [stdout] warning: field `requested_up_to_ms_since_epoch` is never read
[INFO] [stdout]   --> player/src/texture_update_by_coords.rs:62:5
[INFO] [stdout]    |
[INFO] [stdout] 61 | struct ComputedBounds {
[INFO] [stdout]    |        -------------- field in this struct
[INFO] [stdout] 62 |     requested_up_to_ms_since_epoch: u32,
[INFO] [stdout]    |     ^^^^^^^^^^^^^^^^^^^^^^^^^^^^^^
[INFO] [stdout]    |
[INFO] [stdout]    = note: `ComputedBounds` has a derived impl for the trait `Debug`, but this is intentionally ignored during dead code analysis
[INFO] [stdout] 
[INFO] [stdout] 
[INFO] [stdout] warning: fields `texture` and `texture_extent` are never read
[INFO] [stdout]   --> player/src/texture_update_by_coords.rs:71:5
[INFO] [stdout]    |
[INFO] [stdout] 68 | pub struct TextureUpdateByCoords<R> {
[INFO] [stdout]    |            --------------------- fields in this struct
[INFO] [stdout] ...
[INFO] [stdout] 71 |     texture: wgpu::Texture,
[INFO] [stdout]    |     ^^^^^^^
[INFO] [stdout] 72 |     texture_extent: wgpu::Extent3d,
[INFO] [stdout]    |     ^^^^^^^^^^^^^^
[INFO] [stdout] 
[INFO] [stdout] 
[INFO] [stderr]    Compiling cli v0.1.0 (/opt/rustwide/workdir/cli)
[INFO] [stdout] warning: unused imports: `BufReader` and `Cursor`
[INFO] [stdout]  --> player/src/lib.rs:3:10
[INFO] [stdout]   |
[INFO] [stdout] 3 |     io::{BufReader, Cursor, Read, Seek},
[INFO] [stdout]   |          ^^^^^^^^^  ^^^^^^
[INFO] [stdout]   |
[INFO] [stdout]   = note: `#[warn(unused_imports)]` on by default
[INFO] [stdout] 
[INFO] [stdout] 
[INFO] [stdout] warning: unused import: `structures::StoredTilePlacement`
[INFO] [stdout]  --> player/src/lib.rs:7:15
[INFO] [stdout]   |
[INFO] [stdout] 7 | use archive::{structures::StoredTilePlacement, PlacedArchiveReader};
[INFO] [stdout]   |               ^^^^^^^^^^^^^^^^^^^^^^^^^^^^^^^
[INFO] [stdout] 
[INFO] [stdout] 
[INFO] [stdout] warning: unused import: `sync::mpsc`
[INFO] [stdout]  --> player/src/texture_update_by_coords.rs:4:5
[INFO] [stdout]   |
[INFO] [stdout] 4 |     sync::mpsc,
[INFO] [stdout]   |     ^^^^^^^^^^
[INFO] [stdout] 
[INFO] [stdout] 
[INFO] [stdout] warning: unused import: `Write`
[INFO] [stdout]  --> player/src/texture_update_by_coords.rs:2:40
[INFO] [stdout]   |
[INFO] [stdout] 2 |     io::{Cursor, Read, Seek, SeekFrom, Write},
[INFO] [stdout]   |                                        ^^^^^
[INFO] [stdout] 
[INFO] [stdout] 
[INFO] [stdout] warning: unused variable: `max_ms_since_epoch_used`
[INFO] [stdout]    --> player/src/pixel_art_display_state.rs:125:17
[INFO] [stdout]     |
[INFO] [stdout] 125 |                 max_ms_since_epoch_used,
[INFO] [stdout]     |                 ^^^^^^^^^^^^^^^^^^^^^^^ help: try ignoring the field: `max_ms_since_epoch_used: _`
[INFO] [stdout]     |
[INFO] [stdout]     = note: `#[warn(unused_variables)]` on by default
[INFO] [stdout] 
[INFO] [stdout] 
[INFO] [stdout] warning: unused variable: `did_update_up_to_requested_ms`
[INFO] [stdout]    --> player/src/pixel_art_display_state.rs:126:17
[INFO] [stdout]     |
[INFO] [stdout] 126 |                 did_update_up_to_requested_ms,
[INFO] [stdout]     |                 ^^^^^^^^^^^^^^^^^^^^^^^^^^^^^ help: try ignoring the field: `did_update_up_to_requested_ms: _`
[INFO] [stdout] 
[INFO] [stdout] 
[INFO] [stdout] warning: struct `SurfaceSize` is never constructed
[INFO] [stdout]  --> player/src/renderers.rs:6:12
[INFO] [stdout]   |
[INFO] [stdout] 6 | pub struct SurfaceSize {
[INFO] [stdout]   |            ^^^^^^^^^^^
[INFO] [stdout]   |
[INFO] [stdout]   = note: `SurfaceSize` has a derived impl for the trait `Debug`, but this is intentionally ignored during dead code analysis
[INFO] [stdout]   = note: `#[warn(dead_code)]` on by default
[INFO] [stdout] 
[INFO] [stdout] 
[INFO] [stdout] warning: field `requested_up_to_ms_since_epoch` is never read
[INFO] [stdout]   --> player/src/texture_update_by_coords.rs:62:5
[INFO] [stdout]    |
[INFO] [stdout] 61 | struct ComputedBounds {
[INFO] [stdout]    |        -------------- field in this struct
[INFO] [stdout] 62 |     requested_up_to_ms_since_epoch: u32,
[INFO] [stdout]    |     ^^^^^^^^^^^^^^^^^^^^^^^^^^^^^^
[INFO] [stdout]    |
[INFO] [stdout]    = note: `ComputedBounds` has a derived impl for the trait `Debug`, but this is intentionally ignored during dead code analysis
[INFO] [stdout] 
[INFO] [stdout] 
[INFO] [stderr]     Finished `test` profile [unoptimized + debuginfo] target(s) in 1m 07s
[INFO] running `Command { std: "docker" "inspect" "fa18d7d0c2fc61fd07a8c5396192e6bfc4a74afdb59a6ec7f3b0c02802a49649", kill_on_drop: false }`
[INFO] running `Command { std: "docker" "rm" "-f" "fa18d7d0c2fc61fd07a8c5396192e6bfc4a74afdb59a6ec7f3b0c02802a49649", kill_on_drop: false }`
[INFO] [stdout] fa18d7d0c2fc61fd07a8c5396192e6bfc4a74afdb59a6ec7f3b0c02802a49649
[INFO] running `Command { std: "docker" "create" "-v" "/var/lib/crater-agent-workspace/builds/worker-3-tc2/target:/opt/rustwide/target:rw,Z" "-v" "/var/lib/crater-agent-workspace/builds/worker-3-tc2/source:/opt/rustwide/workdir:ro,Z" "-v" "/var/lib/crater-agent-workspace/cargo-home:/opt/rustwide/cargo-home:ro,Z" "-v" "/var/lib/crater-agent-workspace/rustup-home:/opt/rustwide/rustup-home:ro,Z" "-e" "SOURCE_DIR=/opt/rustwide/workdir" "-e" "CARGO_TARGET_DIR=/opt/rustwide/target" "-e" "CARGO_INCREMENTAL=0" "-e" "RUST_BACKTRACE=full" "-e" "RUSTFLAGS=--cap-lints=warn" "-e" "RUSTDOCFLAGS=--cap-lints=warn" "-e" "CARGO_HOME=/opt/rustwide/cargo-home" "-e" "RUSTUP_HOME=/opt/rustwide/rustup-home" "-w" "/opt/rustwide/workdir" "-m" "1610612736" "--user" "0:0" "--network" "none" "ghcr.io/rust-lang/crates-build-env/linux@sha256:f3a9d4ad9d972b27faf3965f35b62e55ba32bbce8f20bc8fe909558a86702fde" "/opt/rustwide/cargo-home/bin/cargo" "+beta-2024-12-08" "test" "--frozen", kill_on_drop: false }`
[INFO] [stdout] 63a097049770511a672026f46a451ad4e7a105ec626c7b381b2a916332c83cb9
[INFO] running `Command { std: "docker" "start" "-a" "63a097049770511a672026f46a451ad4e7a105ec626c7b381b2a916332c83cb9", kill_on_drop: false }`
[INFO] [stderr] warning: field `0` is never read
[INFO] [stderr]   --> archive/src/errors.rs:12:28
[INFO] [stderr]    |
[INFO] [stderr] 12 |     CouldNotFetchChunkFile(mla::errors::Error),
[INFO] [stderr]    |     ---------------------- ^^^^^^^^^^^^^^^^^^
[INFO] [stderr]    |     |
[INFO] [stderr]    |     field in this variant
[INFO] [stderr]    |
[INFO] [stderr]    = note: `NextTileChunkError` has a derived impl for the trait `Debug`, but this is intentionally ignored during dead code analysis
[INFO] [stderr]    = note: `#[warn(dead_code)]` on by default
[INFO] [stderr] help: consider changing the field to be of unit type to suppress this warning while preserving the field numbering, or remove the field
[INFO] [stderr]    |
[INFO] [stderr] 12 |     CouldNotFetchChunkFile(()),
[INFO] [stderr]    |                            ~~
[INFO] [stderr] 
[INFO] [stderr] warning: `archive` (lib) generated 1 warning
[INFO] [stderr] warning: unused imports: `BufReader` and `Cursor`
[INFO] [stderr]  --> player/src/lib.rs:3:10
[INFO] [stderr]   |
[INFO] [stderr] 3 |     io::{BufReader, Cursor, Read, Seek},
[INFO] [stderr]   |          ^^^^^^^^^  ^^^^^^
[INFO] [stderr]   |
[INFO] [stderr]   = note: `#[warn(unused_imports)]` on by default
[INFO] [stderr] 
[INFO] [stderr] warning: unused import: `structures::StoredTilePlacement`
[INFO] [stderr]  --> player/src/lib.rs:7:15
[INFO] [stderr]   |
[INFO] [stderr] 7 | use archive::{structures::StoredTilePlacement, PlacedArchiveReader};
[INFO] [stderr]   |               ^^^^^^^^^^^^^^^^^^^^^^^^^^^^^^^
[INFO] [stderr] 
[INFO] [stderr] warning: unused import: `sync::mpsc`
[INFO] [stderr]  --> player/src/texture_update_by_coords.rs:4:5
[INFO] [stderr]   |
[INFO] [stderr] 4 |     sync::mpsc,
[INFO] [stderr]   |     ^^^^^^^^^^
[INFO] [stderr] 
[INFO] [stderr] warning: unused import: `Write`
[INFO] [stderr]  --> player/src/texture_update_by_coords.rs:2:40
[INFO] [stderr]   |
[INFO] [stderr] 2 |     io::{Cursor, Read, Seek, SeekFrom, Write},
[INFO] [stderr]   |                                        ^^^^^
[INFO] [stderr] 
[INFO] [stderr] warning: unused variable: `max_ms_since_epoch_used`
[INFO] [stderr]    --> player/src/pixel_art_display_state.rs:125:17
[INFO] [stderr]     |
[INFO] [stderr] 125 |                 max_ms_since_epoch_used,
[INFO] [stderr]     |                 ^^^^^^^^^^^^^^^^^^^^^^^ help: try ignoring the field: `max_ms_since_epoch_used: _`
[INFO] [stderr]     |
[INFO] [stderr]     = note: `#[warn(unused_variables)]` on by default
[INFO] [stderr] 
[INFO] [stderr] warning: unused variable: `did_update_up_to_requested_ms`
[INFO] [stderr]    --> player/src/pixel_art_display_state.rs:126:17
[INFO] [stderr]     |
[INFO] [stderr] 126 |                 did_update_up_to_requested_ms,
[INFO] [stderr]     |                 ^^^^^^^^^^^^^^^^^^^^^^^^^^^^^ help: try ignoring the field: `did_update_up_to_requested_ms: _`
[INFO] [stderr] 
[INFO] [stderr] warning: struct `SurfaceSize` is never constructed
[INFO] [stderr]  --> player/src/renderers.rs:6:12
[INFO] [stderr]   |
[INFO] [stderr] 6 | pub struct SurfaceSize {
[INFO] [stderr]   |            ^^^^^^^^^^^
[INFO] [stderr]   |
[INFO] [stderr]   = note: `SurfaceSize` has a derived impl for the trait `Debug`, but this is intentionally ignored during dead code analysis
[INFO] [stderr]   = note: `#[warn(dead_code)]` on by default
[INFO] [stderr] 
[INFO] [stderr] warning: field `requested_up_to_ms_since_epoch` is never read
[INFO] [stderr]   --> player/src/texture_update_by_coords.rs:62:5
[INFO] [stderr]    |
[INFO] [stderr] 61 | struct ComputedBounds {
[INFO] [stderr]    |        -------------- field in this struct
[INFO] [stderr] 62 |     requested_up_to_ms_since_epoch: u32,
[INFO] [stderr]    |     ^^^^^^^^^^^^^^^^^^^^^^^^^^^^^^
[INFO] [stderr]    |
[INFO] [stderr]    = note: `ComputedBounds` has a derived impl for the trait `Debug`, but this is intentionally ignored during dead code analysis
[INFO] [stderr] 
[INFO] [stderr] warning: fields `texture` and `texture_extent` are never read
[INFO] [stderr]   --> player/src/texture_update_by_coords.rs:71:5
[INFO] [stderr]    |
[INFO] [stderr] 68 | pub struct TextureUpdateByCoords<R> {
[INFO] [stderr]    |            --------------------- fields in this struct
[INFO] [stderr] ...
[INFO] [stderr] 71 |     texture: wgpu::Texture,
[INFO] [stderr]    |     ^^^^^^^
[INFO] [stderr] 72 |     texture_extent: wgpu::Extent3d,
[INFO] [stderr]    |     ^^^^^^^^^^^^^^
[INFO] [stderr] 
[INFO] [stderr] warning: `player` (lib) generated 9 warnings (run `cargo fix --lib -p player` to apply 3 suggestions)
[INFO] [stderr] warning: `archive` (lib test) generated 1 warning (1 duplicate)
[INFO] [stderr] warning: `player` (lib test) generated 8 warnings (8 duplicates)
[INFO] [stderr]     Finished `test` profile [unoptimized + debuginfo] target(s) in 0.26s
[INFO] [stderr]      Running unittests src/lib.rs (/opt/rustwide/target/debug/deps/archive-7bfccce42d5331af)
[INFO] [stdout] 
[INFO] [stdout] running 2 tests
[INFO] [stdout] test archive_reader::tests::seek_trait ... ok
[INFO] [stdout] test archive_reader::tests::read_trait ... ok
[INFO] [stdout] 
[INFO] [stdout] test result: ok. 2 passed; 0 failed; 0 ignored; 0 measured; 0 filtered out; finished in 1.45s
[INFO] [stdout] 
[INFO] [stderr]      Running unittests src/main.rs (/opt/rustwide/target/debug/deps/cli-a309b6e6a09a5dcd)
[INFO] [stdout] 
[INFO] [stdout] running 0 tests
[INFO] [stdout] 
[INFO] [stdout] test result: ok. 0 passed; 0 failed; 0 ignored; 0 measured; 0 filtered out; finished in 0.00s
[INFO] [stdout] 
[INFO] [stderr]      Running unittests src/lib.rs (/opt/rustwide/target/debug/deps/player-7c5d01aa0c1d4d13)
[INFO] [stdout] 
[INFO] [stdout] running 11 tests
[INFO] [stderr] error: XDG_RUNTIME_DIR not set in the environment.
[INFO] [stderr] error: XDG_RUNTIME_DIR not set in the environment.
[INFO] [stderr] error: XDG_RUNTIME_DIR not set in the environment.
[INFO] [stderr] error: XDG_RUNTIME_DIR not set in the environment.
[INFO] [stderr] error: XDG_RUNTIME_DIR not set in the environment.
[INFO] [stderr] error: XDG_RUNTIME_DIR not set in the environment.
[INFO] [stderr] error: XDG_RUNTIME_DIR not set in the environment.
[INFO] [stderr] error: XDG_RUNTIME_DIR not set in the environment.
[INFO] [stderr] error: XDG_RUNTIME_DIR not set in the environment.
[INFO] [stderr] error: XDG_RUNTIME_DIR not set in the environment.
[INFO] [stderr] error: XDG_RUNTIME_DIR not set in the environment.
[INFO] [stderr] error: XDG_RUNTIME_DIR not set in the environment.
[INFO] [stderr] error: XDG_RUNTIME_DIR not set in the environment.
[INFO] [stderr] error: XDG_RUNTIME_DIR not set in the environment.
[INFO] [stderr] error: XDG_RUNTIME_DIR not set in the environment.
[INFO] [stderr] error: XDG_RUNTIME_DIR not set in the environment.
[INFO] [stderr] error: XDG_RUNTIME_DIR not set in the environment.
[INFO] [stderr] error: XDG_RUNTIME_DIR not set in the environment.
[INFO] [stderr] error: XDG_RUNTIME_DIR not set in the environment.
[INFO] [stderr] error: XDG_RUNTIME_DIR not set in the environment.
[INFO] [stderr] error: XDG_RUNTIME_DIR not set in the environment.
[INFO] [stderr] error: XDG_RUNTIME_DIR not set in the environment.
[INFO] [stderr] error: XDG_RUNTIME_DIR not set in the environment.
[INFO] [stderr] error: XDG_RUNTIME_DIR not set in the environment.
[INFO] [stderr] error: XDG_RUNTIME_DIR not set in the environment.
[INFO] [stderr] error: XDG_RUNTIME_DIR not set in the environment.
[INFO] [stderr] error: XDG_RUNTIME_DIR not set in the environment.
[INFO] [stderr] error: XDG_RUNTIME_DIR not set in the environment.
[INFO] [stderr] error: XDG_RUNTIME_DIR not set in the environment.
[INFO] [stderr] error: XDG_RUNTIME_DIR not set in the environment.
[INFO] [stderr] error: XDG_RUNTIME_DIR not set in the environment.
[INFO] [stderr] error: XDG_RUNTIME_DIR not set in the environment.
[INFO] [stderr] error: XDG_RUNTIME_DIR not set in the environment.
[INFO] [stderr] error: XDG_RUNTIME_DIR not set in the environment.
[INFO] [stderr] error: XDG_RUNTIME_DIR not set in the environment.
[INFO] [stderr] [2024-12-14T11:39:33Z ERROR wgpu_hal::gles::egl] EGL 'eglDestroyContext' code 0x3001: eglDestroyContext
[INFO] [stdout] test texture_update_by_coords::tests::black_rows ... ok
[INFO] [stdout] test texture_update_by_coords::tests::ignores_future_tile_placements ... ok
[INFO] [stderr] [2024-12-14T11:39:33Z ERROR wgpu_hal::gles::egl] EGL 'eglDestroyContext' code 0x3001: eglDestroyContext
[INFO] [stdout] test texture_update_by_coords::tests::odd_number_of_tiles ... ok
[INFO] [stderr] [2024-12-14T11:39:33Z ERROR wgpu_hal::gles::egl] EGL 'eglDestroyContext' code 0x3001: eglDestroyContext
[INFO] [stdout] test texture_update_by_coords::tests::preserves_order_of_tiles_in_chunk ... ok
[INFO] [stderr] [2024-12-14T11:39:33Z ERROR wgpu_hal::gles::egl] EGL 'eglDestroyContext' code 0x3001: eglDestroyContext
[INFO] [stdout] test texture_update_by_coords::tests::red_square ... ok
[INFO] [stdout] test texture_update_by_coords::tests::multi_color ... ok
[INFO] [stderr] [2024-12-14T11:39:33Z ERROR wgpu_hal::gles::egl] EGL 'eglDestroyContext' code 0x3001: eglDestroyContext
[INFO] [stderr] error: XDG_RUNTIME_DIR not set in the environment.
[INFO] [stderr] error: XDG_RUNTIME_DIR not set in the environment.
[INFO] [stderr] error: XDG_RUNTIME_DIR not set in the environment.
[INFO] [stderr] [2024-12-14T11:39:33Z ERROR wgpu_hal::gles::egl] EGL 'eglInitialize' code 0x3001: DRI2: failed to load driver
[INFO] [stderr] [2024-12-14T11:39:33Z ERROR wgpu_hal::gles::egl] EGL 'eglDestroyContext' code 0x3006: eglDestroyContext
[INFO] [stderr] error: XDG_RUNTIME_DIR not set in the environment.
[INFO] [stderr] error: XDG_RUNTIME_DIR not set in the environment.
[INFO] [stderr] error: XDG_RUNTIME_DIR not set in the environment.
[INFO] [stderr] error: XDG_RUNTIME_DIR not set in the environment.
[INFO] [stderr] error: XDG_RUNTIME_DIR not set in the environment.
[INFO] [stderr] error: XDG_RUNTIME_DIR not set in the environment.
[INFO] [stdout] test texture_update_by_coords::tests::multiple_chunks ... ok
[INFO] [stderr] error: XDG_RUNTIME_DIR not set in the environment.
[INFO] [stderr] error: XDG_RUNTIME_DIR not set in the environment.
[INFO] [stderr] [2024-12-14T11:39:33Z ERROR wgpu_hal::gles::egl] EGL 'eglMakeCurrent' code 0x3008: eglMakeCurrent
[INFO] [stderr] error: XDG_RUNTIME_DIR not set in the environment.
[INFO] [stderr] error: XDG_RUNTIME_DIR not set in the environment.
[INFO] [stderr] error: XDG_RUNTIME_DIR not set in the environment.
[INFO] [stderr] [2024-12-14T11:39:33Z ERROR wgpu_hal::gles::egl] EGL 'eglMakeCurrent' code 0x3008: eglMakeCurrent
[INFO] [stderr] error: XDG_RUNTIME_DIR not set in the environment.
[INFO] [stderr] [2024-12-14T11:39:33Z ERROR wgpu_hal::gles::egl] EGL 'eglMakeCurrent' code 0x3008: eglMakeCurrent
[INFO] [stderr] [2024-12-14T11:39:33Z ERROR wgpu_hal::gles::egl] EGL 'eglDestroyContext' code 0x3001: eglDestroyContext
[INFO] [stderr] [2024-12-14T11:39:33Z ERROR wgpu_hal::gles::egl] EGL 'eglDestroyContext' code 0x3001: eglDestroyContext
[INFO] [stderr] [2024-12-14T11:39:33Z ERROR wgpu_hal::gles::egl] EGL 'eglDestroyContext' code 0x3001: eglDestroyContext
[INFO] [stdout] test texture_update_by_coords::tests::single_pixel ... FAILED
[INFO] [stdout] test texture_update_by_coords::tests::up_to_ms_with_holes ... FAILED
[INFO] [stdout] test texture_update_by_coords::tests::up_to_ms ... FAILED
[INFO] [stderr] error: XDG_RUNTIME_DIR not set in the environment.
[INFO] [stderr] [2024-12-14T11:39:35Z ERROR wgpu_hal::gles::egl] EGL 'eglInitialize' code 0x3001: DRI2: failed to load driver
[INFO] [stderr] error: XDG_RUNTIME_DIR not set in the environment.
[INFO] [stderr] error: XDG_RUNTIME_DIR not set in the environment.
[INFO] [stderr] error: XDG_RUNTIME_DIR not set in the environment.
[INFO] [stderr] error: XDG_RUNTIME_DIR not set in the environment.
[INFO] [stdout] test texture_update_by_coords::tests::fuzz ... ok
[INFO] [stdout] 
[INFO] [stdout] failures:
[INFO] [stdout] 
[INFO] [stdout] ---- texture_update_by_coords::tests::single_pixel stdout ----
[INFO] [stdout] thread 'texture_update_by_coords::tests::single_pixel' panicked at /opt/rustwide/cargo-home/registry/src/index.crates.io-6f17d22bba15001f/wgpu-hal-0.15.1/src/gles/egl.rs:294:14:
[INFO] [stdout] called `Result::unwrap()` on an `Err` value: BadDisplay
[INFO] [stdout] stack backtrace:
[INFO] [stdout]    0:     0x5719c4e76b9a - std::backtrace_rs::backtrace::libunwind::trace::h8810477743020387
[INFO] [stdout]                                at /rustc/202008a1b8de96d2e5b6bc02d379db03a877d34d/library/std/src/../../backtrace/src/backtrace/libunwind.rs:116:5
[INFO] [stdout]    1:     0x5719c4e76b9a - std::backtrace_rs::backtrace::trace_unsynchronized::h3aa55355dd6c54a6
[INFO] [stdout]                                at /rustc/202008a1b8de96d2e5b6bc02d379db03a877d34d/library/std/src/../../backtrace/src/backtrace/mod.rs:66:5
[INFO] [stdout]    2:     0x5719c4e76b9a - std::sys::backtrace::_print_fmt::h8588b0f62410823f
[INFO] [stdout]                                at /rustc/202008a1b8de96d2e5b6bc02d379db03a877d34d/library/std/src/sys/backtrace.rs:66:9
[INFO] [stdout]    3:     0x5719c4e76b9a - <std::sys::backtrace::BacktraceLock::print::DisplayBacktrace as core::fmt::Display>::fmt::h98c26ac25ffe89bb
[INFO] [stdout]                                at /rustc/202008a1b8de96d2e5b6bc02d379db03a877d34d/library/std/src/sys/backtrace.rs:39:26
[INFO] [stdout]    4:     0x5719c4e9f593 - core::fmt::rt::Argument::fmt::hf95377f4aebd453b
[INFO] [stdout]                                at /rustc/202008a1b8de96d2e5b6bc02d379db03a877d34d/library/core/src/fmt/rt.rs:177:76
[INFO] [stdout]    5:     0x5719c4e9f593 - core::fmt::write::h0dd5f6e2238c7982
[INFO] [stdout]                                at /rustc/202008a1b8de96d2e5b6bc02d379db03a877d34d/library/core/src/fmt/mod.rs:1189:21
[INFO] [stdout]    6:     0x5719c4e739b3 - std::io::Write::write_fmt::h03bb0ca26e6faf8c
[INFO] [stdout]                                at /rustc/202008a1b8de96d2e5b6bc02d379db03a877d34d/library/std/src/io/mod.rs:1884:15
[INFO] [stdout]    7:     0x5719c4e769e2 - std::sys::backtrace::BacktraceLock::print::h5c19c1c038ee186d
[INFO] [stdout]                                at /rustc/202008a1b8de96d2e5b6bc02d379db03a877d34d/library/std/src/sys/backtrace.rs:42:9
[INFO] [stdout]    8:     0x5719c4e7801d - std::panicking::default_hook::{{closure}}::h77172f079a1fcb13
[INFO] [stdout]                                at /rustc/202008a1b8de96d2e5b6bc02d379db03a877d34d/library/std/src/panicking.rs:268:22
[INFO] [stdout]    9:     0x5719c4e77e27 - std::panicking::default_hook::he5f8e3b203ccddba
[INFO] [stdout]                                at /rustc/202008a1b8de96d2e5b6bc02d379db03a877d34d/library/std/src/panicking.rs:292:9
[INFO] [stdout]   10:     0x5719c44a7c37 - <alloc::boxed::Box<F,A> as core::ops::function::Fn<Args>>::call::h7a3c7b4a1ae77f2f
[INFO] [stdout]                                at /rustc/202008a1b8de96d2e5b6bc02d379db03a877d34d/library/alloc/src/boxed.rs:1986:9
[INFO] [stdout]   11:     0x5719c44a7c37 - test::test_main::{{closure}}::hf0d3b69ae9b353d1
[INFO] [stdout]                                at /rustc/202008a1b8de96d2e5b6bc02d379db03a877d34d/library/test/src/lib.rs:134:21
[INFO] [stdout]   12:     0x5719c4e786c8 - <alloc::boxed::Box<F,A> as core::ops::function::Fn<Args>>::call::h6332e82e7b189abd
[INFO] [stdout]                                at /rustc/202008a1b8de96d2e5b6bc02d379db03a877d34d/library/alloc/src/boxed.rs:1986:9
[INFO] [stdout]   13:     0x5719c4e786c8 - std::panicking::rust_panic_with_hook::h53863d4e9018df39
[INFO] [stdout]                                at /rustc/202008a1b8de96d2e5b6bc02d379db03a877d34d/library/std/src/panicking.rs:809:13
[INFO] [stdout]   14:     0x5719c4e7848a - std::panicking::begin_panic_handler::{{closure}}::h67280e6fa0757873
[INFO] [stdout]                                at /rustc/202008a1b8de96d2e5b6bc02d379db03a877d34d/library/std/src/panicking.rs:674:13
[INFO] [stdout]   15:     0x5719c4e77079 - std::sys::backtrace::__rust_end_short_backtrace::h1dac3f54d6fbbeb2
[INFO] [stdout]                                at /rustc/202008a1b8de96d2e5b6bc02d379db03a877d34d/library/std/src/sys/backtrace.rs:170:18
[INFO] [stdout]   16:     0x5719c4e7811c - rust_begin_unwind
[INFO] [stdout]                                at /rustc/202008a1b8de96d2e5b6bc02d379db03a877d34d/library/std/src/panicking.rs:665:5
[INFO] [stdout]   17:     0x5719c42fc190 - core::panicking::panic_fmt::h6792bd1b2bf01041
[INFO] [stdout]                                at /rustc/202008a1b8de96d2e5b6bc02d379db03a877d34d/library/core/src/panicking.rs:76:14
[INFO] [stdout]   18:     0x5719c42fc676 - core::result::unwrap_failed::h05e0602ed34287c5
[INFO] [stdout]                                at /rustc/202008a1b8de96d2e5b6bc02d379db03a877d34d/library/core/src/result.rs:1699:5
[INFO] [stdout]   19:     0x5719c499655d - core::result::Result<T,E>::unwrap::h012dfb1b758c3bdc
[INFO] [stdout]                                at /rustc/202008a1b8de96d2e5b6bc02d379db03a877d34d/library/core/src/result.rs:1104:23
[INFO] [stdout]   20:     0x5719c499655d - wgpu_hal::gles::egl::EglContext::make_current::h80ed769fb26812ae
[INFO] [stdout]                                at /opt/rustwide/cargo-home/registry/src/index.crates.io-6f17d22bba15001f/wgpu-hal-0.15.1/src/gles/egl.rs:292:9
[INFO] [stdout]   21:     0x5719c499d403 - <wgpu_hal::gles::egl::Instance as wgpu_hal::Instance<wgpu_hal::gles::Api>>::enumerate_adapters::h1d17ca5610d2813e
[INFO] [stdout]                                at /opt/rustwide/cargo-home/registry/src/index.crates.io-6f17d22bba15001f/wgpu-hal-0.15.1/src/gles/egl.rs:867:9
[INFO] [stdout]   22:     0x5719c46be599 - wgpu_core::instance::<impl wgpu_core::hub::Global<G>>::request_adapter::gather::h263fad744a2cda36
[INFO] [stdout]                                at /opt/rustwide/cargo-home/registry/src/index.crates.io-6f17d22bba15001f/wgpu-core-0.15.0/src/instance.rs:733:49
[INFO] [stdout]   23:     0x5719c47d2ae4 - wgpu_core::instance::<impl wgpu_core::hub::Global<G>>::request_adapter::h6d62df6e7a10ec8c
[INFO] [stdout]                                at /opt/rustwide/cargo-home/registry/src/index.crates.io-6f17d22bba15001f/wgpu-core-0.15.0/src/instance.rs:805:36
[INFO] [stdout]   24:     0x5719c46ca419 - <wgpu::backend::direct::Context as wgpu::context::Context>::instance_request_adapter::h78f67d833987446e
[INFO] [stdout]                                at /opt/rustwide/cargo-home/registry/src/index.crates.io-6f17d22bba15001f/wgpu-0.15.0/src/backend/direct.rs:576:18
[INFO] [stdout]   25:     0x5719c46e50b7 - <T as wgpu::context::DynContext>::instance_request_adapter::h9984d3c42b3cae31
[INFO] [stdout]                                at /opt/rustwide/cargo-home/registry/src/index.crates.io-6f17d22bba15001f/wgpu-0.15.0/src/context.rs:1932:47
[INFO] [stdout]   26:     0x5719c45f7c52 - wgpu::Instance::request_adapter::h7e7f7be048b86ce8
[INFO] [stdout]                                at /opt/rustwide/cargo-home/registry/src/index.crates.io-6f17d22bba15001f/wgpu-0.15.0/src/lib.rs:1424:23
[INFO] [stdout]   27:     0x5719c4328337 - player::texture_update_by_coords::tests::TestHelpers::get_device_async::{{closure}}::hb59fd061ab1482a5
[INFO] [stdout]                                at /opt/rustwide/workdir/player/src/texture_update_by_coords.rs:646:27
[INFO] [stdout]   28:     0x5719c4322547 - pollster::block_on::h46b4bc5778e1927b
[INFO] [stdout]                                at /opt/rustwide/cargo-home/registry/src/index.crates.io-6f17d22bba15001f/pollster-0.2.5/src/lib.rs:125:15
[INFO] [stdout]   29:     0x5719c43281d8 - player::texture_update_by_coords::tests::TestHelpers::get_device::h906082e45093689e
[INFO] [stdout]                                at /opt/rustwide/workdir/player/src/texture_update_by_coords.rs:641:13
[INFO] [stdout]   30:     0x5719c4326e97 - player::texture_update_by_coords::tests::TestHelpers::render_to_buffer::hf10d36d0205bf0c2
[INFO] [stdout]                                at /opt/rustwide/workdir/player/src/texture_update_by_coords.rs:533:35
[INFO] [stdout]   31:     0x5719c432a44e - player::texture_update_by_coords::tests::single_pixel::h2f0e8b0349af15eb
[INFO] [stdout]                                at /opt/rustwide/workdir/player/src/texture_update_by_coords.rs:856:22
[INFO] [stdout]   32:     0x5719c432a0f7 - player::texture_update_by_coords::tests::single_pixel::{{closure}}::h9b21bd2d59fc84dc
[INFO] [stdout]                                at /opt/rustwide/workdir/player/src/texture_update_by_coords.rs:828:22
[INFO] [stdout]   33:     0x5719c43154d6 - core::ops::function::FnOnce::call_once::hefb33bdf13b62d5c
[INFO] [stdout]                                at /rustc/202008a1b8de96d2e5b6bc02d379db03a877d34d/library/core/src/ops/function.rs:250:5
[INFO] [stdout]   34:     0x5719c44ac75b - core::ops::function::FnOnce::call_once::h871bf86719ec9aa4
[INFO] [stdout]                                at /rustc/202008a1b8de96d2e5b6bc02d379db03a877d34d/library/core/src/ops/function.rs:250:5
[INFO] [stdout]   35:     0x5719c44ac75b - test::__rust_begin_short_backtrace::h2167df1e2b7d76fd
[INFO] [stdout]                                at /rustc/202008a1b8de96d2e5b6bc02d379db03a877d34d/library/test/src/lib.rs:632:18
[INFO] [stdout]   36:     0x5719c44ac148 - test::run_test_in_process::{{closure}}::h15d92f75a3adfb79
[INFO] [stdout]                                at /rustc/202008a1b8de96d2e5b6bc02d379db03a877d34d/library/test/src/lib.rs:655:60
[INFO] [stdout]   37:     0x5719c44ac148 - <core::panic::unwind_safe::AssertUnwindSafe<F> as core::ops::function::FnOnce<()>>::call_once::hb6c8955835a8dbbb
[INFO] [stdout]                                at /rustc/202008a1b8de96d2e5b6bc02d379db03a877d34d/library/core/src/panic/unwind_safe.rs:272:9
[INFO] [stdout]   38:     0x5719c44ac148 - std::panicking::try::do_call::hc79d0fc888a0bd30
[INFO] [stdout]                                at /rustc/202008a1b8de96d2e5b6bc02d379db03a877d34d/library/std/src/panicking.rs:557:40
[INFO] [stdout]   39:     0x5719c44ac148 - std::panicking::try::hb8a7878e3a8589d6
[INFO] [stdout]                                at /rustc/202008a1b8de96d2e5b6bc02d379db03a877d34d/library/std/src/panicking.rs:520:19
[INFO] [stdout]   40:     0x5719c44ac148 - std::panic::catch_unwind::hb8e4600ff0ff5cfa
[INFO] [stdout]                                at /rustc/202008a1b8de96d2e5b6bc02d379db03a877d34d/library/std/src/panic.rs:358:14
[INFO] [stdout]   41:     0x5719c44ac148 - test::run_test_in_process::hc2900b0b18688dd6
[INFO] [stdout]                                at /rustc/202008a1b8de96d2e5b6bc02d379db03a877d34d/library/test/src/lib.rs:655:27
[INFO] [stdout]   42:     0x5719c44ac148 - test::run_test::{{closure}}::hac2a9cb07be3d48d
[INFO] [stdout]                                at /rustc/202008a1b8de96d2e5b6bc02d379db03a877d34d/library/test/src/lib.rs:576:43
[INFO] [stdout]   43:     0x5719c446fbea - test::run_test::{{closure}}::h4a5b729e66a38cd8
[INFO] [stdout]                                at /rustc/202008a1b8de96d2e5b6bc02d379db03a877d34d/library/test/src/lib.rs:606:41
[INFO] [stdout]   44:     0x5719c446fbea - std::sys::backtrace::__rust_begin_short_backtrace::h0496fb742492f573
[INFO] [stdout]                                at /rustc/202008a1b8de96d2e5b6bc02d379db03a877d34d/library/std/src/sys/backtrace.rs:154:18
[INFO] [stdout]   45:     0x5719c4473564 - std::thread::Builder::spawn_unchecked_::{{closure}}::{{closure}}::hbb6d257c550a54bd
[INFO] [stdout]                                at /rustc/202008a1b8de96d2e5b6bc02d379db03a877d34d/library/std/src/thread/mod.rs:561:17
[INFO] [stdout]   46:     0x5719c4473564 - <core::panic::unwind_safe::AssertUnwindSafe<F> as core::ops::function::FnOnce<()>>::call_once::h46696fe4a6832328
[INFO] [stdout]                                at /rustc/202008a1b8de96d2e5b6bc02d379db03a877d34d/library/core/src/panic/unwind_safe.rs:272:9
[INFO] [stdout]   47:     0x5719c4473564 - std::panicking::try::do_call::h2625a51b667bfb64
[INFO] [stdout]                                at /rustc/202008a1b8de96d2e5b6bc02d379db03a877d34d/library/std/src/panicking.rs:557:40
[INFO] [stdout]   48:     0x5719c4473564 - std::panicking::try::hb956a59a1973aa4c
[INFO] [stdout]                                at /rustc/202008a1b8de96d2e5b6bc02d379db03a877d34d/library/std/src/panicking.rs:520:19
[INFO] [stdout]   49:     0x5719c4473564 - std::panic::catch_unwind::h64f3b9d1067ef6a0
[INFO] [stdout]                                at /rustc/202008a1b8de96d2e5b6bc02d379db03a877d34d/library/std/src/panic.rs:358:14
[INFO] [stdout]   50:     0x5719c4473564 - std::thread::Builder::spawn_unchecked_::{{closure}}::h42b2841295b6c0b2
[INFO] [stdout]                                at /rustc/202008a1b8de96d2e5b6bc02d379db03a877d34d/library/std/src/thread/mod.rs:559:30
[INFO] [stdout]   51:     0x5719c4473564 - core::ops::function::FnOnce::call_once{{vtable.shim}}::h6127de71b8124639
[INFO] [stdout]                                at /rustc/202008a1b8de96d2e5b6bc02d379db03a877d34d/library/core/src/ops/function.rs:250:5
[INFO] [stdout]   52:     0x5719c4e7c61b - <alloc::boxed::Box<F,A> as core::ops::function::FnOnce<Args>>::call_once::h42f0ba71002a1b2c
[INFO] [stdout]                                at /rustc/202008a1b8de96d2e5b6bc02d379db03a877d34d/library/alloc/src/boxed.rs:1972:9
[INFO] [stdout]   53:     0x5719c4e7c61b - <alloc::boxed::Box<F,A> as core::ops::function::FnOnce<Args>>::call_once::had9e47d7a3dcecb8
[INFO] [stdout]                                at /rustc/202008a1b8de96d2e5b6bc02d379db03a877d34d/library/alloc/src/boxed.rs:1972:9
[INFO] [stdout]   54:     0x5719c4e7c61b - std::sys::pal::unix::thread::Thread::new::thread_start::h48cf765408f6f5f2
[INFO] [stdout]                                at /rustc/202008a1b8de96d2e5b6bc02d379db03a877d34d/library/std/src/sys/pal/unix/thread.rs:105:17
[INFO] [stdout]   55:     0x7d0f3ff45ac3 - <unknown>
[INFO] [stdout]   56:     0x7d0f3ffd6a04 - clone
[INFO] [stdout]   57:                0x0 - <unknown>
[INFO] [stdout] 
[INFO] [stdout] ---- texture_update_by_coords::tests::up_to_ms_with_holes stdout ----
[INFO] [stdout] thread 'texture_update_by_coords::tests::up_to_ms_with_holes' panicked at /opt/rustwide/cargo-home/registry/src/index.crates.io-6f17d22bba15001f/wgpu-hal-0.15.1/src/gles/egl.rs:294:14:
[INFO] [stdout] called `Result::unwrap()` on an `Err` value: BadDisplay
[INFO] [stdout] stack backtrace:
[INFO] [stdout]    0:     0x5719c4e76b9a - std::backtrace_rs::backtrace::libunwind::trace::h8810477743020387
[INFO] [stdout]                                at /rustc/202008a1b8de96d2e5b6bc02d379db03a877d34d/library/std/src/../../backtrace/src/backtrace/libunwind.rs:116:5
[INFO] [stdout]    1:     0x5719c4e76b9a - std::backtrace_rs::backtrace::trace_unsynchronized::h3aa55355dd6c54a6
[INFO] [stdout]                                at /rustc/202008a1b8de96d2e5b6bc02d379db03a877d34d/library/std/src/../../backtrace/src/backtrace/mod.rs:66:5
[INFO] [stdout]    2:     0x5719c4e76b9a - std::sys::backtrace::_print_fmt::h8588b0f62410823f
[INFO] [stdout]                                at /rustc/202008a1b8de96d2e5b6bc02d379db03a877d34d/library/std/src/sys/backtrace.rs:66:9
[INFO] [stdout]    3:     0x5719c4e76b9a - <std::sys::backtrace::BacktraceLock::print::DisplayBacktrace as core::fmt::Display>::fmt::h98c26ac25ffe89bb
[INFO] [stdout]                                at /rustc/202008a1b8de96d2e5b6bc02d379db03a877d34d/library/std/src/sys/backtrace.rs:39:26
[INFO] [stdout]    4:     0x5719c4e9f593 - core::fmt::rt::Argument::fmt::hf95377f4aebd453b
[INFO] [stdout]                                at /rustc/202008a1b8de96d2e5b6bc02d379db03a877d34d/library/core/src/fmt/rt.rs:177:76
[INFO] [stdout]    5:     0x5719c4e9f593 - core::fmt::write::h0dd5f6e2238c7982
[INFO] [stdout]                                at /rustc/202008a1b8de96d2e5b6bc02d379db03a877d34d/library/core/src/fmt/mod.rs:1189:21
[INFO] [stdout]    6:     0x5719c4e739b3 - std::io::Write::write_fmt::h03bb0ca26e6faf8c
[INFO] [stdout]                                at /rustc/202008a1b8de96d2e5b6bc02d379db03a877d34d/library/std/src/io/mod.rs:1884:15
[INFO] [stdout]    7:     0x5719c4e769e2 - std::sys::backtrace::BacktraceLock::print::h5c19c1c038ee186d
[INFO] [stdout]                                at /rustc/202008a1b8de96d2e5b6bc02d379db03a877d34d/library/std/src/sys/backtrace.rs:42:9
[INFO] [stdout]    8:     0x5719c4e7801d - std::panicking::default_hook::{{closure}}::h77172f079a1fcb13
[INFO] [stdout]                                at /rustc/202008a1b8de96d2e5b6bc02d379db03a877d34d/library/std/src/panicking.rs:268:22
[INFO] [stdout]    9:     0x5719c4e77e27 - std::panicking::default_hook::he5f8e3b203ccddba
[INFO] [stdout]                                at /rustc/202008a1b8de96d2e5b6bc02d379db03a877d34d/library/std/src/panicking.rs:292:9
[INFO] [stdout]   10:     0x5719c44a7c37 - <alloc::boxed::Box<F,A> as core::ops::function::Fn<Args>>::call::h7a3c7b4a1ae77f2f
[INFO] [stdout]                                at /rustc/202008a1b8de96d2e5b6bc02d379db03a877d34d/library/alloc/src/boxed.rs:1986:9
[INFO] [stdout]   11:     0x5719c44a7c37 - test::test_main::{{closure}}::hf0d3b69ae9b353d1
[INFO] [stdout]                                at /rustc/202008a1b8de96d2e5b6bc02d379db03a877d34d/library/test/src/lib.rs:134:21
[INFO] [stdout]   12:     0x5719c4e786c8 - <alloc::boxed::Box<F,A> as core::ops::function::Fn<Args>>::call::h6332e82e7b189abd
[INFO] [stdout]                                at /rustc/202008a1b8de96d2e5b6bc02d379db03a877d34d/library/alloc/src/boxed.rs:1986:9
[INFO] [stdout]   13:     0x5719c4e786c8 - std::panicking::rust_panic_with_hook::h53863d4e9018df39
[INFO] [stdout]                                at /rustc/202008a1b8de96d2e5b6bc02d379db03a877d34d/library/std/src/panicking.rs:809:13
[INFO] [stdout]   14:     0x5719c4e7848a - std::panicking::begin_panic_handler::{{closure}}::h67280e6fa0757873
[INFO] [stdout]                                at /rustc/202008a1b8de96d2e5b6bc02d379db03a877d34d/library/std/src/panicking.rs:674:13
[INFO] [stdout]   15:     0x5719c4e77079 - std::sys::backtrace::__rust_end_short_backtrace::h1dac3f54d6fbbeb2
[INFO] [stdout]                                at /rustc/202008a1b8de96d2e5b6bc02d379db03a877d34d/library/std/src/sys/backtrace.rs:170:18
[INFO] [stdout]   16:     0x5719c4e7811c - rust_begin_unwind
[INFO] [stdout]                                at /rustc/202008a1b8de96d2e5b6bc02d379db03a877d34d/library/std/src/panicking.rs:665:5
[INFO] [stdout]   17:     0x5719c42fc190 - core::panicking::panic_fmt::h6792bd1b2bf01041
[INFO] [stdout]                                at /rustc/202008a1b8de96d2e5b6bc02d379db03a877d34d/library/core/src/panicking.rs:76:14
[INFO] [stdout]   18:     0x5719c42fc676 - core::result::unwrap_failed::h05e0602ed34287c5
[INFO] [stdout]                                at /rustc/202008a1b8de96d2e5b6bc02d379db03a877d34d/library/core/src/result.rs:1699:5
[INFO] [stdout]   19:     0x5719c499655d - core::result::Result<T,E>::unwrap::h012dfb1b758c3bdc
[INFO] [stdout]                                at /rustc/202008a1b8de96d2e5b6bc02d379db03a877d34d/library/core/src/result.rs:1104:23
[INFO] [stdout]   20:     0x5719c499655d - wgpu_hal::gles::egl::EglContext::make_current::h80ed769fb26812ae
[INFO] [stdout]                                at /opt/rustwide/cargo-home/registry/src/index.crates.io-6f17d22bba15001f/wgpu-hal-0.15.1/src/gles/egl.rs:292:9
[INFO] [stdout]   21:     0x5719c499d403 - <wgpu_hal::gles::egl::Instance as wgpu_hal::Instance<wgpu_hal::gles::Api>>::enumerate_adapters::h1d17ca5610d2813e
[INFO] [stdout]                                at /opt/rustwide/cargo-home/registry/src/index.crates.io-6f17d22bba15001f/wgpu-hal-0.15.1/src/gles/egl.rs:867:9
[INFO] [stdout]   22:     0x5719c46be599 - wgpu_core::instance::<impl wgpu_core::hub::Global<G>>::request_adapter::gather::h263fad744a2cda36
[INFO] [stdout]                                at /opt/rustwide/cargo-home/registry/src/index.crates.io-6f17d22bba15001f/wgpu-core-0.15.0/src/instance.rs:733:49
[INFO] [stdout]   23:     0x5719c47d2ae4 - wgpu_core::instance::<impl wgpu_core::hub::Global<G>>::request_adapter::h6d62df6e7a10ec8c
[INFO] [stdout]                                at /opt/rustwide/cargo-home/registry/src/index.crates.io-6f17d22bba15001f/wgpu-core-0.15.0/src/instance.rs:805:36
[INFO] [stdout]   24:     0x5719c46ca419 - <wgpu::backend::direct::Context as wgpu::context::Context>::instance_request_adapter::h78f67d833987446e
[INFO] [stdout]                                at /opt/rustwide/cargo-home/registry/src/index.crates.io-6f17d22bba15001f/wgpu-0.15.0/src/backend/direct.rs:576:18
[INFO] [stdout]   25:     0x5719c46e50b7 - <T as wgpu::context::DynContext>::instance_request_adapter::h9984d3c42b3cae31
[INFO] [stdout]                                at /opt/rustwide/cargo-home/registry/src/index.crates.io-6f17d22bba15001f/wgpu-0.15.0/src/context.rs:1932:47
[INFO] [stdout]   26:     0x5719c45f7c52 - wgpu::Instance::request_adapter::h7e7f7be048b86ce8
[INFO] [stdout]                                at /opt/rustwide/cargo-home/registry/src/index.crates.io-6f17d22bba15001f/wgpu-0.15.0/src/lib.rs:1424:23
[INFO] [stdout]   27:     0x5719c4328337 - player::texture_update_by_coords::tests::TestHelpers::get_device_async::{{closure}}::hb59fd061ab1482a5
[INFO] [stdout]                                at /opt/rustwide/workdir/player/src/texture_update_by_coords.rs:646:27
[INFO] [stdout]   28:     0x5719c4322547 - pollster::block_on::h46b4bc5778e1927b
[INFO] [stdout]                                at /opt/rustwide/cargo-home/registry/src/index.crates.io-6f17d22bba15001f/pollster-0.2.5/src/lib.rs:125:15
[INFO] [stdout]   29:     0x5719c43281d8 - player::texture_update_by_coords::tests::TestHelpers::get_device::h906082e45093689e
[INFO] [stdout]                                at /opt/rustwide/workdir/player/src/texture_update_by_coords.rs:641:13
[INFO] [stdout]   30:     0x5719c432f5c0 - player::texture_update_by_coords::tests::up_to_ms_with_holes::h90a6c9bc462b345d
[INFO] [stdout]                                at /opt/rustwide/workdir/player/src/texture_update_by_coords.rs:1364:31
[INFO] [stdout]   31:     0x5719c432f207 - player::texture_update_by_coords::tests::up_to_ms_with_holes::{{closure}}::h62080fe0b1ee84e0
[INFO] [stdout]                                at /opt/rustwide/workdir/player/src/texture_update_by_coords.rs:1329:29
[INFO] [stdout]   32:     0x5719c4315226 - core::ops::function::FnOnce::call_once::h3ee1f869beacf41c
[INFO] [stdout]                                at /rustc/202008a1b8de96d2e5b6bc02d379db03a877d34d/library/core/src/ops/function.rs:250:5
[INFO] [stdout]   33:     0x5719c44ac75b - core::ops::function::FnOnce::call_once::h871bf86719ec9aa4
[INFO] [stdout]                                at /rustc/202008a1b8de96d2e5b6bc02d379db03a877d34d/library/core/src/ops/function.rs:250:5
[INFO] [stdout]   34:     0x5719c44ac75b - test::__rust_begin_short_backtrace::h2167df1e2b7d76fd
[INFO] [stdout]                                at /rustc/202008a1b8de96d2e5b6bc02d379db03a877d34d/library/test/src/lib.rs:632:18
[INFO] [stdout]   35:     0x5719c44ac148 - test::run_test_in_process::{{closure}}::h15d92f75a3adfb79
[INFO] [stdout]                                at /rustc/202008a1b8de96d2e5b6bc02d379db03a877d34d/library/test/src/lib.rs:655:60
[INFO] [stdout]   36:     0x5719c44ac148 - <core::panic::unwind_safe::AssertUnwindSafe<F> as core::ops::function::FnOnce<()>>::call_once::hb6c8955835a8dbbb
[INFO] [stdout]                                at /rustc/202008a1b8de96d2e5b6bc02d379db03a877d34d/library/core/src/panic/unwind_safe.rs:272:9
[INFO] [stdout]   37:     0x5719c44ac148 - std::panicking::try::do_call::hc79d0fc888a0bd30
[INFO] [stdout]                                at /rustc/202008a1b8de96d2e5b6bc02d379db03a877d34d/library/std/src/panicking.rs:557:40
[INFO] [stdout]   38:     0x5719c44ac148 - std::panicking::try::hb8a7878e3a8589d6
[INFO] [stdout]                                at /rustc/202008a1b8de96d2e5b6bc02d379db03a877d34d/library/std/src/panicking.rs:520:19
[INFO] [stdout]   39:     0x5719c44ac148 - std::panic::catch_unwind::hb8e4600ff0ff5cfa
[INFO] [stdout]                                at /rustc/202008a1b8de96d2e5b6bc02d379db03a877d34d/library/std/src/panic.rs:358:14
[INFO] [stdout]   40:     0x5719c44ac148 - test::run_test_in_process::hc2900b0b18688dd6
[INFO] [stdout]                                at /rustc/202008a1b8de96d2e5b6bc02d379db03a877d34d/library/test/src/lib.rs:655:27
[INFO] [stdout]   41:     0x5719c44ac148 - test::run_test::{{closure}}::hac2a9cb07be3d48d
[INFO] [stdout]                                at /rustc/202008a1b8de96d2e5b6bc02d379db03a877d34d/library/test/src/lib.rs:576:43
[INFO] [stdout]   42:     0x5719c446fbea - test::run_test::{{closure}}::h4a5b729e66a38cd8
[INFO] [stdout]                                at /rustc/202008a1b8de96d2e5b6bc02d379db03a877d34d/library/test/src/lib.rs:606:41
[INFO] [stdout]   43:     0x5719c446fbea - std::sys::backtrace::__rust_begin_short_backtrace::h0496fb742492f573
[INFO] [stdout]                                at /rustc/202008a1b8de96d2e5b6bc02d379db03a877d34d/library/std/src/sys/backtrace.rs:154:18
[INFO] [stdout]   44:     0x5719c4473564 - std::thread::Builder::spawn_unchecked_::{{closure}}::{{closure}}::hbb6d257c550a54bd
[INFO] [stdout]                                at /rustc/202008a1b8de96d2e5b6bc02d379db03a877d34d/library/std/src/thread/mod.rs:561:17
[INFO] [stdout]   45:     0x5719c4473564 - <core::panic::unwind_safe::AssertUnwindSafe<F> as core::ops::function::FnOnce<()>>::call_once::h46696fe4a6832328
[INFO] [stdout]                                at /rustc/202008a1b8de96d2e5b6bc02d379db03a877d34d/library/core/src/panic/unwind_safe.rs:272:9
[INFO] [stdout]   46:     0x5719c4473564 - std::panicking::try::do_call::h2625a51b667bfb64
[INFO] [stdout]                                at /rustc/202008a1b8de96d2e5b6bc02d379db03a877d34d/library/std/src/panicking.rs:557:40
[INFO] [stdout]   47:     0x5719c4473564 - std::panicking::try::hb956a59a1973aa4c
[INFO] [stdout]                                at /rustc/202008a1b8de96d2e5b6bc02d379db03a877d34d/library/std/src/panicking.rs:520:19
[INFO] [stdout]   48:     0x5719c4473564 - std::panic::catch_unwind::h64f3b9d1067ef6a0
[INFO] [stdout]                                at /rustc/202008a1b8de96d2e5b6bc02d379db03a877d34d/library/std/src/panic.rs:358:14
[INFO] [stdout]   49:     0x5719c4473564 - std::thread::Builder::spawn_unchecked_::{{closure}}::h42b2841295b6c0b2
[INFO] [stdout]                                at /rustc/202008a1b8de96d2e5b6bc02d379db03a877d34d/library/std/src/thread/mod.rs:559:30
[INFO] [stdout]   50:     0x5719c4473564 - core::ops::function::FnOnce::call_once{{vtable.shim}}::h6127de71b8124639
[INFO] [stdout]                                at /rustc/202008a1b8de96d2e5b6bc02d379db03a877d34d/library/core/src/ops/function.rs:250:5
[INFO] [stdout]   51:     0x5719c4e7c61b - <alloc::boxed::Box<F,A> as core::ops::function::FnOnce<Args>>::call_once::h42f0ba71002a1b2c
[INFO] [stdout]                                at /rustc/202008a1b8de96d2e5b6bc02d379db03a877d34d/library/alloc/src/boxed.rs:1972:9
[INFO] [stdout]   52:     0x5719c4e7c61b - <alloc::boxed::Box<F,A> as core::ops::function::FnOnce<Args>>::call_once::had9e47d7a3dcecb8
[INFO] [stdout]                                at /rustc/202008a1b8de96d2e5b6bc02d379db03a877d34d/library/alloc/src/boxed.rs:1972:9
[INFO] [stdout]   53:     0x5719c4e7c61b - std::sys::pal::unix::thread::Thread::new::thread_start::h48cf765408f6f5f2
[INFO] [stdout]                                at /rustc/202008a1b8de96d2e5b6bc02d379db03a877d34d/library/std/src/sys/pal/unix/thread.rs:105:17
[INFO] [stdout]   54:     0x7d0f3ff45ac3 - <unknown>
[INFO] [stdout]   55:     0x7d0f3ffd6a04 - clone
[INFO] [stdout]   56:                0x0 - <unknown>
[INFO] [stdout] 
[INFO] [stdout] ---- texture_update_by_coords::tests::up_to_ms stdout ----
[INFO] [stdout] thread 'texture_update_by_coords::tests::up_to_ms' panicked at /opt/rustwide/cargo-home/registry/src/index.crates.io-6f17d22bba15001f/wgpu-hal-0.15.1/src/gles/egl.rs:294:14:
[INFO] [stdout] called `Result::unwrap()` on an `Err` value: BadDisplay
[INFO] [stdout] stack backtrace:
[INFO] [stdout]    0:     0x5719c4e76b9a - std::backtrace_rs::backtrace::libunwind::trace::h8810477743020387
[INFO] [stdout]                                at /rustc/202008a1b8de96d2e5b6bc02d379db03a877d34d/library/std/src/../../backtrace/src/backtrace/libunwind.rs:116:5
[INFO] [stdout]    1:     0x5719c4e76b9a - std::backtrace_rs::backtrace::trace_unsynchronized::h3aa55355dd6c54a6
[INFO] [stdout]                                at /rustc/202008a1b8de96d2e5b6bc02d379db03a877d34d/library/std/src/../../backtrace/src/backtrace/mod.rs:66:5
[INFO] [stdout]    2:     0x5719c4e76b9a - std::sys::backtrace::_print_fmt::h8588b0f62410823f
[INFO] [stdout]                                at /rustc/202008a1b8de96d2e5b6bc02d379db03a877d34d/library/std/src/sys/backtrace.rs:66:9
[INFO] [stdout]    3:     0x5719c4e76b9a - <std::sys::backtrace::BacktraceLock::print::DisplayBacktrace as core::fmt::Display>::fmt::h98c26ac25ffe89bb
[INFO] [stdout]                                at /rustc/202008a1b8de96d2e5b6bc02d379db03a877d34d/library/std/src/sys/backtrace.rs:39:26
[INFO] [stdout]    4:     0x5719c4e9f593 - core::fmt::rt::Argument::fmt::hf95377f4aebd453b
[INFO] [stdout]                                at /rustc/202008a1b8de96d2e5b6bc02d379db03a877d34d/library/core/src/fmt/rt.rs:177:76
[INFO] [stdout]    5:     0x5719c4e9f593 - core::fmt::write::h0dd5f6e2238c7982
[INFO] [stdout]                                at /rustc/202008a1b8de96d2e5b6bc02d379db03a877d34d/library/core/src/fmt/mod.rs:1189:21
[INFO] [stdout]    6:     0x5719c4e739b3 - std::io::Write::write_fmt::h03bb0ca26e6faf8c
[INFO] [stdout]                                at /rustc/202008a1b8de96d2e5b6bc02d379db03a877d34d/library/std/src/io/mod.rs:1884:15
[INFO] [stdout]    7:     0x5719c4e769e2 - std::sys::backtrace::BacktraceLock::print::h5c19c1c038ee186d
[INFO] [stdout]                                at /rustc/202008a1b8de96d2e5b6bc02d379db03a877d34d/library/std/src/sys/backtrace.rs:42:9
[INFO] [stdout]    8:     0x5719c4e7801d - std::panicking::default_hook::{{closure}}::h77172f079a1fcb13
[INFO] [stdout]                                at /rustc/202008a1b8de96d2e5b6bc02d379db03a877d34d/library/std/src/panicking.rs:268:22
[INFO] [stdout]    9:     0x5719c4e77e27 - std::panicking::default_hook::he5f8e3b203ccddba
[INFO] [stdout]                                at /rustc/202008a1b8de96d2e5b6bc02d379db03a877d34d/library/std/src/panicking.rs:292:9
[INFO] [stdout]   10:     0x5719c44a7c37 - <alloc::boxed::Box<F,A> as core::ops::function::Fn<Args>>::call::h7a3c7b4a1ae77f2f
[INFO] [stdout]                                at /rustc/202008a1b8de96d2e5b6bc02d379db03a877d34d/library/alloc/src/boxed.rs:1986:9
[INFO] [stdout]   11:     0x5719c44a7c37 - test::test_main::{{closure}}::hf0d3b69ae9b353d1
[INFO] [stdout]                                at /rustc/202008a1b8de96d2e5b6bc02d379db03a877d34d/library/test/src/lib.rs:134:21
[INFO] [stdout]   12:     0x5719c4e786c8 - <alloc::boxed::Box<F,A> as core::ops::function::Fn<Args>>::call::h6332e82e7b189abd
[INFO] [stdout]                                at /rustc/202008a1b8de96d2e5b6bc02d379db03a877d34d/library/alloc/src/boxed.rs:1986:9
[INFO] [stdout]   13:     0x5719c4e786c8 - std::panicking::rust_panic_with_hook::h53863d4e9018df39
[INFO] [stdout]                                at /rustc/202008a1b8de96d2e5b6bc02d379db03a877d34d/library/std/src/panicking.rs:809:13
[INFO] [stdout]   14:     0x5719c4e7848a - std::panicking::begin_panic_handler::{{closure}}::h67280e6fa0757873
[INFO] [stdout]                                at /rustc/202008a1b8de96d2e5b6bc02d379db03a877d34d/library/std/src/panicking.rs:674:13
[INFO] [stdout]   15:     0x5719c4e77079 - std::sys::backtrace::__rust_end_short_backtrace::h1dac3f54d6fbbeb2
[INFO] [stdout]                                at /rustc/202008a1b8de96d2e5b6bc02d379db03a877d34d/library/std/src/sys/backtrace.rs:170:18
[INFO] [stdout]   16:     0x5719c4e7811c - rust_begin_unwind
[INFO] [stdout]                                at /rustc/202008a1b8de96d2e5b6bc02d379db03a877d34d/library/std/src/panicking.rs:665:5
[INFO] [stdout]   17:     0x5719c42fc190 - core::panicking::panic_fmt::h6792bd1b2bf01041
[INFO] [stdout]                                at /rustc/202008a1b8de96d2e5b6bc02d379db03a877d34d/library/core/src/panicking.rs:76:14
[INFO] [stdout]   18:     0x5719c42fc676 - core::result::unwrap_failed::h05e0602ed34287c5
[INFO] [stdout]                                at /rustc/202008a1b8de96d2e5b6bc02d379db03a877d34d/library/core/src/result.rs:1699:5
[INFO] [stdout]   19:     0x5719c499655d - core::result::Result<T,E>::unwrap::h012dfb1b758c3bdc
[INFO] [stdout]                                at /rustc/202008a1b8de96d2e5b6bc02d379db03a877d34d/library/core/src/result.rs:1104:23
[INFO] [stdout]   20:     0x5719c499655d - wgpu_hal::gles::egl::EglContext::make_current::h80ed769fb26812ae
[INFO] [stdout]                                at /opt/rustwide/cargo-home/registry/src/index.crates.io-6f17d22bba15001f/wgpu-hal-0.15.1/src/gles/egl.rs:292:9
[INFO] [stdout]   21:     0x5719c4996962 - wgpu_hal::gles::egl::AdapterContext::lock::{{closure}}::h21ce1ec30fd90158
[INFO] [stdout]                                at /opt/rustwide/cargo-home/registry/src/index.crates.io-6f17d22bba15001f/wgpu-hal-0.15.1/src/gles/egl.rs:406:13
[INFO] [stdout]   22:     0x5719c493feda - core::option::Option<T>::map::haced263edc19e9c5
[INFO] [stdout]                                at /rustc/202008a1b8de96d2e5b6bc02d379db03a877d34d/library/core/src/option.rs:1113:29
[INFO] [stdout]   23:     0x5719c49968f6 - wgpu_hal::gles::egl::AdapterContext::lock::hc2d2a0b212041575
[INFO] [stdout]                                at /opt/rustwide/cargo-home/registry/src/index.crates.io-6f17d22bba15001f/wgpu-hal-0.15.1/src/gles/egl.rs:405:19
[INFO] [stdout]   24:     0x5719c494d0a6 - wgpu_hal::gles::adapter::<impl wgpu_hal::gles::Adapter>::expose::h2e3ccf3ebafed0a4
[INFO] [stdout]                                at /opt/rustwide/cargo-home/registry/src/index.crates.io-6f17d22bba15001f/wgpu-hal-0.15.1/src/gles/adapter.rs:185:18
[INFO] [stdout]   25:     0x5719c499d8bf - <wgpu_hal::gles::egl::Instance as wgpu_hal::Instance<wgpu_hal::gles::Api>>::enumerate_adapters::h1d17ca5610d2813e
[INFO] [stdout]                                at /opt/rustwide/cargo-home/registry/src/index.crates.io-6f17d22bba15001f/wgpu-hal-0.15.1/src/gles/egl.rs:894:13
[INFO] [stdout]   26:     0x5719c46be599 - wgpu_core::instance::<impl wgpu_core::hub::Global<G>>::request_adapter::gather::h263fad744a2cda36
[INFO] [stdout]                                at /opt/rustwide/cargo-home/registry/src/index.crates.io-6f17d22bba15001f/wgpu-core-0.15.0/src/instance.rs:733:49
[INFO] [stdout]   27:     0x5719c47d2ae4 - wgpu_core::instance::<impl wgpu_core::hub::Global<G>>::request_adapter::h6d62df6e7a10ec8c
[INFO] [stdout]                                at /opt/rustwide/cargo-home/registry/src/index.crates.io-6f17d22bba15001f/wgpu-core-0.15.0/src/instance.rs:805:36
[INFO] [stdout]   28:     0x5719c46ca419 - <wgpu::backend::direct::Context as wgpu::context::Context>::instance_request_adapter::h78f67d833987446e
[INFO] [stdout]                                at /opt/rustwide/cargo-home/registry/src/index.crates.io-6f17d22bba15001f/wgpu-0.15.0/src/backend/direct.rs:576:18
[INFO] [stdout]   29:     0x5719c46e50b7 - <T as wgpu::context::DynContext>::instance_request_adapter::h9984d3c42b3cae31
[INFO] [stdout]                                at /opt/rustwide/cargo-home/registry/src/index.crates.io-6f17d22bba15001f/wgpu-0.15.0/src/context.rs:1932:47
[INFO] [stdout]   30:     0x5719c45f7c52 - wgpu::Instance::request_adapter::h7e7f7be048b86ce8
[INFO] [stdout]                                at /opt/rustwide/cargo-home/registry/src/index.crates.io-6f17d22bba15001f/wgpu-0.15.0/src/lib.rs:1424:23
[INFO] [stdout]   31:     0x5719c4328337 - player::texture_update_by_coords::tests::TestHelpers::get_device_async::{{closure}}::hb59fd061ab1482a5
[INFO] [stdout]                                at /opt/rustwide/workdir/player/src/texture_update_by_coords.rs:646:27
[INFO] [stdout]   32:     0x5719c4322547 - pollster::block_on::h46b4bc5778e1927b
[INFO] [stdout]                                at /opt/rustwide/cargo-home/registry/src/index.crates.io-6f17d22bba15001f/pollster-0.2.5/src/lib.rs:125:15
[INFO] [stdout]   33:     0x5719c43281d8 - player::texture_update_by_coords::tests::TestHelpers::get_device::h906082e45093689e
[INFO] [stdout]                                at /opt/rustwide/workdir/player/src/texture_update_by_coords.rs:641:13
[INFO] [stdout]   34:     0x5719c432e24a - player::texture_update_by_coords::tests::up_to_ms::h3aacfd4666c80d5a
[INFO] [stdout]                                at /opt/rustwide/workdir/player/src/texture_update_by_coords.rs:1247:31
[INFO] [stdout]   35:     0x5719c432de37 - player::texture_update_by_coords::tests::up_to_ms::{{closure}}::h8494b2b6857359a4
[INFO] [stdout]                                at /opt/rustwide/workdir/player/src/texture_update_by_coords.rs:1214:18
[INFO] [stdout]   36:     0x5719c43152a6 - core::ops::function::FnOnce::call_once::h81ba035d2b71bb57
[INFO] [stdout]                                at /rustc/202008a1b8de96d2e5b6bc02d379db03a877d34d/library/core/src/ops/function.rs:250:5
[INFO] [stdout]   37:     0x5719c44ac75b - core::ops::function::FnOnce::call_once::h871bf86719ec9aa4
[INFO] [stdout]                                at /rustc/202008a1b8de96d2e5b6bc02d379db03a877d34d/library/core/src/ops/function.rs:250:5
[INFO] [stdout]   38:     0x5719c44ac75b - test::__rust_begin_short_backtrace::h2167df1e2b7d76fd
[INFO] [stdout]                                at /rustc/202008a1b8de96d2e5b6bc02d379db03a877d34d/library/test/src/lib.rs:632:18
[INFO] [stdout]   39:     0x5719c44ac148 - test::run_test_in_process::{{closure}}::h15d92f75a3adfb79
[INFO] [stdout]                                at /rustc/202008a1b8de96d2e5b6bc02d379db03a877d34d/library/test/src/lib.rs:655:60
[INFO] [stdout]   40:     0x5719c44ac148 - <core::panic::unwind_safe::AssertUnwindSafe<F> as core::ops::function::FnOnce<()>>::call_once::hb6c8955835a8dbbb
[INFO] [stdout]                                at /rustc/202008a1b8de96d2e5b6bc02d379db03a877d34d/library/core/src/panic/unwind_safe.rs:272:9
[INFO] [stdout]   41:     0x5719c44ac148 - std::panicking::try::do_call::hc79d0fc888a0bd30
[INFO] [stdout]                                at /rustc/202008a1b8de96d2e5b6bc02d379db03a877d34d/library/std/src/panicking.rs:557:40
[INFO] [stdout]   42:     0x5719c44ac148 - std::panicking::try::hb8a7878e3a8589d6
[INFO] [stdout]                                at /rustc/202008a1b8de96d2e5b6bc02d379db03a877d34d/library/std/src/panicking.rs:520:19
[INFO] [stdout]   43:     0x5719c44ac148 - std::panic::catch_unwind::hb8e4600ff0ff5cfa
[INFO] [stdout]                                at /rustc/202008a1b8de96d2e5b6bc02d379db03a877d34d/library/std/src/panic.rs:358:14
[INFO] [stdout]   44:     0x5719c44ac148 - test::run_test_in_process::hc2900b0b18688dd6
[INFO] [stdout]                                at /rustc/202008a1b8de96d2e5b6bc02d379db03a877d34d/library/test/src/lib.rs:655:27
[INFO] [stdout]   45:     0x5719c44ac148 - test::run_test::{{closure}}::hac2a9cb07be3d48d
[INFO] [stdout]                                at /rustc/202008a1b8de96d2e5b6bc02d379db03a877d34d/library/test/src/lib.rs:576:43
[INFO] [stdout]   46:     0x5719c446fbea - test::run_test::{{closure}}::h4a5b729e66a38cd8
[INFO] [stdout]                                at /rustc/202008a1b8de96d2e5b6bc02d379db03a877d34d/library/test/src/lib.rs:606:41
[INFO] [stdout]   47:     0x5719c446fbea - std::sys::backtrace::__rust_begin_short_backtrace::h0496fb742492f573
[INFO] [stdout]                                at /rustc/202008a1b8de96d2e5b6bc02d379db03a877d34d/library/std/src/sys/backtrace.rs:154:18
[INFO] [stdout]   48:     0x5719c4473564 - std::thread::Builder::spawn_unchecked_::{{closure}}::{{closure}}::hbb6d257c550a54bd
[INFO] [stdout]                                at /rustc/202008a1b8de96d2e5b6bc02d379db03a877d34d/library/std/src/thread/mod.rs:561:17
[INFO] [stdout]   49:     0x5719c4473564 - <core::panic::unwind_safe::AssertUnwindSafe<F> as core::ops::function::FnOnce<()>>::call_once::h46696fe4a6832328
[INFO] [stdout]                                at /rustc/202008a1b8de96d2e5b6bc02d379db03a877d34d/library/core/src/panic/unwind_safe.rs:272:9
[INFO] [stdout]   50:     0x5719c4473564 - std::panicking::try::do_call::h2625a51b667bfb64
[INFO] [stdout]                                at /rustc/202008a1b8de96d2e5b6bc02d379db03a877d34d/library/std/src/panicking.rs:557:40
[INFO] [stdout]   51:     0x5719c4473564 - std::panicking::try::hb956a59a1973aa4c
[INFO] [stdout]                                at /rustc/202008a1b8de96d2e5b6bc02d379db03a877d34d/library/std/src/panicking.rs:520:19
[INFO] [stdout]   52:     0x5719c4473564 - std::panic::catch_unwind::h64f3b9d1067ef6a0
[INFO] [stdout]                                at /rustc/202008a1b8de96d2e5b6bc02d379db03a877d34d/library/std/src/panic.rs:358:14
[INFO] [stdout]   53:     0x5719c4473564 - std::thread::Builder::spawn_unchecked_::{{closure}}::h42b2841295b6c0b2
[INFO] [stdout]                                at /rustc/202008a1b8de96d2e5b6bc02d379db03a877d34d/library/std/src/thread/mod.rs:559:30
[INFO] [stdout]   54:     0x5719c4473564 - core::ops::function::FnOnce::call_once{{vtable.shim}}::h6127de71b8124639
[INFO] [stdout]                                at /rustc/202008a1b8de96d2e5b6bc02d379db03a877d34d/library/core/src/ops/function.rs:250:5
[INFO] [stdout]   55:     0x5719c4e7c61b - <alloc::boxed::Box<F,A> as core::ops::function::FnOnce<Args>>::call_once::h42f0ba71002a1b2c
[INFO] [stdout]                                at /rustc/202008a1b8de96d2e5b6bc02d379db03a877d34d/library/alloc/src/boxed.rs:1972:9
[INFO] [stdout]   56:     0x5719c4e7c61b - <alloc::boxed::Box<F,A> as core::ops::function::FnOnce<Args>>::call_once::had9e47d7a3dcecb8
[INFO] [stdout]                                at /rustc/202008a1b8de96d2e5b6bc02d379db03a877d34d/library/alloc/src/boxed.rs:1972:9
[INFO] [stdout]   57:     0x5719c4e7c61b - std::sys::pal::unix::thread::Thread::new::thread_start::h48cf765408f6f5f2
[INFO] [stdout]                                at /rustc/202008a1b8de96d2e5b6bc02d379db03a877d34d/library/std/src/sys/pal/unix/thread.rs:105:17
[INFO] [stdout]   58:     0x7d0f3ff45ac3 - <unknown>
[INFO] [stdout]   59:     0x7d0f3ffd6a04 - clone
[INFO] [stdout]   60:                0x0 - <unknown>
[INFO] [stdout] 
[INFO] [stdout] 
[INFO] [stdout] failures:
[INFO] [stdout]     texture_update_by_coords::tests::single_pixel
[INFO] [stdout]     texture_update_by_coords::tests::up_to_ms
[INFO] [stdout]     texture_update_by_coords::tests::up_to_ms_with_holes
[INFO] [stdout] 
[INFO] [stdout] test result: FAILED. 8 passed; 3 failed; 0 ignored; 0 measured; 0 filtered out; finished in 7.69s
[INFO] [stdout] 
[INFO] [stderr] error: test failed, to rerun pass `-p player --lib`
[INFO] running `Command { std: "docker" "inspect" "63a097049770511a672026f46a451ad4e7a105ec626c7b381b2a916332c83cb9", kill_on_drop: false }`
[INFO] running `Command { std: "docker" "rm" "-f" "63a097049770511a672026f46a451ad4e7a105ec626c7b381b2a916332c83cb9", kill_on_drop: false }`
[INFO] [stdout] 63a097049770511a672026f46a451ad4e7a105ec626c7b381b2a916332c83cb9
