[INFO] cloning repository https://github.com/codabrink/aquinas
[INFO] running `Command { std: "git" "-c" "credential.helper=" "-c" "credential.helper=/workspace/cargo-home/bin/git-credential-null" "clone" "--bare" "https://github.com/codabrink/aquinas" "/workspace/cache/git-repos/https%3A%2F%2Fgithub.com%2Fcodabrink%2Faquinas", kill_on_drop: false }`
[INFO] [stderr] Cloning into bare repository '/workspace/cache/git-repos/https%3A%2F%2Fgithub.com%2Fcodabrink%2Faquinas'...
[INFO] running `Command { std: "git" "rev-parse" "HEAD", kill_on_drop: false }`
[INFO] [stdout] aee01ce5f322489e198f19ad530ff840380020c1
[INFO] testing codabrink/aquinas against beta-2024-12-08 for beta-1.84.0-4-retry
[INFO] running `Command { std: "git" "clone" "/workspace/cache/git-repos/https%3A%2F%2Fgithub.com%2Fcodabrink%2Faquinas" "/workspace/builds/worker-7-tc2/source", kill_on_drop: false }`
[INFO] [stderr] Cloning into '/workspace/builds/worker-7-tc2/source'...
[INFO] [stderr] done.
[INFO] validating manifest of git repo https://github.com/codabrink/aquinas on toolchain beta-2024-12-08
[INFO] running `Command { std: CARGO_HOME="/workspace/cargo-home" RUSTUP_HOME="/workspace/rustup-home" "/workspace/cargo-home/bin/cargo" "+beta-2024-12-08" "metadata" "--manifest-path" "Cargo.toml" "--no-deps", kill_on_drop: false }`
[INFO] started tweaking git repo https://github.com/codabrink/aquinas
[INFO] finished tweaking git repo https://github.com/codabrink/aquinas
[INFO] tweaked toml for git repo https://github.com/codabrink/aquinas written to /workspace/builds/worker-7-tc2/source/Cargo.toml
[INFO] crate git repo https://github.com/codabrink/aquinas already has a lockfile, it will not be regenerated
[INFO] running `Command { std: CARGO_HOME="/workspace/cargo-home" RUSTUP_HOME="/workspace/rustup-home" "/workspace/cargo-home/bin/cargo" "+beta-2024-12-08" "fetch" "--manifest-path" "Cargo.toml", kill_on_drop: false }`
[INFO] [stderr]     Blocking waiting for file lock on package cache
[ERROR] error running command: no output for 300 seconds
[INFO] testing codabrink/aquinas against beta-2024-12-08 for beta-1.84.0-4-retry
[INFO] running `Command { std: "git" "clone" "/workspace/cache/git-repos/https%3A%2F%2Fgithub.com%2Fcodabrink%2Faquinas" "/workspace/builds/worker-7-tc2/source", kill_on_drop: false }`
[INFO] [stderr] Cloning into '/workspace/builds/worker-7-tc2/source'...
[INFO] [stderr] done.
[INFO] validating manifest of git repo https://github.com/codabrink/aquinas on toolchain beta-2024-12-08
[INFO] running `Command { std: CARGO_HOME="/workspace/cargo-home" RUSTUP_HOME="/workspace/rustup-home" "/workspace/cargo-home/bin/cargo" "+beta-2024-12-08" "metadata" "--manifest-path" "Cargo.toml" "--no-deps", kill_on_drop: false }`
[INFO] started tweaking git repo https://github.com/codabrink/aquinas
[INFO] finished tweaking git repo https://github.com/codabrink/aquinas
[INFO] tweaked toml for git repo https://github.com/codabrink/aquinas written to /workspace/builds/worker-7-tc2/source/Cargo.toml
[INFO] crate git repo https://github.com/codabrink/aquinas already has a lockfile, it will not be regenerated
[INFO] running `Command { std: CARGO_HOME="/workspace/cargo-home" RUSTUP_HOME="/workspace/rustup-home" "/workspace/cargo-home/bin/cargo" "+beta-2024-12-08" "fetch" "--manifest-path" "Cargo.toml", kill_on_drop: false }`
[INFO] [stderr]     Blocking waiting for file lock on package cache
[INFO] [stderr]     Blocking waiting for file lock on package cache
[INFO] running `Command { std: "docker" "create" "-v" "/var/lib/crater-agent-workspace/builds/worker-7-tc2/target:/opt/rustwide/target:rw,Z" "-v" "/var/lib/crater-agent-workspace/builds/worker-7-tc2/source:/opt/rustwide/workdir:ro,Z" "-v" "/var/lib/crater-agent-workspace/cargo-home:/opt/rustwide/cargo-home:ro,Z" "-v" "/var/lib/crater-agent-workspace/rustup-home:/opt/rustwide/rustup-home:ro,Z" "-e" "SOURCE_DIR=/opt/rustwide/workdir" "-e" "CARGO_TARGET_DIR=/opt/rustwide/target" "-e" "CARGO_HOME=/opt/rustwide/cargo-home" "-e" "RUSTUP_HOME=/opt/rustwide/rustup-home" "-w" "/opt/rustwide/workdir" "-m" "1610612736" "--user" "0:0" "--network" "none" "ghcr.io/rust-lang/crates-build-env/linux@sha256:f3a9d4ad9d972b27faf3965f35b62e55ba32bbce8f20bc8fe909558a86702fde" "/opt/rustwide/cargo-home/bin/cargo" "+beta-2024-12-08" "metadata" "--no-deps" "--format-version=1", kill_on_drop: false }`
[INFO] [stdout] c8fddfb373c868c7bcb0662d13d0614fe86724d6260c5633528e0def1b9cc9e3
[INFO] running `Command { std: "docker" "start" "-a" "c8fddfb373c868c7bcb0662d13d0614fe86724d6260c5633528e0def1b9cc9e3", kill_on_drop: false }`
[INFO] running `Command { std: "docker" "inspect" "c8fddfb373c868c7bcb0662d13d0614fe86724d6260c5633528e0def1b9cc9e3", kill_on_drop: false }`
[INFO] running `Command { std: "docker" "rm" "-f" "c8fddfb373c868c7bcb0662d13d0614fe86724d6260c5633528e0def1b9cc9e3", kill_on_drop: false }`
[INFO] [stdout] c8fddfb373c868c7bcb0662d13d0614fe86724d6260c5633528e0def1b9cc9e3
[INFO] running `Command { std: "docker" "create" "-v" "/var/lib/crater-agent-workspace/builds/worker-7-tc2/target:/opt/rustwide/target:rw,Z" "-v" "/var/lib/crater-agent-workspace/builds/worker-7-tc2/source:/opt/rustwide/workdir:ro,Z" "-v" "/var/lib/crater-agent-workspace/cargo-home:/opt/rustwide/cargo-home:ro,Z" "-v" "/var/lib/crater-agent-workspace/rustup-home:/opt/rustwide/rustup-home:ro,Z" "-e" "SOURCE_DIR=/opt/rustwide/workdir" "-e" "CARGO_TARGET_DIR=/opt/rustwide/target" "-e" "CARGO_INCREMENTAL=0" "-e" "RUST_BACKTRACE=full" "-e" "RUSTFLAGS=--cap-lints=warn" "-e" "RUSTDOCFLAGS=--cap-lints=warn" "-e" "CARGO_HOME=/opt/rustwide/cargo-home" "-e" "RUSTUP_HOME=/opt/rustwide/rustup-home" "-w" "/opt/rustwide/workdir" "-m" "1610612736" "--user" "0:0" "--network" "none" "ghcr.io/rust-lang/crates-build-env/linux@sha256:f3a9d4ad9d972b27faf3965f35b62e55ba32bbce8f20bc8fe909558a86702fde" "/opt/rustwide/cargo-home/bin/cargo" "+beta-2024-12-08" "build" "--frozen" "--message-format=json", kill_on_drop: false }`
[INFO] [stdout] 34762ccd9a3b2c4ea59be75b492d27888f2a22428f11c015cab1abd7dfb37102
[INFO] running `Command { std: "docker" "start" "-a" "34762ccd9a3b2c4ea59be75b492d27888f2a22428f11c015cab1abd7dfb37102", kill_on_drop: false }`
[INFO] [stderr]    Compiling cfg-if v1.0.0
[INFO] [stderr]    Compiling libc v0.2.155
[INFO] [stderr]    Compiling bitflags v1.3.2
[INFO] [stderr]    Compiling pkg-config v0.3.30
[INFO] [stderr]    Compiling log v0.4.22
[INFO] [stderr]    Compiling lazy_static v1.5.0
[INFO] [stderr]    Compiling proc-macro2 v1.0.86
[INFO] [stderr]    Compiling autocfg v1.3.0
[INFO] [stderr]    Compiling bytemuck v1.16.1
[INFO] [stderr]    Compiling unicode-ident v1.0.12
[INFO] [stderr]    Compiling arrayvec v0.7.4
[INFO] [stderr]    Compiling version_check v0.9.4
[INFO] [stderr]    Compiling xml-rs v0.8.20
[INFO] [stderr]    Compiling once_cell v1.19.0
[INFO] [stderr]    Compiling smallvec v1.13.2
[INFO] [stderr]    Compiling simd-adler32 v0.3.7
[INFO] [stderr]    Compiling encoding_rs v0.8.34
[INFO] [stderr]    Compiling libloading v0.8.4
[INFO] [stderr]    Compiling parking_lot_core v0.9.10
[INFO] [stderr]    Compiling thiserror v1.0.62
[INFO] [stderr]    Compiling signal-hook v0.3.17
[INFO] [stderr]    Compiling symphonia-core v0.5.4
[INFO] [stderr]    Compiling dlib v0.5.2
[INFO] [stderr]    Compiling downcast-rs v1.2.1
[INFO] [stderr]    Compiling scoped-tls v1.0.1
[INFO] [stderr]    Compiling adler v1.0.2
[INFO] [stderr]    Compiling serde v1.0.204
[INFO] [stderr]    Compiling crc32fast v1.4.2
[INFO] [stderr]    Compiling scopeguard v1.2.0
[INFO] [stderr]    Compiling zerocopy v0.7.35
[INFO] [stderr]    Compiling miniz_oxide v0.7.4
[INFO] [stderr]    Compiling fdeflate v0.3.4
[INFO] [stderr]    Compiling ttf-parser v0.24.0
[INFO] [stderr]    Compiling ahash v0.8.11
[INFO] [stderr]    Compiling slotmap v1.0.7
[INFO] [stderr]    Compiling allocator-api2 v0.2.18
[INFO] [stderr]    Compiling strict-num v0.1.1
[INFO] [stderr]    Compiling arrayref v0.3.7
[INFO] [stderr]    Compiling memoffset v0.6.5
[INFO] [stderr]    Compiling lock_api v0.4.12
[INFO] [stderr]    Compiling wayland-sys v0.29.5
[INFO] [stderr]    Compiling libdbus-sys v0.2.5
[INFO] [stderr]    Compiling flate2 v1.0.30
[INFO] [stderr]    Compiling smithay-client-toolkit v0.16.1
[INFO] [stderr]    Compiling quote v1.0.36
[INFO] [stderr]    Compiling alsa-sys v0.3.1
[INFO] [stderr]    Compiling xcursor v0.3.5
[INFO] [stderr]    Compiling vec_map v0.8.2
[INFO] [stderr]    Compiling hashbrown v0.14.5
[INFO] [stderr]    Compiling wayland-scanner v0.29.5
[INFO] [stderr]    Compiling syn v2.0.71
[INFO] [stderr]    Compiling x11-dl v2.21.0
[INFO] [stderr]    Compiling tiny-skia-path v0.8.4
[INFO] [stderr]    Compiling equivalent v1.0.1
[INFO] [stderr]    Compiling crossbeam-utils v0.8.20
[INFO] [stderr]    Compiling ab_glyph_rasterizer v0.1.8
[INFO] [stderr]    Compiling png v0.17.13
[INFO] [stderr]    Compiling cfg_aliases v0.1.1
[INFO] [stderr]    Compiling bitflags v2.6.0
[INFO] [stderr]    Compiling souvlaki v0.6.1
[INFO] [stderr]    Compiling winnow v0.5.40
[INFO] [stderr]    Compiling cpal v0.15.3
[INFO] [stderr]    Compiling anyhow v1.0.86
[INFO] [stderr]    Compiling option-ext v0.2.0
[INFO] [stderr]    Compiling extended v0.1.0
[INFO] [stderr]    Compiling instant v0.1.13
[INFO] [stderr]    Compiling cassowary v0.3.0
[INFO] [stderr]    Compiling unicode-width v0.1.13
[INFO] [stderr]    Compiling unicode-segmentation v1.11.0
[INFO] [stderr]    Compiling dasp_sample v0.11.0
[INFO] [stderr]    Compiling symphonia-metadata v0.5.4
[INFO] [stderr]    Compiling indexmap v2.2.6
[INFO] [stderr]    Compiling symphonia-codec-alac v0.5.4
[INFO] [stderr]    Compiling tiny-skia v0.8.4
[INFO] [stderr]    Compiling nix v0.24.3
[INFO] [stderr]    Compiling signal-hook-registry v1.4.2
[INFO] [stderr]    Compiling symphonia-utils-xiph v0.5.4
[INFO] [stderr]    Compiling mio v0.8.11
[INFO] [stderr]    Compiling nix v0.25.1
[INFO] [stderr]    Compiling memmap2 v0.5.10
[INFO] [stderr]    Compiling dbus v0.9.7
[INFO] [stderr]    Compiling parking_lot v0.12.3
[INFO] [stderr]    Compiling symphonia-format-ogg v0.5.4
[INFO] [stderr]    Compiling wayland-client v0.29.5
[INFO] [stderr]    Compiling wayland-protocols v0.29.5
[INFO] [stderr]    Compiling wayland-commons v0.29.5
[INFO] [stderr]    Compiling signal-hook-mio v0.2.3
[INFO] [stderr]    Compiling owned_ttf_parser v0.24.0
[INFO] [stderr]    Compiling winit v0.28.7
[INFO] [stderr]    Compiling ab_glyph v0.2.28
[INFO] [stderr]    Compiling crossterm v0.25.0
[INFO] [stderr]    Compiling alsa v0.9.0
[INFO] [stderr]    Compiling symphonia-bundle-flac v0.5.4
[INFO] [stderr]    Compiling symphonia-codec-vorbis v0.5.4
[INFO] [stderr]    Compiling symphonia-format-mkv v0.5.4
[INFO] [stderr]    Compiling thiserror-impl v1.0.62
[INFO] [stderr]    Compiling serde_spanned v0.6.6
[INFO] [stderr]    Compiling toml_datetime v0.6.6
[INFO] [stderr]    Compiling symphonia-format-isomp4 v0.5.4
[INFO] [stderr]    Compiling toml_edit v0.19.15
[INFO] [stderr]    Compiling symphonia-format-caf v0.5.4
[INFO] [stderr]    Compiling symphonia-format-riff v0.5.4
[INFO] [stderr]    Compiling symphonia-bundle-mp3 v0.5.4
[INFO] [stderr]    Compiling dirs-sys v0.4.1
[INFO] [stderr]    Compiling symphonia-codec-pcm v0.5.4
[INFO] [stderr]    Compiling symphonia-codec-aac v0.5.4
[INFO] [stderr]    Compiling symphonia-codec-adpcm v0.5.4
[INFO] [stderr]    Compiling percent-encoding v2.3.1
[INFO] [stderr]    Compiling raw-window-handle v0.5.2
[INFO] [stderr]    Compiling dirs v5.0.1
[INFO] [stderr]    Compiling tui v0.19.0
[INFO] [stderr]    Compiling serde_derive v1.0.204
[INFO] [stderr]    Compiling crossterm v0.27.0
[INFO] [stderr]    Compiling crossbeam-channel v0.5.13
[INFO] [stderr]    Compiling calloop v0.10.6
[INFO] [stderr]    Compiling symphonia v0.5.4
[INFO] [stderr]    Compiling dbus-crossroads v0.5.2
[INFO] [stderr]    Compiling rb v0.4.1
[INFO] [stderr]    Compiling wayland-cursor v0.29.5
[INFO] [stderr]    Compiling toml v0.7.8
[INFO] [stderr]    Compiling sctk-adwaita v0.5.4
[INFO] [stderr]    Compiling aquinas v0.1.2 (/opt/rustwide/workdir)
[INFO] [stdout] warning: method `flush` is never used
[INFO] [stdout]    --> src/backends/symphonia_backend.rs:253:6
[INFO] [stdout]     |
[INFO] [stdout] 251 | pub trait AudioOutput {
[INFO] [stdout]     |           ----------- method in this trait
[INFO] [stdout] 252 |   fn write(&mut self, decoded: AudioBufferRef<'_>) -> Result<()>;
[INFO] [stdout] 253 |   fn flush(&mut self);
[INFO] [stdout]     |      ^^^^^
[INFO] [stdout]     |
[INFO] [stdout]     = note: `#[warn(dead_code)]` on by default
[INFO] [stdout] 
[INFO] [stdout] 
[INFO] [stderr]     Finished `dev` profile [unoptimized + debuginfo] target(s) in 1m 10s
[INFO] running `Command { std: "docker" "inspect" "34762ccd9a3b2c4ea59be75b492d27888f2a22428f11c015cab1abd7dfb37102", kill_on_drop: false }`
[INFO] running `Command { std: "docker" "rm" "-f" "34762ccd9a3b2c4ea59be75b492d27888f2a22428f11c015cab1abd7dfb37102", kill_on_drop: false }`
[INFO] [stdout] 34762ccd9a3b2c4ea59be75b492d27888f2a22428f11c015cab1abd7dfb37102
[INFO] running `Command { std: "docker" "create" "-v" "/var/lib/crater-agent-workspace/builds/worker-7-tc2/target:/opt/rustwide/target:rw,Z" "-v" "/var/lib/crater-agent-workspace/builds/worker-7-tc2/source:/opt/rustwide/workdir:ro,Z" "-v" "/var/lib/crater-agent-workspace/cargo-home:/opt/rustwide/cargo-home:ro,Z" "-v" "/var/lib/crater-agent-workspace/rustup-home:/opt/rustwide/rustup-home:ro,Z" "-e" "SOURCE_DIR=/opt/rustwide/workdir" "-e" "CARGO_TARGET_DIR=/opt/rustwide/target" "-e" "CARGO_INCREMENTAL=0" "-e" "RUST_BACKTRACE=full" "-e" "RUSTFLAGS=--cap-lints=warn" "-e" "RUSTDOCFLAGS=--cap-lints=warn" "-e" "CARGO_HOME=/opt/rustwide/cargo-home" "-e" "RUSTUP_HOME=/opt/rustwide/rustup-home" "-w" "/opt/rustwide/workdir" "-m" "1610612736" "--user" "0:0" "--network" "none" "ghcr.io/rust-lang/crates-build-env/linux@sha256:f3a9d4ad9d972b27faf3965f35b62e55ba32bbce8f20bc8fe909558a86702fde" "/opt/rustwide/cargo-home/bin/cargo" "+beta-2024-12-08" "test" "--frozen" "--no-run" "--message-format=json", kill_on_drop: false }`
[INFO] [stdout] ac94ceb0e7e852df7d975b5946843480ee3a16f9e0cf386a6b1c6f25cef11f8e
[INFO] running `Command { std: "docker" "start" "-a" "ac94ceb0e7e852df7d975b5946843480ee3a16f9e0cf386a6b1c6f25cef11f8e", kill_on_drop: false }`
[INFO] [stderr]    Compiling aquinas v0.1.2 (/opt/rustwide/workdir)
[INFO] [stdout] warning: method `flush` is never used
[INFO] [stdout]    --> src/backends/symphonia_backend.rs:253:6
[INFO] [stdout]     |
[INFO] [stdout] 251 | pub trait AudioOutput {
[INFO] [stdout]     |           ----------- method in this trait
[INFO] [stdout] 252 |   fn write(&mut self, decoded: AudioBufferRef<'_>) -> Result<()>;
[INFO] [stdout] 253 |   fn flush(&mut self);
[INFO] [stdout]     |      ^^^^^
[INFO] [stdout]     |
[INFO] [stdout]     = note: `#[warn(dead_code)]` on by default
[INFO] [stdout] 
[INFO] [stdout] 
[INFO] [stderr]     Finished `test` profile [unoptimized + debuginfo] target(s) in 1.54s
[INFO] running `Command { std: "docker" "inspect" "ac94ceb0e7e852df7d975b5946843480ee3a16f9e0cf386a6b1c6f25cef11f8e", kill_on_drop: false }`
[INFO] running `Command { std: "docker" "rm" "-f" "ac94ceb0e7e852df7d975b5946843480ee3a16f9e0cf386a6b1c6f25cef11f8e", kill_on_drop: false }`
[INFO] [stdout] ac94ceb0e7e852df7d975b5946843480ee3a16f9e0cf386a6b1c6f25cef11f8e
[INFO] running `Command { std: "docker" "create" "-v" "/var/lib/crater-agent-workspace/builds/worker-7-tc2/target:/opt/rustwide/target:rw,Z" "-v" "/var/lib/crater-agent-workspace/builds/worker-7-tc2/source:/opt/rustwide/workdir:ro,Z" "-v" "/var/lib/crater-agent-workspace/cargo-home:/opt/rustwide/cargo-home:ro,Z" "-v" "/var/lib/crater-agent-workspace/rustup-home:/opt/rustwide/rustup-home:ro,Z" "-e" "SOURCE_DIR=/opt/rustwide/workdir" "-e" "CARGO_TARGET_DIR=/opt/rustwide/target" "-e" "CARGO_INCREMENTAL=0" "-e" "RUST_BACKTRACE=full" "-e" "RUSTFLAGS=--cap-lints=warn" "-e" "RUSTDOCFLAGS=--cap-lints=warn" "-e" "CARGO_HOME=/opt/rustwide/cargo-home" "-e" "RUSTUP_HOME=/opt/rustwide/rustup-home" "-w" "/opt/rustwide/workdir" "-m" "1610612736" "--user" "0:0" "--network" "none" "ghcr.io/rust-lang/crates-build-env/linux@sha256:f3a9d4ad9d972b27faf3965f35b62e55ba32bbce8f20bc8fe909558a86702fde" "/opt/rustwide/cargo-home/bin/cargo" "+beta-2024-12-08" "test" "--frozen", kill_on_drop: false }`
[INFO] [stdout] 71a583348aacf782c12e5c3c01a4d57a1bd6747b2843884f5a0863dcb7a5a421
[INFO] running `Command { std: "docker" "start" "-a" "71a583348aacf782c12e5c3c01a4d57a1bd6747b2843884f5a0863dcb7a5a421", kill_on_drop: false }`
[INFO] [stderr] warning: method `flush` is never used
[INFO] [stderr]    --> src/backends/symphonia_backend.rs:253:6
[INFO] [stderr]     |
[INFO] [stderr] 251 | pub trait AudioOutput {
[INFO] [stderr]     |           ----------- method in this trait
[INFO] [stderr] 252 |   fn write(&mut self, decoded: AudioBufferRef<'_>) -> Result<()>;
[INFO] [stderr] 253 |   fn flush(&mut self);
[INFO] [stderr]     |      ^^^^^
[INFO] [stderr]     |
[INFO] [stderr]     = note: `#[warn(dead_code)]` on by default
[INFO] [stderr] 
[INFO] [stderr] warning: `aquinas` (bin "aquinas" test) generated 1 warning
[INFO] [stderr]     Finished `test` profile [unoptimized + debuginfo] target(s) in 0.12s
[INFO] [stderr]      Running unittests src/main.rs (/opt/rustwide/target/debug/deps/aquinas-35464d44cbf33b05)
[INFO] [stdout] 
[INFO] [stdout] running 1 test
[INFO] [stdout] test library::tests::exploration ... FAILED
[INFO] [stdout] 
[INFO] [stdout] failures:
[INFO] [stdout] 
[INFO] [stdout] ---- library::tests::exploration stdout ----
[INFO] [stdout] thread 'library::tests::exploration' panicked at src/library.rs:329:5:
[INFO] [stdout] assertion `left == right` failed
[INFO] [stdout]   left: 0
[INFO] [stdout]  right: 15
[INFO] [stdout] stack backtrace:
[INFO] [stdout]    0:     0x59ba218cc66a - std::backtrace_rs::backtrace::libunwind::trace::h8810477743020387
[INFO] [stdout]                                at /rustc/202008a1b8de96d2e5b6bc02d379db03a877d34d/library/std/src/../../backtrace/src/backtrace/libunwind.rs:116:5
[INFO] [stdout]    1:     0x59ba218cc66a - std::backtrace_rs::backtrace::trace_unsynchronized::h3aa55355dd6c54a6
[INFO] [stdout]                                at /rustc/202008a1b8de96d2e5b6bc02d379db03a877d34d/library/std/src/../../backtrace/src/backtrace/mod.rs:66:5
[INFO] [stdout]    2:     0x59ba218cc66a - std::sys::backtrace::_print_fmt::h8588b0f62410823f
[INFO] [stdout]                                at /rustc/202008a1b8de96d2e5b6bc02d379db03a877d34d/library/std/src/sys/backtrace.rs:66:9
[INFO] [stdout]    3:     0x59ba218cc66a - <std::sys::backtrace::BacktraceLock::print::DisplayBacktrace as core::fmt::Display>::fmt::h98c26ac25ffe89bb
[INFO] [stdout]                                at /rustc/202008a1b8de96d2e5b6bc02d379db03a877d34d/library/std/src/sys/backtrace.rs:39:26
[INFO] [stdout]    4:     0x59ba218f4403 - core::fmt::rt::Argument::fmt::hf95377f4aebd453b
[INFO] [stdout]                                at /rustc/202008a1b8de96d2e5b6bc02d379db03a877d34d/library/core/src/fmt/rt.rs:177:76
[INFO] [stdout]    5:     0x59ba218f4403 - core::fmt::write::h0dd5f6e2238c7982
[INFO] [stdout]                                at /rustc/202008a1b8de96d2e5b6bc02d379db03a877d34d/library/core/src/fmt/mod.rs:1189:21
[INFO] [stdout]    6:     0x59ba218c9283 - std::io::Write::write_fmt::h03bb0ca26e6faf8c
[INFO] [stdout]                                at /rustc/202008a1b8de96d2e5b6bc02d379db03a877d34d/library/std/src/io/mod.rs:1884:15
[INFO] [stdout]    7:     0x59ba218cc4b2 - std::sys::backtrace::BacktraceLock::print::h5c19c1c038ee186d
[INFO] [stdout]                                at /rustc/202008a1b8de96d2e5b6bc02d379db03a877d34d/library/std/src/sys/backtrace.rs:42:9
[INFO] [stdout]    8:     0x59ba218cdaed - std::panicking::default_hook::{{closure}}::h77172f079a1fcb13
[INFO] [stdout]                                at /rustc/202008a1b8de96d2e5b6bc02d379db03a877d34d/library/std/src/panicking.rs:268:22
[INFO] [stdout]    9:     0x59ba218cd8f7 - std::panicking::default_hook::he5f8e3b203ccddba
[INFO] [stdout]                                at /rustc/202008a1b8de96d2e5b6bc02d379db03a877d34d/library/std/src/panicking.rs:292:9
[INFO] [stdout]   10:     0x59ba21880dc7 - <alloc::boxed::Box<F,A> as core::ops::function::Fn<Args>>::call::h7a3c7b4a1ae77f2f
[INFO] [stdout]                                at /rustc/202008a1b8de96d2e5b6bc02d379db03a877d34d/library/alloc/src/boxed.rs:1986:9
[INFO] [stdout]   11:     0x59ba21880dc7 - test::test_main::{{closure}}::hf0d3b69ae9b353d1
[INFO] [stdout]                                at /rustc/202008a1b8de96d2e5b6bc02d379db03a877d34d/library/test/src/lib.rs:134:21
[INFO] [stdout]   12:     0x59ba218ce198 - <alloc::boxed::Box<F,A> as core::ops::function::Fn<Args>>::call::h6332e82e7b189abd
[INFO] [stdout]                                at /rustc/202008a1b8de96d2e5b6bc02d379db03a877d34d/library/alloc/src/boxed.rs:1986:9
[INFO] [stdout]   13:     0x59ba218ce198 - std::panicking::rust_panic_with_hook::h53863d4e9018df39
[INFO] [stdout]                                at /rustc/202008a1b8de96d2e5b6bc02d379db03a877d34d/library/std/src/panicking.rs:809:13
[INFO] [stdout]   14:     0x59ba218cdf5a - std::panicking::begin_panic_handler::{{closure}}::h67280e6fa0757873
[INFO] [stdout]                                at /rustc/202008a1b8de96d2e5b6bc02d379db03a877d34d/library/std/src/panicking.rs:674:13
[INFO] [stdout]   15:     0x59ba218ccb49 - std::sys::backtrace::__rust_end_short_backtrace::h1dac3f54d6fbbeb2
[INFO] [stdout]                                at /rustc/202008a1b8de96d2e5b6bc02d379db03a877d34d/library/std/src/sys/backtrace.rs:170:18
[INFO] [stdout]   16:     0x59ba218cdbec - rust_begin_unwind
[INFO] [stdout]                                at /rustc/202008a1b8de96d2e5b6bc02d379db03a877d34d/library/std/src/panicking.rs:665:5
[INFO] [stdout]   17:     0x59ba2174abe0 - core::panicking::panic_fmt::h6792bd1b2bf01041
[INFO] [stdout]                                at /rustc/202008a1b8de96d2e5b6bc02d379db03a877d34d/library/core/src/panicking.rs:76:14
[INFO] [stdout]   18:     0x59ba2174afab - core::panicking::assert_failed_inner::hf2c17e6d30928787
[INFO] [stdout]   19:     0x59ba2189607e - core::panicking::assert_failed::h8e81453410759ba2
[INFO] [stdout]                                at /rustc/202008a1b8de96d2e5b6bc02d379db03a877d34d/library/core/src/panicking.rs:373:5
[INFO] [stdout]   20:     0x59ba217606ca - aquinas::library::tests::exploration::h5a0458b00fd90b3c
[INFO] [stdout]                                at /opt/rustwide/workdir/src/library.rs:329:5
[INFO] [stdout]   21:     0x59ba21760387 - aquinas::library::tests::exploration::{{closure}}::had71f2cad487d623
[INFO] [stdout]                                at /opt/rustwide/workdir/src/library.rs:314:19
[INFO] [stdout]   22:     0x59ba2175cf46 - core::ops::function::FnOnce::call_once::hca8541e12bc43448
[INFO] [stdout]                                at /rustc/202008a1b8de96d2e5b6bc02d379db03a877d34d/library/core/src/ops/function.rs:250:5
[INFO] [stdout]   23:     0x59ba218858eb - core::ops::function::FnOnce::call_once::h871bf86719ec9aa4
[INFO] [stdout]                                at /rustc/202008a1b8de96d2e5b6bc02d379db03a877d34d/library/core/src/ops/function.rs:250:5
[INFO] [stdout]   24:     0x59ba218858eb - test::__rust_begin_short_backtrace::h2167df1e2b7d76fd
[INFO] [stdout]                                at /rustc/202008a1b8de96d2e5b6bc02d379db03a877d34d/library/test/src/lib.rs:632:18
[INFO] [stdout]   25:     0x59ba218852d8 - test::run_test_in_process::{{closure}}::h15d92f75a3adfb79
[INFO] [stdout]                                at /rustc/202008a1b8de96d2e5b6bc02d379db03a877d34d/library/test/src/lib.rs:655:60
[INFO] [stdout]   26:     0x59ba218852d8 - <core::panic::unwind_safe::AssertUnwindSafe<F> as core::ops::function::FnOnce<()>>::call_once::hb6c8955835a8dbbb
[INFO] [stdout]                                at /rustc/202008a1b8de96d2e5b6bc02d379db03a877d34d/library/core/src/panic/unwind_safe.rs:272:9
[INFO] [stdout]   27:     0x59ba218852d8 - std::panicking::try::do_call::hc79d0fc888a0bd30
[INFO] [stdout]                                at /rustc/202008a1b8de96d2e5b6bc02d379db03a877d34d/library/std/src/panicking.rs:557:40
[INFO] [stdout]   28:     0x59ba218852d8 - std::panicking::try::hb8a7878e3a8589d6
[INFO] [stdout]                                at /rustc/202008a1b8de96d2e5b6bc02d379db03a877d34d/library/std/src/panicking.rs:520:19
[INFO] [stdout]   29:     0x59ba218852d8 - std::panic::catch_unwind::hb8e4600ff0ff5cfa
[INFO] [stdout]                                at /rustc/202008a1b8de96d2e5b6bc02d379db03a877d34d/library/std/src/panic.rs:358:14
[INFO] [stdout]   30:     0x59ba218852d8 - test::run_test_in_process::hc2900b0b18688dd6
[INFO] [stdout]                                at /rustc/202008a1b8de96d2e5b6bc02d379db03a877d34d/library/test/src/lib.rs:655:27
[INFO] [stdout]   31:     0x59ba218852d8 - test::run_test::{{closure}}::hac2a9cb07be3d48d
[INFO] [stdout]                                at /rustc/202008a1b8de96d2e5b6bc02d379db03a877d34d/library/test/src/lib.rs:576:43
[INFO] [stdout]   32:     0x59ba21848d7a - test::run_test::{{closure}}::h4a5b729e66a38cd8
[INFO] [stdout]                                at /rustc/202008a1b8de96d2e5b6bc02d379db03a877d34d/library/test/src/lib.rs:606:41
[INFO] [stdout]   33:     0x59ba21848d7a - std::sys::backtrace::__rust_begin_short_backtrace::h0496fb742492f573
[INFO] [stdout]                                at /rustc/202008a1b8de96d2e5b6bc02d379db03a877d34d/library/std/src/sys/backtrace.rs:154:18
[INFO] [stdout]   34:     0x59ba2184c6f4 - std::thread::Builder::spawn_unchecked_::{{closure}}::{{closure}}::hbb6d257c550a54bd
[INFO] [stdout]                                at /rustc/202008a1b8de96d2e5b6bc02d379db03a877d34d/library/std/src/thread/mod.rs:561:17
[INFO] [stdout]   35:     0x59ba2184c6f4 - <core::panic::unwind_safe::AssertUnwindSafe<F> as core::ops::function::FnOnce<()>>::call_once::h46696fe4a6832328
[INFO] [stdout]                                at /rustc/202008a1b8de96d2e5b6bc02d379db03a877d34d/library/core/src/panic/unwind_safe.rs:272:9
[INFO] [stdout]   36:     0x59ba2184c6f4 - std::panicking::try::do_call::h2625a51b667bfb64
[INFO] [stdout]                                at /rustc/202008a1b8de96d2e5b6bc02d379db03a877d34d/library/std/src/panicking.rs:557:40
[INFO] [stdout]   37:     0x59ba2184c6f4 - std::panicking::try::hb956a59a1973aa4c
[INFO] [stdout]                                at /rustc/202008a1b8de96d2e5b6bc02d379db03a877d34d/library/std/src/panicking.rs:520:19
[INFO] [stdout]   38:     0x59ba2184c6f4 - std::panic::catch_unwind::h64f3b9d1067ef6a0
[INFO] [stdout]                                at /rustc/202008a1b8de96d2e5b6bc02d379db03a877d34d/library/std/src/panic.rs:358:14
[INFO] [stdout]   39:     0x59ba2184c6f4 - std::thread::Builder::spawn_unchecked_::{{closure}}::h42b2841295b6c0b2
[INFO] [stdout]                                at /rustc/202008a1b8de96d2e5b6bc02d379db03a877d34d/library/std/src/thread/mod.rs:559:30
[INFO] [stdout]   40:     0x59ba2184c6f4 - core::ops::function::FnOnce::call_once{{vtable.shim}}::h6127de71b8124639
[INFO] [stdout]                                at /rustc/202008a1b8de96d2e5b6bc02d379db03a877d34d/library/core/src/ops/function.rs:250:5
[INFO] [stdout]   41:     0x59ba218d25bb - <alloc::boxed::Box<F,A> as core::ops::function::FnOnce<Args>>::call_once::h42f0ba71002a1b2c
[INFO] [stdout]                                at /rustc/202008a1b8de96d2e5b6bc02d379db03a877d34d/library/alloc/src/boxed.rs:1972:9
[INFO] [stdout]   42:     0x59ba218d25bb - <alloc::boxed::Box<F,A> as core::ops::function::FnOnce<Args>>::call_once::had9e47d7a3dcecb8
[INFO] [stdout]                                at /rustc/202008a1b8de96d2e5b6bc02d379db03a877d34d/library/alloc/src/boxed.rs:1972:9
[INFO] [stdout]   43:     0x59ba218d25bb - std::sys::pal::unix::thread::Thread::new::thread_start::h48cf765408f6f5f2
[INFO] [stdout]                                at /rustc/202008a1b8de96d2e5b6bc02d379db03a877d34d/library/std/src/sys/pal/unix/thread.rs:105:17
[INFO] [stdout]   44:     0x7798469e6ac3 - <unknown>
[INFO] [stdout]   45:     0x779846a77a04 - clone
[INFO] [stdout]   46:                0x0 - <unknown>
[INFO] [stdout] 
[INFO] [stdout] 
[INFO] [stdout] failures:
[INFO] [stdout]     library::tests::exploration
[INFO] [stdout] 
[INFO] [stdout] test result: FAILED. 0 passed; 1 failed; 0 ignored; 0 measured; 0 filtered out; finished in 0.03s
[INFO] [stdout] 
[INFO] [stderr] error: test failed, to rerun pass `--bin aquinas`
[INFO] running `Command { std: "docker" "inspect" "71a583348aacf782c12e5c3c01a4d57a1bd6747b2843884f5a0863dcb7a5a421", kill_on_drop: false }`
[INFO] running `Command { std: "docker" "rm" "-f" "71a583348aacf782c12e5c3c01a4d57a1bd6747b2843884f5a0863dcb7a5a421", kill_on_drop: false }`
[INFO] [stdout] 71a583348aacf782c12e5c3c01a4d57a1bd6747b2843884f5a0863dcb7a5a421
