[INFO] cloning repository https://github.com/clux/whyq
[INFO] running `Command { std: "git" "-c" "credential.helper=" "-c" "credential.helper=/workspace/cargo-home/bin/git-credential-null" "clone" "--bare" "https://github.com/clux/whyq" "/workspace/cache/git-repos/https%3A%2F%2Fgithub.com%2Fclux%2Fwhyq", kill_on_drop: false }`
[INFO] [stderr] Cloning into bare repository '/workspace/cache/git-repos/https%3A%2F%2Fgithub.com%2Fclux%2Fwhyq'...
[INFO] running `Command { std: "git" "rev-parse" "HEAD", kill_on_drop: false }`
[INFO] [stdout] cac63c2703fb4660af70c963906194a072190b94
[INFO] testing clux/whyq against 1.83.0 for beta-1.84.0-4-retry
[INFO] running `Command { std: "git" "clone" "/workspace/cache/git-repos/https%3A%2F%2Fgithub.com%2Fclux%2Fwhyq" "/workspace/builds/worker-3-tc1/source", kill_on_drop: false }`
[INFO] [stderr] Cloning into '/workspace/builds/worker-3-tc1/source'...
[INFO] [stderr] done.
[INFO] validating manifest of git repo https://github.com/clux/whyq on toolchain 1.83.0
[INFO] running `Command { std: CARGO_HOME="/workspace/cargo-home" RUSTUP_HOME="/workspace/rustup-home" "/workspace/cargo-home/bin/cargo" "+1.83.0" "metadata" "--manifest-path" "Cargo.toml" "--no-deps", kill_on_drop: false }`
[INFO] started tweaking git repo https://github.com/clux/whyq
[INFO] finished tweaking git repo https://github.com/clux/whyq
[INFO] tweaked toml for git repo https://github.com/clux/whyq written to /workspace/builds/worker-3-tc1/source/Cargo.toml
[INFO] crate git repo https://github.com/clux/whyq already has a lockfile, it will not be regenerated
[INFO] running `Command { std: CARGO_HOME="/workspace/cargo-home" RUSTUP_HOME="/workspace/rustup-home" "/workspace/cargo-home/bin/cargo" "+1.83.0" "fetch" "--manifest-path" "Cargo.toml", kill_on_drop: false }`
[INFO] running `Command { std: "docker" "create" "-v" "/var/lib/crater-agent-workspace/builds/worker-3-tc1/target:/opt/rustwide/target:rw,Z" "-v" "/var/lib/crater-agent-workspace/builds/worker-3-tc1/source:/opt/rustwide/workdir:ro,Z" "-v" "/var/lib/crater-agent-workspace/cargo-home:/opt/rustwide/cargo-home:ro,Z" "-v" "/var/lib/crater-agent-workspace/rustup-home:/opt/rustwide/rustup-home:ro,Z" "-e" "SOURCE_DIR=/opt/rustwide/workdir" "-e" "CARGO_TARGET_DIR=/opt/rustwide/target" "-e" "CARGO_HOME=/opt/rustwide/cargo-home" "-e" "RUSTUP_HOME=/opt/rustwide/rustup-home" "-w" "/opt/rustwide/workdir" "-m" "1610612736" "--user" "0:0" "--network" "none" "ghcr.io/rust-lang/crates-build-env/linux@sha256:f3a9d4ad9d972b27faf3965f35b62e55ba32bbce8f20bc8fe909558a86702fde" "/opt/rustwide/cargo-home/bin/cargo" "+1.83.0" "metadata" "--no-deps" "--format-version=1", kill_on_drop: false }`
[INFO] [stdout] f6fb013bcce7c34db1af2f13e9b54a65ad91ff00c5fe933be28a3ff44f5047c8
[INFO] running `Command { std: "docker" "start" "-a" "f6fb013bcce7c34db1af2f13e9b54a65ad91ff00c5fe933be28a3ff44f5047c8", kill_on_drop: false }`
[INFO] running `Command { std: "docker" "inspect" "f6fb013bcce7c34db1af2f13e9b54a65ad91ff00c5fe933be28a3ff44f5047c8", kill_on_drop: false }`
[INFO] running `Command { std: "docker" "rm" "-f" "f6fb013bcce7c34db1af2f13e9b54a65ad91ff00c5fe933be28a3ff44f5047c8", kill_on_drop: false }`
[INFO] [stdout] f6fb013bcce7c34db1af2f13e9b54a65ad91ff00c5fe933be28a3ff44f5047c8
[INFO] running `Command { std: "docker" "create" "-v" "/var/lib/crater-agent-workspace/builds/worker-3-tc1/target:/opt/rustwide/target:rw,Z" "-v" "/var/lib/crater-agent-workspace/builds/worker-3-tc1/source:/opt/rustwide/workdir:ro,Z" "-v" "/var/lib/crater-agent-workspace/cargo-home:/opt/rustwide/cargo-home:ro,Z" "-v" "/var/lib/crater-agent-workspace/rustup-home:/opt/rustwide/rustup-home:ro,Z" "-e" "SOURCE_DIR=/opt/rustwide/workdir" "-e" "CARGO_TARGET_DIR=/opt/rustwide/target" "-e" "CARGO_INCREMENTAL=0" "-e" "RUST_BACKTRACE=full" "-e" "RUSTFLAGS=--cap-lints=warn" "-e" "RUSTDOCFLAGS=--cap-lints=warn" "-e" "CARGO_HOME=/opt/rustwide/cargo-home" "-e" "RUSTUP_HOME=/opt/rustwide/rustup-home" "-w" "/opt/rustwide/workdir" "-m" "1610612736" "--user" "0:0" "--network" "none" "ghcr.io/rust-lang/crates-build-env/linux@sha256:f3a9d4ad9d972b27faf3965f35b62e55ba32bbce8f20bc8fe909558a86702fde" "/opt/rustwide/cargo-home/bin/cargo" "+1.83.0" "build" "--frozen" "--message-format=json", kill_on_drop: false }`
[INFO] [stdout] 273fbb7b6f68b5fd4fe3604b6622580c7a94c5ebe1e9a79cc76045ccf4a11619
[INFO] running `Command { std: "docker" "start" "-a" "273fbb7b6f68b5fd4fe3604b6622580c7a94c5ebe1e9a79cc76045ccf4a11619", kill_on_drop: false }`
[INFO] [stderr]    Compiling proc-macro2 v1.0.78
[INFO] [stderr]    Compiling unicode-ident v1.0.11
[INFO] [stderr]    Compiling serde v1.0.196
[INFO] [stderr]    Compiling once_cell v1.18.0
[INFO] [stderr]    Compiling utf8parse v0.2.1
[INFO] [stderr]    Compiling hashbrown v0.14.3
[INFO] [stderr]    Compiling equivalent v1.0.1
[INFO] [stderr]    Compiling regex-syntax v0.6.29
[INFO] [stderr]    Compiling colorchoice v1.0.0
[INFO] [stderr]    Compiling anstyle-query v1.0.0
[INFO] [stderr]    Compiling regex-syntax v0.7.5
[INFO] [stderr]    Compiling anstyle v1.0.2
[INFO] [stderr]    Compiling log v0.4.20
[INFO] [stderr]    Compiling heck v0.5.0
[INFO] [stderr]    Compiling ryu v1.0.15
[INFO] [stderr]    Compiling itoa v1.0.9
[INFO] [stderr]    Compiling serde_json v1.0.115
[INFO] [stderr]    Compiling anstyle-parse v0.2.1
[INFO] [stderr]    Compiling strsim v0.11.0
[INFO] [stderr]    Compiling overload v0.1.1
[INFO] [stderr]    Compiling pin-project-lite v0.2.13
[INFO] [stderr]    Compiling cfg-if v1.0.0
[INFO] [stderr]    Compiling anyhow v1.0.81
[INFO] [stderr]    Compiling clap_lex v0.7.0
[INFO] [stderr]    Compiling winnow v0.6.5
[INFO] [stderr]    Compiling lazy_static v1.4.0
[INFO] [stderr]    Compiling sharded-slab v0.1.4
[INFO] [stderr]    Compiling tracing-core v0.1.32
[INFO] [stderr]    Compiling thread_local v1.1.7
[INFO] [stderr]    Compiling nu-ansi-term v0.46.0
[INFO] [stderr]    Compiling anstream v0.6.11
[INFO] [stderr]    Compiling smallvec v1.11.0
[INFO] [stderr]    Compiling unsafe-libyaml v0.2.11
[INFO] [stderr]    Compiling clap_builder v4.5.2
[INFO] [stderr]    Compiling tracing-log v0.2.0
[INFO] [stderr]    Compiling indexmap v2.2.2
[INFO] [stderr]    Compiling quote v1.0.35
[INFO] [stderr]    Compiling syn v2.0.48
[INFO] [stderr]    Compiling regex-automata v0.3.8
[INFO] [stderr]    Compiling regex-automata v0.1.10
[INFO] [stderr]    Compiling matchers v0.1.0
[INFO] [stderr]    Compiling regex v1.9.4
[INFO] [stderr]    Compiling toml_datetime v0.6.5
[INFO] [stderr]    Compiling serde_spanned v0.6.5
[INFO] [stderr]    Compiling serde_yaml v0.9.34+deprecated
[INFO] [stderr]    Compiling toml_edit v0.22.9
[INFO] [stderr]    Compiling tracing-attributes v0.1.27
[INFO] [stderr]    Compiling clap_derive v4.5.4
[INFO] [stderr]    Compiling tracing v0.1.40
[INFO] [stderr]    Compiling toml v0.8.12
[INFO] [stderr]    Compiling tracing-subscriber v0.3.18
[INFO] [stderr]    Compiling clap v4.5.4
[INFO] [stderr]    Compiling lq v0.12.2 (/opt/rustwide/workdir)
[INFO] [stderr]     Finished `dev` profile [unoptimized] target(s) in 31.51s
[INFO] running `Command { std: "docker" "inspect" "273fbb7b6f68b5fd4fe3604b6622580c7a94c5ebe1e9a79cc76045ccf4a11619", kill_on_drop: false }`
[INFO] running `Command { std: "docker" "rm" "-f" "273fbb7b6f68b5fd4fe3604b6622580c7a94c5ebe1e9a79cc76045ccf4a11619", kill_on_drop: false }`
[INFO] [stdout] 273fbb7b6f68b5fd4fe3604b6622580c7a94c5ebe1e9a79cc76045ccf4a11619
[INFO] running `Command { std: "docker" "create" "-v" "/var/lib/crater-agent-workspace/builds/worker-3-tc1/target:/opt/rustwide/target:rw,Z" "-v" "/var/lib/crater-agent-workspace/builds/worker-3-tc1/source:/opt/rustwide/workdir:ro,Z" "-v" "/var/lib/crater-agent-workspace/cargo-home:/opt/rustwide/cargo-home:ro,Z" "-v" "/var/lib/crater-agent-workspace/rustup-home:/opt/rustwide/rustup-home:ro,Z" "-e" "SOURCE_DIR=/opt/rustwide/workdir" "-e" "CARGO_TARGET_DIR=/opt/rustwide/target" "-e" "CARGO_INCREMENTAL=0" "-e" "RUST_BACKTRACE=full" "-e" "RUSTFLAGS=--cap-lints=warn" "-e" "RUSTDOCFLAGS=--cap-lints=warn" "-e" "CARGO_HOME=/opt/rustwide/cargo-home" "-e" "RUSTUP_HOME=/opt/rustwide/rustup-home" "-w" "/opt/rustwide/workdir" "-m" "1610612736" "--user" "0:0" "--network" "none" "ghcr.io/rust-lang/crates-build-env/linux@sha256:f3a9d4ad9d972b27faf3965f35b62e55ba32bbce8f20bc8fe909558a86702fde" "/opt/rustwide/cargo-home/bin/cargo" "+1.83.0" "test" "--frozen" "--no-run" "--message-format=json", kill_on_drop: false }`
[INFO] [stdout] dab234a34a91dba0ec85b7319ff7ae566a46e4b93a7bf00d31eb57688984d799
[INFO] running `Command { std: "docker" "start" "-a" "dab234a34a91dba0ec85b7319ff7ae566a46e4b93a7bf00d31eb57688984d799", kill_on_drop: false }`
[INFO] [stderr]    Compiling lq v0.12.2 (/opt/rustwide/workdir)
[INFO] [stderr]     Finished `test` profile [unoptimized] target(s) in 2.77s
[INFO] running `Command { std: "docker" "inspect" "dab234a34a91dba0ec85b7319ff7ae566a46e4b93a7bf00d31eb57688984d799", kill_on_drop: false }`
[INFO] running `Command { std: "docker" "rm" "-f" "dab234a34a91dba0ec85b7319ff7ae566a46e4b93a7bf00d31eb57688984d799", kill_on_drop: false }`
[INFO] [stdout] dab234a34a91dba0ec85b7319ff7ae566a46e4b93a7bf00d31eb57688984d799
[INFO] running `Command { std: "docker" "create" "-v" "/var/lib/crater-agent-workspace/builds/worker-3-tc1/target:/opt/rustwide/target:rw,Z" "-v" "/var/lib/crater-agent-workspace/builds/worker-3-tc1/source:/opt/rustwide/workdir:ro,Z" "-v" "/var/lib/crater-agent-workspace/cargo-home:/opt/rustwide/cargo-home:ro,Z" "-v" "/var/lib/crater-agent-workspace/rustup-home:/opt/rustwide/rustup-home:ro,Z" "-e" "SOURCE_DIR=/opt/rustwide/workdir" "-e" "CARGO_TARGET_DIR=/opt/rustwide/target" "-e" "CARGO_INCREMENTAL=0" "-e" "RUST_BACKTRACE=full" "-e" "RUSTFLAGS=--cap-lints=warn" "-e" "RUSTDOCFLAGS=--cap-lints=warn" "-e" "CARGO_HOME=/opt/rustwide/cargo-home" "-e" "RUSTUP_HOME=/opt/rustwide/rustup-home" "-w" "/opt/rustwide/workdir" "-m" "1610612736" "--user" "0:0" "--network" "none" "ghcr.io/rust-lang/crates-build-env/linux@sha256:f3a9d4ad9d972b27faf3965f35b62e55ba32bbce8f20bc8fe909558a86702fde" "/opt/rustwide/cargo-home/bin/cargo" "+1.83.0" "test" "--frozen", kill_on_drop: false }`
[INFO] [stdout] 06ee04f5720d4fdaa60c9ef665d57e3e4a951c1c58d852d05d894757756305e1
[INFO] running `Command { std: "docker" "start" "-a" "06ee04f5720d4fdaa60c9ef665d57e3e4a951c1c58d852d05d894757756305e1", kill_on_drop: false }`
[INFO] [stderr]     Finished `test` profile [unoptimized] target(s) in 0.08s
[INFO] [stderr]      Running unittests lq.rs (/opt/rustwide/target/debug/deps/lq-73f2ac8556c97bea)
[INFO] [stdout] 
[INFO] [stdout] running 1 test
[INFO] [stdout] test test::file_input_both_outputs ... FAILED
[INFO] [stdout] 
[INFO] [stdout] failures:
[INFO] [stdout] 
[INFO] [stdout] ---- test::file_input_both_outputs stdout ----
[INFO] [stdout] have stdin? true
[INFO] [stdout] debug args: Args { input: Yaml, output: Jq, yaml_output: false, toml_output: false, in_place: false, jq_query: Some(".[2].metadata"), file: Some("test/deploy.yaml"), compact_output: true, raw_output: false, join_output: false, modules: None }
[INFO] [stdout] thread 'test::file_input_both_outputs' panicked at lq.rs:322:47:
[INFO] [stdout] called `Result::unwrap()` on an `Err` value: No such file or directory (os error 2)
[INFO] [stdout] 
[INFO] [stdout] Stack backtrace:
[INFO] [stdout]    0: anyhow::error::<impl core::convert::From<E> for anyhow::Error>::from
[INFO] [stdout]    1: <core::result::Result<T,F> as core::ops::try_trait::FromResidual<core::result::Result<core::convert::Infallible,E>>>::from_residual
[INFO] [stdout]    2: lq::Args::shellout
[INFO] [stdout]    3: lq::test::file_input_both_outputs
[INFO] [stdout]    4: lq::test::file_input_both_outputs::{{closure}}
[INFO] [stdout]    5: core::ops::function::FnOnce::call_once
[INFO] [stdout]    6: test::__rust_begin_short_backtrace
[INFO] [stdout]    7: test::run_test::{{closure}}
[INFO] [stdout]    8: std::sys::backtrace::__rust_begin_short_backtrace
[INFO] [stdout]    9: core::ops::function::FnOnce::call_once{{vtable.shim}}
[INFO] [stdout]   10: std::sys::pal::unix::thread::Thread::new::thread_start
[INFO] [stdout]   11: <unknown>
[INFO] [stdout]   12: clone
[INFO] [stdout] stack backtrace:
[INFO] [stdout]    0:     0x5c97b8b01e7a - <std::sys::backtrace::BacktraceLock::print::DisplayBacktrace as core::fmt::Display>::fmt::h5b6bd5631a6d1f6b
[INFO] [stdout]    1:     0x5c97b8b297b3 - core::fmt::write::h7550c97b06c86515
[INFO] [stdout]    2:     0x5c97b8afe953 - std::io::Write::write_fmt::h509ff860e5956e5e
[INFO] [stdout]    3:     0x5c97b8b01cc2 - std::sys::backtrace::BacktraceLock::print::h2395ccd2c84ba3aa
[INFO] [stdout]    4:     0x5c97b8b032da - std::panicking::default_hook::{{closure}}::he19d4c7230e07961
[INFO] [stdout]    5:     0x5c97b8b030e4 - std::panicking::default_hook::hf614597d3c67bbdb
[INFO] [stdout]    6:     0x5c97b86c0a39 - test::test_main::{{closure}}::he977ae839a582784
[INFO] [stdout]    7:     0x5c97b8b03978 - std::panicking::rust_panic_with_hook::h8942133a8b252070
[INFO] [stdout]    8:     0x5c97b8b0373a - std::panicking::begin_panic_handler::{{closure}}::hb5f5963570096b29
[INFO] [stdout]    9:     0x5c97b8b02359 - std::sys::backtrace::__rust_end_short_backtrace::h6208cedc1922feda
[INFO] [stdout]   10:     0x5c97b8b033cc - rust_begin_unwind
[INFO] [stdout]   11:     0x5c97b862fc70 - core::panicking::panic_fmt::h0c3082644d1bf418
[INFO] [stdout]   12:     0x5c97b8630156 - core::result::unwrap_failed::hd20b4aa073bda1e2
[INFO] [stdout]   13:     0x5c97b86881fe - lq::test::file_input_both_outputs::h84a82eb35b2a3f2e
[INFO] [stdout]   14:     0x5c97b8687c33 - lq::test::file_input_both_outputs::{{closure}}::h728b7aead4866d74
[INFO] [stdout]   15:     0x5c97b86414a6 - core::ops::function::FnOnce::call_once::hfd7516084547cb7d
[INFO] [stdout]   16:     0x5c97b86c53fb - test::__rust_begin_short_backtrace::hf4fff89d377446ba
[INFO] [stdout]   17:     0x5c97b86c4c37 - test::run_test::{{closure}}::h52c556a6d4740e10
[INFO] [stdout]   18:     0x5c97b8689f14 - std::sys::backtrace::__rust_begin_short_backtrace::h505c97a579eca628
[INFO] [stdout]   19:     0x5c97b868d5de - core::ops::function::FnOnce::call_once{{vtable.shim}}::h2c5a5f3779c774f1
[INFO] [stdout]   20:     0x5c97b8b077fb - std::sys::pal::unix::thread::Thread::new::thread_start::hcc78f3943333fa94
[INFO] [stdout]   21:     0x76ca8ef29ac3 - <unknown>
[INFO] [stdout]   22:     0x76ca8efbaa04 - clone
[INFO] [stdout]   23:                0x0 - <unknown>
[INFO] [stdout] 
[INFO] [stdout] 
[INFO] [stdout] failures:
[INFO] [stdout]     test::file_input_both_outputs
[INFO] [stdout] 
[INFO] [stdout] test result: FAILED. 0 passed; 1 failed; 0 ignored; 0 measured; 0 filtered out; finished in 0.03s
[INFO] [stdout] 
[INFO] [stderr] error: test failed, to rerun pass `--bin lq`
[INFO] running `Command { std: "docker" "inspect" "06ee04f5720d4fdaa60c9ef665d57e3e4a951c1c58d852d05d894757756305e1", kill_on_drop: false }`
[INFO] running `Command { std: "docker" "rm" "-f" "06ee04f5720d4fdaa60c9ef665d57e3e4a951c1c58d852d05d894757756305e1", kill_on_drop: false }`
[INFO] [stdout] 06ee04f5720d4fdaa60c9ef665d57e3e4a951c1c58d852d05d894757756305e1
