[INFO] cloning repository https://github.com/civicteam/spl-governance-plugin-gateway
[INFO] running `Command { std: "git" "-c" "credential.helper=" "-c" "credential.helper=/workspace/cargo-home/bin/git-credential-null" "clone" "--bare" "https://github.com/civicteam/spl-governance-plugin-gateway" "/workspace/cache/git-repos/https%3A%2F%2Fgithub.com%2Fcivicteam%2Fspl-governance-plugin-gateway", kill_on_drop: false }`
[INFO] [stderr] Cloning into bare repository '/workspace/cache/git-repos/https%3A%2F%2Fgithub.com%2Fcivicteam%2Fspl-governance-plugin-gateway'...
[INFO] running `Command { std: "git" "rev-parse" "HEAD", kill_on_drop: false }`
[INFO] [stdout] 78f8ec038521415a18502b29487f2ff3136bc7b5
[INFO] testing civicteam/spl-governance-plugin-gateway against 1.83.0 for beta-1.84.0-4-retry
[INFO] running `Command { std: "git" "clone" "/workspace/cache/git-repos/https%3A%2F%2Fgithub.com%2Fcivicteam%2Fspl-governance-plugin-gateway" "/workspace/builds/worker-5-tc1/source", kill_on_drop: false }`
[INFO] [stderr] Cloning into '/workspace/builds/worker-5-tc1/source'...
[INFO] [stderr] done.
[INFO] validating manifest of git repo https://github.com/civicteam/spl-governance-plugin-gateway on toolchain 1.83.0
[INFO] running `Command { std: CARGO_HOME="/workspace/cargo-home" RUSTUP_HOME="/workspace/rustup-home" "/workspace/cargo-home/bin/cargo" "+1.83.0" "metadata" "--manifest-path" "Cargo.toml" "--no-deps", kill_on_drop: false }`
[INFO] started tweaking git repo https://github.com/civicteam/spl-governance-plugin-gateway
[INFO] finished tweaking git repo https://github.com/civicteam/spl-governance-plugin-gateway
[INFO] tweaked toml for git repo https://github.com/civicteam/spl-governance-plugin-gateway written to /workspace/builds/worker-5-tc1/source/Cargo.toml
[INFO] crate git repo https://github.com/civicteam/spl-governance-plugin-gateway already has a lockfile, it will not be regenerated
[INFO] running `Command { std: CARGO_HOME="/workspace/cargo-home" RUSTUP_HOME="/workspace/rustup-home" "/workspace/cargo-home/bin/cargo" "+1.83.0" "fetch" "--manifest-path" "Cargo.toml", kill_on_drop: false }`
[INFO] [stderr]     Updating crates.io index
[INFO] [stderr]  Downloading crates ...
[INFO] [stderr]   Downloaded pbkdf2 v0.9.0
[INFO] [stderr]   Downloaded spl-governance-tools v0.1.2
[INFO] [stderr]   Downloaded spl-governance-addin-api v0.1.1
[INFO] [stderr]   Downloaded solana-sdk v1.9.18
[INFO] [stderr]   Downloaded solana-banks-client v1.9.18
[INFO] [stderr]   Downloaded ouroboros_macro v0.13.0
[INFO] [stderr]   Downloaded solana-bpf-loader-program v1.9.18
[INFO] [stderr]   Downloaded solana-stake-program v1.9.18
[INFO] [stderr]   Downloaded solana-metrics v1.9.18
[INFO] [stderr]   Downloaded spl-governance v2.2.1
[INFO] [stderr]   Downloaded solana-address-lookup-table-program v1.9.18
[INFO] [stderr]   Downloaded solana-bucket-map v1.9.18
[INFO] [stderr]   Downloaded solana-runtime v1.9.18
[INFO] [stderr]   Downloaded tokio-rustls v0.23.1
[INFO] [stderr]   Downloaded solana-program-runtime v1.9.18
[INFO] [stderr]   Downloaded solana-vote-program v1.9.18
[INFO] [stderr]   Downloaded solana-banks-server v1.9.18
[INFO] [stderr]   Downloaded ouroboros v0.13.0
[INFO] [stderr]   Downloaded solana-bloom v1.9.18
[INFO] [stderr]   Downloaded solana-compute-budget-program v1.9.18
[INFO] [stderr]   Downloaded solana-rayon-threadlimit v1.9.18
[INFO] [stderr]   Downloaded solana-config-program v1.9.18
[INFO] [stderr]   Downloaded solana-measure v1.9.18
[INFO] [stderr]   Downloaded solana-banks-interface v1.9.18
[INFO] [stderr]   Downloaded solana-send-transaction-service v1.9.18
[INFO] [stderr]   Downloaded solana-program-test v1.9.18
[INFO] running `Command { std: "docker" "create" "-v" "/var/lib/crater-agent-workspace/builds/worker-5-tc1/target:/opt/rustwide/target:rw,Z" "-v" "/var/lib/crater-agent-workspace/builds/worker-5-tc1/source:/opt/rustwide/workdir:ro,Z" "-v" "/var/lib/crater-agent-workspace/cargo-home:/opt/rustwide/cargo-home:ro,Z" "-v" "/var/lib/crater-agent-workspace/rustup-home:/opt/rustwide/rustup-home:ro,Z" "-e" "SOURCE_DIR=/opt/rustwide/workdir" "-e" "CARGO_TARGET_DIR=/opt/rustwide/target" "-e" "CARGO_HOME=/opt/rustwide/cargo-home" "-e" "RUSTUP_HOME=/opt/rustwide/rustup-home" "-w" "/opt/rustwide/workdir" "-m" "1610612736" "--user" "0:0" "--network" "none" "ghcr.io/rust-lang/crates-build-env/linux@sha256:f3a9d4ad9d972b27faf3965f35b62e55ba32bbce8f20bc8fe909558a86702fde" "/opt/rustwide/cargo-home/bin/cargo" "+1.83.0" "metadata" "--no-deps" "--format-version=1", kill_on_drop: false }`
[INFO] [stdout] 25b8db8e93f659738ef49580deed8aa9f5a6bd6551ccf1cc7d0ce5c4419cf90f
[INFO] running `Command { std: "docker" "start" "-a" "25b8db8e93f659738ef49580deed8aa9f5a6bd6551ccf1cc7d0ce5c4419cf90f", kill_on_drop: false }`
[INFO] running `Command { std: "docker" "inspect" "25b8db8e93f659738ef49580deed8aa9f5a6bd6551ccf1cc7d0ce5c4419cf90f", kill_on_drop: false }`
[INFO] running `Command { std: "docker" "rm" "-f" "25b8db8e93f659738ef49580deed8aa9f5a6bd6551ccf1cc7d0ce5c4419cf90f", kill_on_drop: false }`
[INFO] [stdout] 25b8db8e93f659738ef49580deed8aa9f5a6bd6551ccf1cc7d0ce5c4419cf90f
[INFO] running `Command { std: "docker" "create" "-v" "/var/lib/crater-agent-workspace/builds/worker-5-tc1/target:/opt/rustwide/target:rw,Z" "-v" "/var/lib/crater-agent-workspace/builds/worker-5-tc1/source:/opt/rustwide/workdir:ro,Z" "-v" "/var/lib/crater-agent-workspace/cargo-home:/opt/rustwide/cargo-home:ro,Z" "-v" "/var/lib/crater-agent-workspace/rustup-home:/opt/rustwide/rustup-home:ro,Z" "-e" "SOURCE_DIR=/opt/rustwide/workdir" "-e" "CARGO_TARGET_DIR=/opt/rustwide/target" "-e" "CARGO_INCREMENTAL=0" "-e" "RUST_BACKTRACE=full" "-e" "RUSTFLAGS=--cap-lints=warn" "-e" "RUSTDOCFLAGS=--cap-lints=warn" "-e" "CARGO_HOME=/opt/rustwide/cargo-home" "-e" "RUSTUP_HOME=/opt/rustwide/rustup-home" "-w" "/opt/rustwide/workdir" "-m" "1610612736" "--user" "0:0" "--network" "none" "ghcr.io/rust-lang/crates-build-env/linux@sha256:f3a9d4ad9d972b27faf3965f35b62e55ba32bbce8f20bc8fe909558a86702fde" "/opt/rustwide/cargo-home/bin/cargo" "+1.83.0" "build" "--frozen" "--message-format=json", kill_on_drop: false }`
[INFO] [stdout] fb100baca825c64c199c5bdd7259538de0be22b6ab590362699ad30512adb324
[INFO] running `Command { std: "docker" "start" "-a" "fb100baca825c64c199c5bdd7259538de0be22b6ab590362699ad30512adb324", kill_on_drop: false }`
[INFO] [stderr]    Compiling proc-macro2 v1.0.33
[INFO] [stderr]    Compiling unicode-xid v0.2.2
[INFO] [stderr]    Compiling syn v1.0.82
[INFO] [stderr]    Compiling serde_derive v1.0.136
[INFO] [stderr]    Compiling serde v1.0.136
[INFO] [stderr]    Compiling version_check v0.9.3
[INFO] [stderr]    Compiling typenum v1.14.0
[INFO] [stderr]    Compiling cfg-if v1.0.0
[INFO] [stderr]    Compiling libc v0.2.112
[INFO] [stderr]    Compiling block-padding v0.2.1
[INFO] [stderr]    Compiling opaque-debug v0.3.0
[INFO] [stderr]    Compiling cpufeatures v0.2.1
[INFO] [stderr]    Compiling subtle v2.4.1
[INFO] [stderr]    Compiling semver v1.0.4
[INFO] [stderr]    Compiling log v0.4.14
[INFO] [stderr]    Compiling crunchy v0.2.2
[INFO] [stderr]    Compiling memchr v2.4.1
[INFO] [stderr]    Compiling getrandom v0.1.16
[INFO] [stderr]    Compiling lazy_static v1.4.0
[INFO] [stderr]    Compiling wasm-bindgen-shared v0.2.78
[INFO] [stderr]    Compiling anyhow v1.0.55
[INFO] [stderr]    Compiling serde_json v1.0.73
[INFO] [stderr]    Compiling yansi v0.5.0
[INFO] [stderr]    Compiling itoa v1.0.1
[INFO] [stderr]    Compiling generic-array v0.14.4
[INFO] [stderr]    Compiling proc-macro2-diagnostics v0.9.1
[INFO] [stderr]    Compiling regex-syntax v0.6.25
[INFO] [stderr]    Compiling ryu v1.0.9
[INFO] [stderr]    Compiling rustc_version v0.4.0
[INFO] [stderr]    Compiling unicode-segmentation v1.8.0
[INFO] [stderr]    Compiling bumpalo v3.8.0
[INFO] [stderr]    Compiling rustversion v1.0.6
[INFO] [stderr]    Compiling feature-probe v0.1.1
[INFO] [stderr]    Compiling bs58 v0.3.1
[INFO] [stderr]    Compiling humantime v2.1.0
[INFO] [stderr]    Compiling bs58 v0.4.0
[INFO] [stderr]    Compiling ppv-lite86 v0.2.15
[INFO] [stderr]    Compiling termcolor v1.1.2
[INFO] [stderr]    Compiling solana-frozen-abi-macro v1.9.18
[INFO] [stderr]    Compiling heck v0.3.3
[INFO] [stderr]    Compiling bv v0.11.1
[INFO] [stderr]    Compiling autocfg v1.0.1
[INFO] [stderr]    Compiling solana-frozen-abi v1.9.18
[INFO] [stderr]    Compiling quote v1.0.10
[INFO] [stderr]    Compiling ahash v0.4.7
[INFO] [stderr]    Compiling arrayref v0.3.6
[INFO] [stderr]    Compiling wasm-bindgen v0.2.78
[INFO] [stderr]    Compiling aho-corasick v0.7.18
[INFO] [stderr]    Compiling solana-program v1.9.18
[INFO] [stderr]    Compiling jobserver v0.1.24
[INFO] [stderr]    Compiling atty v0.2.14
[INFO] [stderr]    Compiling hashbrown v0.9.1
[INFO] [stderr]    Compiling memmap2 v0.5.2
[INFO] [stderr]    Compiling num-traits v0.2.14
[INFO] [stderr]    Compiling either v1.6.1
[INFO] [stderr]    Compiling base64 v0.12.3
[INFO] [stderr]    Compiling arrayvec v0.7.2
[INFO] [stderr]    Compiling cc v1.0.72
[INFO] [stderr]    Compiling byteorder v1.4.3
[INFO] [stderr]    Compiling rand_core v0.5.1
[INFO] [stderr]    Compiling constant_time_eq v0.1.5
[INFO] [stderr]    Compiling keccak v0.1.0
[INFO] [stderr]    Compiling itertools v0.10.3
[INFO] [stderr]    Compiling bitflags v1.3.2
[INFO] [stderr]    Compiling base64 v0.13.0
[INFO] [stderr]    Compiling static_assertions v1.1.0
[INFO] [stderr]    Compiling rand_pcg v0.2.1
[INFO] [stderr]    Compiling rand_chacha v0.2.2
[INFO] [stderr]    Compiling rand v0.7.3
[INFO] [stderr]    Compiling blake3 v1.3.1
[INFO] [stderr]    Compiling regex v1.5.5
[INFO] [stderr]    Compiling env_logger v0.9.0
[INFO] [stderr]    Compiling solana-logger v1.9.18
[INFO] [stderr]    Compiling wasm-bindgen-backend v0.2.78
[INFO] [stderr]    Compiling synstructure v0.12.6
[INFO] [stderr]    Compiling borsh-derive-internal v0.9.1
[INFO] [stderr]    Compiling borsh-schema-derive-internal v0.9.1
[INFO] [stderr]    Compiling thiserror-impl v1.0.30
[INFO] [stderr]    Compiling zeroize_derive v1.2.2
[INFO] [stderr]    Compiling bytemuck_derive v1.1.0
[INFO] [stderr]    Compiling solana-sdk-macro v1.9.18
[INFO] [stderr]    Compiling num-derive v0.3.3
[INFO] [stderr]    Compiling derivative v2.2.0
[INFO] [stderr]    Compiling wasm-bindgen-macro-support v0.2.78
[INFO] [stderr]    Compiling wasm-bindgen-macro v0.2.78
[INFO] [stderr]    Compiling zeroize v1.4.3
[INFO] [stderr]    Compiling bytemuck v1.9.1
[INFO] [stderr]    Compiling thiserror v1.0.30
[INFO] [stderr]    Compiling toml v0.5.8
[INFO] [stderr]    Compiling serde_bytes v0.11.5
[INFO] [stderr]    Compiling bincode v1.3.3
[INFO] [stderr]    Compiling digest v0.9.0
[INFO] [stderr]    Compiling block-buffer v0.9.0
[INFO] [stderr]    Compiling crypto-mac v0.8.0
[INFO] [stderr]    Compiling block-buffer v0.10.0
[INFO] [stderr]    Compiling crypto-common v0.1.1
[INFO] [stderr]    Compiling digest v0.10.1
[INFO] [stderr]    Compiling sha2 v0.9.8
[INFO] [stderr]    Compiling libsecp256k1-core v0.2.2
[INFO] [stderr]    Compiling hmac v0.8.1
[INFO] [stderr]    Compiling sha3 v0.9.1
[INFO] [stderr]    Compiling curve25519-dalek v3.2.0
[INFO] [stderr]    Compiling hmac-drbg v0.3.0
[INFO] [stderr]    Compiling anchor-syn v0.24.2
[INFO] [stderr]    Compiling proc-macro-crate v0.1.5
[INFO] [stderr]    Compiling proc-macro-crate v1.1.0
[INFO] [stderr]    Compiling libsecp256k1-gen-ecmult v0.2.1
[INFO] [stderr]    Compiling libsecp256k1-gen-genmult v0.2.1
[INFO] [stderr]    Compiling num_enum_derive v0.5.4
[INFO] [stderr]    Compiling borsh-derive v0.9.1
[INFO] [stderr]    Compiling libsecp256k1 v0.6.0
[INFO] [stderr]    Compiling borsh v0.9.1
[INFO] [stderr]    Compiling num_enum v0.5.4
[INFO] [stderr]    Compiling anchor-attribute-access-control v0.24.2
[INFO] [stderr]    Compiling anchor-attribute-interface v0.24.2
[INFO] [stderr]    Compiling anchor-derive-accounts v0.24.2
[INFO] [stderr]    Compiling anchor-attribute-account v0.24.2
[INFO] [stderr]    Compiling anchor-attribute-state v0.24.2
[INFO] [stderr]    Compiling anchor-attribute-event v0.24.2
[INFO] [stderr]    Compiling anchor-attribute-constant v0.24.2
[INFO] [stderr]    Compiling anchor-attribute-error v0.24.2
[INFO] [stderr]    Compiling anchor-attribute-program v0.24.2
[INFO] [stderr]    Compiling spl-token v3.3.0
[INFO] [stderr]    Compiling anchor-lang v0.24.2
[INFO] [stderr]    Compiling spl-governance-tools v0.1.2
[INFO] [stderr]    Compiling spl-associated-token-account v1.0.3
[INFO] [stderr]    Compiling spl-governance-addin-api v0.1.1
[INFO] [stderr]    Compiling spl-governance v2.2.1
[INFO] [stderr]    Compiling anchor-spl v0.24.2
[INFO] [stderr]    Compiling plugin-boilerplate v0.2.4 (/opt/rustwide/workdir/programs/plugin-boilerplate)
[INFO] [stderr]     Finished `dev` profile [unoptimized + debuginfo] target(s) in 1m 05s
[INFO] [stderr] warning: the following packages contain code that will be rejected by a future version of Rust: wasm-bindgen v0.2.78
[INFO] [stderr] note: to see what the problems were, use the option `--future-incompat-report`, or run `cargo report future-incompatibilities --id 1`
[INFO] running `Command { std: "docker" "inspect" "fb100baca825c64c199c5bdd7259538de0be22b6ab590362699ad30512adb324", kill_on_drop: false }`
[INFO] running `Command { std: "docker" "rm" "-f" "fb100baca825c64c199c5bdd7259538de0be22b6ab590362699ad30512adb324", kill_on_drop: false }`
[INFO] [stdout] fb100baca825c64c199c5bdd7259538de0be22b6ab590362699ad30512adb324
[INFO] running `Command { std: "docker" "create" "-v" "/var/lib/crater-agent-workspace/builds/worker-5-tc1/target:/opt/rustwide/target:rw,Z" "-v" "/var/lib/crater-agent-workspace/builds/worker-5-tc1/source:/opt/rustwide/workdir:ro,Z" "-v" "/var/lib/crater-agent-workspace/cargo-home:/opt/rustwide/cargo-home:ro,Z" "-v" "/var/lib/crater-agent-workspace/rustup-home:/opt/rustwide/rustup-home:ro,Z" "-e" "SOURCE_DIR=/opt/rustwide/workdir" "-e" "CARGO_TARGET_DIR=/opt/rustwide/target" "-e" "CARGO_INCREMENTAL=0" "-e" "RUST_BACKTRACE=full" "-e" "RUSTFLAGS=--cap-lints=warn" "-e" "RUSTDOCFLAGS=--cap-lints=warn" "-e" "CARGO_HOME=/opt/rustwide/cargo-home" "-e" "RUSTUP_HOME=/opt/rustwide/rustup-home" "-w" "/opt/rustwide/workdir" "-m" "1610612736" "--user" "0:0" "--network" "none" "ghcr.io/rust-lang/crates-build-env/linux@sha256:f3a9d4ad9d972b27faf3965f35b62e55ba32bbce8f20bc8fe909558a86702fde" "/opt/rustwide/cargo-home/bin/cargo" "+1.83.0" "test" "--frozen" "--no-run" "--message-format=json", kill_on_drop: false }`
[INFO] [stdout] d4aa572e4351299350612ba1cf2ce4ca812eb23c4e9d5b1c03af98bc0cfa4ade
[INFO] running `Command { std: "docker" "start" "-a" "d4aa572e4351299350612ba1cf2ce4ca812eb23c4e9d5b1c03af98bc0cfa4ade", kill_on_drop: false }`
[INFO] [stderr]    Compiling ryu v1.0.9
[INFO] [stderr]    Compiling serde_json v1.0.73
[INFO] [stderr]    Compiling itoa v1.0.1
[INFO] [stderr]    Compiling once_cell v1.8.0
[INFO] [stderr]    Compiling scopeguard v1.1.0
[INFO] [stderr]    Compiling num-integer v0.1.44
[INFO] [stderr]    Compiling pin-project-lite v0.2.7
[INFO] [stderr]    Compiling percent-encoding v2.1.0
[INFO] [stderr]    Compiling futures-core v0.3.18
[INFO] [stderr]    Compiling fnv v1.0.7
[INFO] [stderr]    Compiling miniz_oxide v0.4.4
[INFO] [stderr]    Compiling num_cpus v1.13.0
[INFO] [stderr]    Compiling adler v1.0.2
[INFO] [stderr]    Compiling backtrace v0.3.63
[INFO] [stderr]    Compiling rustc-demangle v0.1.21
[INFO] [stderr]    Compiling gimli v0.26.1
[INFO] [stderr]    Compiling futures-sink v0.3.18
[INFO] [stderr]    Compiling failure_derive v0.1.8
[INFO] [stderr]    Compiling object v0.27.1
[INFO] [stderr]    Compiling futures-task v0.3.18
[INFO] [stderr]    Compiling futures-channel v0.3.18
[INFO] [stderr]    Compiling bytes v1.1.0
[INFO] [stderr]    Compiling parking_lot_core v0.8.5
[INFO] [stderr]    Compiling instant v0.1.12
[INFO] [stderr]    Compiling time v0.1.44
[INFO] [stderr]    Compiling slab v0.4.5
[INFO] [stderr]    Compiling futures-util v0.3.18
[INFO] [stderr]    Compiling signature v1.4.0
[INFO] [stderr]    Compiling smallvec v1.7.0
[INFO] [stderr]    Compiling lock_api v0.4.5
[INFO] [stderr]    Compiling crypto-mac v0.11.1
[INFO] [stderr]    Compiling ed25519 v1.3.0
[INFO] [stderr]    Compiling crypto-mac v0.9.1
[INFO] [stderr]    Compiling tokio v1.14.0
[INFO] [stderr]    Compiling futures-macro v0.3.18
[INFO] [stderr]    Compiling futures-io v0.3.18
[INFO] [stderr]    Compiling pin-utils v0.1.0
[INFO] [stderr]    Compiling anyhow v1.0.55
[INFO] [stderr]    Compiling hmac v0.9.0
[INFO] [stderr]    Compiling chrono v0.4.19
[INFO] [stderr]    Compiling ed25519-dalek v1.0.1
[INFO] [stderr]    Compiling solana-sdk v1.9.18
[INFO] [stderr]    Compiling mio v0.7.14
[INFO] [stderr]    Compiling signal-hook-registry v1.4.0
[INFO] [stderr]    Compiling tokio-macros v1.6.0
[INFO] [stderr]    Compiling parking_lot v0.11.2
[INFO] [stderr]    Compiling crossbeam-utils v0.8.5
[INFO] [stderr]    Compiling hmac v0.11.0
[INFO] [stderr]    Compiling pbkdf2 v0.9.0
[INFO] [stderr]    Compiling qstring v0.7.2
[INFO] [stderr]    Compiling uriparse v0.6.3
[INFO] [stderr]    Compiling ring v0.16.20
[INFO] [stderr]    Compiling tracing-core v0.1.21
[INFO] [stderr]    Compiling assert_matches v1.5.0
[INFO] [stderr]    Compiling tracing-attributes v0.1.18
[INFO] [stderr]    Compiling untrusted v0.7.1
[INFO] [stderr]    Compiling spin v0.5.2
[INFO] [stderr]    Compiling itoa v0.4.8
[INFO] [stderr]    Compiling indexmap v1.7.0
[INFO] [stderr]    Compiling getrandom v0.2.3
[INFO] [stderr]    Compiling crossbeam-channel v0.5.1
[INFO] [stderr]    Compiling rand_core v0.6.3
[INFO] [stderr]    Compiling http v0.2.5
[INFO] [stderr]    Compiling memoffset v0.6.5
[INFO] [stderr]    Compiling httparse v1.5.1
[INFO] [stderr]    Compiling tinyvec_macros v0.1.0
[INFO] [stderr]    Compiling matches v0.1.9
[INFO] [stderr]    Compiling hashbrown v0.11.2
[INFO] [stderr]    Compiling anchor-syn v0.24.2
[INFO] [stderr]    Compiling tinyvec v1.5.1
[INFO] [stderr]    Compiling rand_chacha v0.3.1
[INFO] [stderr]    Compiling solana-program-runtime v1.9.18
[INFO] [stderr]    Compiling crossbeam-epoch v0.9.5
[INFO] [stderr]    Compiling try-lock v0.2.3
[INFO] [stderr]    Compiling want v0.3.0
[INFO] [stderr]    Compiling rand v0.8.4
[INFO] [stderr]    Compiling form_urlencoded v1.0.1
[INFO] [stderr]    Compiling libloading v0.7.3
[INFO] [stderr]    Compiling unicode-normalization v0.1.19
[INFO] [stderr]    Compiling socket2 v0.4.2
[INFO] [stderr]    Compiling tower-service v0.3.1
[INFO] [stderr]    Compiling addr2line v0.17.0
[INFO] [stderr]    Compiling httpdate v1.0.2
[INFO] [stderr]    Compiling unicode-bidi v0.3.7
[INFO] [stderr]    Compiling encoding_rs v0.8.30
[INFO] [stderr]    Compiling rayon-core v1.9.1
[INFO] [stderr]    Compiling tracing v0.1.29
[INFO] [stderr]    Compiling num-bigint v0.4.3
[INFO] [stderr]    Compiling serde_urlencoded v0.7.0
[INFO] [stderr]    Compiling rustls-pemfile v0.2.1
[INFO] [stderr]    Compiling idna v0.2.3
[INFO] [stderr]    Compiling zstd-sys v1.6.2+zstd.1.5.1
[INFO] [stderr]    Compiling crossbeam-deque v0.8.1
[INFO] [stderr]    Compiling failure v0.1.8
[INFO] [stderr]    Compiling rayon v1.5.1
[INFO] [stderr]    Compiling derivation-path v0.1.3
[INFO] [stderr]    Compiling url v2.2.2
[INFO] [stderr]    Compiling proc-macro-error-attr v1.0.4
[INFO] [stderr]    Compiling ed25519-dalek-bip32 v0.1.1
[INFO] [stderr]    Compiling pin-project-internal v1.0.8
[INFO] [stderr]    Compiling http-body v0.4.4
[INFO] [stderr]    Compiling mime v0.3.16
[INFO] [stderr]    Compiling ipnet v2.3.1
[INFO] [stderr]    Compiling async-trait v0.1.52
[INFO] [stderr]    Compiling proc-macro-error v1.0.4
[INFO] [stderr]    Compiling gethostname v0.2.1
[INFO] [stderr]    Compiling pkg-config v0.3.24
[INFO] [stderr]    Compiling thread_local v1.1.4
[INFO] [stderr]    Compiling solana-vote-program v1.9.18
[INFO] [stderr]    Compiling futures-executor v0.3.18
[INFO] [stderr]    Compiling sharded-slab v0.1.4
[INFO] [stderr]    Compiling bzip2-sys v0.1.11+1.0.8
[INFO] [stderr]    Compiling futures v0.3.18
[INFO] [stderr]    Compiling zstd-safe v4.1.3+zstd.1.5.1
[INFO] [stderr]    Compiling crc32fast v1.3.0
[INFO] [stderr]    Compiling solana-stake-program v1.9.18
[INFO] [stderr]    Compiling tracing-subscriber v0.2.25
[INFO] [stderr]    Compiling solana-address-lookup-table-program v1.9.18
[INFO] [stderr]    Compiling solana-bloom v1.9.18
[INFO] [stderr]    Compiling Inflector v0.11.4
[INFO] [stderr]    Compiling same-file v1.0.6
[INFO] [stderr]    Compiling remove_dir_all v0.5.3
[INFO] [stderr]    Compiling tempfile v3.2.0
[INFO] [stderr]    Compiling walkdir v2.3.2
[INFO] [stderr]    Compiling ouroboros_macro v0.13.0
[INFO] [stderr]    Compiling solana-runtime v1.9.18
[INFO] [stderr]    Compiling filetime v0.2.15
[INFO] [stderr]    Compiling xattr v0.2.2
[INFO] [stderr]    Compiling pin-project v1.0.8
[INFO] [stderr]    Compiling opentelemetry v0.16.0
[INFO] [stderr]    Compiling tarpc-plugins v0.12.0
[INFO] [stderr]    Compiling scroll_derive v0.10.5
[INFO] [stderr]    Compiling enum-ordinalize v3.1.10
[INFO] [stderr]    Compiling stable_deref_trait v1.2.0
[INFO] [stderr]    Compiling void v1.0.2
[INFO] [stderr]    Compiling fs_extra v1.2.0
[INFO] [stderr]    Compiling aliasable v0.1.3
[INFO] [stderr]    Compiling dashmap v4.0.2
[INFO] [stderr]    Compiling unreachable v1.0.0
[INFO] [stderr]    Compiling tar v0.4.37
[INFO] [stderr]    Compiling tokio-util v0.6.9
[INFO] [stderr]    Compiling dir-diff v0.3.2
[INFO] [stderr]    Compiling flate2 v1.0.22
[INFO] [stderr]    Compiling solana-rayon-threadlimit v1.9.18
[INFO] [stderr]    Compiling ascii v0.9.3
[INFO] [stderr]    Compiling plain v0.2.3
[INFO] [stderr]    Compiling symlink v0.1.0
[INFO] [stderr]    Compiling index_list v0.2.7
[INFO] [stderr]    Compiling hash32 v0.1.1
[INFO] [stderr]    Compiling tokio-stream v0.1.8
[INFO] [stderr]    Compiling tracing-opentelemetry v0.15.0
[INFO] [stderr]    Compiling combine v3.8.1
[INFO] [stderr]    Compiling h2 v0.3.9
[INFO] [stderr]    Compiling educe v0.4.18
[INFO] [stderr]    Compiling chrono-humanize v0.2.1
[INFO] [stderr]    Compiling anchor-attribute-event v0.24.2
[INFO] [stderr]    Compiling anchor-attribute-program v0.24.2
[INFO] [stderr]    Compiling anchor-attribute-interface v0.24.2
[INFO] [stderr]    Compiling anchor-attribute-account v0.24.2
[INFO] [stderr]    Compiling scroll v0.10.2
[INFO] [stderr]    Compiling anchor-attribute-constant v0.24.2
[INFO] [stderr]    Compiling goblin v0.4.3
[INFO] [stderr]    Compiling anchor-attribute-access-control v0.24.2
[INFO] [stderr]    Compiling anchor-derive-accounts v0.24.2
[INFO] [stderr]    Compiling anchor-attribute-state v0.24.2
[INFO] [stderr]    Compiling anchor-attribute-error v0.24.2
[INFO] [stderr]    Compiling ouroboros v0.13.0
[INFO] [stderr]    Compiling webpki v0.22.0
[INFO] [stderr]    Compiling sct v0.7.0
[INFO] [stderr]    Compiling webpki v0.21.4
[INFO] [stderr]    Compiling rustls v0.20.2
[INFO] [stderr]    Compiling webpki-roots v0.21.1
[INFO] [stderr]    Compiling tokio-serde v0.8.0
[INFO] [stderr]    Compiling anchor-lang v0.24.2
[INFO] [stderr]    Compiling tarpc v0.27.2
[INFO] [stderr]    Compiling bzip2 v0.4.3
[INFO] [stderr]    Compiling anchor-spl v0.24.2
[INFO] [stderr]    Compiling solana-measure v1.9.18
[INFO] [stderr]    Compiling solana-banks-interface v1.9.18
[INFO] [stderr]    Compiling solana-bucket-map v1.9.18
[INFO] [stderr]    Compiling plugin-boilerplate v0.2.4 (/opt/rustwide/workdir/programs/plugin-boilerplate)
[INFO] [stderr]    Compiling tokio-rustls v0.23.1
[INFO] [stderr]    Compiling solana-banks-client v1.9.18
[INFO] [stderr]    Compiling solana-config-program v1.9.18
[INFO] [stderr]    Compiling solana-compute-budget-program v1.9.18
[INFO] [stderr]    Compiling solana_rbpf v0.2.24
[INFO] [stderr]    Compiling hyper v0.14.16
[INFO] [stderr]    Compiling hyper-rustls v0.23.0
[INFO] [stderr]    Compiling reqwest v0.11.7
[INFO] [stderr]    Compiling solana-metrics v1.9.18
[INFO] [stderr]    Compiling solana-bpf-loader-program v1.9.18
[INFO] [stderr]    Compiling zstd v0.9.2+zstd.1.5.1
[INFO] [stderr]    Compiling solana-send-transaction-service v1.9.18
[INFO] [stderr]    Compiling solana-banks-server v1.9.18
[INFO] [stderr]    Compiling solana-program-test v1.9.18
[INFO] [stdout] warning: unused import: `utils::*`
[INFO] [stdout]   --> programs/plugin-boilerplate/tests/program_test/mod.rs:17:9
[INFO] [stdout]    |
[INFO] [stdout] 17 | pub use utils::*;
[INFO] [stdout]    |         ^^^^^^^^
[INFO] [stdout]    |
[INFO] [stdout]    = note: `#[warn(unused_imports)]` on by default
[INFO] [stdout] 
[INFO] [stdout] 
[INFO] [stdout] warning: lint `unaligned_references` has been removed: converted into hard error, see issue #82523 <https://github.com/rust-lang/rust/issues/82523> for more information
[INFO] [stdout]  --> programs/plugin-boilerplate/tests/test_voting.rs:7:9
[INFO] [stdout]   |
[INFO] [stdout] 7 | #[allow(unaligned_references)]
[INFO] [stdout]   |         ^^^^^^^^^^^^^^^^^^^^
[INFO] [stdout]   |
[INFO] [stdout]   = note: `#[warn(renamed_and_removed_lints)]` on by default
[INFO] [stdout] 
[INFO] [stdout] 
[INFO] [stdout] warning: field `quote_index` is never read
[INFO] [stdout]   --> programs/plugin-boilerplate/tests/program_test/mod.rs:88:9
[INFO] [stdout]    |
[INFO] [stdout] 82 | pub struct TestContext {
[INFO] [stdout]    |            ----------- field in this struct
[INFO] [stdout] ...
[INFO] [stdout] 88 |     pub quote_index: usize,
[INFO] [stdout]    |         ^^^^^^^^^^^
[INFO] [stdout]    |
[INFO] [stdout]    = note: `#[warn(dead_code)]` on by default
[INFO] [stdout] 
[INFO] [stdout] 
[INFO] [stdout] warning: fields `authority` and `mint` are never read
[INFO] [stdout]   --> programs/plugin-boilerplate/tests/program_test/addin.rs:20:9
[INFO] [stdout]    |
[INFO] [stdout] 18 | pub struct RegistrarCookie {
[INFO] [stdout]    |            --------------- fields in this struct
[INFO] [stdout] 19 |     pub address: Pubkey,
[INFO] [stdout] 20 |     pub authority: Pubkey,
[INFO] [stdout]    |         ^^^^^^^^^
[INFO] [stdout] 21 |     pub mint: MintCookie,
[INFO] [stdout]    |         ^^^^
[INFO] [stdout] 
[INFO] [stdout] 
[INFO] [stdout] warning: struct `VotingMintConfigCookie` is never constructed
[INFO] [stdout]   --> programs/plugin-boilerplate/tests/program_test/addin.rs:25:12
[INFO] [stdout]    |
[INFO] [stdout] 25 | pub struct VotingMintConfigCookie {
[INFO] [stdout]    |            ^^^^^^^^^^^^^^^^^^^^^^
[INFO] [stdout]    |
[INFO] [stdout]    = note: `VotingMintConfigCookie` has a derived impl for the trait `Clone`, but this is intentionally ignored during dead code analysis
[INFO] [stdout] 
[INFO] [stdout] 
[INFO] [stdout] warning: field `token_accounts` is never read
[INFO] [stdout]   --> programs/plugin-boilerplate/tests/program_test/cookies.rs:31:9
[INFO] [stdout]    |
[INFO] [stdout] 29 | pub struct UserCookie {
[INFO] [stdout]    |            ---------- field in this struct
[INFO] [stdout] 30 |     pub key: Keypair,
[INFO] [stdout] 31 |     pub token_accounts: Vec<Pubkey>,
[INFO] [stdout]    |         ^^^^^^^^^^^^^^
[INFO] [stdout] 
[INFO] [stdout] 
[INFO] [stdout] warning: fields `realm_config` and `community_token_account` are never read
[INFO] [stdout]   --> programs/plugin-boilerplate/tests/program_test/governance.rs:21:9
[INFO] [stdout]    |
[INFO] [stdout] 17 | pub struct GovernanceRealmCookie {
[INFO] [stdout]    |            --------------------- fields in this struct
[INFO] [stdout] ...
[INFO] [stdout] 21 |     pub realm_config: Pubkey,
[INFO] [stdout]    |         ^^^^^^^^^^^^
[INFO] [stdout] 22 |     pub community_token_mint: MintCookie,
[INFO] [stdout] 23 |     pub community_token_account: Pubkey,
[INFO] [stdout]    |         ^^^^^^^^^^^^^^^^^^^^^^^
[INFO] [stdout]    |
[INFO] [stdout]    = note: `GovernanceRealmCookie` has a derived impl for the trait `Clone`, but this is intentionally ignored during dead code analysis
[INFO] [stdout] 
[INFO] [stdout] 
[INFO] [stdout] warning: fields `address` and `governed_account` are never read
[INFO] [stdout]   --> programs/plugin-boilerplate/tests/program_test/governance.rs:32:9
[INFO] [stdout]    |
[INFO] [stdout] 31 | pub struct AccountGovernanceCookie {
[INFO] [stdout]    |            ----------------------- fields in this struct
[INFO] [stdout] 32 |     pub address: Pubkey,
[INFO] [stdout]    |         ^^^^^^^
[INFO] [stdout] 33 |     pub governed_account: Pubkey,
[INFO] [stdout]    |         ^^^^^^^^^^^^^^^^
[INFO] [stdout] 
[INFO] [stdout] 
[INFO] [stdout] warning: field `governed_mint` is never read
[INFO] [stdout]   --> programs/plugin-boilerplate/tests/program_test/governance.rs:38:9
[INFO] [stdout]    |
[INFO] [stdout] 36 | pub struct MintGovernanceCookie {
[INFO] [stdout]    |            -------------------- field in this struct
[INFO] [stdout] 37 |     pub address: Pubkey,
[INFO] [stdout] 38 |     pub governed_mint: Pubkey,
[INFO] [stdout]    |         ^^^^^^^^^^^^^
[INFO] [stdout] 
[INFO] [stdout] 
[INFO] [stderr]     Finished `test` profile [unoptimized + debuginfo] target(s) in 2m 12s
[INFO] [stderr] warning: the following packages contain code that will be rejected by a future version of Rust: fs_extra v1.2.0, wasm-bindgen v0.2.78
[INFO] [stderr] note: to see what the problems were, use the option `--future-incompat-report`, or run `cargo report future-incompatibilities --id 2`
[INFO] running `Command { std: "docker" "inspect" "d4aa572e4351299350612ba1cf2ce4ca812eb23c4e9d5b1c03af98bc0cfa4ade", kill_on_drop: false }`
[INFO] running `Command { std: "docker" "rm" "-f" "d4aa572e4351299350612ba1cf2ce4ca812eb23c4e9d5b1c03af98bc0cfa4ade", kill_on_drop: false }`
[INFO] [stdout] d4aa572e4351299350612ba1cf2ce4ca812eb23c4e9d5b1c03af98bc0cfa4ade
[INFO] running `Command { std: "docker" "create" "-v" "/var/lib/crater-agent-workspace/builds/worker-5-tc1/target:/opt/rustwide/target:rw,Z" "-v" "/var/lib/crater-agent-workspace/builds/worker-5-tc1/source:/opt/rustwide/workdir:ro,Z" "-v" "/var/lib/crater-agent-workspace/cargo-home:/opt/rustwide/cargo-home:ro,Z" "-v" "/var/lib/crater-agent-workspace/rustup-home:/opt/rustwide/rustup-home:ro,Z" "-e" "SOURCE_DIR=/opt/rustwide/workdir" "-e" "CARGO_TARGET_DIR=/opt/rustwide/target" "-e" "CARGO_INCREMENTAL=0" "-e" "RUST_BACKTRACE=full" "-e" "RUSTFLAGS=--cap-lints=warn" "-e" "RUSTDOCFLAGS=--cap-lints=warn" "-e" "CARGO_HOME=/opt/rustwide/cargo-home" "-e" "RUSTUP_HOME=/opt/rustwide/rustup-home" "-w" "/opt/rustwide/workdir" "-m" "1610612736" "--user" "0:0" "--network" "none" "ghcr.io/rust-lang/crates-build-env/linux@sha256:f3a9d4ad9d972b27faf3965f35b62e55ba32bbce8f20bc8fe909558a86702fde" "/opt/rustwide/cargo-home/bin/cargo" "+1.83.0" "test" "--frozen", kill_on_drop: false }`
[INFO] [stdout] de52f4f1032610bf75fdf0c20a2268c22293e651603eb32ecd01ae7454156bdd
[INFO] running `Command { std: "docker" "start" "-a" "de52f4f1032610bf75fdf0c20a2268c22293e651603eb32ecd01ae7454156bdd", kill_on_drop: false }`
[INFO] [stderr] warning: unused import: `utils::*`
[INFO] [stderr]   --> programs/plugin-boilerplate/tests/program_test/mod.rs:17:9
[INFO] [stderr]    |
[INFO] [stderr] 17 | pub use utils::*;
[INFO] [stderr]    |         ^^^^^^^^
[INFO] [stderr]    |
[INFO] [stderr]    = note: `#[warn(unused_imports)]` on by default
[INFO] [stderr] 
[INFO] [stderr] warning: lint `unaligned_references` has been removed: converted into hard error, see issue #82523 <https://github.com/rust-lang/rust/issues/82523> for more information
[INFO] [stderr]  --> programs/plugin-boilerplate/tests/test_voting.rs:7:9
[INFO] [stderr]   |
[INFO] [stderr] 7 | #[allow(unaligned_references)]
[INFO] [stderr]   |         ^^^^^^^^^^^^^^^^^^^^
[INFO] [stderr]   |
[INFO] [stderr]   = note: `#[warn(renamed_and_removed_lints)]` on by default
[INFO] [stderr] 
[INFO] [stderr] warning: field `quote_index` is never read
[INFO] [stderr]   --> programs/plugin-boilerplate/tests/program_test/mod.rs:88:9
[INFO] [stderr]    |
[INFO] [stderr] 82 | pub struct TestContext {
[INFO] [stderr]    |            ----------- field in this struct
[INFO] [stderr] ...
[INFO] [stderr] 88 |     pub quote_index: usize,
[INFO] [stderr]    |         ^^^^^^^^^^^
[INFO] [stderr]    |
[INFO] [stderr]    = note: `#[warn(dead_code)]` on by default
[INFO] [stderr] 
[INFO] [stderr] warning: fields `authority` and `mint` are never read
[INFO] [stderr]   --> programs/plugin-boilerplate/tests/program_test/addin.rs:20:9
[INFO] [stderr]    |
[INFO] [stderr] 18 | pub struct RegistrarCookie {
[INFO] [stderr]    |            --------------- fields in this struct
[INFO] [stderr] 19 |     pub address: Pubkey,
[INFO] [stderr] 20 |     pub authority: Pubkey,
[INFO] [stderr]    |         ^^^^^^^^^
[INFO] [stderr] 21 |     pub mint: MintCookie,
[INFO] [stderr]    |         ^^^^
[INFO] [stderr] 
[INFO] [stderr] warning: struct `VotingMintConfigCookie` is never constructed
[INFO] [stderr]   --> programs/plugin-boilerplate/tests/program_test/addin.rs:25:12
[INFO] [stderr]    |
[INFO] [stderr] 25 | pub struct VotingMintConfigCookie {
[INFO] [stderr]    |            ^^^^^^^^^^^^^^^^^^^^^^
[INFO] [stderr]    |
[INFO] [stderr]    = note: `VotingMintConfigCookie` has a derived impl for the trait `Clone`, but this is intentionally ignored during dead code analysis
[INFO] [stderr] 
[INFO] [stderr] warning: field `token_accounts` is never read
[INFO] [stderr]   --> programs/plugin-boilerplate/tests/program_test/cookies.rs:31:9
[INFO] [stderr]    |
[INFO] [stderr] 29 | pub struct UserCookie {
[INFO] [stderr]    |            ---------- field in this struct
[INFO] [stderr] 30 |     pub key: Keypair,
[INFO] [stderr] 31 |     pub token_accounts: Vec<Pubkey>,
[INFO] [stderr]    |         ^^^^^^^^^^^^^^
[INFO] [stderr] 
[INFO] [stderr] warning: fields `realm_config` and `community_token_account` are never read
[INFO] [stderr]   --> programs/plugin-boilerplate/tests/program_test/governance.rs:21:9
[INFO] [stderr]    |
[INFO] [stderr] 17 | pub struct GovernanceRealmCookie {
[INFO] [stderr]    |            --------------------- fields in this struct
[INFO] [stderr] ...
[INFO] [stderr] 21 |     pub realm_config: Pubkey,
[INFO] [stderr]    |         ^^^^^^^^^^^^
[INFO] [stderr] 22 |     pub community_token_mint: MintCookie,
[INFO] [stderr] 23 |     pub community_token_account: Pubkey,
[INFO] [stderr]    |         ^^^^^^^^^^^^^^^^^^^^^^^
[INFO] [stderr]    |
[INFO] [stderr]    = note: `GovernanceRealmCookie` has a derived impl for the trait `Clone`, but this is intentionally ignored during dead code analysis
[INFO] [stderr] 
[INFO] [stderr] warning: fields `address` and `governed_account` are never read
[INFO] [stderr]   --> programs/plugin-boilerplate/tests/program_test/governance.rs:32:9
[INFO] [stderr]    |
[INFO] [stderr] 31 | pub struct AccountGovernanceCookie {
[INFO] [stderr]    |            ----------------------- fields in this struct
[INFO] [stderr] 32 |     pub address: Pubkey,
[INFO] [stderr]    |         ^^^^^^^
[INFO] [stderr] 33 |     pub governed_account: Pubkey,
[INFO] [stderr]    |         ^^^^^^^^^^^^^^^^
[INFO] [stderr] 
[INFO] [stderr] warning: field `governed_mint` is never read
[INFO] [stderr]   --> programs/plugin-boilerplate/tests/program_test/governance.rs:38:9
[INFO] [stderr]    |
[INFO] [stderr] 36 | pub struct MintGovernanceCookie {
[INFO] [stderr]    |            -------------------- field in this struct
[INFO] [stderr] 37 |     pub address: Pubkey,
[INFO] [stderr] 38 |     pub governed_mint: Pubkey,
[INFO] [stderr]    |         ^^^^^^^^^^^^^
[INFO] [stderr] 
[INFO] [stderr] warning: `plugin-boilerplate` (test "test_voting") generated 9 warnings (run `cargo fix --test "test_voting"` to apply 1 suggestion)
[INFO] [stderr]     Finished `test` profile [unoptimized + debuginfo] target(s) in 0.66s
[INFO] [stderr] warning: the following packages contain code that will be rejected by a future version of Rust: fs_extra v1.2.0, wasm-bindgen v0.2.78
[INFO] [stderr] note: to see what the problems were, use the option `--future-incompat-report`, or run `cargo report future-incompatibilities --id 2`
[INFO] [stderr]      Running unittests src/lib.rs (/opt/rustwide/target/debug/deps/plugin_boilerplate-546b28e78596c224)
[INFO] [stdout] 
[INFO] [stdout] running 1 test
[INFO] [stdout] test test_id ... ok
[INFO] [stdout] 
[INFO] [stdout] test result: ok. 1 passed; 0 failed; 0 ignored; 0 measured; 0 filtered out; finished in 0.00s
[INFO] [stdout] 
[INFO] [stderr]      Running tests/test_voting.rs (/opt/rustwide/target/debug/deps/test_voting-4e2803c5b73bdc69)
[INFO] [stdout] 
[INFO] [stdout] running 1 test
[INFO] [stderr] [2024-12-14T11:23:03.765510651Z INFO  solana_program_test] "plugin_boilerplate" program loaded as native code
[INFO] [stderr] [2024-12-14T11:23:03.765757551Z INFO  solana_program_test] "spl_governance" program loaded as native code
[INFO] [stderr] [2024-12-14T11:23:03.966094743Z DEBUG solana_runtime::message_processor::stable_log] Program GovernanceProgramTest1111111111111111111111 invoke [1]
[INFO] [stderr] [2024-12-14T11:23:03.966358103Z DEBUG solana_runtime::message_processor::stable_log] Program log: VERSION:"2.2.1"
[INFO] [stderr] [2024-12-14T11:23:03.966386853Z DEBUG solana_runtime::message_processor::stable_log] Program log: GOVERNANCE-INSTRUCTION: CreateRealm { name: "testrealm", config_args: RealmConfigArgs { use_council_mint: false, min_community_weight_to_create_governance: 0, community_mint_max_vote_weight_source: SupplyFraction(10000000000), use_community_voter_weight_addin: true, use_max_community_voter_weight_addin: false } }
[INFO] [stderr] [2024-12-14T11:23:03.966918863Z DEBUG solana_runtime::message_processor::stable_log] Program 11111111111111111111111111111111 invoke [1]
[INFO] [stderr] [2024-12-14T11:23:03.967142233Z DEBUG solana_runtime::message_processor::stable_log] Program 11111111111111111111111111111111 invoke [2]
[INFO] [stderr] [2024-12-14T11:23:03.967210733Z TRACE solana_runtime::system_instruction_processor] process_instruction: CreateAccount { lamports: 2039280, space: 165, owner: TokenkegQfeZyiNwAJbNbGKPFXCWuBvf9Ss623VQ5DA }
[INFO] [stderr] [2024-12-14T11:23:03.967568373Z TRACE solana_runtime::system_instruction_processor] keyed_accounts: [KeyedAccount { is_signer: false, is_writable: false, key: 11111111111111111111111111111111, account: RefCell { value: Account { lamports: 1, data.len: 14, owner: NativeLoader1111111111111111111111111111111, executable: true, rent_epoch: 0, data: 73797374656d5f70726f6772616d } } }, KeyedAccount { is_signer: true, is_writable: true, key: 74Z2v1Nr3X1A4XbJTnuYYc7yDmdNbDvmzrAeAV9JXYaV, account: RefCell { value: Account { lamports: 4294967295, data.len: 0, owner: 11111111111111111111111111111111, executable: false, rent_epoch: 0 } } }, KeyedAccount { is_signer: true, is_writable: true, key: 4g5vDwWmeRcpYX53a4W9zgZ7WYpVnXmkKx1vPNFXsNni, account: RefCell { value: Account { lamports: 0, data.len: 0, owner: 11111111111111111111111111111111, executable: false, rent_epoch: 0 } } }]
[INFO] [stderr] [2024-12-14T11:23:03.968439533Z DEBUG solana_runtime::message_processor::stable_log] Program 11111111111111111111111111111111 success
[INFO] [stdout] test test_voting has been running for over 60 seconds
[INFO] [stdout] test test_voting ... FAILED
[INFO] [stdout] 
[INFO] [stdout] failures:
[INFO] [stdout] 
[INFO] [stdout] ---- test_voting stdout ----
[INFO] [stdout] thread 'solana-bank-forks-client' panicked at /opt/rustwide/cargo-home/registry/src/index.crates.io-6f17d22bba15001f/solana-program-test-1.9.18/src/lib.rs:351:17:
[INFO] [stdout] Account data resizing not supported yet: 0 -> 165. Consider making this test conditional on `#[cfg(feature = "test-bpf")]`
[INFO] [stdout] stack backtrace:
[INFO] [stdout]    0:     0x609baeab99aa - std::backtrace_rs::backtrace::libunwind::trace::h5a5b8284f2d0c266
[INFO] [stdout]                                at /rustc/90b35a6239c3d8bdabc530a6a0816f7ff89a0aaf/library/std/src/../../backtrace/src/backtrace/libunwind.rs:116:5
[INFO] [stdout]    1:     0x609baeab99aa - std::backtrace_rs::backtrace::trace_unsynchronized::h76d4f1c9b0b875e3
[INFO] [stdout]                                at /rustc/90b35a6239c3d8bdabc530a6a0816f7ff89a0aaf/library/std/src/../../backtrace/src/backtrace/mod.rs:66:5
[INFO] [stdout]    2:     0x609baeab99aa - std::sys::backtrace::_print_fmt::hc4546b8364a537c6
[INFO] [stdout]                                at /rustc/90b35a6239c3d8bdabc530a6a0816f7ff89a0aaf/library/std/src/sys/backtrace.rs:66:9
[INFO] [stdout]    3:     0x609baeab99aa - <std::sys::backtrace::BacktraceLock::print::DisplayBacktrace as core::fmt::Display>::fmt::h5b6bd5631a6d1f6b
[INFO] [stdout]                                at /rustc/90b35a6239c3d8bdabc530a6a0816f7ff89a0aaf/library/std/src/sys/backtrace.rs:39:26
[INFO] [stdout]    4:     0x609baeae3d23 - core::fmt::rt::Argument::fmt::h270f6602a2b96f62
[INFO] [stdout]                                at /rustc/90b35a6239c3d8bdabc530a6a0816f7ff89a0aaf/library/core/src/fmt/rt.rs:177:76
[INFO] [stdout]    5:     0x609baeae3d23 - core::fmt::write::h7550c97b06c86515
[INFO] [stdout]                                at /rustc/90b35a6239c3d8bdabc530a6a0816f7ff89a0aaf/library/core/src/fmt/mod.rs:1186:21
[INFO] [stdout]    6:     0x609baeab56d3 - std::io::Write::write_fmt::h509ff860e5956e5e
[INFO] [stdout]                                at /rustc/90b35a6239c3d8bdabc530a6a0816f7ff89a0aaf/library/std/src/io/mod.rs:1839:15
[INFO] [stdout]    7:     0x609baeab97f2 - std::sys::backtrace::BacktraceLock::print::h2395ccd2c84ba3aa
[INFO] [stdout]                                at /rustc/90b35a6239c3d8bdabc530a6a0816f7ff89a0aaf/library/std/src/sys/backtrace.rs:42:9
[INFO] [stdout]    8:     0x609baeabae0a - std::panicking::default_hook::{{closure}}::he19d4c7230e07961
[INFO] [stdout]                                at /rustc/90b35a6239c3d8bdabc530a6a0816f7ff89a0aaf/library/std/src/panicking.rs:268:22
[INFO] [stdout]    9:     0x609baeabac14 - std::panicking::default_hook::hf614597d3c67bbdb
[INFO] [stdout]                                at /rustc/90b35a6239c3d8bdabc530a6a0816f7ff89a0aaf/library/std/src/panicking.rs:292:9
[INFO] [stdout]   10:     0x609bad938b79 - <alloc::boxed::Box<F,A> as core::ops::function::Fn<Args>>::call::h39b51ce4599c23d1
[INFO] [stdout]                                at /rustc/90b35a6239c3d8bdabc530a6a0816f7ff89a0aaf/library/alloc/src/boxed.rs:2468:9
[INFO] [stdout]   11:     0x609bad938b79 - test::test_main::{{closure}}::he977ae839a582784
[INFO] [stdout]                                at /rustc/90b35a6239c3d8bdabc530a6a0816f7ff89a0aaf/library/test/src/lib.rs:133:21
[INFO] [stdout]   12:     0x609baeabb4a8 - <alloc::boxed::Box<F,A> as core::ops::function::Fn<Args>>::call::h9455091b6b06f9fb
[INFO] [stdout]                                at /rustc/90b35a6239c3d8bdabc530a6a0816f7ff89a0aaf/library/alloc/src/boxed.rs:2468:9
[INFO] [stdout]   13:     0x609baeabb4a8 - std::panicking::rust_panic_with_hook::h8942133a8b252070
[INFO] [stdout]                                at /rustc/90b35a6239c3d8bdabc530a6a0816f7ff89a0aaf/library/std/src/panicking.rs:809:13
[INFO] [stdout]   14:     0x609baeabb26a - std::panicking::begin_panic_handler::{{closure}}::hb5f5963570096b29
[INFO] [stdout]                                at /rustc/90b35a6239c3d8bdabc530a6a0816f7ff89a0aaf/library/std/src/panicking.rs:674:13
[INFO] [stdout]   15:     0x609baeab9e89 - std::sys::backtrace::__rust_end_short_backtrace::h6208cedc1922feda
[INFO] [stdout]                                at /rustc/90b35a6239c3d8bdabc530a6a0816f7ff89a0aaf/library/std/src/sys/backtrace.rs:170:18
[INFO] [stdout]   16:     0x609baeabaefc - rust_begin_unwind
[INFO] [stdout]                                at /rustc/90b35a6239c3d8bdabc530a6a0816f7ff89a0aaf/library/std/src/panicking.rs:665:5
[INFO] [stdout]   17:     0x609bad877420 - core::panicking::panic_fmt::h0c3082644d1bf418
[INFO] [stdout]                                at /rustc/90b35a6239c3d8bdabc530a6a0816f7ff89a0aaf/library/core/src/panicking.rs:74:14
[INFO] [stdout]   18:     0x609bad9e4720 - <solana_program_test::SyscallStubs as solana_program::program_stubs::SyscallStubs>::sol_invoke_signed::h30089d95b937d55c
[INFO] [stdout]                                at /opt/rustwide/cargo-home/registry/src/index.crates.io-6f17d22bba15001f/solana-program-test-1.9.18/src/lib.rs:351:17
[INFO] [stdout]   19:     0x609bae952c02 - solana_program::program_stubs::sol_invoke_signed::hba0e2ada6e275bba
[INFO] [stdout]                                at /opt/rustwide/cargo-home/registry/src/index.crates.io-6f17d22bba15001f/solana-program-1.9.18/src/program_stubs.rs:125:5
[INFO] [stdout]   20:     0x609bae98bbea - solana_program::program::invoke_signed_unchecked::h106d4ed3283524aa
[INFO] [stdout]                                at /opt/rustwide/cargo-home/registry/src/index.crates.io-6f17d22bba15001f/solana-program-1.9.18/src/program.rs:93:5
[INFO] [stdout]   21:     0x609bae98b790 - solana_program::program::invoke_signed::hc1e896d13a598c38
[INFO] [stdout]                                at /opt/rustwide/cargo-home/registry/src/index.crates.io-6f17d22bba15001f/solana-program-1.9.18/src/program.rs:50:5
[INFO] [stdout]   22:     0x609bad99c3e2 - spl_governance::tools::spl_token::create_spl_token_account_signed::h420e7a3038536147
[INFO] [stdout]                                at /opt/rustwide/cargo-home/registry/src/index.crates.io-6f17d22bba15001f/spl-governance-2.2.1/src/tools/spl_token.rs:61:5
[INFO] [stdout]   23:     0x609bad980126 - spl_governance::processor::process_create_realm::process_create_realm::h77a973a2dd12a3c0
[INFO] [stdout]                                at /opt/rustwide/cargo-home/registry/src/index.crates.io-6f17d22bba15001f/spl-governance-2.2.1/src/processor/process_create_realm.rs:51:5
[INFO] [stdout]   24:     0x609bad98eb21 - spl_governance::processor::process_instruction::h80c2112df9615f8c
[INFO] [stdout]                                at /opt/rustwide/cargo-home/registry/src/index.crates.io-6f17d22bba15001f/spl-governance-2.2.1/src/processor/mod.rs:95:13
[INFO] [stdout]   25:     0x609bad9e06ed - solana_program_test::builtin_process_instruction::h813e70679492c4d2
[INFO] [stdout]                                at /opt/rustwide/cargo-home/registry/src/index.crates.io-6f17d22bba15001f/solana-program-test-1.9.18/src/lib.rs:160:5
[INFO] [stdout]   26:     0x609bad8af922 - test_voting::program_test::TestContext::new::{{closure}}::{{closure}}::hb36f044d6287beac
[INFO] [stdout]                                at /opt/rustwide/cargo-home/registry/src/index.crates.io-6f17d22bba15001f/solana-program-test-1.9.18/src/lib.rs:188:17
[INFO] [stdout]   27:     0x609bad8868be - core::ops::function::FnOnce::call_once::hf4f28167f83e4790
[INFO] [stdout]                                at /rustc/90b35a6239c3d8bdabc530a6a0816f7ff89a0aaf/library/core/src/ops/function.rs:250:5
[INFO] [stdout]   28:     0x609bae1ed3f7 - solana_program_runtime::invoke_context::InvokeContext::process_executable_chain::h7bfe0a28804ed07d
[INFO] [stdout]                                at /opt/rustwide/cargo-home/registry/src/index.crates.io-6f17d22bba15001f/solana-program-runtime-1.9.18/src/invoke_context.rs:823:28
[INFO] [stdout]   29:     0x609bae1ec930 - solana_program_runtime::invoke_context::InvokeContext::process_instruction::{{closure}}::hebc82bab1c794266
[INFO] [stdout]                                at /opt/rustwide/cargo-home/registry/src/index.crates.io-6f17d22bba15001f/solana-program-runtime-1.9.18/src/invoke_context.rs:764:40
[INFO] [stdout]   30:     0x609bae1efeea - core::result::Result<T,E>::and_then::h115cb559bb43c401
[INFO] [stdout]                                at /rustc/90b35a6239c3d8bdabc530a6a0816f7ff89a0aaf/library/core/src/result.rs:1348:22
[INFO] [stdout]   31:     0x609bae1ec45d - solana_program_runtime::invoke_context::InvokeContext::process_instruction::h5419a8e06e17d484
[INFO] [stdout]                                at /opt/rustwide/cargo-home/registry/src/index.crates.io-6f17d22bba15001f/solana-program-runtime-1.9.18/src/invoke_context.rs:754:22
[INFO] [stdout]   32:     0x609badb95752 - solana_runtime::message_processor::MessageProcessor::process_message::h1226481a84204aee
[INFO] [stdout]                                at /opt/rustwide/cargo-home/registry/src/index.crates.io-6f17d22bba15001f/solana-runtime-1.9.18/src/message_processor.rs:128:17
[INFO] [stdout]   33:     0x609badb784b2 - solana_runtime::bank::Bank::execute_loaded_transaction::h8b4454d27ee4e78d
[INFO] [stdout]                                at /opt/rustwide/cargo-home/registry/src/index.crates.io-6f17d22bba15001f/solana-runtime-1.9.18/src/bank.rs:3950:30
[INFO] [stdout]   34:     0x609badb7c071 - solana_runtime::bank::Bank::load_and_execute_transactions::{{closure}}::hd1963acb798d7e6b
[INFO] [stdout]                                at /opt/rustwide/cargo-home/registry/src/index.crates.io-6f17d22bba15001f/solana-runtime-1.9.18/src/bank.rs:4126:21
[INFO] [stdout]   35:     0x609badae9356 - core::iter::adapters::map::map_fold::{{closure}}::h8dd45f4476ef2695
[INFO] [stdout]                                at /rustc/90b35a6239c3d8bdabc530a6a0816f7ff89a0aaf/library/core/src/iter/adapters/map.rs:88:28
[INFO] [stdout]   36:     0x609badad6357 - <core::iter::adapters::zip::Zip<A,B> as core::iter::adapters::zip::ZipImpl<A,B>>::fold::h5559fd7c5b12f143
[INFO] [stdout]                                at /rustc/90b35a6239c3d8bdabc530a6a0816f7ff89a0aaf/library/core/src/iter/adapters/zip.rs:288:25
[INFO] [stdout]   37:     0x609badacb847 - <core::iter::adapters::zip::Zip<A,B> as core::iter::traits::iterator::Iterator>::fold::hc313af37887e64c9
[INFO] [stdout]                                at /rustc/90b35a6239c3d8bdabc530a6a0816f7ff89a0aaf/library/core/src/iter/adapters/zip.rs:104:9
[INFO] [stdout]   38:     0x609badac7fa9 - <core::iter::adapters::map::Map<I,F> as core::iter::traits::iterator::Iterator>::fold::hb4be260eced96240
[INFO] [stdout]                                at /rustc/90b35a6239c3d8bdabc530a6a0816f7ff89a0aaf/library/core/src/iter/adapters/map.rs:128:9
[INFO] [stdout]   39:     0x609badae4c26 - core::iter::traits::iterator::Iterator::for_each::hb9146144406a2df9
[INFO] [stdout]                                at /rustc/90b35a6239c3d8bdabc530a6a0816f7ff89a0aaf/library/core/src/iter/traits/iterator.rs:813:9
[INFO] [stdout]   40:     0x609bada7d1fe - alloc::vec::Vec<T,A>::extend_trusted::h29020dd8667e59cb
[INFO] [stdout]                                at /rustc/90b35a6239c3d8bdabc530a6a0816f7ff89a0aaf/library/alloc/src/vec/mod.rs:3524:17
[INFO] [stdout]   41:     0x609badaa033b - <alloc::vec::Vec<T,A> as alloc::vec::spec_extend::SpecExtend<T,I>>::spec_extend::h80a65da51b25b42b
[INFO] [stdout]                                at /rustc/90b35a6239c3d8bdabc530a6a0816f7ff89a0aaf/library/alloc/src/vec/spec_extend.rs:26:9
[INFO] [stdout]   42:     0x609bada78670 - <alloc::vec::Vec<T> as alloc::vec::spec_from_iter_nested::SpecFromIterNested<T,I>>::from_iter::hfb7bc3700bc7b056
[INFO] [stdout]                                at /rustc/90b35a6239c3d8bdabc530a6a0816f7ff89a0aaf/library/alloc/src/vec/spec_from_iter_nested.rs:60:9
[INFO] [stdout]   43:     0x609badaa0bde - <alloc::vec::Vec<T> as alloc::vec::spec_from_iter::SpecFromIter<T,I>>::from_iter::h687eb32ca621c6f4
[INFO] [stdout]                                at /rustc/90b35a6239c3d8bdabc530a6a0816f7ff89a0aaf/library/alloc/src/vec/spec_from_iter.rs:33:9
[INFO] [stdout]   44:     0x609bada9ee99 - <alloc::vec::Vec<T> as core::iter::traits::collect::FromIterator<T>>::from_iter::h53aff4c19b775cb9
[INFO] [stdout]                                at /rustc/90b35a6239c3d8bdabc530a6a0816f7ff89a0aaf/library/alloc/src/vec/mod.rs:3388:9
[INFO] [stdout]   45:     0x609badae39ce - core::iter::traits::iterator::Iterator::collect::h69689e466156b4f9
[INFO] [stdout]                                at /rustc/90b35a6239c3d8bdabc530a6a0816f7ff89a0aaf/library/core/src/iter/traits/iterator.rs:2001:9
[INFO] [stdout]   46:     0x609badb79aa9 - solana_runtime::bank::Bank::load_and_execute_transactions::he585d2a2f809fe61
[INFO] [stdout]                                at /opt/rustwide/cargo-home/registry/src/index.crates.io-6f17d22bba15001f/solana-runtime-1.9.18/src/bank.rs:4089:66
[INFO] [stdout]   47:     0x609badb828d2 - solana_runtime::bank::Bank::load_execute_and_commit_transactions::hc59636cd133a791c
[INFO] [stdout]                                at /opt/rustwide/cargo-home/registry/src/index.crates.io-6f17d22bba15001f/solana-runtime-1.9.18/src/bank.rs:5205:13
[INFO] [stdout]   48:     0x609badb830d2 - solana_runtime::bank::Bank::process_transaction_batch::h83bc826735db5f3a
[INFO] [stdout]                                at /opt/rustwide/cargo-home/registry/src/index.crates.io-6f17d22bba15001f/solana-runtime-1.9.18/src/bank.rs:5290:9
[INFO] [stdout]   49:     0x609badb82f78 - solana_runtime::bank::Bank::try_process_entry_transactions::h1f491c88b8488587
[INFO] [stdout]                                at /opt/rustwide/cargo-home/registry/src/index.crates.io-6f17d22bba15001f/solana-runtime-1.9.18/src/bank.rs:5285:12
[INFO] [stdout]   50:     0x609badb82e23 - solana_runtime::bank::Bank::try_process_transactions::hd6302ecdb9924474
[INFO] [stdout]                                at /opt/rustwide/cargo-home/registry/src/index.crates.io-6f17d22bba15001f/solana-runtime-1.9.18/src/bank.rs:5265:9
[INFO] [stdout]   51:     0x609bada5b8e5 - solana_banks_server::banks_server::BanksServer::run::hea58c13f4d00a34f
[INFO] [stdout]                                at /opt/rustwide/cargo-home/registry/src/index.crates.io-6f17d22bba15001f/solana-banks-server-1.9.18/src/banks_server.rs:89:21
[INFO] [stdout]   52:     0x609bada5c414 - solana_banks_server::banks_server::BanksServer::new_loopback::{{closure}}::hb1d389e0b6ab07b9
[INFO] [stdout]                                at /opt/rustwide/cargo-home/registry/src/index.crates.io-6f17d22bba15001f/solana-banks-server-1.9.18/src/banks_server.rs:110:28
[INFO] [stdout]   53:     0x609bada49f96 - std::sys::backtrace::__rust_begin_short_backtrace::h240df69df41b989c
[INFO] [stdout]                                at /rustc/90b35a6239c3d8bdabc530a6a0816f7ff89a0aaf/library/std/src/sys/backtrace.rs:154:18
[INFO] [stdout]   54:     0x609bada4fbf6 - std::thread::Builder::spawn_unchecked_::{{closure}}::{{closure}}::h005911a825af9224
[INFO] [stdout]                                at /rustc/90b35a6239c3d8bdabc530a6a0816f7ff89a0aaf/library/std/src/thread/mod.rs:538:17
[INFO] [stdout]   55:     0x609bada446c9 - <core::panic::unwind_safe::AssertUnwindSafe<F> as core::ops::function::FnOnce<()>>::call_once::h5159f9b54251d713
[INFO] [stdout]                                at /rustc/90b35a6239c3d8bdabc530a6a0816f7ff89a0aaf/library/core/src/panic/unwind_safe.rs:272:9
[INFO] [stdout]   56:     0x609bada4105d - std::panicking::try::do_call::h2bcb5976160d325e
[INFO] [stdout]                                at /rustc/90b35a6239c3d8bdabc530a6a0816f7ff89a0aaf/library/std/src/panicking.rs:557:40
[INFO] [stdout]   57:     0x609bada509db - __rust_try
[INFO] [stdout]   58:     0x609bada4f9f4 - std::panicking::try::h3d6388500f22d445
[INFO] [stdout]                                at /rustc/90b35a6239c3d8bdabc530a6a0816f7ff89a0aaf/library/std/src/panicking.rs:520:19
[INFO] [stdout]   59:     0x609bada4f9f4 - std::panic::catch_unwind::h25a1c1ee094939c9
[INFO] [stdout]                                at /rustc/90b35a6239c3d8bdabc530a6a0816f7ff89a0aaf/library/std/src/panic.rs:358:14
[INFO] [stdout]   60:     0x609bada4f9f4 - std::thread::Builder::spawn_unchecked_::{{closure}}::he1cbbed80251a8a6
[INFO] [stdout]                                at /rustc/90b35a6239c3d8bdabc530a6a0816f7ff89a0aaf/library/std/src/thread/mod.rs:537:30
[INFO] [stdout]   61:     0x609bada4138f - core::ops::function::FnOnce::call_once{{vtable.shim}}::hdba7280e751f3ce4
[INFO] [stdout]                                at /rustc/90b35a6239c3d8bdabc530a6a0816f7ff89a0aaf/library/core/src/ops/function.rs:250:5
[INFO] [stdout]   62:     0x609baeac01ab - <alloc::boxed::Box<F,A> as core::ops::function::FnOnce<Args>>::call_once::hf75717d9f28faebf
[INFO] [stdout]                                at /rustc/90b35a6239c3d8bdabc530a6a0816f7ff89a0aaf/library/alloc/src/boxed.rs:2454:9
[INFO] [stdout]   63:     0x609baeac01ab - <alloc::boxed::Box<F,A> as core::ops::function::FnOnce<Args>>::call_once::h7bd883a5f3c5f3c1
[INFO] [stdout]                                at /rustc/90b35a6239c3d8bdabc530a6a0816f7ff89a0aaf/library/alloc/src/boxed.rs:2454:9
[INFO] [stdout]   64:     0x609baeac01ab - std::sys::pal::unix::thread::Thread::new::thread_start::hcc78f3943333fa94
[INFO] [stdout]                                at /rustc/90b35a6239c3d8bdabc530a6a0816f7ff89a0aaf/library/std/src/sys/pal/unix/thread.rs:105:17
[INFO] [stdout]   65:     0x7ab26eb11ac3 - <unknown>
[INFO] [stdout]   66:     0x7ab26eba2a04 - clone
[INFO] [stdout]   67:                0x0 - <unknown>
[INFO] [stdout] thread 'test_voting' panicked at programs/plugin-boilerplate/tests/program_test/governance.rs:94:14:
[INFO] [stdout] called `Result::unwrap()` on an `Err` value: IoError(Custom { kind: Other, error: "the request exceeded its deadline" })
[INFO] [stdout] stack backtrace:
[INFO] [stdout]    0:     0x609baeab99aa - std::backtrace_rs::backtrace::libunwind::trace::h5a5b8284f2d0c266
[INFO] [stdout]                                at /rustc/90b35a6239c3d8bdabc530a6a0816f7ff89a0aaf/library/std/src/../../backtrace/src/backtrace/libunwind.rs:116:5
[INFO] [stdout]    1:     0x609baeab99aa - std::backtrace_rs::backtrace::trace_unsynchronized::h76d4f1c9b0b875e3
[INFO] [stdout]                                at /rustc/90b35a6239c3d8bdabc530a6a0816f7ff89a0aaf/library/std/src/../../backtrace/src/backtrace/mod.rs:66:5
[INFO] [stdout]    2:     0x609baeab99aa - std::sys::backtrace::_print_fmt::hc4546b8364a537c6
[INFO] [stdout]                                at /rustc/90b35a6239c3d8bdabc530a6a0816f7ff89a0aaf/library/std/src/sys/backtrace.rs:66:9
[INFO] [stdout]    3:     0x609baeab99aa - <std::sys::backtrace::BacktraceLock::print::DisplayBacktrace as core::fmt::Display>::fmt::h5b6bd5631a6d1f6b
[INFO] [stdout]                                at /rustc/90b35a6239c3d8bdabc530a6a0816f7ff89a0aaf/library/std/src/sys/backtrace.rs:39:26
[INFO] [stdout]    4:     0x609baeae3d23 - core::fmt::rt::Argument::fmt::h270f6602a2b96f62
[INFO] [stdout]                                at /rustc/90b35a6239c3d8bdabc530a6a0816f7ff89a0aaf/library/core/src/fmt/rt.rs:177:76
[INFO] [stdout]    5:     0x609baeae3d23 - core::fmt::write::h7550c97b06c86515
[INFO] [stdout]                                at /rustc/90b35a6239c3d8bdabc530a6a0816f7ff89a0aaf/library/core/src/fmt/mod.rs:1186:21
[INFO] [stdout]    6:     0x609baeab56d3 - std::io::Write::write_fmt::h509ff860e5956e5e
[INFO] [stdout]                                at /rustc/90b35a6239c3d8bdabc530a6a0816f7ff89a0aaf/library/std/src/io/mod.rs:1839:15
[INFO] [stdout]    7:     0x609baeab97f2 - std::sys::backtrace::BacktraceLock::print::h2395ccd2c84ba3aa
[INFO] [stdout]                                at /rustc/90b35a6239c3d8bdabc530a6a0816f7ff89a0aaf/library/std/src/sys/backtrace.rs:42:9
[INFO] [stdout]    8:     0x609baeabae0a - std::panicking::default_hook::{{closure}}::he19d4c7230e07961
[INFO] [stdout]                                at /rustc/90b35a6239c3d8bdabc530a6a0816f7ff89a0aaf/library/std/src/panicking.rs:268:22
[INFO] [stdout]    9:     0x609baeabac14 - std::panicking::default_hook::hf614597d3c67bbdb
[INFO] [stdout]                                at /rustc/90b35a6239c3d8bdabc530a6a0816f7ff89a0aaf/library/std/src/panicking.rs:292:9
[INFO] [stdout]   10:     0x609bad938b79 - <alloc::boxed::Box<F,A> as core::ops::function::Fn<Args>>::call::h39b51ce4599c23d1
[INFO] [stdout]                                at /rustc/90b35a6239c3d8bdabc530a6a0816f7ff89a0aaf/library/alloc/src/boxed.rs:2468:9
[INFO] [stdout]   11:     0x609bad938b79 - test::test_main::{{closure}}::he977ae839a582784
[INFO] [stdout]                                at /rustc/90b35a6239c3d8bdabc530a6a0816f7ff89a0aaf/library/test/src/lib.rs:133:21
[INFO] [stdout]   12:     0x609baeabb4a8 - <alloc::boxed::Box<F,A> as core::ops::function::Fn<Args>>::call::h9455091b6b06f9fb
[INFO] [stdout]                                at /rustc/90b35a6239c3d8bdabc530a6a0816f7ff89a0aaf/library/alloc/src/boxed.rs:2468:9
[INFO] [stdout]   13:     0x609baeabb4a8 - std::panicking::rust_panic_with_hook::h8942133a8b252070
[INFO] [stdout]                                at /rustc/90b35a6239c3d8bdabc530a6a0816f7ff89a0aaf/library/std/src/panicking.rs:809:13
[INFO] [stdout]   14:     0x609baeabb26a - std::panicking::begin_panic_handler::{{closure}}::hb5f5963570096b29
[INFO] [stdout]                                at /rustc/90b35a6239c3d8bdabc530a6a0816f7ff89a0aaf/library/std/src/panicking.rs:674:13
[INFO] [stdout]   15:     0x609baeab9e89 - std::sys::backtrace::__rust_end_short_backtrace::h6208cedc1922feda
[INFO] [stdout]                                at /rustc/90b35a6239c3d8bdabc530a6a0816f7ff89a0aaf/library/std/src/sys/backtrace.rs:170:18
[INFO] [stdout]   16:     0x609baeabaefc - rust_begin_unwind
[INFO] [stdout]                                at /rustc/90b35a6239c3d8bdabc530a6a0816f7ff89a0aaf/library/std/src/panicking.rs:665:5
[INFO] [stdout]   17:     0x609bad877420 - core::panicking::panic_fmt::h0c3082644d1bf418
[INFO] [stdout]                                at /rustc/90b35a6239c3d8bdabc530a6a0816f7ff89a0aaf/library/core/src/panicking.rs:74:14
[INFO] [stdout]   18:     0x609bad8778a6 - core::result::unwrap_failed::hd20b4aa073bda1e2
[INFO] [stdout]                                at /rustc/90b35a6239c3d8bdabc530a6a0816f7ff89a0aaf/library/core/src/result.rs:1700:5
[INFO] [stdout]   19:     0x609bad894688 - core::result::Result<T,E>::unwrap::h4aea1eb7f2ce967c
[INFO] [stdout]                                at /rustc/90b35a6239c3d8bdabc530a6a0816f7ff89a0aaf/library/core/src/result.rs:1104:23
[INFO] [stdout]   20:     0x609bad894688 - test_voting::program_test::governance::GovernanceCookie::create_realm::{{closure}}::h5bd7f21e94250fb6
[INFO] [stdout]                                at /opt/rustwide/workdir/programs/plugin-boilerplate/tests/program_test/governance.rs:91:9
[INFO] [stdout]   21:     0x609bad8d8d97 - test_voting::test_voting::{{closure}}::he282232efb1ba1f9
[INFO] [stdout]                                at /opt/rustwide/workdir/programs/plugin-boilerplate/tests/test_voting.rs:24:10
[INFO] [stdout]   22:     0x609bad89ac7b - <core::pin::Pin<P> as core::future::future::Future>::poll::h95141abe17959881
[INFO] [stdout]                                at /rustc/90b35a6239c3d8bdabc530a6a0816f7ff89a0aaf/library/core/src/future/future.rs:123:9
[INFO] [stdout]   23:     0x609bad8c4e7e - tokio::runtime::basic_scheduler::Inner<P>::block_on::{{closure}}::{{closure}}::h5df1b12cc4166e84
[INFO] [stdout]                                at /opt/rustwide/cargo-home/registry/src/index.crates.io-6f17d22bba15001f/tokio-1.14.0/src/runtime/basic_scheduler.rs:240:62
[INFO] [stdout]   24:     0x609bad8d52bd - tokio::coop::with_budget::{{closure}}::h85d614c283a9fabc
[INFO] [stdout]                                at /opt/rustwide/cargo-home/registry/src/index.crates.io-6f17d22bba15001f/tokio-1.14.0/src/coop.rs:106:9
[INFO] [stdout]   25:     0x609bad8d4e3f - std::thread::local::LocalKey<T>::try_with::hbb4e89ef17f7d80b
[INFO] [stdout]                                at /rustc/90b35a6239c3d8bdabc530a6a0816f7ff89a0aaf/library/std/src/thread/local.rs:283:12
[INFO] [stdout]   26:     0x609bad8d489c - std::thread::local::LocalKey<T>::with::h32be56c21042afe0
[INFO] [stdout]                                at /rustc/90b35a6239c3d8bdabc530a6a0816f7ff89a0aaf/library/std/src/thread/local.rs:260:9
[INFO] [stdout]   27:     0x609bad8c44eb - tokio::coop::with_budget::haea4ef53d806339c
[INFO] [stdout]                                at /opt/rustwide/cargo-home/registry/src/index.crates.io-6f17d22bba15001f/tokio-1.14.0/src/coop.rs:99:5
[INFO] [stdout]   28:     0x609bad8c44eb - tokio::coop::budget::h0ea12f617cb3f180
[INFO] [stdout]                                at /opt/rustwide/cargo-home/registry/src/index.crates.io-6f17d22bba15001f/tokio-1.14.0/src/coop.rs:76:5
[INFO] [stdout]   29:     0x609bad8c44eb - tokio::runtime::basic_scheduler::Inner<P>::block_on::{{closure}}::h41712c41bf8b0481
[INFO] [stdout]                                at /opt/rustwide/cargo-home/registry/src/index.crates.io-6f17d22bba15001f/tokio-1.14.0/src/runtime/basic_scheduler.rs:240:39
[INFO] [stdout]   30:     0x609bad8c58c1 - tokio::runtime::basic_scheduler::enter::{{closure}}::h832fe5a352ae2640
[INFO] [stdout]                                at /opt/rustwide/cargo-home/registry/src/index.crates.io-6f17d22bba15001f/tokio-1.14.0/src/runtime/basic_scheduler.rs:349:29
[INFO] [stdout]   31:     0x609bad89fc5a - tokio::macros::scoped_tls::ScopedKey<T>::set::he331655e195760b7
[INFO] [stdout]                                at /opt/rustwide/cargo-home/registry/src/index.crates.io-6f17d22bba15001f/tokio-1.14.0/src/macros/scoped_tls.rs:61:9
[INFO] [stdout]   32:     0x609bad8c584b - tokio::runtime::basic_scheduler::enter::hfc945b74d9bb3e64
[INFO] [stdout]                                at /opt/rustwide/cargo-home/registry/src/index.crates.io-6f17d22bba15001f/tokio-1.14.0/src/runtime/basic_scheduler.rs:349:5
[INFO] [stdout]   33:     0x609bad8c41da - tokio::runtime::basic_scheduler::Inner<P>::block_on::h48a38bab877ca618
[INFO] [stdout]                                at /opt/rustwide/cargo-home/registry/src/index.crates.io-6f17d22bba15001f/tokio-1.14.0/src/runtime/basic_scheduler.rs:230:9
[INFO] [stdout]   34:     0x609bad8c4f53 - tokio::runtime::basic_scheduler::InnerGuard<P>::block_on::hb54e5316477b2aca
[INFO] [stdout]                                at /opt/rustwide/cargo-home/registry/src/index.crates.io-6f17d22bba15001f/tokio-1.14.0/src/runtime/basic_scheduler.rs:501:9
[INFO] [stdout]   35:     0x609bad8c505f - tokio::runtime::basic_scheduler::BasicScheduler<P>::block_on::h7cffdca5b89a3d44
[INFO] [stdout]                                at /opt/rustwide/cargo-home/registry/src/index.crates.io-6f17d22bba15001f/tokio-1.14.0/src/runtime/basic_scheduler.rs:186:24
[INFO] [stdout]   36:     0x609bad89a7ea - tokio::runtime::Runtime::block_on::h8ceb51c01ee7557e
[INFO] [stdout]                                at /opt/rustwide/cargo-home/registry/src/index.crates.io-6f17d22bba15001f/tokio-1.14.0/src/runtime/mod.rs:461:46
[INFO] [stdout]   37:     0x609bad8d873e - test_voting::test_voting::hd1bc6af6db9f13d6
[INFO] [stdout]                                at /opt/rustwide/workdir/programs/plugin-boilerplate/tests/test_voting.rs:100:5
[INFO] [stdout]   38:     0x609bad8d85ec - test_voting::test_voting::{{closure}}::hb9aeb6c57e49470b
[INFO] [stdout]                                at /opt/rustwide/workdir/programs/plugin-boilerplate/tests/test_voting.rs:9:27
[INFO] [stdout]   39:     0x609bad886666 - core::ops::function::FnOnce::call_once::hd2595c999a3c9e9c
[INFO] [stdout]                                at /rustc/90b35a6239c3d8bdabc530a6a0816f7ff89a0aaf/library/core/src/ops/function.rs:250:5
[INFO] [stdout]   40:     0x609bad93d53b - core::ops::function::FnOnce::call_once::h109cf8051a59b34e
[INFO] [stdout]                                at /rustc/90b35a6239c3d8bdabc530a6a0816f7ff89a0aaf/library/core/src/ops/function.rs:250:5
[INFO] [stdout]   41:     0x609bad93d53b - test::__rust_begin_short_backtrace::hf4fff89d377446ba
[INFO] [stdout]                                at /rustc/90b35a6239c3d8bdabc530a6a0816f7ff89a0aaf/library/test/src/lib.rs:621:18
[INFO] [stdout]   42:     0x609bad93cd77 - test::run_test_in_process::{{closure}}::h0e39181dd7ee5a43
[INFO] [stdout]                                at /rustc/90b35a6239c3d8bdabc530a6a0816f7ff89a0aaf/library/test/src/lib.rs:644:60
[INFO] [stdout]   43:     0x609bad93cd77 - <core::panic::unwind_safe::AssertUnwindSafe<F> as core::ops::function::FnOnce<()>>::call_once::hc5a66a30f0bdfd1f
[INFO] [stdout]                                at /rustc/90b35a6239c3d8bdabc530a6a0816f7ff89a0aaf/library/core/src/panic/unwind_safe.rs:272:9
[INFO] [stdout]   44:     0x609bad93cd77 - std::panicking::try::do_call::h873b7cf639554a5e
[INFO] [stdout]                                at /rustc/90b35a6239c3d8bdabc530a6a0816f7ff89a0aaf/library/std/src/panicking.rs:557:40
[INFO] [stdout]   45:     0x609bad93cd77 - std::panicking::try::hdb19862fad9c8bd1
[INFO] [stdout]                                at /rustc/90b35a6239c3d8bdabc530a6a0816f7ff89a0aaf/library/std/src/panicking.rs:520:19
[INFO] [stdout]   46:     0x609bad93cd77 - std::panic::catch_unwind::h281fe732d236d260
[INFO] [stdout]                                at /rustc/90b35a6239c3d8bdabc530a6a0816f7ff89a0aaf/library/std/src/panic.rs:358:14
[INFO] [stdout]   47:     0x609bad93cd77 - test::run_test_in_process::h949b6df8457ed338
[INFO] [stdout]                                at /rustc/90b35a6239c3d8bdabc530a6a0816f7ff89a0aaf/library/test/src/lib.rs:644:27
[INFO] [stdout]   48:     0x609bad93cd77 - test::run_test::{{closure}}::h52c556a6d4740e10
[INFO] [stdout]                                at /rustc/90b35a6239c3d8bdabc530a6a0816f7ff89a0aaf/library/test/src/lib.rs:565:43
[INFO] [stdout]   49:     0x609bad902054 - test::run_test::{{closure}}::h4237f6381c45ccb9
[INFO] [stdout]                                at /rustc/90b35a6239c3d8bdabc530a6a0816f7ff89a0aaf/library/test/src/lib.rs:595:41
[INFO] [stdout]   50:     0x609bad902054 - std::sys::backtrace::__rust_begin_short_backtrace::h505c97a579eca628
[INFO] [stdout]                                at /rustc/90b35a6239c3d8bdabc530a6a0816f7ff89a0aaf/library/std/src/sys/backtrace.rs:154:18
[INFO] [stdout]   51:     0x609bad90571e - std::thread::Builder::spawn_unchecked_::{{closure}}::{{closure}}::h9e86b2e2bc107ea3
[INFO] [stdout]                                at /rustc/90b35a6239c3d8bdabc530a6a0816f7ff89a0aaf/library/std/src/thread/mod.rs:538:17
[INFO] [stdout]   52:     0x609bad90571e - <core::panic::unwind_safe::AssertUnwindSafe<F> as core::ops::function::FnOnce<()>>::call_once::h8b06ddb275ff4a25
[INFO] [stdout]                                at /rustc/90b35a6239c3d8bdabc530a6a0816f7ff89a0aaf/library/core/src/panic/unwind_safe.rs:272:9
[INFO] [stdout]   53:     0x609bad90571e - std::panicking::try::do_call::hb26ecd7cd9a9355d
[INFO] [stdout]                                at /rustc/90b35a6239c3d8bdabc530a6a0816f7ff89a0aaf/library/std/src/panicking.rs:557:40
[INFO] [stdout]   54:     0x609bad90571e - std::panicking::try::h8ddeca9d705f9069
[INFO] [stdout]                                at /rustc/90b35a6239c3d8bdabc530a6a0816f7ff89a0aaf/library/std/src/panicking.rs:520:19
[INFO] [stdout]   55:     0x609bad90571e - std::panic::catch_unwind::h49e1c33078844c46
[INFO] [stdout]                                at /rustc/90b35a6239c3d8bdabc530a6a0816f7ff89a0aaf/library/std/src/panic.rs:358:14
[INFO] [stdout]   56:     0x609bad90571e - std::thread::Builder::spawn_unchecked_::{{closure}}::h6073db6ff56ad35d
[INFO] [stdout]                                at /rustc/90b35a6239c3d8bdabc530a6a0816f7ff89a0aaf/library/std/src/thread/mod.rs:537:30
[INFO] [stdout]   57:     0x609bad90571e - core::ops::function::FnOnce::call_once{{vtable.shim}}::h2c5a5f3779c774f1
[INFO] [stdout]                                at /rustc/90b35a6239c3d8bdabc530a6a0816f7ff89a0aaf/library/core/src/ops/function.rs:250:5
[INFO] [stdout]   58:     0x609baeac01ab - <alloc::boxed::Box<F,A> as core::ops::function::FnOnce<Args>>::call_once::hf75717d9f28faebf
[INFO] [stdout]                                at /rustc/90b35a6239c3d8bdabc530a6a0816f7ff89a0aaf/library/alloc/src/boxed.rs:2454:9
[INFO] [stdout]   59:     0x609baeac01ab - <alloc::boxed::Box<F,A> as core::ops::function::FnOnce<Args>>::call_once::h7bd883a5f3c5f3c1
[INFO] [stdout]                                at /rustc/90b35a6239c3d8bdabc530a6a0816f7ff89a0aaf/library/alloc/src/boxed.rs:2454:9
[INFO] [stdout]   60:     0x609baeac01ab - std::sys::pal::unix::thread::Thread::new::thread_start::hcc78f3943333fa94
[INFO] [stdout]                                at /rustc/90b35a6239c3d8bdabc530a6a0816f7ff89a0aaf/library/std/src/sys/pal/unix/thread.rs:105:17
[INFO] [stdout]   61:     0x7ab26eb11ac3 - <unknown>
[INFO] [stdout]   62:     0x7ab26eba2a04 - clone
[INFO] [stdout]   63:                0x0 - <unknown>
[INFO] [stdout] 
[INFO] [stdout] 
[INFO] [stdout] failures:
[INFO] [stdout]     test_voting
[INFO] [stdout] 
[INFO] [stdout] test result: FAILED. 0 passed; 1 failed; 0 ignored; 0 measured; 0 filtered out; finished in 60.22s
[INFO] [stdout] 
[INFO] [stderr] error: test failed, to rerun pass `--test test_voting`
[INFO] running `Command { std: "docker" "inspect" "de52f4f1032610bf75fdf0c20a2268c22293e651603eb32ecd01ae7454156bdd", kill_on_drop: false }`
[INFO] running `Command { std: "docker" "rm" "-f" "de52f4f1032610bf75fdf0c20a2268c22293e651603eb32ecd01ae7454156bdd", kill_on_drop: false }`
[INFO] [stdout] de52f4f1032610bf75fdf0c20a2268c22293e651603eb32ecd01ae7454156bdd
