[INFO] cloning repository https://github.com/cigani/easy_retry
[INFO] running `Command { std: "git" "-c" "credential.helper=" "-c" "credential.helper=/workspace/cargo-home/bin/git-credential-null" "clone" "--bare" "https://github.com/cigani/easy_retry" "/workspace/cache/git-repos/https%3A%2F%2Fgithub.com%2Fcigani%2Feasy_retry", kill_on_drop: false }`
[INFO] [stderr] Cloning into bare repository '/workspace/cache/git-repos/https%3A%2F%2Fgithub.com%2Fcigani%2Feasy_retry'...
[INFO] running `Command { std: "git" "rev-parse" "HEAD", kill_on_drop: false }`
[INFO] [stdout] 0fa4b235b7c77a791f031d682ea5f6f59b4d9573
[INFO] testing cigani/easy_retry against 1.83.0 for beta-1.84.0-4-retry
[INFO] running `Command { std: "git" "clone" "/workspace/cache/git-repos/https%3A%2F%2Fgithub.com%2Fcigani%2Feasy_retry" "/workspace/builds/worker-4-tc1/source", kill_on_drop: false }`
[INFO] [stderr] Cloning into '/workspace/builds/worker-4-tc1/source'...
[INFO] [stderr] done.
[INFO] validating manifest of git repo https://github.com/cigani/easy_retry on toolchain 1.83.0
[INFO] running `Command { std: CARGO_HOME="/workspace/cargo-home" RUSTUP_HOME="/workspace/rustup-home" "/workspace/cargo-home/bin/cargo" "+1.83.0" "metadata" "--manifest-path" "Cargo.toml" "--no-deps", kill_on_drop: false }`
[INFO] started tweaking git repo https://github.com/cigani/easy_retry
[INFO] finished tweaking git repo https://github.com/cigani/easy_retry
[INFO] tweaked toml for git repo https://github.com/cigani/easy_retry written to /workspace/builds/worker-4-tc1/source/Cargo.toml
[INFO] crate git repo https://github.com/cigani/easy_retry already has a lockfile, it will not be regenerated
[INFO] running `Command { std: CARGO_HOME="/workspace/cargo-home" RUSTUP_HOME="/workspace/rustup-home" "/workspace/cargo-home/bin/cargo" "+1.83.0" "fetch" "--manifest-path" "Cargo.toml", kill_on_drop: false }`
[INFO] running `Command { std: "docker" "create" "-v" "/var/lib/crater-agent-workspace/builds/worker-4-tc1/target:/opt/rustwide/target:rw,Z" "-v" "/var/lib/crater-agent-workspace/builds/worker-4-tc1/source:/opt/rustwide/workdir:ro,Z" "-v" "/var/lib/crater-agent-workspace/cargo-home:/opt/rustwide/cargo-home:ro,Z" "-v" "/var/lib/crater-agent-workspace/rustup-home:/opt/rustwide/rustup-home:ro,Z" "-e" "SOURCE_DIR=/opt/rustwide/workdir" "-e" "CARGO_TARGET_DIR=/opt/rustwide/target" "-e" "CARGO_HOME=/opt/rustwide/cargo-home" "-e" "RUSTUP_HOME=/opt/rustwide/rustup-home" "-w" "/opt/rustwide/workdir" "-m" "1610612736" "--user" "0:0" "--network" "none" "ghcr.io/rust-lang/crates-build-env/linux@sha256:f3a9d4ad9d972b27faf3965f35b62e55ba32bbce8f20bc8fe909558a86702fde" "/opt/rustwide/cargo-home/bin/cargo" "+1.83.0" "metadata" "--no-deps" "--format-version=1", kill_on_drop: false }`
[INFO] [stdout] c77fd0694b38ed218931eea88de891f0fae0788390903454ed149fbc8526e1ce
[INFO] running `Command { std: "docker" "start" "-a" "c77fd0694b38ed218931eea88de891f0fae0788390903454ed149fbc8526e1ce", kill_on_drop: false }`
[INFO] running `Command { std: "docker" "inspect" "c77fd0694b38ed218931eea88de891f0fae0788390903454ed149fbc8526e1ce", kill_on_drop: false }`
[INFO] running `Command { std: "docker" "rm" "-f" "c77fd0694b38ed218931eea88de891f0fae0788390903454ed149fbc8526e1ce", kill_on_drop: false }`
[INFO] [stdout] c77fd0694b38ed218931eea88de891f0fae0788390903454ed149fbc8526e1ce
[INFO] running `Command { std: "docker" "create" "-v" "/var/lib/crater-agent-workspace/builds/worker-4-tc1/target:/opt/rustwide/target:rw,Z" "-v" "/var/lib/crater-agent-workspace/builds/worker-4-tc1/source:/opt/rustwide/workdir:ro,Z" "-v" "/var/lib/crater-agent-workspace/cargo-home:/opt/rustwide/cargo-home:ro,Z" "-v" "/var/lib/crater-agent-workspace/rustup-home:/opt/rustwide/rustup-home:ro,Z" "-e" "SOURCE_DIR=/opt/rustwide/workdir" "-e" "CARGO_TARGET_DIR=/opt/rustwide/target" "-e" "CARGO_INCREMENTAL=0" "-e" "RUST_BACKTRACE=full" "-e" "RUSTFLAGS=--cap-lints=warn" "-e" "RUSTDOCFLAGS=--cap-lints=warn" "-e" "CARGO_HOME=/opt/rustwide/cargo-home" "-e" "RUSTUP_HOME=/opt/rustwide/rustup-home" "-w" "/opt/rustwide/workdir" "-m" "1610612736" "--user" "0:0" "--network" "none" "ghcr.io/rust-lang/crates-build-env/linux@sha256:f3a9d4ad9d972b27faf3965f35b62e55ba32bbce8f20bc8fe909558a86702fde" "/opt/rustwide/cargo-home/bin/cargo" "+1.83.0" "build" "--frozen" "--message-format=json", kill_on_drop: false }`
[INFO] [stdout] 3832cb1d8e1f20b2d080c15c36d8d547d810797ee497c2e592a679af5f2cd32b
[INFO] running `Command { std: "docker" "start" "-a" "3832cb1d8e1f20b2d080c15c36d8d547d810797ee497c2e592a679af5f2cd32b", kill_on_drop: false }`
[INFO] [stderr]    Compiling easy_retry v0.1.0 (/opt/rustwide/workdir)
[INFO] [stderr]     Finished `dev` profile [unoptimized + debuginfo] target(s) in 0.21s
[INFO] running `Command { std: "docker" "inspect" "3832cb1d8e1f20b2d080c15c36d8d547d810797ee497c2e592a679af5f2cd32b", kill_on_drop: false }`
[INFO] running `Command { std: "docker" "rm" "-f" "3832cb1d8e1f20b2d080c15c36d8d547d810797ee497c2e592a679af5f2cd32b", kill_on_drop: false }`
[INFO] [stdout] 3832cb1d8e1f20b2d080c15c36d8d547d810797ee497c2e592a679af5f2cd32b
[INFO] running `Command { std: "docker" "create" "-v" "/var/lib/crater-agent-workspace/builds/worker-4-tc1/target:/opt/rustwide/target:rw,Z" "-v" "/var/lib/crater-agent-workspace/builds/worker-4-tc1/source:/opt/rustwide/workdir:ro,Z" "-v" "/var/lib/crater-agent-workspace/cargo-home:/opt/rustwide/cargo-home:ro,Z" "-v" "/var/lib/crater-agent-workspace/rustup-home:/opt/rustwide/rustup-home:ro,Z" "-e" "SOURCE_DIR=/opt/rustwide/workdir" "-e" "CARGO_TARGET_DIR=/opt/rustwide/target" "-e" "CARGO_INCREMENTAL=0" "-e" "RUST_BACKTRACE=full" "-e" "RUSTFLAGS=--cap-lints=warn" "-e" "RUSTDOCFLAGS=--cap-lints=warn" "-e" "CARGO_HOME=/opt/rustwide/cargo-home" "-e" "RUSTUP_HOME=/opt/rustwide/rustup-home" "-w" "/opt/rustwide/workdir" "-m" "1610612736" "--user" "0:0" "--network" "none" "ghcr.io/rust-lang/crates-build-env/linux@sha256:f3a9d4ad9d972b27faf3965f35b62e55ba32bbce8f20bc8fe909558a86702fde" "/opt/rustwide/cargo-home/bin/cargo" "+1.83.0" "test" "--frozen" "--no-run" "--message-format=json", kill_on_drop: false }`
[INFO] [stdout] 6135b598e66d482e11084b79317e9a25d56184e122c0e1e78f5ef3c050b91775
[INFO] running `Command { std: "docker" "start" "-a" "6135b598e66d482e11084b79317e9a25d56184e122c0e1e78f5ef3c050b91775", kill_on_drop: false }`
[INFO] [stderr]    Compiling libc v0.2.153
[INFO] [stderr]    Compiling proc-macro2 v1.0.78
[INFO] [stderr]    Compiling unicode-ident v1.0.12
[INFO] [stderr]    Compiling autocfg v1.1.0
[INFO] [stderr]    Compiling parking_lot_core v0.9.9
[INFO] [stderr]    Compiling scopeguard v1.2.0
[INFO] [stderr]    Compiling smallvec v1.13.1
[INFO] [stderr]    Compiling cfg-if v1.0.0
[INFO] [stderr]    Compiling pin-project-lite v0.2.13
[INFO] [stderr]    Compiling bytes v1.5.0
[INFO] [stderr]    Compiling lock_api v0.4.11
[INFO] [stderr]    Compiling quote v1.0.35
[INFO] [stderr]    Compiling num_cpus v1.16.0
[INFO] [stderr]    Compiling signal-hook-registry v1.4.1
[INFO] [stderr]    Compiling socket2 v0.5.5
[INFO] [stderr]    Compiling mio v0.8.10
[INFO] [stderr]    Compiling syn v2.0.48
[INFO] [stderr]    Compiling parking_lot v0.12.1
[INFO] [stderr]    Compiling tokio-macros v2.2.0
[INFO] [stderr]    Compiling tokio v1.36.0
[INFO] [stderr]    Compiling easy_retry v0.1.0 (/opt/rustwide/workdir)
[INFO] [stderr]     Finished `test` profile [unoptimized + debuginfo] target(s) in 15.48s
[INFO] running `Command { std: "docker" "inspect" "6135b598e66d482e11084b79317e9a25d56184e122c0e1e78f5ef3c050b91775", kill_on_drop: false }`
[INFO] running `Command { std: "docker" "rm" "-f" "6135b598e66d482e11084b79317e9a25d56184e122c0e1e78f5ef3c050b91775", kill_on_drop: false }`
[INFO] [stdout] 6135b598e66d482e11084b79317e9a25d56184e122c0e1e78f5ef3c050b91775
[INFO] running `Command { std: "docker" "create" "-v" "/var/lib/crater-agent-workspace/builds/worker-4-tc1/target:/opt/rustwide/target:rw,Z" "-v" "/var/lib/crater-agent-workspace/builds/worker-4-tc1/source:/opt/rustwide/workdir:ro,Z" "-v" "/var/lib/crater-agent-workspace/cargo-home:/opt/rustwide/cargo-home:ro,Z" "-v" "/var/lib/crater-agent-workspace/rustup-home:/opt/rustwide/rustup-home:ro,Z" "-e" "SOURCE_DIR=/opt/rustwide/workdir" "-e" "CARGO_TARGET_DIR=/opt/rustwide/target" "-e" "CARGO_INCREMENTAL=0" "-e" "RUST_BACKTRACE=full" "-e" "RUSTFLAGS=--cap-lints=warn" "-e" "RUSTDOCFLAGS=--cap-lints=warn" "-e" "CARGO_HOME=/opt/rustwide/cargo-home" "-e" "RUSTUP_HOME=/opt/rustwide/rustup-home" "-w" "/opt/rustwide/workdir" "-m" "1610612736" "--user" "0:0" "--network" "none" "ghcr.io/rust-lang/crates-build-env/linux@sha256:f3a9d4ad9d972b27faf3965f35b62e55ba32bbce8f20bc8fe909558a86702fde" "/opt/rustwide/cargo-home/bin/cargo" "+1.83.0" "test" "--frozen", kill_on_drop: false }`
[INFO] [stdout] 38288a5eaf30b84611400d07c55127fc9b58b36a4e36cf99107275178f3b8786
[INFO] running `Command { std: "docker" "start" "-a" "38288a5eaf30b84611400d07c55127fc9b58b36a4e36cf99107275178f3b8786", kill_on_drop: false }`
[INFO] [stderr]     Finished `test` profile [unoptimized + debuginfo] target(s) in 0.06s
[INFO] [stderr]      Running unittests src/lib.rs (/opt/rustwide/target/debug/deps/easy_retry-4fb0602ae35b0f1a)
[INFO] [stdout] 
[INFO] [stdout] running 3 tests
[INFO] [stdout] test test::test_not_copy ... ok
[INFO] [stdout] test test::test_linear ... ok
[INFO] [stderr]    Doc-tests easy_retry
[INFO] [stdout] test test::test_expontential ... ok
[INFO] [stdout] 
[INFO] [stdout] test result: ok. 3 passed; 0 failed; 0 ignored; 0 measured; 0 filtered out; finished in 4.00s
[INFO] [stdout] 
[INFO] [stdout] 
[INFO] [stdout] running 7 tests
[INFO] [stdout] test src/lib.rs - (line 38) ... FAILED
[INFO] [stdout] test src/lib.rs - (line 71) ... ok
[INFO] [stdout] test src/lib.rs - SyncReturn (line 429) ... ok
[INFO] [stdout] test src/lib.rs - EasyRetry::new_exponential (line 161) ... ok
[INFO] [stdout] test src/lib.rs - (line 65) ... ok
[INFO] [stdout] test src/lib.rs - EasyRetry::new_linear (line 143) ... ok
[INFO] [stdout] test src/lib.rs - (line 22) ... ok
[INFO] [stdout] 
[INFO] [stdout] failures:
[INFO] [stdout] 
[INFO] [stdout] ---- src/lib.rs - (line 38) stdout ----
[INFO] [stdout] error[E0599]: no variant or associated item named `new_exponential_async` found for enum `EasyRetry` in the current scope
[INFO] [stdout]    --> src/lib.rs:49:37
[INFO] [stdout]     |
[INFO] [stdout] 13  |     let retry_strategy = EasyRetry::new_exponential_async(1, 2);
[INFO] [stdout]     |                                     ^^^^^^^^^^^^^^^^^^^^^ variant or associated item not found in `EasyRetry`
[INFO] [stdout]     |
[INFO] [stdout] note: if you're trying to build a new `EasyRetry` consider using one of the following associated functions:
[INFO] [stdout]       EasyRetry::new_linear
[INFO] [stdout]       EasyRetry::new_exponential
[INFO] [stdout]    --> /opt/rustwide/workdir/src/lib.rs:148:5
[INFO] [stdout]     |
[INFO] [stdout] 148 |     pub fn new_linear(delay: u64, retries: u64) -> Self {
[INFO] [stdout]     |     ^^^^^^^^^^^^^^^^^^^^^^^^^^^^^^^^^^^^^^^^^^^^^^^^^^^
[INFO] [stdout] ...
[INFO] [stdout] 166 |     pub fn new_exponential(delay: u64, retries: u64) -> Self {
[INFO] [stdout]     |     ^^^^^^^^^^^^^^^^^^^^^^^^^^^^^^^^^^^^^^^^^^^^^^^^^^^^^^^^
[INFO] [stdout] help: there is an associated function `new_exponential` with a similar name
[INFO] [stdout]     |
[INFO] [stdout] 13  |     let retry_strategy = EasyRetry::new_exponential(1, 2);
[INFO] [stdout]     |                                     ~~~~~~~~~~~~~~~
[INFO] [stdout] 
[INFO] [stdout] error: aborting due to 1 previous error
[INFO] [stdout] 
[INFO] [stdout] For more information about this error, try `rustc --explain E0599`.
[INFO] [stdout] Couldn't compile the test.
[INFO] [stdout] 
[INFO] [stdout] failures:
[INFO] [stdout]     src/lib.rs - (line 38)
[INFO] [stdout] 
[INFO] [stdout] test result: FAILED. 6 passed; 1 failed; 0 ignored; 0 measured; 0 filtered out; finished in 2.50s
[INFO] [stdout] 
[INFO] [stderr] error: doctest failed, to rerun pass `--doc`
[INFO] running `Command { std: "docker" "inspect" "38288a5eaf30b84611400d07c55127fc9b58b36a4e36cf99107275178f3b8786", kill_on_drop: false }`
[INFO] running `Command { std: "docker" "rm" "-f" "38288a5eaf30b84611400d07c55127fc9b58b36a4e36cf99107275178f3b8786", kill_on_drop: false }`
[INFO] [stdout] 38288a5eaf30b84611400d07c55127fc9b58b36a4e36cf99107275178f3b8786
