[INFO] cloning repository https://github.com/chronoslynx/memex
[INFO] running `Command { std: "git" "-c" "credential.helper=" "-c" "credential.helper=/workspace/cargo-home/bin/git-credential-null" "clone" "--bare" "https://github.com/chronoslynx/memex" "/workspace/cache/git-repos/https%3A%2F%2Fgithub.com%2Fchronoslynx%2Fmemex", kill_on_drop: false }`
[INFO] [stderr] Cloning into bare repository '/workspace/cache/git-repos/https%3A%2F%2Fgithub.com%2Fchronoslynx%2Fmemex'...
[INFO] running `Command { std: "git" "rev-parse" "HEAD", kill_on_drop: false }`
[INFO] [stdout] 8dc65fe5ee56181cf966c5b93ddbfc0237b8b99e
[INFO] testing chronoslynx/memex against 1.83.0 for beta-1.84.0-4-retry
[INFO] running `Command { std: "git" "clone" "/workspace/cache/git-repos/https%3A%2F%2Fgithub.com%2Fchronoslynx%2Fmemex" "/workspace/builds/worker-4-tc1/source", kill_on_drop: false }`
[INFO] [stderr] Cloning into '/workspace/builds/worker-4-tc1/source'...
[INFO] [stderr] done.
[INFO] validating manifest of git repo https://github.com/chronoslynx/memex on toolchain 1.83.0
[INFO] running `Command { std: CARGO_HOME="/workspace/cargo-home" RUSTUP_HOME="/workspace/rustup-home" "/workspace/cargo-home/bin/cargo" "+1.83.0" "metadata" "--manifest-path" "Cargo.toml" "--no-deps", kill_on_drop: false }`
[INFO] started tweaking git repo https://github.com/chronoslynx/memex
[INFO] finished tweaking git repo https://github.com/chronoslynx/memex
[INFO] tweaked toml for git repo https://github.com/chronoslynx/memex written to /workspace/builds/worker-4-tc1/source/Cargo.toml
[INFO] crate git repo https://github.com/chronoslynx/memex already has a lockfile, it will not be regenerated
[INFO] running `Command { std: CARGO_HOME="/workspace/cargo-home" RUSTUP_HOME="/workspace/rustup-home" "/workspace/cargo-home/bin/cargo" "+1.83.0" "fetch" "--manifest-path" "Cargo.toml", kill_on_drop: false }`
[INFO] [stderr]     Updating crates.io index
[INFO] [stderr]  Downloading crates ...
[INFO] [stderr]   Downloaded urlencoded v0.6.0
[INFO] [stderr]   Downloaded persistent v0.4.0
[INFO] [stderr]   Downloaded tantivy-common v0.2.0
[INFO] [stderr]   Downloaded bodyparser v0.8.0
[INFO] [stderr]   Downloaded tantivy-query-grammar v0.15.0
[INFO] [stderr]   Downloaded fastdivide v0.4.0
[INFO] [stderr]   Downloaded census v0.4.0
[INFO] [stderr]   Downloaded mount v0.4.0
[INFO] [stderr]   Downloaded murmurhash32 v0.2.0
[INFO] [stderr]   Downloaded chan v0.1.23
[INFO] [stderr]   Downloaded tantivy-common v0.1.0
[INFO] [stderr]   Downloaded plist v1.3.1
[INFO] [stderr]   Downloaded fastfield_codecs v0.1.0
[INFO] [stderr]   Downloaded lz4_flex v0.9.2
[INFO] [stderr]   Downloaded tantivy-bitpacker v0.1.1
[INFO] [stderr]   Downloaded ownedbytes v0.2.0
[INFO] [stderr]   Downloaded tantivy-fst v0.3.0
[INFO] [stderr]   Downloaded tantivy v0.17.0
[INFO] running `Command { std: "docker" "create" "-v" "/var/lib/crater-agent-workspace/builds/worker-4-tc1/target:/opt/rustwide/target:rw,Z" "-v" "/var/lib/crater-agent-workspace/builds/worker-4-tc1/source:/opt/rustwide/workdir:ro,Z" "-v" "/var/lib/crater-agent-workspace/cargo-home:/opt/rustwide/cargo-home:ro,Z" "-v" "/var/lib/crater-agent-workspace/rustup-home:/opt/rustwide/rustup-home:ro,Z" "-e" "SOURCE_DIR=/opt/rustwide/workdir" "-e" "CARGO_TARGET_DIR=/opt/rustwide/target" "-e" "CARGO_HOME=/opt/rustwide/cargo-home" "-e" "RUSTUP_HOME=/opt/rustwide/rustup-home" "-w" "/opt/rustwide/workdir" "-m" "1610612736" "--user" "0:0" "--network" "none" "ghcr.io/rust-lang/crates-build-env/linux@sha256:f3a9d4ad9d972b27faf3965f35b62e55ba32bbce8f20bc8fe909558a86702fde" "/opt/rustwide/cargo-home/bin/cargo" "+1.83.0" "metadata" "--no-deps" "--format-version=1", kill_on_drop: false }`
[INFO] [stdout] 59af302ec33fd403124943b019cf016d0998c9a23a6820af236403c97ba11f70
[INFO] running `Command { std: "docker" "start" "-a" "59af302ec33fd403124943b019cf016d0998c9a23a6820af236403c97ba11f70", kill_on_drop: false }`
[INFO] running `Command { std: "docker" "inspect" "59af302ec33fd403124943b019cf016d0998c9a23a6820af236403c97ba11f70", kill_on_drop: false }`
[INFO] running `Command { std: "docker" "rm" "-f" "59af302ec33fd403124943b019cf016d0998c9a23a6820af236403c97ba11f70", kill_on_drop: false }`
[INFO] [stdout] 59af302ec33fd403124943b019cf016d0998c9a23a6820af236403c97ba11f70
[INFO] running `Command { std: "docker" "create" "-v" "/var/lib/crater-agent-workspace/builds/worker-4-tc1/target:/opt/rustwide/target:rw,Z" "-v" "/var/lib/crater-agent-workspace/builds/worker-4-tc1/source:/opt/rustwide/workdir:ro,Z" "-v" "/var/lib/crater-agent-workspace/cargo-home:/opt/rustwide/cargo-home:ro,Z" "-v" "/var/lib/crater-agent-workspace/rustup-home:/opt/rustwide/rustup-home:ro,Z" "-e" "SOURCE_DIR=/opt/rustwide/workdir" "-e" "CARGO_TARGET_DIR=/opt/rustwide/target" "-e" "CARGO_INCREMENTAL=0" "-e" "RUST_BACKTRACE=full" "-e" "RUSTFLAGS=--cap-lints=warn" "-e" "RUSTDOCFLAGS=--cap-lints=warn" "-e" "CARGO_HOME=/opt/rustwide/cargo-home" "-e" "RUSTUP_HOME=/opt/rustwide/rustup-home" "-w" "/opt/rustwide/workdir" "-m" "1610612736" "--user" "0:0" "--network" "none" "ghcr.io/rust-lang/crates-build-env/linux@sha256:f3a9d4ad9d972b27faf3965f35b62e55ba32bbce8f20bc8fe909558a86702fde" "/opt/rustwide/cargo-home/bin/cargo" "+1.83.0" "build" "--frozen" "--message-format=json", kill_on_drop: false }`
[INFO] [stdout] 347431d0867e8e0183c0a08e731d72f04985e11d0184e4ac640fb525df9cfee0
[INFO] running `Command { std: "docker" "start" "-a" "347431d0867e8e0183c0a08e731d72f04985e11d0184e4ac640fb525df9cfee0", kill_on_drop: false }`
[INFO] [stderr]    Compiling libc v0.2.125
[INFO] [stderr]    Compiling proc-macro2 v1.0.37
[INFO] [stderr]    Compiling unicode-xid v0.2.2
[INFO] [stderr]    Compiling syn v1.0.92
[INFO] [stderr]    Compiling autocfg v0.1.8
[INFO] [stderr]    Compiling rand_core v0.4.2
[INFO] [stderr]    Compiling log v0.4.16
[INFO] [stderr]    Compiling version_check v0.1.5
[INFO] [stderr]    Compiling memchr v2.5.0
[INFO] [stderr]    Compiling byteorder v1.4.3
[INFO] [stderr]    Compiling siphasher v0.2.3
[INFO] [stderr]    Compiling crossbeam-utils v0.8.8
[INFO] [stderr]    Compiling serde_derive v1.0.136
[INFO] [stderr]    Compiling tinyvec_macros v0.1.0
[INFO] [stderr]    Compiling serde v1.0.136
[INFO] [stderr]    Compiling safemem v0.3.3
[INFO] [stderr]    Compiling tinyvec v1.6.0
[INFO] [stderr]    Compiling rand_chacha v0.1.1
[INFO] [stderr]    Compiling rand_pcg v0.1.2
[INFO] [stderr]    Compiling rand v0.6.5
[INFO] [stderr]    Compiling traitobject v0.1.0
[INFO] [stderr]    Compiling rand_core v0.3.1
[INFO] [stderr]    Compiling rand_hc v0.1.0
[INFO] [stderr]    Compiling rand_isaac v0.1.1
[INFO] [stderr]    Compiling rand_xorshift v0.1.1
[INFO] [stderr]    Compiling rand_jitter v0.1.4
[INFO] [stderr]    Compiling unicase v1.4.2
[INFO] [stderr]    Compiling memoffset v0.6.5
[INFO] [stderr]    Compiling matches v0.1.9
[INFO] [stderr]    Compiling unicode-bidi v0.3.8
[INFO] [stderr]    Compiling httparse v1.7.1
[INFO] [stderr]    Compiling log v0.3.9
[INFO] [stderr]    Compiling once_cell v1.10.0
[INFO] [stderr]    Compiling unsafe-any v0.4.2
[INFO] [stderr]    Compiling ahash v0.7.6
[INFO] [stderr]    Compiling crossbeam-epoch v0.9.8
[INFO] [stderr]    Compiling futures-core v0.3.21
[INFO] [stderr]    Compiling percent-encoding v1.0.1
[INFO] [stderr]    Compiling typemap v0.3.3
[INFO] [stderr]    Compiling mime v0.2.6
[INFO] [stderr]    Compiling base64 v0.9.3
[INFO] [stderr]    Compiling typeable v0.1.2
[INFO] [stderr]    Compiling futures-channel v0.3.21
[INFO] [stderr]    Compiling phf_shared v0.7.24
[INFO] [stderr]    Compiling itoa v1.0.1
[INFO] [stderr]    Compiling language-tags v0.2.2
[INFO] [stderr]    Compiling phf v0.7.24
[INFO] [stderr]    Compiling futures-task v0.3.21
[INFO] [stderr]    Compiling plugin v0.2.6
[INFO] [stderr]    Compiling num-traits v0.2.14
[INFO] [stderr]    Compiling serde_json v1.0.80
[INFO] [stderr]    Compiling futures-sink v0.3.21
[INFO] [stderr]    Compiling futures-util v0.3.21
[INFO] [stderr]    Compiling modifier v0.1.0
[INFO] [stderr]    Compiling quote v1.0.18
[INFO] [stderr]    Compiling rayon-core v1.9.2
[INFO] [stderr]    Compiling unicode-normalization v0.1.19
[INFO] [stderr]    Compiling aho-corasick v0.7.18
[INFO] [stderr]    Compiling crossbeam-channel v0.5.4
[INFO] [stderr]    Compiling num_cpus v1.13.1
[INFO] [stderr]    Compiling getrandom v0.2.6
[INFO] [stderr]    Compiling rand_os v0.1.3
[INFO] [stderr]    Compiling time v0.1.44
[INFO] [stderr]    Compiling rand_core v0.6.3
[INFO] [stderr]    Compiling crossbeam-deque v0.8.1
[INFO] [stderr]    Compiling num-integer v0.1.45
[INFO] [stderr]    Compiling crunchy v0.2.2
[INFO] [stderr]    Compiling ryu v1.0.9
[INFO] [stderr]    Compiling crossbeam-queue v0.3.5
[INFO] [stderr]    Compiling regex-syntax v0.6.25
[INFO] [stderr]    Compiling hashbrown v0.11.2
[INFO] [stderr]    Compiling ansi_term v0.12.1
[INFO] [stderr]    Compiling pin-project-lite v0.2.9
[INFO] [stderr]    Compiling futures-io v0.3.21
[INFO] [stderr]    Compiling ppv-lite86 v0.2.16
[INFO] [stderr]    Compiling idna v0.1.5
[INFO] [stderr]    Compiling pin-utils v0.1.0
[INFO] [stderr]    Compiling slab v0.4.6
[INFO] [stderr]    Compiling proc-macro-error-attr v1.0.4
[INFO] [stderr]    Compiling indexmap v1.8.1
[INFO] [stderr]    Compiling rayon v1.5.2
[INFO] [stderr]    Compiling either v1.6.1
[INFO] [stderr]    Compiling fnv v1.0.7
[INFO] [stderr]    Compiling stable_deref_trait v1.2.0
[INFO] [stderr]    Compiling async-trait v0.1.53
[INFO] [stderr]    Compiling rand_chacha v0.3.1
[INFO] [stderr]    Compiling unicode-segmentation v1.9.0
[INFO] [stderr]    Compiling static_assertions v1.1.0
[INFO] [stderr]    Compiling unicode-width v0.1.9
[INFO] [stderr]    Compiling twox-hash v1.6.2
[INFO] [stderr]    Compiling ownedbytes v0.2.0
[INFO] [stderr]    Compiling textwrap v0.11.0
[INFO] [stderr]    Compiling url v1.7.2
[INFO] [stderr]    Compiling rand v0.4.6
[INFO] [stderr]    Compiling atty v0.2.14
[INFO] [stderr]    Compiling combine v4.6.4
[INFO] [stderr]    Compiling bstr v0.2.17
[INFO] [stderr]    Compiling tantivy-common v0.1.0
[INFO] [stderr]    Compiling rand v0.8.5
[INFO] [stderr]    Compiling instant v0.1.12
[INFO] [stderr]    Compiling phf_generator v0.7.24
[INFO] [stderr]    Compiling heck v0.3.3
[INFO] [stderr]    Compiling strsim v0.8.0
[INFO] [stderr]    Compiling phf_codegen v0.7.24
[INFO] [stderr]    Compiling paw-raw v1.0.0
[INFO] [stderr]    Compiling regex-syntax v0.4.2
[INFO] [stderr]    Compiling remove_dir_all v0.5.3
[INFO] [stderr]    Compiling mime_guess v1.8.8
[INFO] [stderr]    Compiling hyper v0.10.16
[INFO] [stderr]    Compiling num_threads v0.1.5
[INFO] [stderr]    Compiling tantivy-bitpacker v0.1.1
[INFO] [stderr]    Compiling anyhow v1.0.57
[INFO] [stderr]    Compiling fastrand v1.7.0
[INFO] [stderr]    Compiling same-file v1.0.6
[INFO] [stderr]    Compiling vec_map v0.8.2
[INFO] [stderr]    Compiling base64 v0.13.0
[INFO] [stderr]    Compiling diff v0.1.12
[INFO] [stderr]    Compiling utf8-ranges v1.0.5
[INFO] [stderr]    Compiling clap v2.34.0
[INFO] [stderr]    Compiling tempfile v3.3.0
[INFO] [stderr]    Compiling walkdir v2.3.2
[INFO] [stderr]    Compiling rand v0.3.23
[INFO] [stderr]    Compiling chrono v0.4.19
[INFO] [stderr]    Compiling tantivy-fst v0.3.0
[INFO] [stderr]    Compiling fail v0.5.0
[INFO] [stderr]    Compiling pretty_assertions v1.2.1
[INFO] [stderr]    Compiling fastfield_codecs v0.1.0
[INFO] [stderr]    Compiling time v0.3.9
[INFO] [stderr]    Compiling measure_time v0.8.2
[INFO] [stderr]    Compiling lz4_flex v0.9.2
[INFO] [stderr]    Compiling lru v0.7.5
[INFO] [stderr]    Compiling crossbeam v0.8.1
[INFO] [stderr]    Compiling bitpacking v0.8.4
[INFO] [stderr]    Compiling tantivy-common v0.2.0
[INFO] [stderr]    Compiling itertools v0.10.3
[INFO] [stderr]    Compiling memmap2 v0.5.3
[INFO] [stderr]    Compiling fs2 v0.4.3
[INFO] [stderr]    Compiling thread_local v1.1.4
[INFO] [stderr]    Compiling regex v1.5.5
[INFO] [stderr]    Compiling murmurhash32 v0.2.0
[INFO] [stderr]    Compiling line-wrap v0.1.1
[INFO] [stderr]    Compiling xml-rs v0.8.4
[INFO] [stderr]    Compiling sequence_trie v0.3.6
[INFO] [stderr]    Compiling fastdivide v0.4.0
[INFO] [stderr]    Compiling htmlescape v0.3.1
[INFO] [stderr]    Compiling downcast-rs v1.2.0
[INFO] [stderr]    Compiling smallvec v1.8.0
[INFO] [stderr]    Compiling census v0.4.0
[INFO] [stderr]    Compiling levenshtein_automata v0.2.1
[INFO] [stderr]    Compiling chan v0.1.23
[INFO] [stderr]    Compiling iron v0.6.1
[INFO] [stderr]    Compiling globset v0.4.8
[INFO] [stderr]    Compiling persistent v0.4.0
[INFO] [stderr]    Compiling mount v0.4.0
[INFO] [stderr]    Compiling ignore v0.4.18
[INFO] [stderr]    Compiling proc-macro-error v1.0.4
[INFO] [stderr]    Compiling futures-macro v0.3.21
[INFO] [stderr]    Compiling thiserror-impl v1.0.31
[INFO] [stderr]    Compiling paw-attributes v1.0.2
[INFO] [stderr]    Compiling structopt-derive v0.4.18
[INFO] [stderr]    Compiling paw v1.0.0
[INFO] [stderr]    Compiling thiserror v1.0.31
[INFO] [stderr]    Compiling structopt v0.3.26
[INFO] [stderr]    Compiling tantivy-query-grammar v0.15.0
[INFO] [stderr]    Compiling futures-executor v0.3.21
[INFO] [stderr]    Compiling futures v0.3.21
[INFO] [stderr]    Compiling rust-stemmers v1.2.0
[INFO] [stderr]    Compiling uuid v0.8.2
[INFO] [stderr]    Compiling plist v1.3.1
[INFO] [stderr]    Compiling bodyparser v0.8.0
[INFO] [stderr]    Compiling urlencoded v0.6.0
[INFO] [stderr]    Compiling tantivy v0.17.0
[INFO] [stderr]    Compiling memex v0.1.0 (/opt/rustwide/workdir)
[INFO] [stderr]     Finished `dev` profile [unoptimized + debuginfo] target(s) in 1m 09s
[INFO] [stderr] warning: the following packages contain code that will be rejected by a future version of Rust: traitobject v0.1.0, typemap v0.3.3
[INFO] [stderr] note: to see what the problems were, use the option `--future-incompat-report`, or run `cargo report future-incompatibilities --id 1`
[INFO] running `Command { std: "docker" "inspect" "347431d0867e8e0183c0a08e731d72f04985e11d0184e4ac640fb525df9cfee0", kill_on_drop: false }`
[INFO] running `Command { std: "docker" "rm" "-f" "347431d0867e8e0183c0a08e731d72f04985e11d0184e4ac640fb525df9cfee0", kill_on_drop: false }`
[INFO] [stdout] 347431d0867e8e0183c0a08e731d72f04985e11d0184e4ac640fb525df9cfee0
[INFO] running `Command { std: "docker" "create" "-v" "/var/lib/crater-agent-workspace/builds/worker-4-tc1/target:/opt/rustwide/target:rw,Z" "-v" "/var/lib/crater-agent-workspace/builds/worker-4-tc1/source:/opt/rustwide/workdir:ro,Z" "-v" "/var/lib/crater-agent-workspace/cargo-home:/opt/rustwide/cargo-home:ro,Z" "-v" "/var/lib/crater-agent-workspace/rustup-home:/opt/rustwide/rustup-home:ro,Z" "-e" "SOURCE_DIR=/opt/rustwide/workdir" "-e" "CARGO_TARGET_DIR=/opt/rustwide/target" "-e" "CARGO_INCREMENTAL=0" "-e" "RUST_BACKTRACE=full" "-e" "RUSTFLAGS=--cap-lints=warn" "-e" "RUSTDOCFLAGS=--cap-lints=warn" "-e" "CARGO_HOME=/opt/rustwide/cargo-home" "-e" "RUSTUP_HOME=/opt/rustwide/rustup-home" "-w" "/opt/rustwide/workdir" "-m" "1610612736" "--user" "0:0" "--network" "none" "ghcr.io/rust-lang/crates-build-env/linux@sha256:f3a9d4ad9d972b27faf3965f35b62e55ba32bbce8f20bc8fe909558a86702fde" "/opt/rustwide/cargo-home/bin/cargo" "+1.83.0" "test" "--frozen" "--no-run" "--message-format=json", kill_on_drop: false }`
[INFO] [stdout] 906b79f9c1fcb979af9df60f82f8d44ad5ac2fc3bbec31345b813c3272cdf4c1
[INFO] running `Command { std: "docker" "start" "-a" "906b79f9c1fcb979af9df60f82f8d44ad5ac2fc3bbec31345b813c3272cdf4c1", kill_on_drop: false }`
[INFO] [stderr]    Compiling memex v0.1.0 (/opt/rustwide/workdir)
[INFO] [stderr]     Finished `test` profile [unoptimized + debuginfo] target(s) in 1.14s
[INFO] [stderr] warning: the following packages contain code that will be rejected by a future version of Rust: traitobject v0.1.0, typemap v0.3.3
[INFO] [stderr] note: to see what the problems were, use the option `--future-incompat-report`, or run `cargo report future-incompatibilities --id 1`
[INFO] running `Command { std: "docker" "inspect" "906b79f9c1fcb979af9df60f82f8d44ad5ac2fc3bbec31345b813c3272cdf4c1", kill_on_drop: false }`
[INFO] running `Command { std: "docker" "rm" "-f" "906b79f9c1fcb979af9df60f82f8d44ad5ac2fc3bbec31345b813c3272cdf4c1", kill_on_drop: false }`
[INFO] [stdout] 906b79f9c1fcb979af9df60f82f8d44ad5ac2fc3bbec31345b813c3272cdf4c1
[INFO] running `Command { std: "docker" "create" "-v" "/var/lib/crater-agent-workspace/builds/worker-4-tc1/target:/opt/rustwide/target:rw,Z" "-v" "/var/lib/crater-agent-workspace/builds/worker-4-tc1/source:/opt/rustwide/workdir:ro,Z" "-v" "/var/lib/crater-agent-workspace/cargo-home:/opt/rustwide/cargo-home:ro,Z" "-v" "/var/lib/crater-agent-workspace/rustup-home:/opt/rustwide/rustup-home:ro,Z" "-e" "SOURCE_DIR=/opt/rustwide/workdir" "-e" "CARGO_TARGET_DIR=/opt/rustwide/target" "-e" "CARGO_INCREMENTAL=0" "-e" "RUST_BACKTRACE=full" "-e" "RUSTFLAGS=--cap-lints=warn" "-e" "RUSTDOCFLAGS=--cap-lints=warn" "-e" "CARGO_HOME=/opt/rustwide/cargo-home" "-e" "RUSTUP_HOME=/opt/rustwide/rustup-home" "-w" "/opt/rustwide/workdir" "-m" "1610612736" "--user" "0:0" "--network" "none" "ghcr.io/rust-lang/crates-build-env/linux@sha256:f3a9d4ad9d972b27faf3965f35b62e55ba32bbce8f20bc8fe909558a86702fde" "/opt/rustwide/cargo-home/bin/cargo" "+1.83.0" "test" "--frozen", kill_on_drop: false }`
[INFO] [stdout] c41b558ad6665c6d5abd1a15c8df658d24b5164ce9a37891bcc9f3314eed2a29
[INFO] running `Command { std: "docker" "start" "-a" "c41b558ad6665c6d5abd1a15c8df658d24b5164ce9a37891bcc9f3314eed2a29", kill_on_drop: false }`
[INFO] [stderr]     Finished `test` profile [unoptimized + debuginfo] target(s) in 0.19s
[INFO] [stderr] warning: the following packages contain code that will be rejected by a future version of Rust: traitobject v0.1.0, typemap v0.3.3
[INFO] [stderr] note: to see what the problems were, use the option `--future-incompat-report`, or run `cargo report future-incompatibilities --id 1`
[INFO] [stderr]      Running unittests src/lib.rs (/opt/rustwide/target/debug/deps/memex-345a650c8a31ff7f)
[INFO] [stdout] 
[INFO] [stdout] running 0 tests
[INFO] [stdout] 
[INFO] [stdout] test result: ok. 0 passed; 0 failed; 0 ignored; 0 measured; 0 filtered out; finished in 0.00s
[INFO] [stdout] 
[INFO] [stderr]      Running unittests src/main.rs (/opt/rustwide/target/debug/deps/memex-eef6a54ecc6f93ec)
[INFO] [stdout] 
[INFO] [stderr]    Doc-tests memex
[INFO] [stdout] running 0 tests
[INFO] [stdout] 
[INFO] [stdout] test result: ok. 0 passed; 0 failed; 0 ignored; 0 measured; 0 filtered out; finished in 0.00s
[INFO] [stdout] 
[INFO] [stdout] 
[INFO] [stdout] running 1 test
[INFO] [stdout] test src/api.rs - api::Mime (line 20) ... FAILED
[INFO] [stdout] 
[INFO] [stdout] failures:
[INFO] [stdout] 
[INFO] [stdout] ---- src/api.rs - api::Mime (line 20) stdout ----
[INFO] [stdout] error: statements are terminated with a semicolon
[INFO] [stdout]  --> src/api.rs:21:5
[INFO] [stdout]   |
[INFO] [stdout] 3 | http://localhost:3000/api/?q=fulmicoton&nhits=20
[INFO] [stdout]   |     ^
[INFO] [stdout]   |
[INFO] [stdout] help: use a semicolon instead
[INFO] [stdout]   |
[INFO] [stdout] 3 | http;//localhost:3000/api/?q=fulmicoton&nhits=20
[INFO] [stdout]   |     ~
[INFO] [stdout] 
[INFO] [stdout] error[E0425]: cannot find value `http` in this scope
[INFO] [stdout]  --> src/api.rs:21:1
[INFO] [stdout]   |
[INFO] [stdout] 3 | http://localhost:3000/api/?q=fulmicoton&nhits=20
[INFO] [stdout]   | ^^^^ not found in this scope
[INFO] [stdout] 
[INFO] [stdout] error: aborting due to 2 previous errors
[INFO] [stdout] 
[INFO] [stdout] For more information about this error, try `rustc --explain E0425`.
[INFO] [stdout] Couldn't compile the test.
[INFO] [stdout] 
[INFO] [stdout] failures:
[INFO] [stdout]     src/api.rs - api::Mime (line 20)
[INFO] [stdout] 
[INFO] [stdout] test result: FAILED. 0 passed; 1 failed; 0 ignored; 0 measured; 0 filtered out; finished in 0.17s
[INFO] [stdout] 
[INFO] [stderr] error: doctest failed, to rerun pass `--doc`
[INFO] running `Command { std: "docker" "inspect" "c41b558ad6665c6d5abd1a15c8df658d24b5164ce9a37891bcc9f3314eed2a29", kill_on_drop: false }`
[INFO] running `Command { std: "docker" "rm" "-f" "c41b558ad6665c6d5abd1a15c8df658d24b5164ce9a37891bcc9f3314eed2a29", kill_on_drop: false }`
[INFO] [stdout] c41b558ad6665c6d5abd1a15c8df658d24b5164ce9a37891bcc9f3314eed2a29
