[INFO] cloning repository https://github.com/chriswk/actix-session-sqlx-postgres
[INFO] running `Command { std: "git" "-c" "credential.helper=" "-c" "credential.helper=/workspace/cargo-home/bin/git-credential-null" "clone" "--bare" "https://github.com/chriswk/actix-session-sqlx-postgres" "/workspace/cache/git-repos/https%3A%2F%2Fgithub.com%2Fchriswk%2Factix-session-sqlx-postgres", kill_on_drop: false }`
[INFO] [stderr] Cloning into bare repository '/workspace/cache/git-repos/https%3A%2F%2Fgithub.com%2Fchriswk%2Factix-session-sqlx-postgres'...
[INFO] running `Command { std: "git" "rev-parse" "HEAD", kill_on_drop: false }`
[INFO] [stdout] 98bd0c84bc37ee835c4a24d90c8acb2b849f83de
[INFO] testing chriswk/actix-session-sqlx-postgres against beta-2024-12-08 for beta-1.84.0-4-retry
[INFO] running `Command { std: "git" "clone" "/workspace/cache/git-repos/https%3A%2F%2Fgithub.com%2Fchriswk%2Factix-session-sqlx-postgres" "/workspace/builds/worker-4-tc2/source", kill_on_drop: false }`
[INFO] [stderr] Cloning into '/workspace/builds/worker-4-tc2/source'...
[INFO] [stderr] done.
[INFO] validating manifest of git repo https://github.com/chriswk/actix-session-sqlx-postgres on toolchain beta-2024-12-08
[INFO] running `Command { std: CARGO_HOME="/workspace/cargo-home" RUSTUP_HOME="/workspace/rustup-home" "/workspace/cargo-home/bin/cargo" "+beta-2024-12-08" "metadata" "--manifest-path" "Cargo.toml" "--no-deps", kill_on_drop: false }`
[INFO] started tweaking git repo https://github.com/chriswk/actix-session-sqlx-postgres
[INFO] finished tweaking git repo https://github.com/chriswk/actix-session-sqlx-postgres
[INFO] tweaked toml for git repo https://github.com/chriswk/actix-session-sqlx-postgres written to /workspace/builds/worker-4-tc2/source/Cargo.toml
[INFO] crate git repo https://github.com/chriswk/actix-session-sqlx-postgres already has a lockfile, it will not be regenerated
[INFO] running `Command { std: CARGO_HOME="/workspace/cargo-home" RUSTUP_HOME="/workspace/rustup-home" "/workspace/cargo-home/bin/cargo" "+beta-2024-12-08" "fetch" "--manifest-path" "Cargo.toml", kill_on_drop: false }`
[INFO] [stderr] warning: `default_features` is deprecated in favor of `default-features` and will not work in the 2024 edition
[INFO] [stderr] (in the `actix-web` dependency)
[INFO] [stderr]     Blocking waiting for file lock on package cache
[INFO] running `Command { std: "docker" "create" "-v" "/var/lib/crater-agent-workspace/builds/worker-4-tc2/target:/opt/rustwide/target:rw,Z" "-v" "/var/lib/crater-agent-workspace/builds/worker-4-tc2/source:/opt/rustwide/workdir:ro,Z" "-v" "/var/lib/crater-agent-workspace/cargo-home:/opt/rustwide/cargo-home:ro,Z" "-v" "/var/lib/crater-agent-workspace/rustup-home:/opt/rustwide/rustup-home:ro,Z" "-e" "SOURCE_DIR=/opt/rustwide/workdir" "-e" "CARGO_TARGET_DIR=/opt/rustwide/target" "-e" "CARGO_HOME=/opt/rustwide/cargo-home" "-e" "RUSTUP_HOME=/opt/rustwide/rustup-home" "-w" "/opt/rustwide/workdir" "-m" "1610612736" "--user" "0:0" "--network" "none" "ghcr.io/rust-lang/crates-build-env/linux@sha256:f3a9d4ad9d972b27faf3965f35b62e55ba32bbce8f20bc8fe909558a86702fde" "/opt/rustwide/cargo-home/bin/cargo" "+beta-2024-12-08" "metadata" "--no-deps" "--format-version=1", kill_on_drop: false }`
[INFO] [stdout] 9da47d9a48c9b60b9db456fd57a5ca0e063a968103efb007d308516e7df99f19
[INFO] running `Command { std: "docker" "start" "-a" "9da47d9a48c9b60b9db456fd57a5ca0e063a968103efb007d308516e7df99f19", kill_on_drop: false }`
[INFO] running `Command { std: "docker" "inspect" "9da47d9a48c9b60b9db456fd57a5ca0e063a968103efb007d308516e7df99f19", kill_on_drop: false }`
[INFO] running `Command { std: "docker" "rm" "-f" "9da47d9a48c9b60b9db456fd57a5ca0e063a968103efb007d308516e7df99f19", kill_on_drop: false }`
[INFO] [stdout] 9da47d9a48c9b60b9db456fd57a5ca0e063a968103efb007d308516e7df99f19
[INFO] running `Command { std: "docker" "create" "-v" "/var/lib/crater-agent-workspace/builds/worker-4-tc2/target:/opt/rustwide/target:rw,Z" "-v" "/var/lib/crater-agent-workspace/builds/worker-4-tc2/source:/opt/rustwide/workdir:ro,Z" "-v" "/var/lib/crater-agent-workspace/cargo-home:/opt/rustwide/cargo-home:ro,Z" "-v" "/var/lib/crater-agent-workspace/rustup-home:/opt/rustwide/rustup-home:ro,Z" "-e" "SOURCE_DIR=/opt/rustwide/workdir" "-e" "CARGO_TARGET_DIR=/opt/rustwide/target" "-e" "CARGO_INCREMENTAL=0" "-e" "RUST_BACKTRACE=full" "-e" "RUSTFLAGS=--cap-lints=warn" "-e" "RUSTDOCFLAGS=--cap-lints=warn" "-e" "CARGO_HOME=/opt/rustwide/cargo-home" "-e" "RUSTUP_HOME=/opt/rustwide/rustup-home" "-w" "/opt/rustwide/workdir" "-m" "1610612736" "--user" "0:0" "--network" "none" "ghcr.io/rust-lang/crates-build-env/linux@sha256:f3a9d4ad9d972b27faf3965f35b62e55ba32bbce8f20bc8fe909558a86702fde" "/opt/rustwide/cargo-home/bin/cargo" "+beta-2024-12-08" "build" "--frozen" "--message-format=json", kill_on_drop: false }`
[INFO] [stdout] 1ee1c870640479030e6b25515d7db7a1e71c304c19d293555f5ac7c74deea8da
[INFO] running `Command { std: "docker" "start" "-a" "1ee1c870640479030e6b25515d7db7a1e71c304c19d293555f5ac7c74deea8da", kill_on_drop: false }`
[INFO] [stderr] warning: `default_features` is deprecated in favor of `default-features` and will not work in the 2024 edition
[INFO] [stderr] (in the `actix-web` dependency)
[INFO] [stderr]    Compiling libc v0.2.158
[INFO] [stderr]    Compiling version_check v0.9.4
[INFO] [stderr]    Compiling unicode-ident v1.0.9
[INFO] [stderr]    Compiling typenum v1.16.0
[INFO] [stderr]    Compiling serde v1.0.210
[INFO] [stderr]    Compiling futures-core v0.3.28
[INFO] [stderr]    Compiling bytes v1.7.2
[INFO] [stderr]    Compiling lock_api v0.4.10
[INFO] [stderr]    Compiling proc-macro2 v1.0.86
[INFO] [stderr]    Compiling parking_lot_core v0.9.8
[INFO] [stderr]    Compiling generic-array v0.14.7
[INFO] [stderr]    Compiling scopeguard v1.1.0
[INFO] [stderr]    Compiling zerocopy v0.7.35
[INFO] [stderr]    Compiling cpufeatures v0.2.8
[INFO] [stderr]    Compiling subtle v2.5.0
[INFO] [stderr]    Compiling quote v1.0.37
[INFO] [stderr]    Compiling slab v0.4.8
[INFO] [stderr]    Compiling futures-task v0.3.28
[INFO] [stderr]    Compiling itoa v1.0.6
[INFO] [stderr]    Compiling futures-util v0.3.28
[INFO] [stderr]    Compiling tinyvec_macros v0.1.1
[INFO] [stderr]    Compiling getrandom v0.2.10
[INFO] [stderr]    Compiling mio v1.0.2
[INFO] [stderr]    Compiling syn v2.0.77
[INFO] [stderr]    Compiling socket2 v0.5.7
[INFO] [stderr]    Compiling log v0.4.19
[INFO] [stderr]    Compiling rand_core v0.6.4
[INFO] [stderr]    Compiling tinyvec v1.6.0
[INFO] [stderr]    Compiling tracing-core v0.1.31
[INFO] [stderr]    Compiling paste v1.0.12
[INFO] [stderr]    Compiling futures-io v0.3.28
[INFO] [stderr]    Compiling unicode-bidi v0.3.13
[INFO] [stderr]    Compiling allocator-api2 v0.2.15
[INFO] [stderr]    Compiling signal-hook-registry v1.4.1
[INFO] [stderr]    Compiling block-buffer v0.10.4
[INFO] [stderr]    Compiling crypto-common v0.1.6
[INFO] [stderr]    Compiling num-traits v0.2.15
[INFO] [stderr]    Compiling digest v0.10.7
[INFO] [stderr]    Compiling powerfmt v0.2.0
[INFO] [stderr]    Compiling time-core v0.1.2
[INFO] [stderr]    Compiling futures-sink v0.3.28
[INFO] [stderr]    Compiling unicode-normalization v0.1.22
[INFO] [stderr]    Compiling crossbeam-utils v0.8.16
[INFO] [stderr]    Compiling num-conv v0.1.0
[INFO] [stderr]    Compiling ppv-lite86 v0.2.17
[INFO] [stderr]    Compiling deranged v0.3.11
[INFO] [stderr]    Compiling ahash v0.8.11
[INFO] [stderr]    Compiling time-macros v0.2.18
[INFO] [stderr]    Compiling idna v0.5.0
[INFO] [stderr]    Compiling serde_json v1.0.128
[INFO] [stderr]    Compiling ryu v1.0.13
[INFO] [stderr]    Compiling rand_chacha v0.3.1
[INFO] [stderr]    Compiling futures-channel v0.3.28
[INFO] [stderr]    Compiling iana-time-zone v0.1.57
[INFO] [stderr]    Compiling minimal-lexical v0.2.1
[INFO] [stderr]    Compiling crossbeam-queue v0.3.8
[INFO] [stderr]    Compiling equivalent v1.0.1
[INFO] [stderr]    Compiling concurrent-queue v2.5.0
[INFO] [stderr]    Compiling nom v7.1.3
[INFO] [stderr]    Compiling crc-catalog v2.2.0
[INFO] [stderr]    Compiling parking v2.2.1
[INFO] [stderr]    Compiling unicode_categories v0.1.1
[INFO] [stderr]    Compiling hashbrown v0.14.5
[INFO] [stderr]    Compiling event-listener v5.3.1
[INFO] [stderr]    Compiling crc v3.0.1
[INFO] [stderr]    Compiling atoi v2.0.0
[INFO] [stderr]    Compiling inout v0.1.3
[INFO] [stderr]    Compiling byteorder v1.4.3
[INFO] [stderr]    Compiling hex v0.4.3
[INFO] [stderr]    Compiling cipher v0.4.4
[INFO] [stderr]    Compiling rand v0.8.5
[INFO] [stderr]    Compiling hmac v0.12.1
[INFO] [stderr]    Compiling sha2 v0.10.7
[INFO] [stderr]    Compiling universal-hash v0.5.1
[INFO] [stderr]    Compiling time v0.3.36
[INFO] [stderr]    Compiling tokio v1.40.0
[INFO] [stderr]    Compiling syn v1.0.109
[INFO] [stderr]    Compiling rustix v0.38.37
[INFO] [stderr]    Compiling opaque-debug v0.3.0
[INFO] [stderr]    Compiling local-waker v0.1.3
[INFO] [stderr]    Compiling bitflags v2.6.0
[INFO] [stderr]    Compiling polyval v0.6.1
[INFO] [stderr]    Compiling indexmap v2.5.0
[INFO] [stderr]    Compiling hashlink v0.9.1
[INFO] [stderr]    Compiling hkdf v0.12.3
[INFO] [stderr]    Compiling chrono v0.4.38
[INFO] [stderr]    Compiling url v2.5.2
[INFO] [stderr]    Compiling stringprep v0.1.2
[INFO] [stderr]    Compiling serde_derive v1.0.210
[INFO] [stderr]    Compiling tracing-attributes v0.1.27
[INFO] [stderr]    Compiling thiserror-impl v1.0.63
[INFO] [stderr]    Compiling whoami v1.4.1
[INFO] [stderr]    Compiling httparse v1.8.0
[INFO] [stderr]    Compiling dotenvy v0.15.7
[INFO] [stderr]    Compiling home v0.5.9
[INFO] [stderr]    Compiling base64 v0.22.1
[INFO] [stderr]    Compiling linux-raw-sys v0.4.14
[INFO] [stderr]    Compiling http v0.2.9
[INFO] [stderr]    Compiling ghash v0.5.0
[INFO] [stderr]    Compiling thiserror v1.0.63
[INFO] [stderr]    Compiling actix-utils v3.0.1
[INFO] [stderr]    Compiling aes v0.8.3
[INFO] [stderr]    Compiling tracing v0.1.37
[INFO] [stderr]    Compiling tokio-stream v0.1.16
[INFO] [stderr]    Compiling ctr v0.9.2
[INFO] [stderr]    Compiling md-5 v0.10.5
[INFO] [stderr]    Compiling actix-service v2.0.2
[INFO] [stderr]    Compiling aead v0.5.2
[INFO] [stderr]    Compiling bytestring v1.3.0
[INFO] [stderr]    Compiling cookie v0.16.2
[INFO] [stderr]    Compiling fastrand v2.1.1
[INFO] [stderr]    Compiling convert_case v0.4.0
[INFO] [stderr]    Compiling aes-gcm v0.10.2
[INFO] [stderr]    Compiling tempfile v3.12.0
[INFO] [stderr]    Compiling local-channel v0.1.3
[INFO] [stderr]    Compiling sha1 v0.10.5
[INFO] [stderr]    Compiling mio v0.8.8
[INFO] [stderr]    Compiling num_cpus v1.16.0
[INFO] [stderr]    Compiling socket2 v0.4.9
[INFO] [stderr]    Compiling encoding_rs v0.8.32
[INFO] [stderr]    Compiling regex-lite v0.1.6
[INFO] [stderr]    Compiling anyhow v1.0.89
[INFO] [stderr]    Compiling httpdate v1.0.2
[INFO] [stderr]    Compiling language-tags v0.3.2
[INFO] [stderr]    Compiling unicode-xid v0.2.6
[INFO] [stderr]    Compiling base64 v0.20.0
[INFO] [stderr]    Compiling derive_more-impl v1.0.0
[INFO] [stderr]    Compiling impl-more v0.1.6
[INFO] [stderr]    Compiling derive_more v0.99.17
[INFO] [stderr]    Compiling smallvec v1.13.2
[INFO] [stderr]    Compiling either v1.13.0
[INFO] [stderr]    Compiling actix-router v0.5.3
[INFO] [stderr]    Compiling itertools v0.10.5
[INFO] [stderr]    Compiling serde_urlencoded v0.7.1
[INFO] [stderr]    Compiling parking_lot v0.12.1
[INFO] [stderr]    Compiling derive_more v1.0.0
[INFO] [stderr]    Compiling futures-intrusive v0.5.0
[INFO] [stderr]    Compiling sqlformat v0.2.1
[INFO] [stderr]    Compiling actix-rt v2.8.0
[INFO] [stderr]    Compiling tokio-util v0.7.12
[INFO] [stderr]    Compiling sqlx-core v0.8.2
[INFO] [stderr]    Compiling actix-codec v0.5.1
[INFO] [stderr]    Compiling actix-server v2.2.0
[INFO] [stderr]    Compiling actix-http v3.9.0
[INFO] [stderr]    Compiling sqlx-postgres v0.8.2
[INFO] [stderr]    Compiling actix-web v4.9.0
[INFO] [stderr]    Compiling sqlx-macros-core v0.8.2
[INFO] [stderr]    Compiling actix-session v0.10.1
[INFO] [stderr]    Compiling sqlx-macros v0.8.2
[INFO] [stderr]    Compiling sqlx v0.8.2
[INFO] [stderr]    Compiling actix-session-sqlx-postgres v0.3.0 (/opt/rustwide/workdir)
[INFO] [stderr]     Finished `dev` profile [unoptimized + debuginfo] target(s) in 2m 27s
[INFO] running `Command { std: "docker" "inspect" "1ee1c870640479030e6b25515d7db7a1e71c304c19d293555f5ac7c74deea8da", kill_on_drop: false }`
[INFO] running `Command { std: "docker" "rm" "-f" "1ee1c870640479030e6b25515d7db7a1e71c304c19d293555f5ac7c74deea8da", kill_on_drop: false }`
[INFO] [stdout] 1ee1c870640479030e6b25515d7db7a1e71c304c19d293555f5ac7c74deea8da
[INFO] running `Command { std: "docker" "create" "-v" "/var/lib/crater-agent-workspace/builds/worker-4-tc2/target:/opt/rustwide/target:rw,Z" "-v" "/var/lib/crater-agent-workspace/builds/worker-4-tc2/source:/opt/rustwide/workdir:ro,Z" "-v" "/var/lib/crater-agent-workspace/cargo-home:/opt/rustwide/cargo-home:ro,Z" "-v" "/var/lib/crater-agent-workspace/rustup-home:/opt/rustwide/rustup-home:ro,Z" "-e" "SOURCE_DIR=/opt/rustwide/workdir" "-e" "CARGO_TARGET_DIR=/opt/rustwide/target" "-e" "CARGO_INCREMENTAL=0" "-e" "RUST_BACKTRACE=full" "-e" "RUSTFLAGS=--cap-lints=warn" "-e" "RUSTDOCFLAGS=--cap-lints=warn" "-e" "CARGO_HOME=/opt/rustwide/cargo-home" "-e" "RUSTUP_HOME=/opt/rustwide/rustup-home" "-w" "/opt/rustwide/workdir" "-m" "1610612736" "--user" "0:0" "--network" "none" "ghcr.io/rust-lang/crates-build-env/linux@sha256:f3a9d4ad9d972b27faf3965f35b62e55ba32bbce8f20bc8fe909558a86702fde" "/opt/rustwide/cargo-home/bin/cargo" "+beta-2024-12-08" "test" "--frozen" "--no-run" "--message-format=json", kill_on_drop: false }`
[INFO] [stdout] 73b2b94cc8a025cb2713cbc92d9a646df373757e24f206f882b56cde1292721c
[INFO] running `Command { std: "docker" "start" "-a" "73b2b94cc8a025cb2713cbc92d9a646df373757e24f206f882b56cde1292721c", kill_on_drop: false }`
[INFO] [stderr] warning: `default_features` is deprecated in favor of `default-features` and will not work in the 2024 edition
[INFO] [stderr] (in the `actix-web` dependency)
[INFO] [stderr]    Compiling serde v1.0.210
[INFO] [stderr]    Compiling syn v2.0.77
[INFO] [stderr]    Compiling futures-channel v0.3.28
[INFO] [stderr]    Compiling futures-util v0.3.28
[INFO] [stderr]    Compiling syn v1.0.109
[INFO] [stderr]    Compiling http v1.1.0
[INFO] [stderr]    Compiling shlex v1.3.0
[INFO] [stderr]    Compiling strsim v0.11.1
[INFO] [stderr]    Compiling cc v1.1.21
[INFO] [stderr]    Compiling ident_case v1.0.1
[INFO] [stderr]    Compiling rustls-pki-types v1.8.0
[INFO] [stderr]    Compiling spin v0.9.8
[INFO] [stderr]    Compiling try-lock v0.2.5
[INFO] [stderr]    Compiling untrusted v0.9.0
[INFO] [stderr]    Compiling want v0.3.1
[INFO] [stderr]    Compiling rustls v0.23.13
[INFO] [stderr]    Compiling aho-corasick v1.0.2
[INFO] [stderr]    Compiling regex-syntax v0.8.4
[INFO] [stderr]    Compiling zeroize v1.8.1
[INFO] [stderr]    Compiling rustls-pemfile v2.1.3
[INFO] [stderr]    Compiling http-body v1.0.1
[INFO] [stderr]    Compiling openssl-probe v0.1.5
[INFO] [stderr]    Compiling option-ext v0.2.0
[INFO] [stderr]    Compiling dirs-sys v0.4.1
[INFO] [stderr]    Compiling rustls-native-certs v0.7.3
[INFO] [stderr]    Compiling base64 v0.21.7
[INFO] [stderr]    Compiling dirs v5.0.1
[INFO] [stderr]    Compiling ring v0.17.8
[INFO] [stderr]    Compiling regex-automata v0.4.7
[INFO] [stderr]    Compiling darling_core v0.20.10
[INFO] [stderr]    Compiling actix-macros v0.2.3
[INFO] [stderr]    Compiling derive_more v0.99.17
[INFO] [stderr]    Compiling serde_derive v1.0.210
[INFO] [stderr]    Compiling tracing-attributes v0.1.27
[INFO] [stderr]    Compiling tokio-macros v2.4.0
[INFO] [stderr]    Compiling futures-macro v0.3.28
[INFO] [stderr]    Compiling thiserror-impl v1.0.63
[INFO] [stderr]    Compiling pin-project-internal v1.1.5
[INFO] [stderr]    Compiling darling_macro v0.20.10
[INFO] [stderr]    Compiling tracing v0.1.37
[INFO] [stderr]    Compiling rustls-webpki v0.102.8
[INFO] [stderr]    Compiling thiserror v1.0.63
[INFO] [stderr]    Compiling structmeta-derive v0.3.0
[INFO] [stderr]    Compiling darling v0.20.10
[INFO] [stderr]    Compiling serde_with_macros v3.9.0
[INFO] [stderr]    Compiling regex v1.10.6
[INFO] [stderr]    Compiling derive_more-impl v1.0.0
[INFO] [stderr]    Compiling pin-project v1.1.5
[INFO] [stderr]    Compiling serde_repr v0.1.19
[INFO] [stderr]    Compiling async-trait v0.1.82
[INFO] [stderr]    Compiling local-channel v0.1.3
[INFO] [stderr]    Compiling structmeta v0.3.0
[INFO] [stderr]    Compiling http-body-util v0.1.2
[INFO] [stderr]    Compiling futures-executor v0.3.28
[INFO] [stderr]    Compiling parse-display-derive v0.9.1
[INFO] [stderr]    Compiling futures v0.3.28
[INFO] [stderr]    Compiling derive_more v1.0.0
[INFO] [stderr]    Compiling parse-display v0.9.1
[INFO] [stderr]    Compiling smallvec v1.13.2
[INFO] [stderr]    Compiling either v1.13.0
[INFO] [stderr]    Compiling serde_json v1.0.128
[INFO] [stderr]    Compiling actix-router v0.5.3
[INFO] [stderr]    Compiling itertools v0.10.5
[INFO] [stderr]    Compiling parking_lot_core v0.9.8
[INFO] [stderr]    Compiling url v2.5.2
[INFO] [stderr]    Compiling serde_urlencoded v0.7.1
[INFO] [stderr]    Compiling parking_lot v0.12.1
[INFO] [stderr]    Compiling tokio v1.40.0
[INFO] [stderr]    Compiling futures-intrusive v0.5.0
[INFO] [stderr]    Compiling actix-web-codegen v4.3.0
[INFO] [stderr]    Compiling chrono v0.4.38
[INFO] [stderr]    Compiling sqlformat v0.2.1
[INFO] [stderr]    Compiling serde_with v3.9.0
[INFO] [stderr]    Compiling docker_credential v1.3.1
[INFO] [stderr]    Compiling bollard-stubs v1.45.0-rc.26.0.1
[INFO] [stderr]    Compiling tokio-util v0.7.12
[INFO] [stderr]    Compiling actix-rt v2.8.0
[INFO] [stderr]    Compiling tower v0.4.13
[INFO] [stderr]    Compiling tokio-stream v0.1.16
[INFO] [stderr]    Compiling actix-server v2.2.0
[INFO] [stderr]    Compiling h2 v0.3.26
[INFO] [stderr]    Compiling actix-codec v0.5.1
[INFO] [stderr]    Compiling sqlx-core v0.8.2
[INFO] [stderr]    Compiling hyper v1.4.1
[INFO] [stderr]    Compiling actix-tls v3.4.0
[INFO] [stderr]    Compiling tokio-rustls v0.26.0
[INFO] [stderr]    Compiling hyper-util v0.1.8
[INFO] [stderr]    Compiling sqlx-postgres v0.8.2
[INFO] [stderr]    Compiling hyperlocal v0.9.1
[INFO] [stderr]    Compiling hyper-rustls v0.27.3
[INFO] [stderr]    Compiling actix-http v3.9.0
[INFO] [stderr]    Compiling actix-web v4.9.0
[INFO] [stderr]    Compiling awc v3.5.1
[INFO] [stderr]    Compiling bollard v0.17.1
[INFO] [stderr]    Compiling sqlx-macros-core v0.8.2
[INFO] [stderr]    Compiling actix-http-test v3.1.0
[INFO] [stderr]    Compiling sqlx-macros v0.8.2
[INFO] [stderr]    Compiling actix-session v0.10.1
[INFO] [stderr]    Compiling testcontainers v0.22.0
[INFO] [stderr]    Compiling actix-test v0.1.5
[INFO] [stderr]    Compiling sqlx v0.8.2
[INFO] [stderr]    Compiling actix-session-sqlx-postgres v0.3.0 (/opt/rustwide/workdir)
[INFO] [stderr]     Finished `test` profile [unoptimized + debuginfo] target(s) in 4m 00s
[INFO] running `Command { std: "docker" "inspect" "73b2b94cc8a025cb2713cbc92d9a646df373757e24f206f882b56cde1292721c", kill_on_drop: false }`
[INFO] running `Command { std: "docker" "rm" "-f" "73b2b94cc8a025cb2713cbc92d9a646df373757e24f206f882b56cde1292721c", kill_on_drop: false }`
[INFO] [stdout] 73b2b94cc8a025cb2713cbc92d9a646df373757e24f206f882b56cde1292721c
[INFO] running `Command { std: "docker" "create" "-v" "/var/lib/crater-agent-workspace/builds/worker-4-tc2/target:/opt/rustwide/target:rw,Z" "-v" "/var/lib/crater-agent-workspace/builds/worker-4-tc2/source:/opt/rustwide/workdir:ro,Z" "-v" "/var/lib/crater-agent-workspace/cargo-home:/opt/rustwide/cargo-home:ro,Z" "-v" "/var/lib/crater-agent-workspace/rustup-home:/opt/rustwide/rustup-home:ro,Z" "-e" "SOURCE_DIR=/opt/rustwide/workdir" "-e" "CARGO_TARGET_DIR=/opt/rustwide/target" "-e" "CARGO_INCREMENTAL=0" "-e" "RUST_BACKTRACE=full" "-e" "RUSTFLAGS=--cap-lints=warn" "-e" "RUSTDOCFLAGS=--cap-lints=warn" "-e" "CARGO_HOME=/opt/rustwide/cargo-home" "-e" "RUSTUP_HOME=/opt/rustwide/rustup-home" "-w" "/opt/rustwide/workdir" "-m" "1610612736" "--user" "0:0" "--network" "none" "ghcr.io/rust-lang/crates-build-env/linux@sha256:f3a9d4ad9d972b27faf3965f35b62e55ba32bbce8f20bc8fe909558a86702fde" "/opt/rustwide/cargo-home/bin/cargo" "+beta-2024-12-08" "test" "--frozen", kill_on_drop: false }`
[INFO] [stdout] 3629efa923f08c9a8132cf9356f9bc214b76c0ba94237d399309b316aab9b0d5
[INFO] running `Command { std: "docker" "start" "-a" "3629efa923f08c9a8132cf9356f9bc214b76c0ba94237d399309b316aab9b0d5", kill_on_drop: false }`
[INFO] [stderr] warning: `default_features` is deprecated in favor of `default-features` and will not work in the 2024 edition
[INFO] [stderr] (in the `actix-web` dependency)
[INFO] [stderr]     Finished `test` profile [unoptimized + debuginfo] target(s) in 0.77s
[INFO] [stderr]      Running unittests src/lib.rs (/opt/rustwide/target/debug/deps/actix_session_sqlx_postgres-85fd0d2995469846)
[INFO] [stdout] 
[INFO] [stdout] running 0 tests
[INFO] [stdout] 
[INFO] [stdout] test result: ok. 0 passed; 0 failed; 0 ignored; 0 measured; 0 filtered out; finished in 0.00s
[INFO] [stdout] 
[INFO] [stderr]      Running tests/session_store.rs (/opt/rustwide/target/debug/deps/session_store-a1528daf6ae8670a)
[INFO] [stdout] 
[INFO] [stdout] running 1 test
[INFO] [stdout] test test_session_workflow ... FAILED
[INFO] [stdout] 
[INFO] [stdout] failures:
[INFO] [stdout] 
[INFO] [stdout] ---- test_session_workflow stdout ----
[INFO] [stdout] thread 'test_session_workflow' panicked at tests/session_store.rs:29:10:
[INFO] [stdout] Postgres started: Client(Init(SocketNotFoundError("/var/run/docker.sock")))
[INFO] [stdout] stack backtrace:
[INFO] [stdout]    0:     0x5cd09227585a - std::backtrace_rs::backtrace::libunwind::trace::h8810477743020387
[INFO] [stdout]                                at /rustc/202008a1b8de96d2e5b6bc02d379db03a877d34d/library/std/src/../../backtrace/src/backtrace/libunwind.rs:116:5
[INFO] [stdout]    1:     0x5cd09227585a - std::backtrace_rs::backtrace::trace_unsynchronized::h3aa55355dd6c54a6
[INFO] [stdout]                                at /rustc/202008a1b8de96d2e5b6bc02d379db03a877d34d/library/std/src/../../backtrace/src/backtrace/mod.rs:66:5
[INFO] [stdout]    2:     0x5cd09227585a - std::sys::backtrace::_print_fmt::h8588b0f62410823f
[INFO] [stdout]                                at /rustc/202008a1b8de96d2e5b6bc02d379db03a877d34d/library/std/src/sys/backtrace.rs:66:9
[INFO] [stdout]    3:     0x5cd09227585a - <std::sys::backtrace::BacktraceLock::print::DisplayBacktrace as core::fmt::Display>::fmt::h98c26ac25ffe89bb
[INFO] [stdout]                                at /rustc/202008a1b8de96d2e5b6bc02d379db03a877d34d/library/std/src/sys/backtrace.rs:39:26
[INFO] [stdout]    4:     0x5cd0922a1733 - core::fmt::rt::Argument::fmt::hf95377f4aebd453b
[INFO] [stdout]                                at /rustc/202008a1b8de96d2e5b6bc02d379db03a877d34d/library/core/src/fmt/rt.rs:177:76
[INFO] [stdout]    5:     0x5cd0922a1733 - core::fmt::write::h0dd5f6e2238c7982
[INFO] [stdout]                                at /rustc/202008a1b8de96d2e5b6bc02d379db03a877d34d/library/core/src/fmt/mod.rs:1189:21
[INFO] [stdout]    6:     0x5cd092271513 - std::io::Write::write_fmt::h03bb0ca26e6faf8c
[INFO] [stdout]                                at /rustc/202008a1b8de96d2e5b6bc02d379db03a877d34d/library/std/src/io/mod.rs:1884:15
[INFO] [stdout]    7:     0x5cd0922756a2 - std::sys::backtrace::BacktraceLock::print::h5c19c1c038ee186d
[INFO] [stdout]                                at /rustc/202008a1b8de96d2e5b6bc02d379db03a877d34d/library/std/src/sys/backtrace.rs:42:9
[INFO] [stdout]    8:     0x5cd092276cdd - std::panicking::default_hook::{{closure}}::h77172f079a1fcb13
[INFO] [stdout]                                at /rustc/202008a1b8de96d2e5b6bc02d379db03a877d34d/library/std/src/panicking.rs:268:22
[INFO] [stdout]    9:     0x5cd092276ae7 - std::panicking::default_hook::he5f8e3b203ccddba
[INFO] [stdout]                                at /rustc/202008a1b8de96d2e5b6bc02d379db03a877d34d/library/std/src/panicking.rs:292:9
[INFO] [stdout]   10:     0x5cd09150bc77 - <alloc::boxed::Box<F,A> as core::ops::function::Fn<Args>>::call::h7a3c7b4a1ae77f2f
[INFO] [stdout]                                at /rustc/202008a1b8de96d2e5b6bc02d379db03a877d34d/library/alloc/src/boxed.rs:1986:9
[INFO] [stdout]   11:     0x5cd09150bc77 - test::test_main::{{closure}}::hf0d3b69ae9b353d1
[INFO] [stdout]                                at /rustc/202008a1b8de96d2e5b6bc02d379db03a877d34d/library/test/src/lib.rs:134:21
[INFO] [stdout]   12:     0x5cd092277388 - <alloc::boxed::Box<F,A> as core::ops::function::Fn<Args>>::call::h6332e82e7b189abd
[INFO] [stdout]                                at /rustc/202008a1b8de96d2e5b6bc02d379db03a877d34d/library/alloc/src/boxed.rs:1986:9
[INFO] [stdout]   13:     0x5cd092277388 - std::panicking::rust_panic_with_hook::h53863d4e9018df39
[INFO] [stdout]                                at /rustc/202008a1b8de96d2e5b6bc02d379db03a877d34d/library/std/src/panicking.rs:809:13
[INFO] [stdout]   14:     0x5cd09227714a - std::panicking::begin_panic_handler::{{closure}}::h67280e6fa0757873
[INFO] [stdout]                                at /rustc/202008a1b8de96d2e5b6bc02d379db03a877d34d/library/std/src/panicking.rs:674:13
[INFO] [stdout]   15:     0x5cd092275d39 - std::sys::backtrace::__rust_end_short_backtrace::h1dac3f54d6fbbeb2
[INFO] [stdout]                                at /rustc/202008a1b8de96d2e5b6bc02d379db03a877d34d/library/std/src/sys/backtrace.rs:170:18
[INFO] [stdout]   16:     0x5cd092276ddc - rust_begin_unwind
[INFO] [stdout]                                at /rustc/202008a1b8de96d2e5b6bc02d379db03a877d34d/library/std/src/panicking.rs:665:5
[INFO] [stdout]   17:     0x5cd09102d470 - core::panicking::panic_fmt::h6792bd1b2bf01041
[INFO] [stdout]                                at /rustc/202008a1b8de96d2e5b6bc02d379db03a877d34d/library/core/src/panicking.rs:76:14
[INFO] [stdout]   18:     0x5cd09102d956 - core::result::unwrap_failed::h05e0602ed34287c5
[INFO] [stdout]                                at /rustc/202008a1b8de96d2e5b6bc02d379db03a877d34d/library/core/src/result.rs:1699:5
[INFO] [stdout]   19:     0x5cd0912b7aaf - core::result::Result<T,E>::expect::h2c64ce35b9bdd44a
[INFO] [stdout]                                at /rustc/202008a1b8de96d2e5b6bc02d379db03a877d34d/library/core/src/result.rs:1061:23
[INFO] [stdout]   20:     0x5cd0911bdf79 - session_store::test_session_workflow::{{closure}}::h6809bb604cb0a480
[INFO] [stdout]                                at /opt/rustwide/workdir/tests/session_store.rs:18:20
[INFO] [stdout]   21:     0x5cd09131af0e - <tokio::task::local::RunUntil<T> as core::future::future::Future>::poll::{{closure}}::h3d145d6fb931b650
[INFO] [stdout]                                at /opt/rustwide/cargo-home/registry/src/index.crates.io-6f17d22bba15001f/tokio-1.40.0/src/task/local.rs:995:42
[INFO] [stdout]   22:     0x5cd091317c70 - tokio::task::local::LocalSet::with::{{closure}}::h4020aa5a215c4ad0
[INFO] [stdout]                                at /opt/rustwide/cargo-home/registry/src/index.crates.io-6f17d22bba15001f/tokio-1.40.0/src/task/local.rs:747:13
[INFO] [stdout]   23:     0x5cd09133d320 - std::thread::local::LocalKey<T>::try_with::heceec6b914cb62c0
[INFO] [stdout]                                at /rustc/202008a1b8de96d2e5b6bc02d379db03a877d34d/library/std/src/thread/local.rs:283:12
[INFO] [stdout]   24:     0x5cd09133829a - std::thread::local::LocalKey<T>::with::hb12f4a62e44fc8a5
[INFO] [stdout]                                at /rustc/202008a1b8de96d2e5b6bc02d379db03a877d34d/library/std/src/thread/local.rs:260:9
[INFO] [stdout]   25:     0x5cd091317bd6 - tokio::task::local::LocalSet::with::h9699a958c33d0be8
[INFO] [stdout]                                at /opt/rustwide/cargo-home/registry/src/index.crates.io-6f17d22bba15001f/tokio-1.40.0/src/task/local.rs:745:9
[INFO] [stdout]   26:     0x5cd09131ae85 - <tokio::task::local::RunUntil<T> as core::future::future::Future>::poll::hc3fc7154dca55ee0
[INFO] [stdout]                                at /opt/rustwide/cargo-home/registry/src/index.crates.io-6f17d22bba15001f/tokio-1.40.0/src/task/local.rs:985:9
[INFO] [stdout]   27:     0x5cd091318731 - tokio::task::local::LocalSet::run_until::{{closure}}::h7ae6ad607d709a50
[INFO] [stdout]                                at /opt/rustwide/cargo-home/registry/src/index.crates.io-6f17d22bba15001f/tokio-1.40.0/src/task/local.rs:639:19
[INFO] [stdout]   28:     0x5cd09126e30d - <core::pin::Pin<P> as core::future::future::Future>::poll::h4fe264ce1d37cb74
[INFO] [stdout]                                at /rustc/202008a1b8de96d2e5b6bc02d379db03a877d34d/library/core/src/future/future.rs:124:9
[INFO] [stdout]   29:     0x5cd09126e7ad - <core::pin::Pin<P> as core::future::future::Future>::poll::hb6aba3d1db023d59
[INFO] [stdout]                                at /rustc/202008a1b8de96d2e5b6bc02d379db03a877d34d/library/core/src/future/future.rs:124:9
[INFO] [stdout]   30:     0x5cd0913b7d6f - tokio::runtime::scheduler::current_thread::CoreGuard::block_on::{{closure}}::{{closure}}::{{closure}}::h8a9a6cb920f1bb0c
[INFO] [stdout]                                at /opt/rustwide/cargo-home/registry/src/index.crates.io-6f17d22bba15001f/tokio-1.40.0/src/runtime/scheduler/current_thread/mod.rs:696:57
[INFO] [stdout]   31:     0x5cd0913b78c5 - tokio::runtime::coop::with_budget::h941731585d4451dc
[INFO] [stdout]                                at /opt/rustwide/cargo-home/registry/src/index.crates.io-6f17d22bba15001f/tokio-1.40.0/src/runtime/coop.rs:107:5
[INFO] [stdout]   32:     0x5cd0913b78c5 - tokio::runtime::coop::budget::h24c6e9504adb4323
[INFO] [stdout]                                at /opt/rustwide/cargo-home/registry/src/index.crates.io-6f17d22bba15001f/tokio-1.40.0/src/runtime/coop.rs:73:5
[INFO] [stdout]   33:     0x5cd0913b78c5 - tokio::runtime::scheduler::current_thread::CoreGuard::block_on::{{closure}}::{{closure}}::h8d65d5eea3acce95
[INFO] [stdout]                                at /opt/rustwide/cargo-home/registry/src/index.crates.io-6f17d22bba15001f/tokio-1.40.0/src/runtime/scheduler/current_thread/mod.rs:696:25
[INFO] [stdout]   34:     0x5cd0913b0110 - tokio::runtime::scheduler::current_thread::Context::enter::h68afc87bb010f607
[INFO] [stdout]                                at /opt/rustwide/cargo-home/registry/src/index.crates.io-6f17d22bba15001f/tokio-1.40.0/src/runtime/scheduler/current_thread/mod.rs:423:19
[INFO] [stdout]   35:     0x5cd0913b40fe - tokio::runtime::scheduler::current_thread::CoreGuard::block_on::{{closure}}::h04da85085d40c59a
[INFO] [stdout]                                at /opt/rustwide/cargo-home/registry/src/index.crates.io-6f17d22bba15001f/tokio-1.40.0/src/runtime/scheduler/current_thread/mod.rs:695:36
[INFO] [stdout]   36:     0x5cd0913b3bf4 - tokio::runtime::scheduler::current_thread::CoreGuard::enter::{{closure}}::h0adb392c2a8f8c68
[INFO] [stdout]                                at /opt/rustwide/cargo-home/registry/src/index.crates.io-6f17d22bba15001f/tokio-1.40.0/src/runtime/scheduler/current_thread/mod.rs:774:68
[INFO] [stdout]   37:     0x5cd0912e23bb - tokio::runtime::context::scoped::Scoped<T>::set::h663cf1183c918efb
[INFO] [stdout]                                at /opt/rustwide/cargo-home/registry/src/index.crates.io-6f17d22bba15001f/tokio-1.40.0/src/runtime/context/scoped.rs:40:9
[INFO] [stdout]   38:     0x5cd0911d2619 - tokio::runtime::context::set_scheduler::{{closure}}::h2520a52110668fef
[INFO] [stdout]                                at /opt/rustwide/cargo-home/registry/src/index.crates.io-6f17d22bba15001f/tokio-1.40.0/src/runtime/context.rs:180:26
[INFO] [stdout]   39:     0x5cd09133a2fd - std::thread::local::LocalKey<T>::try_with::h65a18ff9944e1023
[INFO] [stdout]                                at /rustc/202008a1b8de96d2e5b6bc02d379db03a877d34d/library/std/src/thread/local.rs:283:12
[INFO] [stdout]   40:     0x5cd0913384fa - std::thread::local::LocalKey<T>::with::he994c9bea9782ef8
[INFO] [stdout]                                at /rustc/202008a1b8de96d2e5b6bc02d379db03a877d34d/library/std/src/thread/local.rs:260:9
[INFO] [stdout]   41:     0x5cd0911d248d - tokio::runtime::context::set_scheduler::hbce755e5dd93a6ee
[INFO] [stdout]                                at /opt/rustwide/cargo-home/registry/src/index.crates.io-6f17d22bba15001f/tokio-1.40.0/src/runtime/context.rs:180:9
[INFO] [stdout]   42:     0x5cd0913b2d40 - tokio::runtime::scheduler::current_thread::CoreGuard::enter::h42f6b6db5730d0db
[INFO] [stdout]                                at /opt/rustwide/cargo-home/registry/src/index.crates.io-6f17d22bba15001f/tokio-1.40.0/src/runtime/scheduler/current_thread/mod.rs:774:27
[INFO] [stdout]   43:     0x5cd0913b3d73 - tokio::runtime::scheduler::current_thread::CoreGuard::block_on::h8988ce9197432ea6
[INFO] [stdout]                                at /opt/rustwide/cargo-home/registry/src/index.crates.io-6f17d22bba15001f/tokio-1.40.0/src/runtime/scheduler/current_thread/mod.rs:683:19
[INFO] [stdout]   44:     0x5cd0913ac5ef - tokio::runtime::scheduler::current_thread::CurrentThread::block_on::{{closure}}::h12dc2c03a4a79585
[INFO] [stdout]                                at /opt/rustwide/cargo-home/registry/src/index.crates.io-6f17d22bba15001f/tokio-1.40.0/src/runtime/scheduler/current_thread/mod.rs:191:28
[INFO] [stdout]   45:     0x5cd0912944d6 - tokio::runtime::context::runtime::enter_runtime::he310701b88a3e231
[INFO] [stdout]                                at /opt/rustwide/cargo-home/registry/src/index.crates.io-6f17d22bba15001f/tokio-1.40.0/src/runtime/context/runtime.rs:65:16
[INFO] [stdout]   46:     0x5cd0913abf43 - tokio::runtime::scheduler::current_thread::CurrentThread::block_on::h4ffcc071fad0c679
[INFO] [stdout]                                at /opt/rustwide/cargo-home/registry/src/index.crates.io-6f17d22bba15001f/tokio-1.40.0/src/runtime/scheduler/current_thread/mod.rs:179:9
[INFO] [stdout]   47:     0x5cd0912c002c - tokio::runtime::runtime::Runtime::block_on_inner::h625a21cc014c3273
[INFO] [stdout]                                at /opt/rustwide/cargo-home/registry/src/index.crates.io-6f17d22bba15001f/tokio-1.40.0/src/runtime/runtime.rs:361:47
[INFO] [stdout]   48:     0x5cd0912c09b5 - tokio::runtime::runtime::Runtime::block_on::hfb25352d933f6810
[INFO] [stdout]                                at /opt/rustwide/cargo-home/registry/src/index.crates.io-6f17d22bba15001f/tokio-1.40.0/src/runtime/runtime.rs:333:13
[INFO] [stdout]   49:     0x5cd091317f20 - tokio::task::local::LocalSet::block_on::h2669039c15e8b677
[INFO] [stdout]                                at /opt/rustwide/cargo-home/registry/src/index.crates.io-6f17d22bba15001f/tokio-1.40.0/src/task/local.rs:596:9
[INFO] [stdout]   50:     0x5cd09126fb0a - actix_rt::runtime::Runtime::block_on::h4a81fb772b81b402
[INFO] [stdout]                                at /opt/rustwide/cargo-home/registry/src/index.crates.io-6f17d22bba15001f/actix-rt-2.8.0/src/runtime.rs:82:9
[INFO] [stdout]   51:     0x5cd0912cbb2a - actix_rt::system::SystemRunner::block_on::hb277d85e32e38f5a
[INFO] [stdout]                                at /opt/rustwide/cargo-home/registry/src/index.crates.io-6f17d22bba15001f/actix-rt-2.8.0/src/system.rs:210:9
[INFO] [stdout]   52:     0x5cd0911bd987 - session_store::test_session_workflow::h0834ef93e5f41fd0
[INFO] [stdout]                                at /opt/rustwide/workdir/tests/session_store.rs:16:1
[INFO] [stdout]   53:     0x5cd0911bd927 - session_store::test_session_workflow::{{closure}}::h33ccfffec381a32b
[INFO] [stdout]                                at /opt/rustwide/workdir/tests/session_store.rs:17:33
[INFO] [stdout]   54:     0x5cd09116f356 - core::ops::function::FnOnce::call_once::h06c8875d99897c20
[INFO] [stdout]                                at /rustc/202008a1b8de96d2e5b6bc02d379db03a877d34d/library/core/src/ops/function.rs:250:5
[INFO] [stdout]   55:     0x5cd09151079b - core::ops::function::FnOnce::call_once::h871bf86719ec9aa4
[INFO] [stdout]                                at /rustc/202008a1b8de96d2e5b6bc02d379db03a877d34d/library/core/src/ops/function.rs:250:5
[INFO] [stdout]   56:     0x5cd09151079b - test::__rust_begin_short_backtrace::h2167df1e2b7d76fd
[INFO] [stdout]                                at /rustc/202008a1b8de96d2e5b6bc02d379db03a877d34d/library/test/src/lib.rs:632:18
[INFO] [stdout]   57:     0x5cd091510188 - test::run_test_in_process::{{closure}}::h15d92f75a3adfb79
[INFO] [stdout]                                at /rustc/202008a1b8de96d2e5b6bc02d379db03a877d34d/library/test/src/lib.rs:655:60
[INFO] [stdout]   58:     0x5cd091510188 - <core::panic::unwind_safe::AssertUnwindSafe<F> as core::ops::function::FnOnce<()>>::call_once::hb6c8955835a8dbbb
[INFO] [stdout]                                at /rustc/202008a1b8de96d2e5b6bc02d379db03a877d34d/library/core/src/panic/unwind_safe.rs:272:9
[INFO] [stdout]   59:     0x5cd091510188 - std::panicking::try::do_call::hc79d0fc888a0bd30
[INFO] [stdout]                                at /rustc/202008a1b8de96d2e5b6bc02d379db03a877d34d/library/std/src/panicking.rs:557:40
[INFO] [stdout]   60:     0x5cd091510188 - std::panicking::try::hb8a7878e3a8589d6
[INFO] [stdout]                                at /rustc/202008a1b8de96d2e5b6bc02d379db03a877d34d/library/std/src/panicking.rs:520:19
[INFO] [stdout]   61:     0x5cd091510188 - std::panic::catch_unwind::hb8e4600ff0ff5cfa
[INFO] [stdout]                                at /rustc/202008a1b8de96d2e5b6bc02d379db03a877d34d/library/std/src/panic.rs:358:14
[INFO] [stdout]   62:     0x5cd091510188 - test::run_test_in_process::hc2900b0b18688dd6
[INFO] [stdout]                                at /rustc/202008a1b8de96d2e5b6bc02d379db03a877d34d/library/test/src/lib.rs:655:27
[INFO] [stdout]   63:     0x5cd091510188 - test::run_test::{{closure}}::hac2a9cb07be3d48d
[INFO] [stdout]                                at /rustc/202008a1b8de96d2e5b6bc02d379db03a877d34d/library/test/src/lib.rs:576:43
[INFO] [stdout]   64:     0x5cd0914d3c2a - test::run_test::{{closure}}::h4a5b729e66a38cd8
[INFO] [stdout]                                at /rustc/202008a1b8de96d2e5b6bc02d379db03a877d34d/library/test/src/lib.rs:606:41
[INFO] [stdout]   65:     0x5cd0914d3c2a - std::sys::backtrace::__rust_begin_short_backtrace::h0496fb742492f573
[INFO] [stdout]                                at /rustc/202008a1b8de96d2e5b6bc02d379db03a877d34d/library/std/src/sys/backtrace.rs:154:18
[INFO] [stdout]   66:     0x5cd0914d75a4 - std::thread::Builder::spawn_unchecked_::{{closure}}::{{closure}}::hbb6d257c550a54bd
[INFO] [stdout]                                at /rustc/202008a1b8de96d2e5b6bc02d379db03a877d34d/library/std/src/thread/mod.rs:561:17
[INFO] [stdout]   67:     0x5cd0914d75a4 - <core::panic::unwind_safe::AssertUnwindSafe<F> as core::ops::function::FnOnce<()>>::call_once::h46696fe4a6832328
[INFO] [stdout]                                at /rustc/202008a1b8de96d2e5b6bc02d379db03a877d34d/library/core/src/panic/unwind_safe.rs:272:9
[INFO] [stdout]   68:     0x5cd0914d75a4 - std::panicking::try::do_call::h2625a51b667bfb64
[INFO] [stdout]                                at /rustc/202008a1b8de96d2e5b6bc02d379db03a877d34d/library/std/src/panicking.rs:557:40
[INFO] [stdout]   69:     0x5cd0914d75a4 - std::panicking::try::hb956a59a1973aa4c
[INFO] [stdout]                                at /rustc/202008a1b8de96d2e5b6bc02d379db03a877d34d/library/std/src/panicking.rs:520:19
[INFO] [stdout]   70:     0x5cd0914d75a4 - std::panic::catch_unwind::h64f3b9d1067ef6a0
[INFO] [stdout]                                at /rustc/202008a1b8de96d2e5b6bc02d379db03a877d34d/library/std/src/panic.rs:358:14
[INFO] [stdout]   71:     0x5cd0914d75a4 - std::thread::Builder::spawn_unchecked_::{{closure}}::h42b2841295b6c0b2
[INFO] [stdout]                                at /rustc/202008a1b8de96d2e5b6bc02d379db03a877d34d/library/std/src/thread/mod.rs:559:30
[INFO] [stdout]   72:     0x5cd0914d75a4 - core::ops::function::FnOnce::call_once{{vtable.shim}}::h6127de71b8124639
[INFO] [stdout]                                at /rustc/202008a1b8de96d2e5b6bc02d379db03a877d34d/library/core/src/ops/function.rs:250:5
[INFO] [stdout]   73:     0x5cd09227bb1b - <alloc::boxed::Box<F,A> as core::ops::function::FnOnce<Args>>::call_once::h42f0ba71002a1b2c
[INFO] [stdout]                                at /rustc/202008a1b8de96d2e5b6bc02d379db03a877d34d/library/alloc/src/boxed.rs:1972:9
[INFO] [stdout]   74:     0x5cd09227bb1b - <alloc::boxed::Box<F,A> as core::ops::function::FnOnce<Args>>::call_once::had9e47d7a3dcecb8
[INFO] [stdout]                                at /rustc/202008a1b8de96d2e5b6bc02d379db03a877d34d/library/alloc/src/boxed.rs:1972:9
[INFO] [stdout]   75:     0x5cd09227bb1b - std::sys::pal::unix::thread::Thread::new::thread_start::h48cf765408f6f5f2
[INFO] [stdout]                                at /rustc/202008a1b8de96d2e5b6bc02d379db03a877d34d/library/std/src/sys/pal/unix/thread.rs:105:17
[INFO] [stdout]   76:     0x78d99a8d8ac3 - <unknown>
[INFO] [stdout]   77:     0x78d99a969a04 - clone
[INFO] [stdout]   78:                0x0 - <unknown>
[INFO] [stdout] 
[INFO] [stdout] 
[INFO] [stdout] failures:
[INFO] [stdout]     test_session_workflow
[INFO] [stdout] 
[INFO] [stdout] test result: FAILED. 0 passed; 1 failed; 0 ignored; 0 measured; 0 filtered out; finished in 0.40s
[INFO] [stdout] 
[INFO] [stderr] error: test failed, to rerun pass `--test session_store`
[INFO] running `Command { std: "docker" "inspect" "3629efa923f08c9a8132cf9356f9bc214b76c0ba94237d399309b316aab9b0d5", kill_on_drop: false }`
[INFO] running `Command { std: "docker" "rm" "-f" "3629efa923f08c9a8132cf9356f9bc214b76c0ba94237d399309b316aab9b0d5", kill_on_drop: false }`
[INFO] [stdout] 3629efa923f08c9a8132cf9356f9bc214b76c0ba94237d399309b316aab9b0d5
