[INFO] cloning repository https://github.com/chriamue/nft-login
[INFO] running `Command { std: "git" "-c" "credential.helper=" "-c" "credential.helper=/workspace/cargo-home/bin/git-credential-null" "clone" "--bare" "https://github.com/chriamue/nft-login" "/workspace/cache/git-repos/https%3A%2F%2Fgithub.com%2Fchriamue%2Fnft-login", kill_on_drop: false }`
[INFO] [stderr] Cloning into bare repository '/workspace/cache/git-repos/https%3A%2F%2Fgithub.com%2Fchriamue%2Fnft-login'...
[INFO] running `Command { std: "git" "rev-parse" "HEAD", kill_on_drop: false }`
[INFO] [stdout] d7b12cc14fc949a21af6cc33daf14f8987c6c9cd
[INFO] testing chriamue/nft-login against 1.83.0 for beta-1.84.0-4-retry
[INFO] running `Command { std: "git" "clone" "/workspace/cache/git-repos/https%3A%2F%2Fgithub.com%2Fchriamue%2Fnft-login" "/workspace/builds/worker-6-tc1/source", kill_on_drop: false }`
[INFO] [stderr] Cloning into '/workspace/builds/worker-6-tc1/source'...
[INFO] [stderr] done.
[INFO] validating manifest of git repo https://github.com/chriamue/nft-login on toolchain 1.83.0
[INFO] running `Command { std: CARGO_HOME="/workspace/cargo-home" RUSTUP_HOME="/workspace/rustup-home" "/workspace/cargo-home/bin/cargo" "+1.83.0" "metadata" "--manifest-path" "Cargo.toml" "--no-deps", kill_on_drop: false }`
[INFO] started tweaking git repo https://github.com/chriamue/nft-login
[INFO] finished tweaking git repo https://github.com/chriamue/nft-login
[INFO] tweaked toml for git repo https://github.com/chriamue/nft-login written to /workspace/builds/worker-6-tc1/source/Cargo.toml
[INFO] crate git repo https://github.com/chriamue/nft-login already has a lockfile, it will not be regenerated
[INFO] running `Command { std: CARGO_HOME="/workspace/cargo-home" RUSTUP_HOME="/workspace/rustup-home" "/workspace/cargo-home/bin/cargo" "+1.83.0" "fetch" "--manifest-path" "Cargo.toml", kill_on_drop: false }`
[INFO] [stderr]     Updating crates.io index
[INFO] [stderr]  Downloading crates ...
[INFO] [stderr]   Downloaded secp256k1 v0.20.3
[INFO] [stderr]   Downloaded tokio-rustls v0.23.1
[INFO] [stderr]   Downloaded manifest-dir-macros v0.1.11
[INFO] [stderr]   Downloaded debug-helper v0.3.12
[INFO] [stderr]   Downloaded rc-u8-reader v2.0.14
[INFO] [stderr]   Downloaded entity-tag v0.1.5
[INFO] [stderr]   Downloaded rocket-include-static-resources v0.10.0
[INFO] [stderr]   Downloaded serde_path_to_error v0.1.5
[INFO] [stderr]   Downloaded ethabi v14.1.0
[INFO] [stderr]   Downloaded serde_derive v1.0.131
[INFO] [stderr]   Downloaded serde v1.0.131
[INFO] [stderr]   Downloaded web3 v0.17.0
[INFO] [stderr]   Downloaded tracing-subscriber v0.3.3
[INFO] [stderr]   Downloaded reqwest v0.11.7
[INFO] [stderr]   Downloaded secp256k1-sys v0.4.1
[INFO] [stderr]   Downloaded ryu v1.0.7
[INFO] [stderr]   Downloaded wyhash v0.5.0
[INFO] [stderr]   Downloaded rocket-etag-if-none-match v0.4.0
[INFO] [stderr]   Downloaded ethereum-types v0.11.0
[INFO] [stderr]   Downloaded tokio-macros v1.6.0
[INFO] [stderr]   Downloaded rocket-cache-response v0.6.0
[INFO] [stderr]   Downloaded openidconnect v2.1.2
[INFO] running `Command { std: "docker" "create" "-v" "/var/lib/crater-agent-workspace/builds/worker-6-tc1/target:/opt/rustwide/target:rw,Z" "-v" "/var/lib/crater-agent-workspace/builds/worker-6-tc1/source:/opt/rustwide/workdir:ro,Z" "-v" "/var/lib/crater-agent-workspace/cargo-home:/opt/rustwide/cargo-home:ro,Z" "-v" "/var/lib/crater-agent-workspace/rustup-home:/opt/rustwide/rustup-home:ro,Z" "-e" "SOURCE_DIR=/opt/rustwide/workdir" "-e" "CARGO_TARGET_DIR=/opt/rustwide/target" "-e" "CARGO_HOME=/opt/rustwide/cargo-home" "-e" "RUSTUP_HOME=/opt/rustwide/rustup-home" "-w" "/opt/rustwide/workdir" "-m" "1610612736" "--user" "0:0" "--network" "none" "ghcr.io/rust-lang/crates-build-env/linux@sha256:f3a9d4ad9d972b27faf3965f35b62e55ba32bbce8f20bc8fe909558a86702fde" "/opt/rustwide/cargo-home/bin/cargo" "+1.83.0" "metadata" "--no-deps" "--format-version=1", kill_on_drop: false }`
[INFO] [stdout] 62cc9816a4f1b8a10128b804f28a70cfe46bd8f5fd8dc40f94c602c5ecf4149b
[INFO] running `Command { std: "docker" "start" "-a" "62cc9816a4f1b8a10128b804f28a70cfe46bd8f5fd8dc40f94c602c5ecf4149b", kill_on_drop: false }`
[INFO] running `Command { std: "docker" "inspect" "62cc9816a4f1b8a10128b804f28a70cfe46bd8f5fd8dc40f94c602c5ecf4149b", kill_on_drop: false }`
[INFO] running `Command { std: "docker" "rm" "-f" "62cc9816a4f1b8a10128b804f28a70cfe46bd8f5fd8dc40f94c602c5ecf4149b", kill_on_drop: false }`
[INFO] [stdout] 62cc9816a4f1b8a10128b804f28a70cfe46bd8f5fd8dc40f94c602c5ecf4149b
[INFO] running `Command { std: "docker" "create" "-v" "/var/lib/crater-agent-workspace/builds/worker-6-tc1/target:/opt/rustwide/target:rw,Z" "-v" "/var/lib/crater-agent-workspace/builds/worker-6-tc1/source:/opt/rustwide/workdir:ro,Z" "-v" "/var/lib/crater-agent-workspace/cargo-home:/opt/rustwide/cargo-home:ro,Z" "-v" "/var/lib/crater-agent-workspace/rustup-home:/opt/rustwide/rustup-home:ro,Z" "-e" "SOURCE_DIR=/opt/rustwide/workdir" "-e" "CARGO_TARGET_DIR=/opt/rustwide/target" "-e" "CARGO_INCREMENTAL=0" "-e" "RUST_BACKTRACE=full" "-e" "RUSTFLAGS=--cap-lints=warn" "-e" "RUSTDOCFLAGS=--cap-lints=warn" "-e" "CARGO_HOME=/opt/rustwide/cargo-home" "-e" "RUSTUP_HOME=/opt/rustwide/rustup-home" "-w" "/opt/rustwide/workdir" "-m" "1610612736" "--user" "0:0" "--network" "none" "ghcr.io/rust-lang/crates-build-env/linux@sha256:f3a9d4ad9d972b27faf3965f35b62e55ba32bbce8f20bc8fe909558a86702fde" "/opt/rustwide/cargo-home/bin/cargo" "+1.83.0" "build" "--frozen" "--message-format=json", kill_on_drop: false }`
[INFO] [stdout] 973701f5cfb0baac4ed8ecef9a1c09ffe7da883e61ded23a29cf9ba011e8a965
[INFO] running `Command { std: "docker" "start" "-a" "973701f5cfb0baac4ed8ecef9a1c09ffe7da883e61ded23a29cf9ba011e8a965", kill_on_drop: false }`
[INFO] [stderr]    Compiling proc-macro2 v1.0.33
[INFO] [stderr]    Compiling unicode-xid v0.2.2
[INFO] [stderr]    Compiling syn v1.0.82
[INFO] [stderr]    Compiling libc v0.2.109
[INFO] [stderr]    Compiling autocfg v1.0.1
[INFO] [stderr]    Compiling serde_derive v1.0.131
[INFO] [stderr]    Compiling bytes v1.1.0
[INFO] [stderr]    Compiling serde v1.0.131
[INFO] [stderr]    Compiling pin-project-lite v0.2.7
[INFO] [stderr]    Compiling futures-core v0.3.18
[INFO] [stderr]    Compiling memchr v2.4.1
[INFO] [stderr]    Compiling itoa v0.4.8
[INFO] [stderr]    Compiling once_cell v1.8.0
[INFO] [stderr]    Compiling log v0.4.14
[INFO] [stderr]    Compiling futures-sink v0.3.18
[INFO] [stderr]    Compiling slab v0.4.5
[INFO] [stderr]    Compiling http v0.2.5
[INFO] [stderr]    Compiling tokio v1.14.0
[INFO] [stderr]    Compiling futures-task v0.3.18
[INFO] [stderr]    Compiling futures-channel v0.3.18
[INFO] [stderr]    Compiling hashbrown v0.11.2
[INFO] [stderr]    Compiling cc v1.0.72
[INFO] [stderr]    Compiling futures-util v0.3.18
[INFO] [stderr]    Compiling quote v1.0.10
[INFO] [stderr]    Compiling getrandom v0.2.3
[INFO] [stderr]    Compiling num_cpus v1.13.0
[INFO] [stderr]    Compiling mio v0.7.14
[INFO] [stderr]    Compiling signal-hook-registry v1.4.0
[INFO] [stderr]    Compiling rand_core v0.6.3
[INFO] [stderr]    Compiling tracing-core v0.1.21
[INFO] [stderr]    Compiling futures-io v0.3.18
[INFO] [stderr]    Compiling httparse v1.5.1
[INFO] [stderr]    Compiling try-lock v0.2.3
[INFO] [stderr]    Compiling yansi v0.5.0
[INFO] [stderr]    Compiling proc-macro2-diagnostics v0.9.1
[INFO] [stderr]    Compiling tracing v0.1.29
[INFO] [stderr]    Compiling ppv-lite86 v0.2.15
[INFO] [stderr]    Compiling percent-encoding v2.1.0
[INFO] [stderr]    Compiling httpdate v1.0.2
[INFO] [stderr]    Compiling mime v0.3.16
[INFO] [stderr]    Compiling socket2 v0.4.2
[INFO] [stderr]    Compiling indexmap v1.7.0
[INFO] [stderr]    Compiling tower-service v0.3.1
[INFO] [stderr]    Compiling ring v0.16.20
[INFO] [stderr]    Compiling rand_chacha v0.3.1
[INFO] [stderr]    Compiling standback v0.2.17
[INFO] [stderr]    Compiling http-body v0.4.4
[INFO] [stderr]    Compiling typenum v1.14.0
[INFO] [stderr]    Compiling proc-macro-hack v0.5.19
[INFO] [stderr]    Compiling rand v0.8.4
[INFO] [stderr]    Compiling generic-array v0.14.4
[INFO] [stderr]    Compiling ryu v1.0.7
[INFO] [stderr]    Compiling serde_json v1.0.72
[INFO] [stderr]    Compiling want v0.3.0
[INFO] [stderr]    Compiling encoding_rs v0.8.30
[INFO] [stderr]    Compiling const_fn v0.4.8
[INFO] [stderr]    Compiling parking_lot_core v0.8.5
[INFO] [stderr]    Compiling time v0.2.27
[INFO] [stderr]    Compiling smallvec v1.7.0
[INFO] [stderr]    Compiling lock_api v0.4.5
[INFO] [stderr]    Compiling num-traits v0.2.14
[INFO] [stderr]    Compiling cookie v0.15.1
[INFO] [stderr]    Compiling crunchy v0.2.2
[INFO] [stderr]    Compiling ref-cast v1.0.6
[INFO] [stderr]    Compiling block-padding v0.2.1
[INFO] [stderr]    Compiling base64 v0.13.0
[INFO] [stderr]    Compiling either v1.6.1
[INFO] [stderr]    Compiling radium v0.6.2
[INFO] [stderr]    Compiling inlinable_string v0.1.14
[INFO] [stderr]    Compiling block-buffer v0.9.0
[INFO] [stderr]    Compiling parking_lot v0.11.2
[INFO] [stderr]    Compiling digest v0.9.0
[INFO] [stderr]    Compiling uncased v0.9.6
[INFO] [stderr]    Compiling tinyvec_macros v0.1.0
[INFO] [stderr]    Compiling rustc-hex v2.1.0
[INFO] [stderr]    Compiling matches v0.1.9
[INFO] [stderr]    Compiling devise_core v0.3.1
[INFO] [stderr]    Compiling tinyvec v1.5.1
[INFO] [stderr]    Compiling sct v0.7.0
[INFO] [stderr]    Compiling webpki v0.22.0
[INFO] [stderr]    Compiling tokio-util v0.6.9
[INFO] [stderr]    Compiling h2 v0.3.9
[INFO] [stderr]    Compiling unicase v2.6.0
[INFO] [stderr]    Compiling state v0.5.2
[INFO] [stderr]    Compiling tap v1.0.1
[INFO] [stderr]    Compiling wyz v0.2.0
[INFO] [stderr]    Compiling funty v1.1.0
[INFO] [stderr]    Compiling byteorder v1.4.3
[INFO] [stderr]    Compiling unicode-normalization v0.1.19
[INFO] [stderr]    Compiling rustls v0.20.2
[INFO] [stderr]    Compiling toml v0.5.8
[INFO] [stderr]    Compiling bitvec v0.20.4
[INFO] [stderr]    Compiling tokio-macros v1.6.0
[INFO] [stderr]    Compiling futures-macro v0.3.18
[INFO] [stderr]    Compiling thiserror-impl v1.0.30
[INFO] [stderr]    Compiling time-macros-impl v0.1.2
[INFO] [stderr]    Compiling thiserror v1.0.30
[INFO] [stderr]    Compiling pear_codegen v0.2.3
[INFO] [stderr]    Compiling time-macros v0.1.1
[INFO] [stderr]    Compiling ref-cast-impl v1.0.6
[INFO] [stderr]    Compiling proc-macro-crate v1.1.0
[INFO] [stderr]    Compiling pear v0.2.3
[INFO] [stderr]    Compiling parity-scale-codec-derive v2.3.1
[INFO] [stderr]    Compiling hyper v0.14.16
[INFO] [stderr]    Compiling impl-trait-for-tuples v0.2.1
[INFO] [stderr]    Compiling devise_codegen v0.3.1
[INFO] [stderr]    Compiling futures-executor v0.3.18
[INFO] [stderr]    Compiling futures v0.3.18
[INFO] [stderr]    Compiling form_urlencoded v1.0.1
[INFO] [stderr]    Compiling rlp v0.5.1
[INFO] [stderr]    Compiling stable-pattern v0.1.0
[INFO] [stderr]    Compiling num-integer v0.1.44
[INFO] [stderr]    Compiling atomic v0.5.1
[INFO] [stderr]    Compiling multer v2.0.1
[INFO] [stderr]    Compiling figment v0.10.6
[INFO] [stderr]    Compiling arrayvec v0.7.2
[INFO] [stderr]    Compiling byte-slice-cast v1.2.0
[INFO] [stderr]    Compiling tiny-keccak v2.0.2
[INFO] [stderr]    Compiling unicode-bidi v0.3.7
[INFO] [stderr]    Compiling async-trait v0.1.52
[INFO] [stderr]    Compiling unchecked-index v0.2.2
[INFO] [stderr]    Compiling cpufeatures v0.2.1
[INFO] [stderr]    Compiling idna v0.2.3
[INFO] [stderr]    Compiling twoway v0.2.2
[INFO] [stderr]    Compiling impl-rlp v0.3.0
[INFO] [stderr]    Compiling devise v0.3.1
[INFO] [stderr]    Compiling tokio-rustls v0.23.1
[INFO] [stderr]    Compiling async-stream-impl v0.3.2
[INFO] [stderr]    Compiling fixed-hash v0.7.0
[INFO] [stderr]    Compiling webpki v0.21.4
[INFO] [stderr]    Compiling rocket v0.5.0-rc.1
[INFO] [stderr]    Compiling rocket_http v0.5.0-rc.1
[INFO] [stderr]    Compiling glob v0.3.0
[INFO] [stderr]    Compiling remove_dir_all v0.5.3
[INFO] [stderr]    Compiling hex v0.4.3
[INFO] [stderr]    Compiling spin v0.9.2
[INFO] [stderr]    Compiling tempfile v3.2.0
[INFO] [stderr]    Compiling uint v0.9.1
[INFO] [stderr]    Compiling async-stream v0.3.2
[INFO] [stderr]    Compiling webpki-roots v0.21.1
[INFO] [stderr]    Compiling mime_guess v2.0.3
[INFO] [stderr]    Compiling tokio-stream v0.1.8
[INFO] [stderr]    Compiling rustls-pemfile v0.2.1
[INFO] [stderr]    Compiling secp256k1-sys v0.4.1
[INFO] [stderr]    Compiling atty v0.2.14
[INFO] [stderr]    Compiling anyhow v1.0.51
[INFO] [stderr]    Compiling ipnet v2.3.1
[INFO] [stderr]    Compiling binascii v0.1.4
[INFO] [stderr]    Compiling parity-scale-codec v2.3.1
[INFO] [stderr]    Compiling impl-serde v0.3.2
[INFO] [stderr]    Compiling ubyte v0.10.1
[INFO] [stderr]    Compiling serde_urlencoded v0.7.0
[INFO] [stderr]    Compiling url v2.2.2
[INFO] [stderr]    Compiling ethbloom v0.11.1
[INFO] [stderr]    Compiling impl-codec v0.5.1
[INFO] [stderr]    Compiling primitive-types v0.9.1
[INFO] [stderr]    Compiling wyhash v0.5.0
[INFO] [stderr]    Compiling time v0.1.43
[INFO] [stderr]    Compiling rocket_codegen v0.5.0-rc.1
[INFO] [stderr]    Compiling num-bigint v0.4.3
[INFO] [stderr]    Compiling keccak v0.1.0
[INFO] [stderr]    Compiling ethereum-types v0.11.0
[INFO] [stderr]    Compiling sha3 v0.9.1
[INFO] [stderr]    Compiling chrono v0.4.19
[INFO] [stderr]    Compiling entity-tag v0.1.5
[INFO] [stderr]    Compiling serde_path_to_error v0.1.5
[INFO] [stderr]    Compiling sha-1 v0.9.8
[INFO] [stderr]    Compiling sha2 v0.9.8
[INFO] [stderr]    Compiling pin-project-internal v1.0.8
[INFO] [stderr]    Compiling ordered-float v1.1.1
[INFO] [stderr]    Compiling headers-core v0.2.0
[INFO] [stderr]    Compiling debug-helper v0.3.12
[INFO] [stderr]    Compiling convert_case v0.4.0
[INFO] [stderr]    Compiling rc-u8-reader v2.0.14
[INFO] [stderr]    Compiling headers v0.3.5
[INFO] [stderr]    Compiling serde-value v0.6.0
[INFO] [stderr]    Compiling manifest-dir-macros v0.1.11
[INFO] [stderr]    Compiling derive_more v0.99.17
[INFO] [stderr]    Compiling ethabi v14.1.0
[INFO] [stderr]    Compiling secp256k1 v0.20.3
[INFO] [stderr]    Compiling jsonrpc-core v18.0.0
[INFO] [stderr]    Compiling pin-project v1.0.8
[INFO] [stderr]    Compiling itertools v0.9.0
[INFO] [stderr]    Compiling arrayvec v0.5.2
[INFO] [stderr]    Compiling uuid v0.8.2
[INFO] [stderr]    Compiling hyper-rustls v0.23.0
[INFO] [stderr]    Compiling reqwest v0.11.7
[INFO] [stderr]    Compiling oauth2 v4.1.0
[INFO] [stderr]    Compiling web3 v0.17.0
[INFO] [stderr]    Compiling openidconnect v2.1.2
[INFO] [stderr]    Compiling rocket-etag-if-none-match v0.4.0
[INFO] [stderr]    Compiling rocket-cache-response v0.6.0
[INFO] [stderr]    Compiling rocket-include-static-resources v0.10.0
[INFO] [stderr]    Compiling nft-login v0.1.0 (/opt/rustwide/workdir)
[INFO] [stdout] warning: unused import: `authorize_endpoint`
[INFO] [stdout]   --> src/authorize.rs:15:14
[INFO] [stdout]    |
[INFO] [stdout] 15 | pub async fn authorize_endpoint(
[INFO] [stdout]    |              ^^^^^^^^^^^^^^^^^^
[INFO] [stdout]    |
[INFO] [stdout]    = note: `#[warn(unused_imports)]` on by default
[INFO] [stdout] 
[INFO] [stdout] 
[INFO] [stdout] warning: unused import: `default_authorize_endpoint`
[INFO] [stdout]    --> src/authorize.rs:181:14
[INFO] [stdout]     |
[INFO] [stdout] 181 | pub async fn default_authorize_endpoint(
[INFO] [stdout]     |              ^^^^^^^^^^^^^^^^^^^^^^^^^^
[INFO] [stdout] 
[INFO] [stdout] 
[INFO] [stdout] warning: unused import: `default_configuration`
[INFO] [stdout]   --> src/config.rs:55:8
[INFO] [stdout]    |
[INFO] [stdout] 55 | pub fn default_configuration(config: &State<Config>) -> content::Json<String> {
[INFO] [stdout]    |        ^^^^^^^^^^^^^^^^^^^^^
[INFO] [stdout] 
[INFO] [stdout] 
[INFO] [stdout] warning: unused import: `authorize_well_known`
[INFO] [stdout]   --> src/config.rs:60:8
[INFO] [stdout]    |
[INFO] [stdout] 60 | pub fn authorize_well_known(config: &State<Config>, realm: String) -> content::Json<String> {
[INFO] [stdout]    |        ^^^^^^^^^^^^^^^^^^^^
[INFO] [stdout] 
[INFO] [stdout] 
[INFO] [stdout] warning: unused import: `well_known_oauth_authorization_server`
[INFO] [stdout]   --> src/config.rs:65:8
[INFO] [stdout]    |
[INFO] [stdout] 65 | pub fn well_known_oauth_authorization_server(
[INFO] [stdout]    |        ^^^^^^^^^^^^^^^^^^^^^^^^^^^^^^^^^^^^^
[INFO] [stdout] 
[INFO] [stdout] 
[INFO] [stdout] warning: unused import: `configuration`
[INFO] [stdout]   --> src/config.rs:73:8
[INFO] [stdout]    |
[INFO] [stdout] 73 | pub fn configuration(config: &State<Config>, realm: String) -> content::Json<String> {
[INFO] [stdout]    |        ^^^^^^^^^^^^^
[INFO] [stdout] 
[INFO] [stdout] 
[INFO] [stdout] warning: unused import: `default_token_endpoint`
[INFO] [stdout]   --> src/token.rs:35:14
[INFO] [stdout]    |
[INFO] [stdout] 35 | pub async fn default_token_endpoint(
[INFO] [stdout]    |              ^^^^^^^^^^^^^^^^^^^^^^
[INFO] [stdout] 
[INFO] [stdout] 
[INFO] [stdout] warning: unused import: `token_endpoint`
[INFO] [stdout]   --> src/token.rs:44:14
[INFO] [stdout]    |
[INFO] [stdout] 44 | pub async fn token_endpoint(
[INFO] [stdout]    |              ^^^^^^^^^^^^^^
[INFO] [stdout] 
[INFO] [stdout] 
[INFO] [stdout] warning: unused import: `default_post_token_endpoint`
[INFO] [stdout]   --> src/token.rs:64:14
[INFO] [stdout]    |
[INFO] [stdout] 64 | pub async fn default_post_token_endpoint(
[INFO] [stdout]    |              ^^^^^^^^^^^^^^^^^^^^^^^^^^^
[INFO] [stdout] 
[INFO] [stdout] 
[INFO] [stdout] warning: unused import: `post_token_endpoint`
[INFO] [stdout]   --> src/token.rs:73:14
[INFO] [stdout]    |
[INFO] [stdout] 73 | pub async fn post_token_endpoint(
[INFO] [stdout]    |              ^^^^^^^^^^^^^^^^^^^
[INFO] [stdout] 
[INFO] [stdout] 
[INFO] [stdout] warning: unused import: `default_userinfo_endpoint`
[INFO] [stdout]   --> src/userinfo.rs:30:14
[INFO] [stdout]    |
[INFO] [stdout] 30 | pub async fn default_userinfo_endpoint(
[INFO] [stdout]    |              ^^^^^^^^^^^^^^^^^^^^^^^^^
[INFO] [stdout] 
[INFO] [stdout] 
[INFO] [stdout] warning: unused import: `userinfo_endpoint`
[INFO] [stdout]   --> src/userinfo.rs:39:14
[INFO] [stdout]    |
[INFO] [stdout] 39 | pub async fn userinfo_endpoint(
[INFO] [stdout]    |              ^^^^^^^^^^^^^^^^^
[INFO] [stdout] 
[INFO] [stdout] 
[INFO] [stdout] warning: unused import: `default_options_userinfo_endpoint`
[INFO] [stdout]   --> src/userinfo.rs:60:14
[INFO] [stdout]    |
[INFO] [stdout] 60 | pub async fn default_options_userinfo_endpoint() {}
[INFO] [stdout]    |              ^^^^^^^^^^^^^^^^^^^^^^^^^^^^^^^^^
[INFO] [stdout] 
[INFO] [stdout] 
[INFO] [stdout] warning: unused import: `options_userinfo_endpoint`
[INFO] [stdout]   --> src/userinfo.rs:64:14
[INFO] [stdout]    |
[INFO] [stdout] 64 | pub async fn options_userinfo_endpoint(realm: String) {}
[INFO] [stdout]    |              ^^^^^^^^^^^^^^^^^^^^^^^^^
[INFO] [stdout] 
[INFO] [stdout] 
[INFO] [stdout] warning: fields `grant_type`, `client_id`, `client_secret`, and `redirect_uri` are never read
[INFO] [stdout]   --> src/token.rs:27:9
[INFO] [stdout]    |
[INFO] [stdout] 26 | pub struct PostData {
[INFO] [stdout]    |            -------- fields in this struct
[INFO] [stdout] 27 |     pub grant_type: Option<String>,
[INFO] [stdout]    |         ^^^^^^^^^^
[INFO] [stdout] 28 |     pub code: String,
[INFO] [stdout] 29 |     pub client_id: Option<String>,
[INFO] [stdout]    |         ^^^^^^^^^
[INFO] [stdout] 30 |     pub client_secret: Option<String>,
[INFO] [stdout]    |         ^^^^^^^^^^^^^
[INFO] [stdout] 31 |     pub redirect_uri: String,
[INFO] [stdout]    |         ^^^^^^^^^^^^
[INFO] [stdout]    |
[INFO] [stdout]    = note: `#[warn(dead_code)]` on by default
[INFO] [stdout] 
[INFO] [stdout] 
[INFO] [stderr]     Finished `dev` profile [unoptimized + debuginfo] target(s) in 3m 22s
[INFO] [stderr] warning: the following packages contain code that will be rejected by a future version of Rust: ubyte v0.10.1
[INFO] [stderr] note: to see what the problems were, use the option `--future-incompat-report`, or run `cargo report future-incompatibilities --id 1`
[INFO] running `Command { std: "docker" "inspect" "973701f5cfb0baac4ed8ecef9a1c09ffe7da883e61ded23a29cf9ba011e8a965", kill_on_drop: false }`
[INFO] running `Command { std: "docker" "rm" "-f" "973701f5cfb0baac4ed8ecef9a1c09ffe7da883e61ded23a29cf9ba011e8a965", kill_on_drop: false }`
[INFO] [stdout] 973701f5cfb0baac4ed8ecef9a1c09ffe7da883e61ded23a29cf9ba011e8a965
[INFO] running `Command { std: "docker" "create" "-v" "/var/lib/crater-agent-workspace/builds/worker-6-tc1/target:/opt/rustwide/target:rw,Z" "-v" "/var/lib/crater-agent-workspace/builds/worker-6-tc1/source:/opt/rustwide/workdir:ro,Z" "-v" "/var/lib/crater-agent-workspace/cargo-home:/opt/rustwide/cargo-home:ro,Z" "-v" "/var/lib/crater-agent-workspace/rustup-home:/opt/rustwide/rustup-home:ro,Z" "-e" "SOURCE_DIR=/opt/rustwide/workdir" "-e" "CARGO_TARGET_DIR=/opt/rustwide/target" "-e" "CARGO_INCREMENTAL=0" "-e" "RUST_BACKTRACE=full" "-e" "RUSTFLAGS=--cap-lints=warn" "-e" "RUSTDOCFLAGS=--cap-lints=warn" "-e" "CARGO_HOME=/opt/rustwide/cargo-home" "-e" "RUSTUP_HOME=/opt/rustwide/rustup-home" "-w" "/opt/rustwide/workdir" "-m" "1610612736" "--user" "0:0" "--network" "none" "ghcr.io/rust-lang/crates-build-env/linux@sha256:f3a9d4ad9d972b27faf3965f35b62e55ba32bbce8f20bc8fe909558a86702fde" "/opt/rustwide/cargo-home/bin/cargo" "+1.83.0" "test" "--frozen" "--no-run" "--message-format=json", kill_on_drop: false }`
[INFO] [stdout] 4ca7961486855523fa5a5170e2f0a7f4a527b8707e3fb32ae8afd246e46b3fef
[INFO] running `Command { std: "docker" "start" "-a" "4ca7961486855523fa5a5170e2f0a7f4a527b8707e3fb32ae8afd246e46b3fef", kill_on_drop: false }`
[INFO] [stderr]    Compiling tokio v1.14.0
[INFO] [stderr]    Compiling tokio-util v0.6.9
[INFO] [stderr]    Compiling tokio-rustls v0.23.1
[INFO] [stderr]    Compiling tokio-stream v0.1.8
[INFO] [stderr]    Compiling rc-u8-reader v2.0.14
[INFO] [stderr]    Compiling h2 v0.3.9
[INFO] [stderr]    Compiling multer v2.0.1
[INFO] [stderr]    Compiling tokio-test v0.4.2
[INFO] [stderr]    Compiling hyper v0.14.16
[INFO] [stderr]    Compiling hyper-rustls v0.23.0
[INFO] [stderr]    Compiling rocket_http v0.5.0-rc.1
[INFO] [stderr]    Compiling reqwest v0.11.7
[INFO] [stderr]    Compiling oauth2 v4.1.0
[INFO] [stderr]    Compiling web3 v0.17.0
[INFO] [stderr]    Compiling rocket v0.5.0-rc.1
[INFO] [stderr]    Compiling openidconnect v2.1.2
[INFO] [stderr]    Compiling rocket-etag-if-none-match v0.4.0
[INFO] [stderr]    Compiling rocket-cache-response v0.6.0
[INFO] [stderr]    Compiling rocket-include-static-resources v0.10.0
[INFO] [stderr]    Compiling nft-login v0.1.0 (/opt/rustwide/workdir)
[INFO] [stdout] warning: unused import: `authorize_endpoint`
[INFO] [stdout]   --> src/authorize.rs:15:14
[INFO] [stdout]    |
[INFO] [stdout] 15 | pub async fn authorize_endpoint(
[INFO] [stdout]    |              ^^^^^^^^^^^^^^^^^^
[INFO] [stdout]    |
[INFO] [stdout]    = note: `#[warn(unused_imports)]` on by default
[INFO] [stdout] 
[INFO] [stdout] 
[INFO] [stdout] warning: unused import: `default_authorize_endpoint`
[INFO] [stdout]    --> src/authorize.rs:181:14
[INFO] [stdout]     |
[INFO] [stdout] 181 | pub async fn default_authorize_endpoint(
[INFO] [stdout]     |              ^^^^^^^^^^^^^^^^^^^^^^^^^^
[INFO] [stdout] 
[INFO] [stdout] 
[INFO] [stdout] warning: unused import: `default_configuration`
[INFO] [stdout]   --> src/config.rs:55:8
[INFO] [stdout]    |
[INFO] [stdout] 55 | pub fn default_configuration(config: &State<Config>) -> content::Json<String> {
[INFO] [stdout]    |        ^^^^^^^^^^^^^^^^^^^^^
[INFO] [stdout] 
[INFO] [stdout] 
[INFO] [stdout] warning: unused import: `authorize_well_known`
[INFO] [stdout]   --> src/config.rs:60:8
[INFO] [stdout]    |
[INFO] [stdout] 60 | pub fn authorize_well_known(config: &State<Config>, realm: String) -> content::Json<String> {
[INFO] [stdout]    |        ^^^^^^^^^^^^^^^^^^^^
[INFO] [stdout] 
[INFO] [stdout] 
[INFO] [stdout] warning: unused import: `well_known_oauth_authorization_server`
[INFO] [stdout]   --> src/config.rs:65:8
[INFO] [stdout]    |
[INFO] [stdout] 65 | pub fn well_known_oauth_authorization_server(
[INFO] [stdout]    |        ^^^^^^^^^^^^^^^^^^^^^^^^^^^^^^^^^^^^^
[INFO] [stdout] 
[INFO] [stdout] 
[INFO] [stdout] warning: unused import: `configuration`
[INFO] [stdout]   --> src/config.rs:73:8
[INFO] [stdout]    |
[INFO] [stdout] 73 | pub fn configuration(config: &State<Config>, realm: String) -> content::Json<String> {
[INFO] [stdout]    |        ^^^^^^^^^^^^^
[INFO] [stdout] 
[INFO] [stdout] 
[INFO] [stdout] warning: unused import: `default_token_endpoint`
[INFO] [stdout]   --> src/token.rs:35:14
[INFO] [stdout]    |
[INFO] [stdout] 35 | pub async fn default_token_endpoint(
[INFO] [stdout]    |              ^^^^^^^^^^^^^^^^^^^^^^
[INFO] [stdout] 
[INFO] [stdout] 
[INFO] [stdout] warning: unused import: `token_endpoint`
[INFO] [stdout]   --> src/token.rs:44:14
[INFO] [stdout]    |
[INFO] [stdout] 44 | pub async fn token_endpoint(
[INFO] [stdout]    |              ^^^^^^^^^^^^^^
[INFO] [stdout] 
[INFO] [stdout] 
[INFO] [stdout] warning: unused import: `default_post_token_endpoint`
[INFO] [stdout]   --> src/token.rs:64:14
[INFO] [stdout]    |
[INFO] [stdout] 64 | pub async fn default_post_token_endpoint(
[INFO] [stdout]    |              ^^^^^^^^^^^^^^^^^^^^^^^^^^^
[INFO] [stdout] 
[INFO] [stdout] 
[INFO] [stdout] warning: unused import: `post_token_endpoint`
[INFO] [stdout]   --> src/token.rs:73:14
[INFO] [stdout]    |
[INFO] [stdout] 73 | pub async fn post_token_endpoint(
[INFO] [stdout]    |              ^^^^^^^^^^^^^^^^^^^
[INFO] [stdout] 
[INFO] [stdout] 
[INFO] [stdout] warning: unused import: `default_userinfo_endpoint`
[INFO] [stdout]   --> src/userinfo.rs:30:14
[INFO] [stdout]    |
[INFO] [stdout] 30 | pub async fn default_userinfo_endpoint(
[INFO] [stdout]    |              ^^^^^^^^^^^^^^^^^^^^^^^^^
[INFO] [stdout] 
[INFO] [stdout] 
[INFO] [stdout] warning: unused import: `userinfo_endpoint`
[INFO] [stdout]   --> src/userinfo.rs:39:14
[INFO] [stdout]    |
[INFO] [stdout] 39 | pub async fn userinfo_endpoint(
[INFO] [stdout]    |              ^^^^^^^^^^^^^^^^^
[INFO] [stdout] 
[INFO] [stdout] 
[INFO] [stdout] warning: unused import: `default_options_userinfo_endpoint`
[INFO] [stdout]   --> src/userinfo.rs:60:14
[INFO] [stdout]    |
[INFO] [stdout] 60 | pub async fn default_options_userinfo_endpoint() {}
[INFO] [stdout]    |              ^^^^^^^^^^^^^^^^^^^^^^^^^^^^^^^^^
[INFO] [stdout] 
[INFO] [stdout] 
[INFO] [stdout] warning: unused import: `options_userinfo_endpoint`
[INFO] [stdout]   --> src/userinfo.rs:64:14
[INFO] [stdout]    |
[INFO] [stdout] 64 | pub async fn options_userinfo_endpoint(realm: String) {}
[INFO] [stdout]    |              ^^^^^^^^^^^^^^^^^^^^^^^^^
[INFO] [stdout] 
[INFO] [stdout] 
[INFO] [stdout] warning: fields `grant_type`, `client_id`, `client_secret`, and `redirect_uri` are never read
[INFO] [stdout]   --> src/token.rs:27:9
[INFO] [stdout]    |
[INFO] [stdout] 26 | pub struct PostData {
[INFO] [stdout]    |            -------- fields in this struct
[INFO] [stdout] 27 |     pub grant_type: Option<String>,
[INFO] [stdout]    |         ^^^^^^^^^^
[INFO] [stdout] 28 |     pub code: String,
[INFO] [stdout] 29 |     pub client_id: Option<String>,
[INFO] [stdout]    |         ^^^^^^^^^
[INFO] [stdout] 30 |     pub client_secret: Option<String>,
[INFO] [stdout]    |         ^^^^^^^^^^^^^
[INFO] [stdout] 31 |     pub redirect_uri: String,
[INFO] [stdout]    |         ^^^^^^^^^^^^
[INFO] [stdout]    |
[INFO] [stdout]    = note: `#[warn(dead_code)]` on by default
[INFO] [stdout] 
[INFO] [stdout] 
[INFO] [stderr]     Finished `test` profile [unoptimized + debuginfo] target(s) in 1m 05s
[INFO] [stderr] warning: the following packages contain code that will be rejected by a future version of Rust: ubyte v0.10.1
[INFO] [stderr] note: to see what the problems were, use the option `--future-incompat-report`, or run `cargo report future-incompatibilities --id 1`
[INFO] running `Command { std: "docker" "inspect" "4ca7961486855523fa5a5170e2f0a7f4a527b8707e3fb32ae8afd246e46b3fef", kill_on_drop: false }`
[INFO] running `Command { std: "docker" "rm" "-f" "4ca7961486855523fa5a5170e2f0a7f4a527b8707e3fb32ae8afd246e46b3fef", kill_on_drop: false }`
[INFO] [stdout] 4ca7961486855523fa5a5170e2f0a7f4a527b8707e3fb32ae8afd246e46b3fef
[INFO] running `Command { std: "docker" "create" "-v" "/var/lib/crater-agent-workspace/builds/worker-6-tc1/target:/opt/rustwide/target:rw,Z" "-v" "/var/lib/crater-agent-workspace/builds/worker-6-tc1/source:/opt/rustwide/workdir:ro,Z" "-v" "/var/lib/crater-agent-workspace/cargo-home:/opt/rustwide/cargo-home:ro,Z" "-v" "/var/lib/crater-agent-workspace/rustup-home:/opt/rustwide/rustup-home:ro,Z" "-e" "SOURCE_DIR=/opt/rustwide/workdir" "-e" "CARGO_TARGET_DIR=/opt/rustwide/target" "-e" "CARGO_INCREMENTAL=0" "-e" "RUST_BACKTRACE=full" "-e" "RUSTFLAGS=--cap-lints=warn" "-e" "RUSTDOCFLAGS=--cap-lints=warn" "-e" "CARGO_HOME=/opt/rustwide/cargo-home" "-e" "RUSTUP_HOME=/opt/rustwide/rustup-home" "-w" "/opt/rustwide/workdir" "-m" "1610612736" "--user" "0:0" "--network" "none" "ghcr.io/rust-lang/crates-build-env/linux@sha256:f3a9d4ad9d972b27faf3965f35b62e55ba32bbce8f20bc8fe909558a86702fde" "/opt/rustwide/cargo-home/bin/cargo" "+1.83.0" "test" "--frozen", kill_on_drop: false }`
[INFO] [stdout] 312222cdb2dd614eda082c0bed09ab806f9acee81a8744a9ff6a6a20dd455f99
[INFO] running `Command { std: "docker" "start" "-a" "312222cdb2dd614eda082c0bed09ab806f9acee81a8744a9ff6a6a20dd455f99", kill_on_drop: false }`
[INFO] [stderr] warning: unused import: `authorize_endpoint`
[INFO] [stderr]   --> src/authorize.rs:15:14
[INFO] [stderr]    |
[INFO] [stderr] 15 | pub async fn authorize_endpoint(
[INFO] [stderr]    |              ^^^^^^^^^^^^^^^^^^
[INFO] [stderr]    |
[INFO] [stderr]    = note: `#[warn(unused_imports)]` on by default
[INFO] [stderr] 
[INFO] [stderr] warning: unused import: `default_authorize_endpoint`
[INFO] [stderr]    --> src/authorize.rs:181:14
[INFO] [stderr]     |
[INFO] [stderr] 181 | pub async fn default_authorize_endpoint(
[INFO] [stderr]     |              ^^^^^^^^^^^^^^^^^^^^^^^^^^
[INFO] [stderr] 
[INFO] [stderr] warning: unused import: `default_configuration`
[INFO] [stderr]   --> src/config.rs:55:8
[INFO] [stderr]    |
[INFO] [stderr] 55 | pub fn default_configuration(config: &State<Config>) -> content::Json<String> {
[INFO] [stderr]    |        ^^^^^^^^^^^^^^^^^^^^^
[INFO] [stderr] 
[INFO] [stderr] warning: unused import: `authorize_well_known`
[INFO] [stderr]   --> src/config.rs:60:8
[INFO] [stderr]    |
[INFO] [stderr] 60 | pub fn authorize_well_known(config: &State<Config>, realm: String) -> content::Json<String> {
[INFO] [stderr]    |        ^^^^^^^^^^^^^^^^^^^^
[INFO] [stderr] 
[INFO] [stderr] warning: unused import: `well_known_oauth_authorization_server`
[INFO] [stderr]   --> src/config.rs:65:8
[INFO] [stderr]    |
[INFO] [stderr] 65 | pub fn well_known_oauth_authorization_server(
[INFO] [stderr]    |        ^^^^^^^^^^^^^^^^^^^^^^^^^^^^^^^^^^^^^
[INFO] [stderr] 
[INFO] [stderr] warning: unused import: `configuration`
[INFO] [stderr]   --> src/config.rs:73:8
[INFO] [stderr]    |
[INFO] [stderr] 73 | pub fn configuration(config: &State<Config>, realm: String) -> content::Json<String> {
[INFO] [stderr]    |        ^^^^^^^^^^^^^
[INFO] [stderr] 
[INFO] [stderr] warning: unused import: `default_token_endpoint`
[INFO] [stderr]   --> src/token.rs:35:14
[INFO] [stderr]    |
[INFO] [stderr] 35 | pub async fn default_token_endpoint(
[INFO] [stderr]    |              ^^^^^^^^^^^^^^^^^^^^^^
[INFO] [stderr] 
[INFO] [stderr] warning: unused import: `token_endpoint`
[INFO] [stderr]   --> src/token.rs:44:14
[INFO] [stderr]    |
[INFO] [stderr] 44 | pub async fn token_endpoint(
[INFO] [stderr]    |              ^^^^^^^^^^^^^^
[INFO] [stderr] 
[INFO] [stderr] warning: unused import: `default_post_token_endpoint`
[INFO] [stderr]   --> src/token.rs:64:14
[INFO] [stderr]    |
[INFO] [stderr] 64 | pub async fn default_post_token_endpoint(
[INFO] [stderr]    |              ^^^^^^^^^^^^^^^^^^^^^^^^^^^
[INFO] [stderr] 
[INFO] [stderr] warning: unused import: `post_token_endpoint`
[INFO] [stderr]   --> src/token.rs:73:14
[INFO] [stderr]    |
[INFO] [stderr] 73 | pub async fn post_token_endpoint(
[INFO] [stderr]    |              ^^^^^^^^^^^^^^^^^^^
[INFO] [stderr] 
[INFO] [stderr] warning: unused import: `default_userinfo_endpoint`
[INFO] [stderr]   --> src/userinfo.rs:30:14
[INFO] [stderr]    |
[INFO] [stderr] 30 | pub async fn default_userinfo_endpoint(
[INFO] [stderr]    |              ^^^^^^^^^^^^^^^^^^^^^^^^^
[INFO] [stderr] 
[INFO] [stderr] warning: unused import: `userinfo_endpoint`
[INFO] [stderr]   --> src/userinfo.rs:39:14
[INFO] [stderr]    |
[INFO] [stderr] 39 | pub async fn userinfo_endpoint(
[INFO] [stderr]    |              ^^^^^^^^^^^^^^^^^
[INFO] [stderr] 
[INFO] [stderr] warning: unused import: `default_options_userinfo_endpoint`
[INFO] [stderr]   --> src/userinfo.rs:60:14
[INFO] [stderr]    |
[INFO] [stderr] 60 | pub async fn default_options_userinfo_endpoint() {}
[INFO] [stderr]    |              ^^^^^^^^^^^^^^^^^^^^^^^^^^^^^^^^^
[INFO] [stderr] 
[INFO] [stderr] warning: unused import: `options_userinfo_endpoint`
[INFO] [stderr]   --> src/userinfo.rs:64:14
[INFO] [stderr]    |
[INFO] [stderr] 64 | pub async fn options_userinfo_endpoint(realm: String) {}
[INFO] [stderr]    |              ^^^^^^^^^^^^^^^^^^^^^^^^^
[INFO] [stderr] 
[INFO] [stderr] warning: fields `grant_type`, `client_id`, `client_secret`, and `redirect_uri` are never read
[INFO] [stderr]   --> src/token.rs:27:9
[INFO] [stderr]    |
[INFO] [stderr] 26 | pub struct PostData {
[INFO] [stderr]    |            -------- fields in this struct
[INFO] [stderr] 27 |     pub grant_type: Option<String>,
[INFO] [stderr]    |         ^^^^^^^^^^
[INFO] [stderr] 28 |     pub code: String,
[INFO] [stderr] 29 |     pub client_id: Option<String>,
[INFO] [stderr]    |         ^^^^^^^^^
[INFO] [stderr] 30 |     pub client_secret: Option<String>,
[INFO] [stderr]    |         ^^^^^^^^^^^^^
[INFO] [stderr] 31 |     pub redirect_uri: String,
[INFO] [stderr]    |         ^^^^^^^^^^^^
[INFO] [stderr]    |
[INFO] [stderr]    = note: `#[warn(dead_code)]` on by default
[INFO] [stderr] 
[INFO] [stderr] warning: `nft-login` (bin "nft-login" test) generated 15 warnings (run `cargo fix --bin "nft-login" --tests` to apply 14 suggestions)
[INFO] [stderr]     Finished `test` profile [unoptimized + debuginfo] target(s) in 0.61s
[INFO] [stderr] warning: the following packages contain code that will be rejected by a future version of Rust: ubyte v0.10.1
[INFO] [stderr] note: to see what the problems were, use the option `--future-incompat-report`, or run `cargo report future-incompatibilities --id 1`
[INFO] [stderr]      Running unittests src/main.rs (/opt/rustwide/target/debug/deps/nft_login-66df34e027facadc)
[INFO] [stdout] 
[INFO] [stdout] running 22 tests
[INFO] [stdout] test authorize::tests::redirect ... ok
[INFO] [stdout] test authorize::tests::redirect_with_contract ... ok
[INFO] [stdout] test config::tests::test_chain_id ... ok
[INFO] [stdout] test authorize::tests::account_no_signature ... ok
[INFO] [stdout] test config::tests::test_node ... ok
[INFO] [stdout] test authorize::tests::wrong_redirect_uri ... ok
[INFO] [stdout] test config::tests::test_endpoints ... ok
[INFO] [stdout] test tests::client_test::hello_world ... ok
[INFO] [stdout] test tests::jwk_test::hello_world ... ok
[INFO] [stdout] test web3::tests::test_crypto_boy ... ignored
[INFO] [stdout] test authorize::tests::account_valid_signature ... ok
[INFO] [stdout] test web3::tests::test_crypto_kitties ... ignored
[INFO] [stdout] test authorize::tests::account_not_owner ... ok
[INFO] [stdout] test web3::tests::test_recover ... ok
[INFO] [stdout] test web3::tests::test_crypto_boy_on_okt ... FAILED
[INFO] [stdout] test web3::tests::test_wrong_signature ... ok
[INFO] [stdout] test authorize::tests::test_code_id_token ... FAILED
[INFO] [stdout] test authorize::tests::test_state ... FAILED
[INFO] [stdout] test authorize::tests::account_is_owner ... FAILED
[INFO] [stdout] test userinfo::tests::userinfo ... FAILED
[INFO] [stdout] test token::tests::token ... FAILED
[INFO] [stdout] test web3::tests::test_validate ... ok
[INFO] [stdout] 
[INFO] [stdout] failures:
[INFO] [stdout] 
[INFO] [stdout] ---- web3::tests::test_crypto_boy_on_okt stdout ----
[INFO] [stdout] thread 'web3::tests::test_crypto_boy_on_okt' panicked at src/web3.rs:166:18:
[INFO] [stdout] called `Result::unwrap()` on an `Err` value: InvalidResponse("Api error: Transport error: failed to send request: error sending request for url (https://exchaintestrpc.okex.org/): error trying to connect: dns error: failed to lookup address information: Temporary failure in name resolution")
[INFO] [stdout] stack backtrace:
[INFO] [stdout]    0:     0x613b6750f22a - std::backtrace_rs::backtrace::libunwind::trace::h5a5b8284f2d0c266
[INFO] [stdout]                                at /rustc/90b35a6239c3d8bdabc530a6a0816f7ff89a0aaf/library/std/src/../../backtrace/src/backtrace/libunwind.rs:116:5
[INFO] [stdout]    1:     0x613b6750f22a - std::backtrace_rs::backtrace::trace_unsynchronized::h76d4f1c9b0b875e3
[INFO] [stdout]                                at /rustc/90b35a6239c3d8bdabc530a6a0816f7ff89a0aaf/library/std/src/../../backtrace/src/backtrace/mod.rs:66:5
[INFO] [stdout]    2:     0x613b6750f22a - std::sys::backtrace::_print_fmt::hc4546b8364a537c6
[INFO] [stdout]                                at /rustc/90b35a6239c3d8bdabc530a6a0816f7ff89a0aaf/library/std/src/sys/backtrace.rs:66:9
[INFO] [stdout]    3:     0x613b6750f22a - <std::sys::backtrace::BacktraceLock::print::DisplayBacktrace as core::fmt::Display>::fmt::h5b6bd5631a6d1f6b
[INFO] [stdout]                                at /rustc/90b35a6239c3d8bdabc530a6a0816f7ff89a0aaf/library/std/src/sys/backtrace.rs:39:26
[INFO] [stdout]    4:     0x613b67539023 - core::fmt::rt::Argument::fmt::h270f6602a2b96f62
[INFO] [stdout]                                at /rustc/90b35a6239c3d8bdabc530a6a0816f7ff89a0aaf/library/core/src/fmt/rt.rs:177:76
[INFO] [stdout]    5:     0x613b67539023 - core::fmt::write::h7550c97b06c86515
[INFO] [stdout]                                at /rustc/90b35a6239c3d8bdabc530a6a0816f7ff89a0aaf/library/core/src/fmt/mod.rs:1186:21
[INFO] [stdout]    6:     0x613b6750b783 - std::io::Write::write_fmt::h509ff860e5956e5e
[INFO] [stdout]                                at /rustc/90b35a6239c3d8bdabc530a6a0816f7ff89a0aaf/library/std/src/io/mod.rs:1839:15
[INFO] [stdout]    7:     0x613b6750f072 - std::sys::backtrace::BacktraceLock::print::h2395ccd2c84ba3aa
[INFO] [stdout]                                at /rustc/90b35a6239c3d8bdabc530a6a0816f7ff89a0aaf/library/std/src/sys/backtrace.rs:42:9
[INFO] [stdout]    8:     0x613b6751068a - std::panicking::default_hook::{{closure}}::he19d4c7230e07961
[INFO] [stdout]                                at /rustc/90b35a6239c3d8bdabc530a6a0816f7ff89a0aaf/library/std/src/panicking.rs:268:22
[INFO] [stdout]    9:     0x613b67510494 - std::panicking::default_hook::hf614597d3c67bbdb
[INFO] [stdout]                                at /rustc/90b35a6239c3d8bdabc530a6a0816f7ff89a0aaf/library/std/src/panicking.rs:292:9
[INFO] [stdout]   10:     0x613b66b61d59 - <alloc::boxed::Box<F,A> as core::ops::function::Fn<Args>>::call::h39b51ce4599c23d1
[INFO] [stdout]                                at /rustc/90b35a6239c3d8bdabc530a6a0816f7ff89a0aaf/library/alloc/src/boxed.rs:2468:9
[INFO] [stdout]   11:     0x613b66b61d59 - test::test_main::{{closure}}::he977ae839a582784
[INFO] [stdout]                                at /rustc/90b35a6239c3d8bdabc530a6a0816f7ff89a0aaf/library/test/src/lib.rs:133:21
[INFO] [stdout]   12:     0x613b67510d28 - <alloc::boxed::Box<F,A> as core::ops::function::Fn<Args>>::call::h9455091b6b06f9fb
[INFO] [stdout]                                at /rustc/90b35a6239c3d8bdabc530a6a0816f7ff89a0aaf/library/alloc/src/boxed.rs:2468:9
[INFO] [stdout]   13:     0x613b67510d28 - std::panicking::rust_panic_with_hook::h8942133a8b252070
[INFO] [stdout]                                at /rustc/90b35a6239c3d8bdabc530a6a0816f7ff89a0aaf/library/std/src/panicking.rs:809:13
[INFO] [stdout]   14:     0x613b67510aea - std::panicking::begin_panic_handler::{{closure}}::hb5f5963570096b29
[INFO] [stdout]                                at /rustc/90b35a6239c3d8bdabc530a6a0816f7ff89a0aaf/library/std/src/panicking.rs:674:13
[INFO] [stdout]   15:     0x613b6750f709 - std::sys::backtrace::__rust_end_short_backtrace::h6208cedc1922feda
[INFO] [stdout]                                at /rustc/90b35a6239c3d8bdabc530a6a0816f7ff89a0aaf/library/std/src/sys/backtrace.rs:170:18
[INFO] [stdout]   16:     0x613b6751077c - rust_begin_unwind
[INFO] [stdout]                                at /rustc/90b35a6239c3d8bdabc530a6a0816f7ff89a0aaf/library/std/src/panicking.rs:665:5
[INFO] [stdout]   17:     0x613b669a92a0 - core::panicking::panic_fmt::h0c3082644d1bf418
[INFO] [stdout]                                at /rustc/90b35a6239c3d8bdabc530a6a0816f7ff89a0aaf/library/core/src/panicking.rs:74:14
[INFO] [stdout]   18:     0x613b669a9726 - core::result::unwrap_failed::hd20b4aa073bda1e2
[INFO] [stdout]                                at /rustc/90b35a6239c3d8bdabc530a6a0816f7ff89a0aaf/library/core/src/result.rs:1700:5
[INFO] [stdout]   19:     0x613b66adc38c - core::result::Result<T,E>::unwrap::h851df3434473edc3
[INFO] [stdout]                                at /rustc/90b35a6239c3d8bdabc530a6a0816f7ff89a0aaf/library/core/src/result.rs:1104:23
[INFO] [stdout]   20:     0x613b66adc38c - nft_login::web3::tests::test_crypto_boy_on_okt::{{closure}}::h490852f6a8bae895
[INFO] [stdout]                                at /opt/rustwide/workdir/src/web3.rs:164:13
[INFO] [stdout]   21:     0x613b66b12eed - <core::pin::Pin<P> as core::future::future::Future>::poll::hf8edaf5d1fa83e6f
[INFO] [stdout]                                at /rustc/90b35a6239c3d8bdabc530a6a0816f7ff89a0aaf/library/core/src/future/future.rs:123:9
[INFO] [stdout]   22:     0x613b669d121f - tokio::runtime::basic_scheduler::Inner<P>::block_on::{{closure}}::{{closure}}::h139a5362674e7b27
[INFO] [stdout]                                at /opt/rustwide/cargo-home/registry/src/index.crates.io-6f17d22bba15001f/tokio-1.14.0/src/runtime/basic_scheduler.rs:240:62
[INFO] [stdout]   23:     0x613b66a46f93 - tokio::coop::with_budget::{{closure}}::hf8e7f5350b52ee61
[INFO] [stdout]                                at /opt/rustwide/cargo-home/registry/src/index.crates.io-6f17d22bba15001f/tokio-1.14.0/src/coop.rs:106:9
[INFO] [stdout]   24:     0x613b669da4fa - std::thread::local::LocalKey<T>::try_with::hc05198ef650d3bb6
[INFO] [stdout]                                at /rustc/90b35a6239c3d8bdabc530a6a0816f7ff89a0aaf/library/std/src/thread/local.rs:283:12
[INFO] [stdout]   25:     0x613b669d9a9a - std::thread::local::LocalKey<T>::with::hcb694540bd9412e7
[INFO] [stdout]                                at /rustc/90b35a6239c3d8bdabc530a6a0816f7ff89a0aaf/library/std/src/thread/local.rs:260:9
[INFO] [stdout]   26:     0x613b669cf373 - tokio::coop::with_budget::hcc8d456cd1d2bd5e
[INFO] [stdout]                                at /opt/rustwide/cargo-home/registry/src/index.crates.io-6f17d22bba15001f/tokio-1.14.0/src/coop.rs:99:5
[INFO] [stdout]   27:     0x613b669cf373 - tokio::coop::budget::hf5ba33b0df24097c
[INFO] [stdout]                                at /opt/rustwide/cargo-home/registry/src/index.crates.io-6f17d22bba15001f/tokio-1.14.0/src/coop.rs:76:5
[INFO] [stdout]   28:     0x613b669cf373 - tokio::runtime::basic_scheduler::Inner<P>::block_on::{{closure}}::h7c72c1f526b7e146
[INFO] [stdout]                                at /opt/rustwide/cargo-home/registry/src/index.crates.io-6f17d22bba15001f/tokio-1.14.0/src/runtime/basic_scheduler.rs:240:39
[INFO] [stdout]   29:     0x613b669d2e4a - tokio::runtime::basic_scheduler::enter::{{closure}}::h29f31783225bf60f
[INFO] [stdout]                                at /opt/rustwide/cargo-home/registry/src/index.crates.io-6f17d22bba15001f/tokio-1.14.0/src/runtime/basic_scheduler.rs:349:29
[INFO] [stdout]   30:     0x613b66b1e1c5 - tokio::macros::scoped_tls::ScopedKey<T>::set::hb037e3520b9dd515
[INFO] [stdout]                                at /opt/rustwide/cargo-home/registry/src/index.crates.io-6f17d22bba15001f/tokio-1.14.0/src/macros/scoped_tls.rs:61:9
[INFO] [stdout]   31:     0x613b669d2dbc - tokio::runtime::basic_scheduler::enter::he9905efbc438cee1
[INFO] [stdout]                                at /opt/rustwide/cargo-home/registry/src/index.crates.io-6f17d22bba15001f/tokio-1.14.0/src/runtime/basic_scheduler.rs:349:5
[INFO] [stdout]   32:     0x613b669cf043 - tokio::runtime::basic_scheduler::Inner<P>::block_on::h3ebc135cf1dcea5c
[INFO] [stdout]                                at /opt/rustwide/cargo-home/registry/src/index.crates.io-6f17d22bba15001f/tokio-1.14.0/src/runtime/basic_scheduler.rs:230:9
[INFO] [stdout]   33:     0x613b669d16c9 - tokio::runtime::basic_scheduler::InnerGuard<P>::block_on::h4a0d71765427310f
[INFO] [stdout]                                at /opt/rustwide/cargo-home/registry/src/index.crates.io-6f17d22bba15001f/tokio-1.14.0/src/runtime/basic_scheduler.rs:501:9
[INFO] [stdout]   34:     0x613b669d1854 - tokio::runtime::basic_scheduler::BasicScheduler<P>::block_on::h37dff6248f8f586b
[INFO] [stdout]                                at /opt/rustwide/cargo-home/registry/src/index.crates.io-6f17d22bba15001f/tokio-1.14.0/src/runtime/basic_scheduler.rs:186:24
[INFO] [stdout]   35:     0x613b66a8f2d3 - tokio::runtime::Runtime::block_on::h39d59645cd57e36a
[INFO] [stdout]                                at /opt/rustwide/cargo-home/registry/src/index.crates.io-6f17d22bba15001f/tokio-1.14.0/src/runtime/mod.rs:461:46
[INFO] [stdout]   36:     0x613b66adbdb0 - nft_login::web3::tests::test_crypto_boy_on_okt::h2f72a5091033cfa1
[INFO] [stdout]                                at /opt/rustwide/workdir/src/web3.rs:163:9
[INFO] [stdout]   37:     0x613b66adbc67 - nft_login::web3::tests::test_crypto_boy_on_okt::{{closure}}::h06e1d8ffbe3f2e49
[INFO] [stdout]                                at /opt/rustwide/workdir/src/web3.rs:156:38
[INFO] [stdout]   38:     0x613b66a36af6 - core::ops::function::FnOnce::call_once::h5a2277fec9fb37bd
[INFO] [stdout]                                at /rustc/90b35a6239c3d8bdabc530a6a0816f7ff89a0aaf/library/core/src/ops/function.rs:250:5
[INFO] [stdout]   39:     0x613b66b6671b - core::ops::function::FnOnce::call_once::h109cf8051a59b34e
[INFO] [stdout]                                at /rustc/90b35a6239c3d8bdabc530a6a0816f7ff89a0aaf/library/core/src/ops/function.rs:250:5
[INFO] [stdout]   40:     0x613b66b6671b - test::__rust_begin_short_backtrace::hf4fff89d377446ba
[INFO] [stdout]                                at /rustc/90b35a6239c3d8bdabc530a6a0816f7ff89a0aaf/library/test/src/lib.rs:621:18
[INFO] [stdout]   41:     0x613b66b65f57 - test::run_test_in_process::{{closure}}::h0e39181dd7ee5a43
[INFO] [stdout]                                at /rustc/90b35a6239c3d8bdabc530a6a0816f7ff89a0aaf/library/test/src/lib.rs:644:60
[INFO] [stdout]   42:     0x613b66b65f57 - <core::panic::unwind_safe::AssertUnwindSafe<F> as core::ops::function::FnOnce<()>>::call_once::hc5a66a30f0bdfd1f
[INFO] [stdout]                                at /rustc/90b35a6239c3d8bdabc530a6a0816f7ff89a0aaf/library/core/src/panic/unwind_safe.rs:272:9
[INFO] [stdout]   43:     0x613b66b65f57 - std::panicking::try::do_call::h873b7cf639554a5e
[INFO] [stdout]                                at /rustc/90b35a6239c3d8bdabc530a6a0816f7ff89a0aaf/library/std/src/panicking.rs:557:40
[INFO] [stdout]   44:     0x613b66b65f57 - std::panicking::try::hdb19862fad9c8bd1
[INFO] [stdout]                                at /rustc/90b35a6239c3d8bdabc530a6a0816f7ff89a0aaf/library/std/src/panicking.rs:520:19
[INFO] [stdout]   45:     0x613b66b65f57 - std::panic::catch_unwind::h281fe732d236d260
[INFO] [stdout]                                at /rustc/90b35a6239c3d8bdabc530a6a0816f7ff89a0aaf/library/std/src/panic.rs:358:14
[INFO] [stdout]   46:     0x613b66b65f57 - test::run_test_in_process::h949b6df8457ed338
[INFO] [stdout]                                at /rustc/90b35a6239c3d8bdabc530a6a0816f7ff89a0aaf/library/test/src/lib.rs:644:27
[INFO] [stdout]   47:     0x613b66b65f57 - test::run_test::{{closure}}::h52c556a6d4740e10
[INFO] [stdout]                                at /rustc/90b35a6239c3d8bdabc530a6a0816f7ff89a0aaf/library/test/src/lib.rs:565:43
[INFO] [stdout]   48:     0x613b66b2b234 - test::run_test::{{closure}}::h4237f6381c45ccb9
[INFO] [stdout]                                at /rustc/90b35a6239c3d8bdabc530a6a0816f7ff89a0aaf/library/test/src/lib.rs:595:41
[INFO] [stdout]   49:     0x613b66b2b234 - std::sys::backtrace::__rust_begin_short_backtrace::h505c97a579eca628
[INFO] [stdout]                                at /rustc/90b35a6239c3d8bdabc530a6a0816f7ff89a0aaf/library/std/src/sys/backtrace.rs:154:18
[INFO] [stdout]   50:     0x613b66b2e8fe - std::thread::Builder::spawn_unchecked_::{{closure}}::{{closure}}::h9e86b2e2bc107ea3
[INFO] [stdout]                                at /rustc/90b35a6239c3d8bdabc530a6a0816f7ff89a0aaf/library/std/src/thread/mod.rs:538:17
[INFO] [stdout]   51:     0x613b66b2e8fe - <core::panic::unwind_safe::AssertUnwindSafe<F> as core::ops::function::FnOnce<()>>::call_once::h8b06ddb275ff4a25
[INFO] [stdout]                                at /rustc/90b35a6239c3d8bdabc530a6a0816f7ff89a0aaf/library/core/src/panic/unwind_safe.rs:272:9
[INFO] [stdout]   52:     0x613b66b2e8fe - std::panicking::try::do_call::hb26ecd7cd9a9355d
[INFO] [stdout]                                at /rustc/90b35a6239c3d8bdabc530a6a0816f7ff89a0aaf/library/std/src/panicking.rs:557:40
[INFO] [stdout]   53:     0x613b66b2e8fe - std::panicking::try::h8ddeca9d705f9069
[INFO] [stdout]                                at /rustc/90b35a6239c3d8bdabc530a6a0816f7ff89a0aaf/library/std/src/panicking.rs:520:19
[INFO] [stdout]   54:     0x613b66b2e8fe - std::panic::catch_unwind::h49e1c33078844c46
[INFO] [stdout]                                at /rustc/90b35a6239c3d8bdabc530a6a0816f7ff89a0aaf/library/std/src/panic.rs:358:14
[INFO] [stdout]   55:     0x613b66b2e8fe - std::thread::Builder::spawn_unchecked_::{{closure}}::h6073db6ff56ad35d
[INFO] [stdout]                                at /rustc/90b35a6239c3d8bdabc530a6a0816f7ff89a0aaf/library/std/src/thread/mod.rs:537:30
[INFO] [stdout]   56:     0x613b66b2e8fe - core::ops::function::FnOnce::call_once{{vtable.shim}}::h2c5a5f3779c774f1
[INFO] [stdout]                                at /rustc/90b35a6239c3d8bdabc530a6a0816f7ff89a0aaf/library/core/src/ops/function.rs:250:5
[INFO] [stdout]   57:     0x613b67514c5b - <alloc::boxed::Box<F,A> as core::ops::function::FnOnce<Args>>::call_once::hf75717d9f28faebf
[INFO] [stdout]                                at /rustc/90b35a6239c3d8bdabc530a6a0816f7ff89a0aaf/library/alloc/src/boxed.rs:2454:9
[INFO] [stdout]   58:     0x613b67514c5b - <alloc::boxed::Box<F,A> as core::ops::function::FnOnce<Args>>::call_once::h7bd883a5f3c5f3c1
[INFO] [stdout]                                at /rustc/90b35a6239c3d8bdabc530a6a0816f7ff89a0aaf/library/alloc/src/boxed.rs:2454:9
[INFO] [stdout]   59:     0x613b67514c5b - std::sys::pal::unix::thread::Thread::new::thread_start::hcc78f3943333fa94
[INFO] [stdout]                                at /rustc/90b35a6239c3d8bdabc530a6a0816f7ff89a0aaf/library/std/src/sys/pal/unix/thread.rs:105:17
[INFO] [stdout]   60:     0x7dc58ad1dac3 - <unknown>
[INFO] [stdout]   61:     0x7dc58adaea04 - clone
[INFO] [stdout]   62:                0x0 - <unknown>
[INFO] [stdout] 
[INFO] [stdout] ---- authorize::tests::test_code_id_token stdout ----
[INFO] [stdout] Config { ext_hostname: "http://localhost:8000", key_id: "key1", node_provider: {"main": "https://cloudflare-eth.com", "avax": "https://api.avax-test.network/ext/bc/C/rpc", "meter": "https://rpctest.meter.io/", "metis": "https://stardust.metis.io/?owner=588", "okt": "https://exchaintestrpc.okex.org", "polygon": "https://matic-mumbai.chainstacklabs.com/", "clv": "https://rpc-3.clover.finance", "theta": "https://eth-rpc-api-testnet.thetatoken.org/rpc", "kovan": "https://kovan.infura.io/v3/43", "celo": "https://alfajores-forno.celo-testnet.org", "binance": "https://data-seed-prebsc-1-s1.binance.org:8545/", "heco": "https://http-testnet.hecochain.com", "evmos": "https://ethereum.rpc.evmos.dev", "default": "https://kovan.infura.io/v3/43"}, chain_id: {"heco": 256, "avax": 43113, "evmos": 9000, "kovan": 42, "clv": 1023, "celo": 44787, "binance": 97, "main": 1, "default": 42, "okt": 65, "metis": 588, "polygon": 80001, "theta": 365, "meter": 83}, rsa_pem: None }
[INFO] [stdout] Configured for debug.
[INFO] [stdout]    >> address: 127.0.0.1
[INFO] [stdout]    >> port: 8000
[INFO] [stdout]    >> workers: 8
[INFO] [stdout]    >> ident: nft-login
[INFO] [stdout]    >> keep-alive: 5s
[INFO] [stdout]    >> limits: bytes = 8KiB, data-form = 2MiB, file = 1MiB, form = 32KiB, json = 1MiB, msgpack = 1MiB, string = 8KiB
[INFO] [stdout]    >> tls: disabled
[INFO] [stdout]    >> temp dir: /tmp
[INFO] [stdout]    >> log level: normal
[INFO] [stdout]    >> cli colors: true
[INFO] [stdout]    >> shutdown: ctrlc = true, force = true, signals = [SIGTERM], grace = 2s, mercy = 3s
[INFO] [stdout] Routes:
[INFO] [stdout]    >> (default_index) GET /
[INFO] [stdout]    >> (default_jwk) GET /jwk
[INFO] [stdout]    >> (default_token_endpoint) GET /token?<code>
[INFO] [stdout]    >> (default_post_token_endpoint) POST /token
[INFO] [stdout]    >> (index) GET /<realm>
[INFO] [stdout]    >> (cached_indexjs) GET /index.js
[INFO] [stdout]    >> (default_userinfo_endpoint) GET /userinfo
[INFO] [stdout]    >> (default_options_userinfo_endpoint) OPTIONS /userinfo
[INFO] [stdout]    >> (cached_indexcss) GET /index.css
[INFO] [stdout]    >> (default_authorize_endpoint) GET /authorize?<client_id>&<redirect_uri>&<state>&<response_type>&<response_mode>&<nonce>&<account>&<signature>&<realm>&<chain_id>&<contract>
[INFO] [stdout]    >> (cached_sitemaptxt) GET /sitemap.txt
[INFO] [stdout]    >> (jwk) GET /<_realm>/jwk
[INFO] [stdout]    >> (token_endpoint) GET /<realm>/token?<code>
[INFO] [stdout]    >> (post_token_endpoint) POST /<realm>/token
[INFO] [stdout]    >> (userinfo_endpoint) GET /<realm>/userinfo
[INFO] [stdout]    >> (options_userinfo_endpoint) OPTIONS /<realm>/userinfo
[INFO] [stdout]    >> (authorize_endpoint) GET /<realm>/authorize?<client_id>&<redirect_uri>&<state>&<response_type>&<response_mode>&<nonce>&<account>&<signature>&<chain_id>&<contract>
[INFO] [stdout]    >> (default_configuration) GET /.well-known/openid-configuration
[INFO] [stdout]    >> (configuration) GET /<realm>/.well-known/openid-configuration
[INFO] [stdout]    >> (authorize_well_known) GET /<realm>/authorize/.well-known/openid-configuration
[INFO] [stdout]    >> (well_known_oauth_authorization_server) GET /.well-known/oauth-authorization-server/<realm>/authorize
[INFO] [stdout] Catchers:
[INFO] [stdout]    >> (unauthorized) 401
[INFO] [stdout] Fairings:
[INFO] [stdout]    >> Attaching CORS headers to responses (response)
[INFO] [stdout]    >> Shield (liftoff, response, singleton)
[INFO] [stdout]    >> Static Resources (Debug) (ignite)
[INFO] [stdout] Shield:
[INFO] [stdout]    >> X-Frame-Options: SAMEORIGIN
[INFO] [stdout]    >> Permissions-Policy: interest-cohort=()
[INFO] [stdout]    >> X-Content-Type-Options: nosniff
[INFO] [stdout] Rocket has launched into local orbit
[INFO] [stdout] GET /authorize?client_id=foo&realm=okt&redirect_uri=https://example.com&nonce=dotzxrenodo&contract=0x886B6781CD7dF75d8440Aba84216b2671AEFf9A4&account=0x9c9e8eabd947658bdb713e0d3ebfe56860abdb8d&signature=0x87b709d1e84aab056cf089af31e8d7c891d6f363663ff3eeb4bbb4c4e0602b2e3edf117fe548626b8d83e3b2c530cb55e2baff29ca54dbd495bb45764d9aa44c1c&state=state&code=code&id_token=id_token&response_type=code+id_token:
[INFO] [stdout]    >> Matched: (default_authorize_endpoint) GET /authorize?<client_id>&<redirect_uri>&<state>&<response_type>&<response_mode>&<nonce>&<account>&<signature>&<realm>&<chain_id>&<contract>
[INFO] [stdout]    >> Outcome: Success
[INFO] [stdout] thread 'authorize::tests::test_code_id_token' panicked at src/authorize.rs:324:9:
[INFO] [stdout] assertion `left == right` failed
[INFO] [stdout]   left: Status { code: 401 }
[INFO] [stdout]  right: Status { code: 307 }
[INFO] [stdout] stack backtrace:
[INFO] [stdout]    0:     0x613b6750f22a - std::backtrace_rs::backtrace::libunwind::trace::h5a5b8284f2d0c266
[INFO] [stdout]                                at /rustc/90b35a6239c3d8bdabc530a6a0816f7ff89a0aaf/library/std/src/../../backtrace/src/backtrace/libunwind.rs:116:5
[INFO] [stdout]    1:     0x613b6750f22a - std::backtrace_rs::backtrace::trace_unsynchronized::h76d4f1c9b0b875e3
[INFO] [stdout]                                at /rustc/90b35a6239c3d8bdabc530a6a0816f7ff89a0aaf/library/std/src/../../backtrace/src/backtrace/mod.rs:66:5
[INFO] [stdout]    2:     0x613b6750f22a - std::sys::backtrace::_print_fmt::hc4546b8364a537c6
[INFO] [stdout]                                at /rustc/90b35a6239c3d8bdabc530a6a0816f7ff89a0aaf/library/std/src/sys/backtrace.rs:66:9
[INFO] [stdout]    3:     0x613b6750f22a - <std::sys::backtrace::BacktraceLock::print::DisplayBacktrace as core::fmt::Display>::fmt::h5b6bd5631a6d1f6b
[INFO] [stdout]                                at /rustc/90b35a6239c3d8bdabc530a6a0816f7ff89a0aaf/library/std/src/sys/backtrace.rs:39:26
[INFO] [stdout]    4:     0x613b67539023 - core::fmt::rt::Argument::fmt::h270f6602a2b96f62
[INFO] [stdout]                                at /rustc/90b35a6239c3d8bdabc530a6a0816f7ff89a0aaf/library/core/src/fmt/rt.rs:177:76
[INFO] [stdout]    5:     0x613b67539023 - core::fmt::write::h7550c97b06c86515
[INFO] [stdout]                                at /rustc/90b35a6239c3d8bdabc530a6a0816f7ff89a0aaf/library/core/src/fmt/mod.rs:1186:21
[INFO] [stdout]    6:     0x613b6750b783 - std::io::Write::write_fmt::h509ff860e5956e5e
[INFO] [stdout]                                at /rustc/90b35a6239c3d8bdabc530a6a0816f7ff89a0aaf/library/std/src/io/mod.rs:1839:15
[INFO] [stdout]    7:     0x613b6750f072 - std::sys::backtrace::BacktraceLock::print::h2395ccd2c84ba3aa
[INFO] [stdout]                                at /rustc/90b35a6239c3d8bdabc530a6a0816f7ff89a0aaf/library/std/src/sys/backtrace.rs:42:9
[INFO] [stdout]    8:     0x613b6751068a - std::panicking::default_hook::{{closure}}::he19d4c7230e07961
[INFO] [stdout]                                at /rustc/90b35a6239c3d8bdabc530a6a0816f7ff89a0aaf/library/std/src/panicking.rs:268:22
[INFO] [stdout]    9:     0x613b67510494 - std::panicking::default_hook::hf614597d3c67bbdb
[INFO] [stdout]                                at /rustc/90b35a6239c3d8bdabc530a6a0816f7ff89a0aaf/library/std/src/panicking.rs:292:9
[INFO] [stdout]   10:     0x613b66b61d59 - <alloc::boxed::Box<F,A> as core::ops::function::Fn<Args>>::call::h39b51ce4599c23d1
[INFO] [stdout]                                at /rustc/90b35a6239c3d8bdabc530a6a0816f7ff89a0aaf/library/alloc/src/boxed.rs:2468:9
[INFO] [stdout]   11:     0x613b66b61d59 - test::test_main::{{closure}}::he977ae839a582784
[INFO] [stdout]                                at /rustc/90b35a6239c3d8bdabc530a6a0816f7ff89a0aaf/library/test/src/lib.rs:133:21
[INFO] [stdout]   12:     0x613b67510d28 - <alloc::boxed::Box<F,A> as core::ops::function::Fn<Args>>::call::h9455091b6b06f9fb
[INFO] [stdout]                                at /rustc/90b35a6239c3d8bdabc530a6a0816f7ff89a0aaf/library/alloc/src/boxed.rs:2468:9
[INFO] [stdout]   13:     0x613b67510d28 - std::panicking::rust_panic_with_hook::h8942133a8b252070
[INFO] [stdout]                                at /rustc/90b35a6239c3d8bdabc530a6a0816f7ff89a0aaf/library/std/src/panicking.rs:809:13
[INFO] [stdout]   14:     0x613b67510aea - std::panicking::begin_panic_handler::{{closure}}::hb5f5963570096b29
[INFO] [stdout]                                at /rustc/90b35a6239c3d8bdabc530a6a0816f7ff89a0aaf/library/std/src/panicking.rs:674:13
[INFO] [stdout]   15:     0x613b6750f709 - std::sys::backtrace::__rust_end_short_backtrace::h6208cedc1922feda
[INFO] [stdout]                                at /rustc/90b35a6239c3d8bdabc530a6a0816f7ff89a0aaf/library/std/src/sys/backtrace.rs:170:18
[INFO] [stdout]   16:     0x613b6751077c - rust_begin_unwind
[INFO] [stdout]                                at /rustc/90b35a6239c3d8bdabc530a6a0816f7ff89a0aaf/library/std/src/panicking.rs:665:5
[INFO] [stdout]   17:     0x613b669a92a0 - core::panicking::panic_fmt::h0c3082644d1bf418
[INFO] [stdout]                                at /rustc/90b35a6239c3d8bdabc530a6a0816f7ff89a0aaf/library/core/src/panicking.rs:74:14
[INFO] [stdout]   18:     0x613b669a96a4 - core::panicking::assert_failed_inner::h2ddf1fcc067fa858
[INFO] [stdout]   19:     0x613b66a66500 - core::panicking::assert_failed::h70362da2c3bffbd3
[INFO] [stdout]                                at /rustc/90b35a6239c3d8bdabc530a6a0816f7ff89a0aaf/library/core/src/panicking.rs:367:5
[INFO] [stdout]   20:     0x613b66ad6508 - nft_login::authorize::tests::test_code_id_token::hc34b4b195ae666b8
[INFO] [stdout]                                at /opt/rustwide/workdir/src/authorize.rs:324:9
[INFO] [stdout]   21:     0x613b66ad5c97 - nft_login::authorize::tests::test_code_id_token::{{closure}}::h385a58279f5e0f8a
[INFO] [stdout]                                at /opt/rustwide/workdir/src/authorize.rs:307:28
[INFO] [stdout]   22:     0x613b66a37c36 - core::ops::function::FnOnce::call_once::hfa472b077ae7cd1b
[INFO] [stdout]                                at /rustc/90b35a6239c3d8bdabc530a6a0816f7ff89a0aaf/library/core/src/ops/function.rs:250:5
[INFO] [stdout]   23:     0x613b66b6671b - core::ops::function::FnOnce::call_once::h109cf8051a59b34e
[INFO] [stdout]                                at /rustc/90b35a6239c3d8bdabc530a6a0816f7ff89a0aaf/library/core/src/ops/function.rs:250:5
[INFO] [stdout]   24:     0x613b66b6671b - test::__rust_begin_short_backtrace::hf4fff89d377446ba
[INFO] [stdout]                                at /rustc/90b35a6239c3d8bdabc530a6a0816f7ff89a0aaf/library/test/src/lib.rs:621:18
[INFO] [stdout]   25:     0x613b66b65f57 - test::run_test_in_process::{{closure}}::h0e39181dd7ee5a43
[INFO] [stdout]                                at /rustc/90b35a6239c3d8bdabc530a6a0816f7ff89a0aaf/library/test/src/lib.rs:644:60
[INFO] [stdout]   26:     0x613b66b65f57 - <core::panic::unwind_safe::AssertUnwindSafe<F> as core::ops::function::FnOnce<()>>::call_once::hc5a66a30f0bdfd1f
[INFO] [stdout]                                at /rustc/90b35a6239c3d8bdabc530a6a0816f7ff89a0aaf/library/core/src/panic/unwind_safe.rs:272:9
[INFO] [stdout]   27:     0x613b66b65f57 - std::panicking::try::do_call::h873b7cf639554a5e
[INFO] [stdout]                                at /rustc/90b35a6239c3d8bdabc530a6a0816f7ff89a0aaf/library/std/src/panicking.rs:557:40
[INFO] [stdout]   28:     0x613b66b65f57 - std::panicking::try::hdb19862fad9c8bd1
[INFO] [stdout]                                at /rustc/90b35a6239c3d8bdabc530a6a0816f7ff89a0aaf/library/std/src/panicking.rs:520:19
[INFO] [stdout]   29:     0x613b66b65f57 - std::panic::catch_unwind::h281fe732d236d260
[INFO] [stdout]                                at /rustc/90b35a6239c3d8bdabc530a6a0816f7ff89a0aaf/library/std/src/panic.rs:358:14
[INFO] [stdout]   30:     0x613b66b65f57 - test::run_test_in_process::h949b6df8457ed338
[INFO] [stdout]                                at /rustc/90b35a6239c3d8bdabc530a6a0816f7ff89a0aaf/library/test/src/lib.rs:644:27
[INFO] [stdout]   31:     0x613b66b65f57 - test::run_test::{{closure}}::h52c556a6d4740e10
[INFO] [stdout]                                at /rustc/90b35a6239c3d8bdabc530a6a0816f7ff89a0aaf/library/test/src/lib.rs:565:43
[INFO] [stdout]   32:     0x613b66b2b234 - test::run_test::{{closure}}::h4237f6381c45ccb9
[INFO] [stdout]                                at /rustc/90b35a6239c3d8bdabc530a6a0816f7ff89a0aaf/library/test/src/lib.rs:595:41
[INFO] [stdout]   33:     0x613b66b2b234 - std::sys::backtrace::__rust_begin_short_backtrace::h505c97a579eca628
[INFO] [stdout]                                at /rustc/90b35a6239c3d8bdabc530a6a0816f7ff89a0aaf/library/std/src/sys/backtrace.rs:154:18
[INFO] [stdout]   34:     0x613b66b2e8fe - std::thread::Builder::spawn_unchecked_::{{closure}}::{{closure}}::h9e86b2e2bc107ea3
[INFO] [stdout]                                at /rustc/90b35a6239c3d8bdabc530a6a0816f7ff89a0aaf/library/std/src/thread/mod.rs:538:17
[INFO] [stdout]   35:     0x613b66b2e8fe - <core::panic::unwind_safe::AssertUnwindSafe<F> as core::ops::function::FnOnce<()>>::call_once::h8b06ddb275ff4a25
[INFO] [stdout]                                at /rustc/90b35a6239c3d8bdabc530a6a0816f7ff89a0aaf/library/core/src/panic/unwind_safe.rs:272:9
[INFO] [stdout]   36:     0x613b66b2e8fe - std::panicking::try::do_call::hb26ecd7cd9a9355d
[INFO] [stdout]                                at /rustc/90b35a6239c3d8bdabc530a6a0816f7ff89a0aaf/library/std/src/panicking.rs:557:40
[INFO] [stdout]   37:     0x613b66b2e8fe - std::panicking::try::h8ddeca9d705f9069
[INFO] [stdout]                                at /rustc/90b35a6239c3d8bdabc530a6a0816f7ff89a0aaf/library/std/src/panicking.rs:520:19
[INFO] [stdout]   38:     0x613b66b2e8fe - std::panic::catch_unwind::h49e1c33078844c46
[INFO] [stdout]                                at /rustc/90b35a6239c3d8bdabc530a6a0816f7ff89a0aaf/library/std/src/panic.rs:358:14
[INFO] [stdout]   39:     0x613b66b2e8fe - std::thread::Builder::spawn_unchecked_::{{closure}}::h6073db6ff56ad35d
[INFO] [stdout]                                at /rustc/90b35a6239c3d8bdabc530a6a0816f7ff89a0aaf/library/std/src/thread/mod.rs:537:30
[INFO] [stdout]   40:     0x613b66b2e8fe - core::ops::function::FnOnce::call_once{{vtable.shim}}::h2c5a5f3779c774f1
[INFO] [stdout]                                at /rustc/90b35a6239c3d8bdabc530a6a0816f7ff89a0aaf/library/core/src/ops/function.rs:250:5
[INFO] [stdout]   41:     0x613b67514c5b - <alloc::boxed::Box<F,A> as core::ops::function::FnOnce<Args>>::call_once::hf75717d9f28faebf
[INFO] [stdout]                                at /rustc/90b35a6239c3d8bdabc530a6a0816f7ff89a0aaf/library/alloc/src/boxed.rs:2454:9
[INFO] [stdout]   42:     0x613b67514c5b - <alloc::boxed::Box<F,A> as core::ops::function::FnOnce<Args>>::call_once::h7bd883a5f3c5f3c1
[INFO] [stdout]                                at /rustc/90b35a6239c3d8bdabc530a6a0816f7ff89a0aaf/library/alloc/src/boxed.rs:2454:9
[INFO] [stdout]   43:     0x613b67514c5b - std::sys::pal::unix::thread::Thread::new::thread_start::hcc78f3943333fa94
[INFO] [stdout]                                at /rustc/90b35a6239c3d8bdabc530a6a0816f7ff89a0aaf/library/std/src/sys/pal/unix/thread.rs:105:17
[INFO] [stdout]   44:     0x7dc58ad1dac3 - <unknown>
[INFO] [stdout]   45:     0x7dc58adaea04 - clone
[INFO] [stdout]   46:                0x0 - <unknown>
[INFO] [stdout] 
[INFO] [stdout] ---- authorize::tests::test_state stdout ----
[INFO] [stdout] Config { ext_hostname: "http://localhost:8000", key_id: "key1", node_provider: {"evmos": "https://ethereum.rpc.evmos.dev", "heco": "https://http-testnet.hecochain.com", "celo": "https://alfajores-forno.celo-testnet.org", "kovan": "https://kovan.infura.io/v3/43", "main": "https://cloudflare-eth.com", "meter": "https://rpctest.meter.io/", "okt": "https://exchaintestrpc.okex.org", "metis": "https://stardust.metis.io/?owner=588", "polygon": "https://matic-mumbai.chainstacklabs.com/", "theta": "https://eth-rpc-api-testnet.thetatoken.org/rpc", "avax": "https://api.avax-test.network/ext/bc/C/rpc", "binance": "https://data-seed-prebsc-1-s1.binance.org:8545/", "default": "https://kovan.infura.io/v3/43", "clv": "https://rpc-3.clover.finance"}, chain_id: {"metis": 588, "theta": 365, "meter": 83, "clv": 1023, "avax": 43113, "binance": 97, "default": 42, "heco": 256, "kovan": 42, "polygon": 80001, "okt": 65, "evmos": 9000, "celo": 44787, "main": 1}, rsa_pem: None }
[INFO] [stdout] Configured for debug.
[INFO] [stdout]    >> address: 127.0.0.1
[INFO] [stdout]    >> port: 8000
[INFO] [stdout]    >> workers: 8
[INFO] [stdout]    >> ident: nft-login
[INFO] [stdout]    >> keep-alive: 5s
[INFO] [stdout]    >> limits: bytes = 8KiB, data-form = 2MiB, file = 1MiB, form = 32KiB, json = 1MiB, msgpack = 1MiB, string = 8KiB
[INFO] [stdout]    >> tls: disabled
[INFO] [stdout]    >> temp dir: /tmp
[INFO] [stdout]    >> log level: normal
[INFO] [stdout]    >> cli colors: true
[INFO] [stdout]    >> shutdown: ctrlc = true, force = true, signals = [SIGTERM], grace = 2s, mercy = 3s
[INFO] [stdout] Routes:
[INFO] [stdout]    >> (default_index) GET /
[INFO] [stdout]    >> (default_jwk) GET /jwk
[INFO] [stdout]    >> (default_token_endpoint) GET /token?<code>
[INFO] [stdout]    >> (default_post_token_endpoint) POST /token
[INFO] [stdout]    >> (index) GET /<realm>
[INFO] [stdout]    >> (cached_indexjs) GET /index.js
[INFO] [stdout]    >> (default_userinfo_endpoint) GET /userinfo
[INFO] [stdout]    >> (default_options_userinfo_endpoint) OPTIONS /userinfo
[INFO] [stdout]    >> (cached_indexcss) GET /index.css
[INFO] [stdout]    >> (default_authorize_endpoint) GET /authorize?<client_id>&<redirect_uri>&<state>&<response_type>&<response_mode>&<nonce>&<account>&<signature>&<realm>&<chain_id>&<contract>
[INFO] [stdout]    >> (cached_sitemaptxt) GET /sitemap.txt
[INFO] [stdout]    >> (jwk) GET /<_realm>/jwk
[INFO] [stdout]    >> (token_endpoint) GET /<realm>/token?<code>
[INFO] [stdout]    >> (post_token_endpoint) POST /<realm>/token
[INFO] [stdout]    >> (userinfo_endpoint) GET /<realm>/userinfo
[INFO] [stdout]    >> (options_userinfo_endpoint) OPTIONS /<realm>/userinfo
[INFO] [stdout]    >> (authorize_endpoint) GET /<realm>/authorize?<client_id>&<redirect_uri>&<state>&<response_type>&<response_mode>&<nonce>&<account>&<signature>&<chain_id>&<contract>
[INFO] [stdout]    >> (default_configuration) GET /.well-known/openid-configuration
[INFO] [stdout]    >> (configuration) GET /<realm>/.well-known/openid-configuration
[INFO] [stdout]    >> (authorize_well_known) GET /<realm>/authorize/.well-known/openid-configuration
[INFO] [stdout]    >> (well_known_oauth_authorization_server) GET /.well-known/oauth-authorization-server/<realm>/authorize
[INFO] [stdout] Catchers:
[INFO] [stdout]    >> (unauthorized) 401
[INFO] [stdout] Fairings:
[INFO] [stdout]    >> Static Resources (Debug) (ignite)
[INFO] [stdout]    >> Shield (liftoff, response, singleton)
[INFO] [stdout]    >> Attaching CORS headers to responses (response)
[INFO] [stdout] Shield:
[INFO] [stdout]    >> Permissions-Policy: interest-cohort=()
[INFO] [stdout]    >> X-Content-Type-Options: nosniff
[INFO] [stdout]    >> X-Frame-Options: SAMEORIGIN
[INFO] [stdout] Rocket has launched into local orbit
[INFO] [stdout] GET /authorize?client_id=foo&realm=okt&redirect_uri=https://example.com&nonce=dotzxrenodo&contract=0x886B6781CD7dF75d8440Aba84216b2671AEFf9A4&account=0x9c9e8eabd947658bdb713e0d3ebfe56860abdb8d&signature=0x87b709d1e84aab056cf089af31e8d7c891d6f363663ff3eeb4bbb4c4e0602b2e3edf117fe548626b8d83e3b2c530cb55e2baff29ca54dbd495bb45764d9aa44c1c&state=state:
[INFO] [stdout]    >> Matched: (default_authorize_endpoint) GET /authorize?<client_id>&<redirect_uri>&<state>&<response_type>&<response_mode>&<nonce>&<account>&<signature>&<realm>&<chain_id>&<contract>
[INFO] [stdout]    >> Outcome: Success
[INFO] [stdout] thread 'authorize::tests::test_state' panicked at src/authorize.rs:291:9:
[INFO] [stdout] assertion `left == right` failed
[INFO] [stdout]   left: Status { code: 401 }
[INFO] [stdout]  right: Status { code: 307 }
[INFO] [stdout] stack backtrace:
[INFO] [stdout]    0:     0x613b6750f22a - std::backtrace_rs::backtrace::libunwind::trace::h5a5b8284f2d0c266
[INFO] [stdout]                                at /rustc/90b35a6239c3d8bdabc530a6a0816f7ff89a0aaf/library/std/src/../../backtrace/src/backtrace/libunwind.rs:116:5
[INFO] [stdout]    1:     0x613b6750f22a - std::backtrace_rs::backtrace::trace_unsynchronized::h76d4f1c9b0b875e3
[INFO] [stdout]                                at /rustc/90b35a6239c3d8bdabc530a6a0816f7ff89a0aaf/library/std/src/../../backtrace/src/backtrace/mod.rs:66:5
[INFO] [stdout]    2:     0x613b6750f22a - std::sys::backtrace::_print_fmt::hc4546b8364a537c6
[INFO] [stdout]                                at /rustc/90b35a6239c3d8bdabc530a6a0816f7ff89a0aaf/library/std/src/sys/backtrace.rs:66:9
[INFO] [stdout]    3:     0x613b6750f22a - <std::sys::backtrace::BacktraceLock::print::DisplayBacktrace as core::fmt::Display>::fmt::h5b6bd5631a6d1f6b
[INFO] [stdout]                                at /rustc/90b35a6239c3d8bdabc530a6a0816f7ff89a0aaf/library/std/src/sys/backtrace.rs:39:26
[INFO] [stdout]    4:     0x613b67539023 - core::fmt::rt::Argument::fmt::h270f6602a2b96f62
[INFO] [stdout]                                at /rustc/90b35a6239c3d8bdabc530a6a0816f7ff89a0aaf/library/core/src/fmt/rt.rs:177:76
[INFO] [stdout]    5:     0x613b67539023 - core::fmt::write::h7550c97b06c86515
[INFO] [stdout]                                at /rustc/90b35a6239c3d8bdabc530a6a0816f7ff89a0aaf/library/core/src/fmt/mod.rs:1186:21
[INFO] [stdout]    6:     0x613b6750b783 - std::io::Write::write_fmt::h509ff860e5956e5e
[INFO] [stdout]                                at /rustc/90b35a6239c3d8bdabc530a6a0816f7ff89a0aaf/library/std/src/io/mod.rs:1839:15
[INFO] [stdout]    7:     0x613b6750f072 - std::sys::backtrace::BacktraceLock::print::h2395ccd2c84ba3aa
[INFO] [stdout]                                at /rustc/90b35a6239c3d8bdabc530a6a0816f7ff89a0aaf/library/std/src/sys/backtrace.rs:42:9
[INFO] [stdout]    8:     0x613b6751068a - std::panicking::default_hook::{{closure}}::he19d4c7230e07961
[INFO] [stdout]                                at /rustc/90b35a6239c3d8bdabc530a6a0816f7ff89a0aaf/library/std/src/panicking.rs:268:22
[INFO] [stdout]    9:     0x613b67510494 - std::panicking::default_hook::hf614597d3c67bbdb
[INFO] [stdout]                                at /rustc/90b35a6239c3d8bdabc530a6a0816f7ff89a0aaf/library/std/src/panicking.rs:292:9
[INFO] [stdout]   10:     0x613b66b61d59 - <alloc::boxed::Box<F,A> as core::ops::function::Fn<Args>>::call::h39b51ce4599c23d1
[INFO] [stdout]                                at /rustc/90b35a6239c3d8bdabc530a6a0816f7ff89a0aaf/library/alloc/src/boxed.rs:2468:9
[INFO] [stdout]   11:     0x613b66b61d59 - test::test_main::{{closure}}::he977ae839a582784
[INFO] [stdout]                                at /rustc/90b35a6239c3d8bdabc530a6a0816f7ff89a0aaf/library/test/src/lib.rs:133:21
[INFO] [stdout]   12:     0x613b67510d28 - <alloc::boxed::Box<F,A> as core::ops::function::Fn<Args>>::call::h9455091b6b06f9fb
[INFO] [stdout]                                at /rustc/90b35a6239c3d8bdabc530a6a0816f7ff89a0aaf/library/alloc/src/boxed.rs:2468:9
[INFO] [stdout]   13:     0x613b67510d28 - std::panicking::rust_panic_with_hook::h8942133a8b252070
[INFO] [stdout]                                at /rustc/90b35a6239c3d8bdabc530a6a0816f7ff89a0aaf/library/std/src/panicking.rs:809:13
[INFO] [stdout]   14:     0x613b67510aea - std::panicking::begin_panic_handler::{{closure}}::hb5f5963570096b29
[INFO] [stdout]                                at /rustc/90b35a6239c3d8bdabc530a6a0816f7ff89a0aaf/library/std/src/panicking.rs:674:13
[INFO] [stdout]   15:     0x613b6750f709 - std::sys::backtrace::__rust_end_short_backtrace::h6208cedc1922feda
[INFO] [stdout]                                at /rustc/90b35a6239c3d8bdabc530a6a0816f7ff89a0aaf/library/std/src/sys/backtrace.rs:170:18
[INFO] [stdout]   16:     0x613b6751077c - rust_begin_unwind
[INFO] [stdout]                                at /rustc/90b35a6239c3d8bdabc530a6a0816f7ff89a0aaf/library/std/src/panicking.rs:665:5
[INFO] [stdout]   17:     0x613b669a92a0 - core::panicking::panic_fmt::h0c3082644d1bf418
[INFO] [stdout]                                at /rustc/90b35a6239c3d8bdabc530a6a0816f7ff89a0aaf/library/core/src/panicking.rs:74:14
[INFO] [stdout]   18:     0x613b669a96a4 - core::panicking::assert_failed_inner::h2ddf1fcc067fa858
[INFO] [stdout]   19:     0x613b66a66500 - core::panicking::assert_failed::h70362da2c3bffbd3
[INFO] [stdout]                                at /rustc/90b35a6239c3d8bdabc530a6a0816f7ff89a0aaf/library/core/src/panicking.rs:367:5
[INFO] [stdout]   20:     0x613b66ad5853 - nft_login::authorize::tests::test_state::h40b1ffc946a17724
[INFO] [stdout]                                at /opt/rustwide/workdir/src/authorize.rs:291:9
[INFO] [stdout]   21:     0x613b66ad5187 - nft_login::authorize::tests::test_state::{{closure}}::h79541b2975423f55
[INFO] [stdout]                                at /opt/rustwide/workdir/src/authorize.rs:276:20
[INFO] [stdout]   22:     0x613b66a36786 - core::ops::function::FnOnce::call_once::h2d5bdbbd9ec878e6
[INFO] [stdout]                                at /rustc/90b35a6239c3d8bdabc530a6a0816f7ff89a0aaf/library/core/src/ops/function.rs:250:5
[INFO] [stdout]   23:     0x613b66b6671b - core::ops::function::FnOnce::call_once::h109cf8051a59b34e
[INFO] [stdout]                                at /rustc/90b35a6239c3d8bdabc530a6a0816f7ff89a0aaf/library/core/src/ops/function.rs:250:5
[INFO] [stdout]   24:     0x613b66b6671b - test::__rust_begin_short_backtrace::hf4fff89d377446ba
[INFO] [stdout]                                at /rustc/90b35a6239c3d8bdabc530a6a0816f7ff89a0aaf/library/test/src/lib.rs:621:18
[INFO] [stdout]   25:     0x613b66b65f57 - test::run_test_in_process::{{closure}}::h0e39181dd7ee5a43
[INFO] [stdout]                                at /rustc/90b35a6239c3d8bdabc530a6a0816f7ff89a0aaf/library/test/src/lib.rs:644:60
[INFO] [stdout]   26:     0x613b66b65f57 - <core::panic::unwind_safe::AssertUnwindSafe<F> as core::ops::function::FnOnce<()>>::call_once::hc5a66a30f0bdfd1f
[INFO] [stdout]                                at /rustc/90b35a6239c3d8bdabc530a6a0816f7ff89a0aaf/library/core/src/panic/unwind_safe.rs:272:9
[INFO] [stdout]   27:     0x613b66b65f57 - std::panicking::try::do_call::h873b7cf639554a5e
[INFO] [stdout]                                at /rustc/90b35a6239c3d8bdabc530a6a0816f7ff89a0aaf/library/std/src/panicking.rs:557:40
[INFO] [stdout]   28:     0x613b66b65f57 - std::panicking::try::hdb19862fad9c8bd1
[INFO] [stdout]                                at /rustc/90b35a6239c3d8bdabc530a6a0816f7ff89a0aaf/library/std/src/panicking.rs:520:19
[INFO] [stdout]   29:     0x613b66b65f57 - std::panic::catch_unwind::h281fe732d236d260
[INFO] [stdout]                                at /rustc/90b35a6239c3d8bdabc530a6a0816f7ff89a0aaf/library/std/src/panic.rs:358:14
[INFO] [stdout]   30:     0x613b66b65f57 - test::run_test_in_process::h949b6df8457ed338
[INFO] [stdout]                                at /rustc/90b35a6239c3d8bdabc530a6a0816f7ff89a0aaf/library/test/src/lib.rs:644:27
[INFO] [stdout]   31:     0x613b66b65f57 - test::run_test::{{closure}}::h52c556a6d4740e10
[INFO] [stdout]                                at /rustc/90b35a6239c3d8bdabc530a6a0816f7ff89a0aaf/library/test/src/lib.rs:565:43
[INFO] [stdout]   32:     0x613b66b2b234 - test::run_test::{{closure}}::h4237f6381c45ccb9
[INFO] [stdout]                                at /rustc/90b35a6239c3d8bdabc530a6a0816f7ff89a0aaf/library/test/src/lib.rs:595:41
[INFO] [stdout]   33:     0x613b66b2b234 - std::sys::backtrace::__rust_begin_short_backtrace::h505c97a579eca628
[INFO] [stdout]                                at /rustc/90b35a6239c3d8bdabc530a6a0816f7ff89a0aaf/library/std/src/sys/backtrace.rs:154:18
[INFO] [stdout]   34:     0x613b66b2e8fe - std::thread::Builder::spawn_unchecked_::{{closure}}::{{closure}}::h9e86b2e2bc107ea3
[INFO] [stdout]                                at /rustc/90b35a6239c3d8bdabc530a6a0816f7ff89a0aaf/library/std/src/thread/mod.rs:538:17
[INFO] [stdout]   35:     0x613b66b2e8fe - <core::panic::unwind_safe::AssertUnwindSafe<F> as core::ops::function::FnOnce<()>>::call_once::h8b06ddb275ff4a25
[INFO] [stdout]                                at /rustc/90b35a6239c3d8bdabc530a6a0816f7ff89a0aaf/library/core/src/panic/unwind_safe.rs:272:9
[INFO] [stdout]   36:     0x613b66b2e8fe - std::panicking::try::do_call::hb26ecd7cd9a9355d
[INFO] [stdout]                                at /rustc/90b35a6239c3d8bdabc530a6a0816f7ff89a0aaf/library/std/src/panicking.rs:557:40
[INFO] [stdout]   37:     0x613b66b2e8fe - std::panicking::try::h8ddeca9d705f9069
[INFO] [stdout]                                at /rustc/90b35a6239c3d8bdabc530a6a0816f7ff89a0aaf/library/std/src/panicking.rs:520:19
[INFO] [stdout]   38:     0x613b66b2e8fe - std::panic::catch_unwind::h49e1c33078844c46
[INFO] [stdout]                                at /rustc/90b35a6239c3d8bdabc530a6a0816f7ff89a0aaf/library/std/src/panic.rs:358:14
[INFO] [stdout]   39:     0x613b66b2e8fe - std::thread::Builder::spawn_unchecked_::{{closure}}::h6073db6ff56ad35d
[INFO] [stdout]                                at /rustc/90b35a6239c3d8bdabc530a6a0816f7ff89a0aaf/library/std/src/thread/mod.rs:537:30
[INFO] [stdout]   40:     0x613b66b2e8fe - core::ops::function::FnOnce::call_once{{vtable.shim}}::h2c5a5f3779c774f1
[INFO] [stdout]                                at /rustc/90b35a6239c3d8bdabc530a6a0816f7ff89a0aaf/library/core/src/ops/function.rs:250:5
[INFO] [stdout]   41:     0x613b67514c5b - <alloc::boxed::Box<F,A> as core::ops::function::FnOnce<Args>>::call_once::hf75717d9f28faebf
[INFO] [stdout]                                at /rustc/90b35a6239c3d8bdabc530a6a0816f7ff89a0aaf/library/alloc/src/boxed.rs:2454:9
[INFO] [stdout]   42:     0x613b67514c5b - <alloc::boxed::Box<F,A> as core::ops::function::FnOnce<Args>>::call_once::h7bd883a5f3c5f3c1
[INFO] [stdout]                                at /rustc/90b35a6239c3d8bdabc530a6a0816f7ff89a0aaf/library/alloc/src/boxed.rs:2454:9
[INFO] [stdout]   43:     0x613b67514c5b - std::sys::pal::unix::thread::Thread::new::thread_start::hcc78f3943333fa94
[INFO] [stdout]                                at /rustc/90b35a6239c3d8bdabc530a6a0816f7ff89a0aaf/library/std/src/sys/pal/unix/thread.rs:105:17
[INFO] [stdout]   44:     0x7dc58ad1dac3 - <unknown>
[INFO] [stdout]   45:     0x7dc58adaea04 - clone
[INFO] [stdout]   46:                0x0 - <unknown>
[INFO] [stdout] 
[INFO] [stdout] ---- authorize::tests::account_is_owner stdout ----
[INFO] [stdout] Config { ext_hostname: "http://localhost:8000", key_id: "key1", node_provider: {"metis": "https://stardust.metis.io/?owner=588", "default": "https://kovan.infura.io/v3/43", "heco": "https://http-testnet.hecochain.com", "avax": "https://api.avax-test.network/ext/bc/C/rpc", "clv": "https://rpc-3.clover.finance", "binance": "https://data-seed-prebsc-1-s1.binance.org:8545/", "celo": "https://alfajores-forno.celo-testnet.org", "kovan": "https://kovan.infura.io/v3/43", "main": "https://cloudflare-eth.com", "evmos": "https://ethereum.rpc.evmos.dev", "meter": "https://rpctest.meter.io/", "okt": "https://exchaintestrpc.okex.org", "polygon": "https://matic-mumbai.chainstacklabs.com/", "theta": "https://eth-rpc-api-testnet.thetatoken.org/rpc"}, chain_id: {"meter": 83, "main": 1, "celo": 44787, "avax": 43113, "clv": 1023, "metis": 588, "heco": 256, "okt": 65, "polygon": 80001, "default": 42, "theta": 365, "evmos": 9000, "binance": 97, "kovan": 42}, rsa_pem: None }
[INFO] [stdout] Configured for debug.
[INFO] [stdout]    >> address: 127.0.0.1
[INFO] [stdout]    >> port: 8000
[INFO] [stdout]    >> workers: 8
[INFO] [stdout]    >> ident: nft-login
[INFO] [stdout]    >> keep-alive: 5s
[INFO] [stdout]    >> limits: bytes = 8KiB, data-form = 2MiB, file = 1MiB, form = 32KiB, json = 1MiB, msgpack = 1MiB, string = 8KiB
[INFO] [stdout]    >> tls: disabled
[INFO] [stdout]    >> temp dir: /tmp
[INFO] [stdout]    >> log level: normal
[INFO] [stdout]    >> cli colors: true
[INFO] [stdout]    >> shutdown: ctrlc = true, force = true, signals = [SIGTERM], grace = 2s, mercy = 3s
[INFO] [stdout] Routes:
[INFO] [stdout]    >> (default_index) GET /
[INFO] [stdout]    >> (default_jwk) GET /jwk
[INFO] [stdout]    >> (default_token_endpoint) GET /token?<code>
[INFO] [stdout]    >> (default_post_token_endpoint) POST /token
[INFO] [stdout]    >> (index) GET /<realm>
[INFO] [stdout]    >> (cached_indexjs) GET /index.js
[INFO] [stdout]    >> (default_userinfo_endpoint) GET /userinfo
[INFO] [stdout]    >> (default_options_userinfo_endpoint) OPTIONS /userinfo
[INFO] [stdout]    >> (cached_indexcss) GET /index.css
[INFO] [stdout]    >> (default_authorize_endpoint) GET /authorize?<client_id>&<redirect_uri>&<state>&<response_type>&<response_mode>&<nonce>&<account>&<signature>&<realm>&<chain_id>&<contract>
[INFO] [stdout]    >> (cached_sitemaptxt) GET /sitemap.txt
[INFO] [stdout]    >> (jwk) GET /<_realm>/jwk
[INFO] [stdout]    >> (token_endpoint) GET /<realm>/token?<code>
[INFO] [stdout]    >> (post_token_endpoint) POST /<realm>/token
[INFO] [stdout]    >> (userinfo_endpoint) GET /<realm>/userinfo
[INFO] [stdout]    >> (options_userinfo_endpoint) OPTIONS /<realm>/userinfo
[INFO] [stdout]    >> (authorize_endpoint) GET /<realm>/authorize?<client_id>&<redirect_uri>&<state>&<response_type>&<response_mode>&<nonce>&<account>&<signature>&<chain_id>&<contract>
[INFO] [stdout]    >> (default_configuration) GET /.well-known/openid-configuration
[INFO] [stdout]    >> (configuration) GET /<realm>/.well-known/openid-configuration
[INFO] [stdout]    >> (authorize_well_known) GET /<realm>/authorize/.well-known/openid-configuration
[INFO] [stdout]    >> (well_known_oauth_authorization_server) GET /.well-known/oauth-authorization-server/<realm>/authorize
[INFO] [stdout] Catchers:
[INFO] [stdout]    >> (unauthorized) 401
[INFO] [stdout] Fairings:
[INFO] [stdout]    >> Static Resources (Debug) (ignite)
[INFO] [stdout]    >> Attaching CORS headers to responses (response)
[INFO] [stdout]    >> Shield (liftoff, response, singleton)
[INFO] [stdout] Shield:
[INFO] [stdout]    >> Permissions-Policy: interest-cohort=()
[INFO] [stdout]    >> X-Content-Type-Options: nosniff
[INFO] [stdout]    >> X-Frame-Options: SAMEORIGIN
[INFO] [stdout] Rocket has launched into local orbit
[INFO] [stdout] GET /authorize?client_id=foo&realm=okt&redirect_uri=https://example.com&nonce=dotzxrenodo&contract=0x886B6781CD7dF75d8440Aba84216b2671AEFf9A4&account=0x9c9e8eabd947658bdb713e0d3ebfe56860abdb8d&signature=0x87b709d1e84aab056cf089af31e8d7c891d6f363663ff3eeb4bbb4c4e0602b2e3edf117fe548626b8d83e3b2c530cb55e2baff29ca54dbd495bb45764d9aa44c1c:
[INFO] [stdout]    >> Matched: (default_authorize_endpoint) GET /authorize?<client_id>&<redirect_uri>&<state>&<response_type>&<response_mode>&<nonce>&<account>&<signature>&<realm>&<chain_id>&<contract>
[INFO] [stdout]    >> Outcome: Success
[INFO] [stdout] thread 'authorize::tests::account_is_owner' panicked at src/authorize.rs:459:9:
[INFO] [stdout] assertion `left == right` failed
[INFO] [stdout]   left: Status { code: 401 }
[INFO] [stdout]  right: Status { code: 307 }
[INFO] [stdout] stack backtrace:
[INFO] [stdout]    0:     0x613b6750f22a - std::backtrace_rs::backtrace::libunwind::trace::h5a5b8284f2d0c266
[INFO] [stdout]                                at /rustc/90b35a6239c3d8bdabc530a6a0816f7ff89a0aaf/library/std/src/../../backtrace/src/backtrace/libunwind.rs:116:5
[INFO] [stdout]    1:     0x613b6750f22a - std::backtrace_rs::backtrace::trace_unsynchronized::h76d4f1c9b0b875e3
[INFO] [stdout]                                at /rustc/90b35a6239c3d8bdabc530a6a0816f7ff89a0aaf/library/std/src/../../backtrace/src/backtrace/mod.rs:66:5
[INFO] [stdout]    2:     0x613b6750f22a - std::sys::backtrace::_print_fmt::hc4546b8364a537c6
[INFO] [stdout]                                at /rustc/90b35a6239c3d8bdabc530a6a0816f7ff89a0aaf/library/std/src/sys/backtrace.rs:66:9
[INFO] [stdout]    3:     0x613b6750f22a - <std::sys::backtrace::BacktraceLock::print::DisplayBacktrace as core::fmt::Display>::fmt::h5b6bd5631a6d1f6b
[INFO] [stdout]                                at /rustc/90b35a6239c3d8bdabc530a6a0816f7ff89a0aaf/library/std/src/sys/backtrace.rs:39:26
[INFO] [stdout]    4:     0x613b67539023 - core::fmt::rt::Argument::fmt::h270f6602a2b96f62
[INFO] [stdout]                                at /rustc/90b35a6239c3d8bdabc530a6a0816f7ff89a0aaf/library/core/src/fmt/rt.rs:177:76
[INFO] [stdout]    5:     0x613b67539023 - core::fmt::write::h7550c97b06c86515
[INFO] [stdout]                                at /rustc/90b35a6239c3d8bdabc530a6a0816f7ff89a0aaf/library/core/src/fmt/mod.rs:1186:21
[INFO] [stdout]    6:     0x613b6750b783 - std::io::Write::write_fmt::h509ff860e5956e5e
[INFO] [stdout]                                at /rustc/90b35a6239c3d8bdabc530a6a0816f7ff89a0aaf/library/std/src/io/mod.rs:1839:15
[INFO] [stdout]    7:     0x613b6750f072 - std::sys::backtrace::BacktraceLock::print::h2395ccd2c84ba3aa
[INFO] [stdout]                                at /rustc/90b35a6239c3d8bdabc530a6a0816f7ff89a0aaf/library/std/src/sys/backtrace.rs:42:9
[INFO] [stdout]    8:     0x613b6751068a - std::panicking::default_hook::{{closure}}::he19d4c7230e07961
[INFO] [stdout]                                at /rustc/90b35a6239c3d8bdabc530a6a0816f7ff89a0aaf/library/std/src/panicking.rs:268:22
[INFO] [stdout]    9:     0x613b67510494 - std::panicking::default_hook::hf614597d3c67bbdb
[INFO] [stdout]                                at /rustc/90b35a6239c3d8bdabc530a6a0816f7ff89a0aaf/library/std/src/panicking.rs:292:9
[INFO] [stdout]   10:     0x613b66b61d59 - <alloc::boxed::Box<F,A> as core::ops::function::Fn<Args>>::call::h39b51ce4599c23d1
[INFO] [stdout]                                at /rustc/90b35a6239c3d8bdabc530a6a0816f7ff89a0aaf/library/alloc/src/boxed.rs:2468:9
[INFO] [stdout]   11:     0x613b66b61d59 - test::test_main::{{closure}}::he977ae839a582784
[INFO] [stdout]                                at /rustc/90b35a6239c3d8bdabc530a6a0816f7ff89a0aaf/library/test/src/lib.rs:133:21
[INFO] [stdout]   12:     0x613b67510d28 - <alloc::boxed::Box<F,A> as core::ops::function::Fn<Args>>::call::h9455091b6b06f9fb
[INFO] [stdout]                                at /rustc/90b35a6239c3d8bdabc530a6a0816f7ff89a0aaf/library/alloc/src/boxed.rs:2468:9
[INFO] [stdout]   13:     0x613b67510d28 - std::panicking::rust_panic_with_hook::h8942133a8b252070
[INFO] [stdout]                                at /rustc/90b35a6239c3d8bdabc530a6a0816f7ff89a0aaf/library/std/src/panicking.rs:809:13
[INFO] [stdout]   14:     0x613b67510aea - std::panicking::begin_panic_handler::{{closure}}::hb5f5963570096b29
[INFO] [stdout]                                at /rustc/90b35a6239c3d8bdabc530a6a0816f7ff89a0aaf/library/std/src/panicking.rs:674:13
[INFO] [stdout]   15:     0x613b6750f709 - std::sys::backtrace::__rust_end_short_backtrace::h6208cedc1922feda
[INFO] [stdout]                                at /rustc/90b35a6239c3d8bdabc530a6a0816f7ff89a0aaf/library/std/src/sys/backtrace.rs:170:18
[INFO] [stdout]   16:     0x613b6751077c - rust_begin_unwind
[INFO] [stdout]                                at /rustc/90b35a6239c3d8bdabc530a6a0816f7ff89a0aaf/library/std/src/panicking.rs:665:5
[INFO] [stdout]   17:     0x613b669a92a0 - core::panicking::panic_fmt::h0c3082644d1bf418
[INFO] [stdout]                                at /rustc/90b35a6239c3d8bdabc530a6a0816f7ff89a0aaf/library/core/src/panicking.rs:74:14
[INFO] [stdout]   18:     0x613b669a96a4 - core::panicking::assert_failed_inner::h2ddf1fcc067fa858
[INFO] [stdout]   19:     0x613b66a66500 - core::panicking::assert_failed::h70362da2c3bffbd3
[INFO] [stdout]                                at /rustc/90b35a6239c3d8bdabc530a6a0816f7ff89a0aaf/library/core/src/panicking.rs:367:5
[INFO] [stdout]   20:     0x613b66ad9791 - nft_login::authorize::tests::account_is_owner::h45c193794d02536e
[INFO] [stdout]                                at /opt/rustwide/workdir/src/authorize.rs:459:9
[INFO] [stdout]   21:     0x613b66ad91d7 - nft_login::authorize::tests::account_is_owner::{{closure}}::haa1ff63b8a7e67bb
[INFO] [stdout]                                at /opt/rustwide/workdir/src/authorize.rs:444:26
[INFO] [stdout]   22:     0x613b66a36526 - core::ops::function::FnOnce::call_once::h1fb55f3c2ca281ec
[INFO] [stdout]                                at /rustc/90b35a6239c3d8bdabc530a6a0816f7ff89a0aaf/library/core/src/ops/function.rs:250:5
[INFO] [stdout]   23:     0x613b66b6671b - core::ops::function::FnOnce::call_once::h109cf8051a59b34e
[INFO] [stdout]                                at /rustc/90b35a6239c3d8bdabc530a6a0816f7ff89a0aaf/library/core/src/ops/function.rs:250:5
[INFO] [stdout]   24:     0x613b66b6671b - test::__rust_begin_short_backtrace::hf4fff89d377446ba
[INFO] [stdout]                                at /rustc/90b35a6239c3d8bdabc530a6a0816f7ff89a0aaf/library/test/src/lib.rs:621:18
[INFO] [stdout]   25:     0x613b66b65f57 - test::run_test_in_process::{{closure}}::h0e39181dd7ee5a43
[INFO] [stdout]                                at /rustc/90b35a6239c3d8bdabc530a6a0816f7ff89a0aaf/library/test/src/lib.rs:644:60
[INFO] [stdout]   26:     0x613b66b65f57 - <core::panic::unwind_safe::AssertUnwindSafe<F> as core::ops::function::FnOnce<()>>::call_once::hc5a66a30f0bdfd1f
[INFO] [stdout]                                at /rustc/90b35a6239c3d8bdabc530a6a0816f7ff89a0aaf/library/core/src/panic/unwind_safe.rs:272:9
[INFO] [stdout]   27:     0x613b66b65f57 - std::panicking::try::do_call::h873b7cf639554a5e
[INFO] [stdout]                                at /rustc/90b35a6239c3d8bdabc530a6a0816f7ff89a0aaf/library/std/src/panicking.rs:557:40
[INFO] [stdout]   28:     0x613b66b65f57 - std::panicking::try::hdb19862fad9c8bd1
[INFO] [stdout]                                at /rustc/90b35a6239c3d8bdabc530a6a0816f7ff89a0aaf/library/std/src/panicking.rs:520:19
[INFO] [stdout]   29:     0x613b66b65f57 - std::panic::catch_unwind::h281fe732d236d260
[INFO] [stdout]                                at /rustc/90b35a6239c3d8bdabc530a6a0816f7ff89a0aaf/library/std/src/panic.rs:358:14
[INFO] [stdout]   30:     0x613b66b65f57 - test::run_test_in_process::h949b6df8457ed338
[INFO] [stdout]                                at /rustc/90b35a6239c3d8bdabc530a6a0816f7ff89a0aaf/library/test/src/lib.rs:644:27
[INFO] [stdout]   31:     0x613b66b65f57 - test::run_test::{{closure}}::h52c556a6d4740e10
[INFO] [stdout]                                at /rustc/90b35a6239c3d8bdabc530a6a0816f7ff89a0aaf/library/test/src/lib.rs:565:43
[INFO] [stdout]   32:     0x613b66b2b234 - test::run_test::{{closure}}::h4237f6381c45ccb9
[INFO] [stdout]                                at /rustc/90b35a6239c3d8bdabc530a6a0816f7ff89a0aaf/library/test/src/lib.rs:595:41
[INFO] [stdout]   33:     0x613b66b2b234 - std::sys::backtrace::__rust_begin_short_backtrace::h505c97a579eca628
[INFO] [stdout]                                at /rustc/90b35a6239c3d8bdabc530a6a0816f7ff89a0aaf/library/std/src/sys/backtrace.rs:154:18
[INFO] [stdout]   34:     0x613b66b2e8fe - std::thread::Builder::spawn_unchecked_::{{closure}}::{{closure}}::h9e86b2e2bc107ea3
[INFO] [stdout]                                at /rustc/90b35a6239c3d8bdabc530a6a0816f7ff89a0aaf/library/std/src/thread/mod.rs:538:17
[INFO] [stdout]   35:     0x613b66b2e8fe - <core::panic::unwind_safe::AssertUnwindSafe<F> as core::ops::function::FnOnce<()>>::call_once::h8b06ddb275ff4a25
[INFO] [stdout]                                at /rustc/90b35a6239c3d8bdabc530a6a0816f7ff89a0aaf/library/core/src/panic/unwind_safe.rs:272:9
[INFO] [stdout]   36:     0x613b66b2e8fe - std::panicking::try::do_call::hb26ecd7cd9a9355d
[INFO] [stdout]                                at /rustc/90b35a6239c3d8bdabc530a6a0816f7ff89a0aaf/library/std/src/panicking.rs:557:40
[INFO] [stdout]   37:     0x613b66b2e8fe - std::panicking::try::h8ddeca9d705f9069
[INFO] [stdout]                                at /rustc/90b35a6239c3d8bdabc530a6a0816f7ff89a0aaf/library/std/src/panicking.rs:520:19
[INFO] [stdout]   38:     0x613b66b2e8fe - std::panic::catch_unwind::h49e1c33078844c46
[INFO] [stdout]                                at /rustc/90b35a6239c3d8bdabc530a6a0816f7ff89a0aaf/library/std/src/panic.rs:358:14
[INFO] [stdout]   39:     0x613b66b2e8fe - std::thread::Builder::spawn_unchecked_::{{closure}}::h6073db6ff56ad35d
[INFO] [stdout]                                at /rustc/90b35a6239c3d8bdabc530a6a0816f7ff89a0aaf/library/std/src/thread/mod.rs:537:30
[INFO] [stdout]   40:     0x613b66b2e8fe - core::ops::function::FnOnce::call_once{{vtable.shim}}::h2c5a5f3779c774f1
[INFO] [stdout]                                at /rustc/90b35a6239c3d8bdabc530a6a0816f7ff89a0aaf/library/core/src/ops/function.rs:250:5
[INFO] [stdout]   41:     0x613b67514c5b - <alloc::boxed::Box<F,A> as core::ops::function::FnOnce<Args>>::call_once::hf75717d9f28faebf
[INFO] [stdout]                                at /rustc/90b35a6239c3d8bdabc530a6a0816f7ff89a0aaf/library/alloc/src/boxed.rs:2454:9
[INFO] [stdout]   42:     0x613b67514c5b - <alloc::boxed::Box<F,A> as core::ops::function::FnOnce<Args>>::call_once::h7bd883a5f3c5f3c1
[INFO] [stdout]                                at /rustc/90b35a6239c3d8bdabc530a6a0816f7ff89a0aaf/library/alloc/src/boxed.rs:2454:9
[INFO] [stdout]   43:     0x613b67514c5b - std::sys::pal::unix::thread::Thread::new::thread_start::hcc78f3943333fa94
[INFO] [stdout]                                at /rustc/90b35a6239c3d8bdabc530a6a0816f7ff89a0aaf/library/std/src/sys/pal/unix/thread.rs:105:17
[INFO] [stdout]   44:     0x7dc58ad1dac3 - <unknown>
[INFO] [stdout]   45:     0x7dc58adaea04 - clone
[INFO] [stdout]   46:                0x0 - <unknown>
[INFO] [stdout] 
[INFO] [stdout] ---- userinfo::tests::userinfo stdout ----
[INFO] [stdout] Config { ext_hostname: "http://localhost:8000", key_id: "key1", node_provider: {"heco": "https://http-testnet.hecochain.com", "avax": "https://api.avax-test.network/ext/bc/C/rpc", "metis": "https://stardust.metis.io/?owner=588", "binance": "https://data-seed-prebsc-1-s1.binance.org:8545/", "default": "https://kovan.infura.io/v3/43", "okt": "https://exchaintestrpc.okex.org", "evmos": "https://ethereum.rpc.evmos.dev", "celo": "https://alfajores-forno.celo-testnet.org", "polygon": "https://matic-mumbai.chainstacklabs.com/", "kovan": "https://kovan.infura.io/v3/43", "main": "https://cloudflare-eth.com", "meter": "https://rpctest.meter.io/", "clv": "https://rpc-3.clover.finance", "theta": "https://eth-rpc-api-testnet.thetatoken.org/rpc"}, chain_id: {"theta": 365, "avax": 43113, "main": 1, "metis": 588, "binance": 97, "kovan": 42, "meter": 83, "default": 42, "polygon": 80001, "heco": 256, "clv": 1023, "evmos": 9000, "okt": 65, "celo": 44787}, rsa_pem: None }
[INFO] [stdout] Configured for debug.
[INFO] [stdout]    >> address: 127.0.0.1
[INFO] [stdout]    >> port: 8000
[INFO] [stdout]    >> workers: 8
[INFO] [stdout]    >> ident: nft-login
[INFO] [stdout]    >> keep-alive: 5s
[INFO] [stdout]    >> limits: bytes = 8KiB, data-form = 2MiB, file = 1MiB, form = 32KiB, json = 1MiB, msgpack = 1MiB, string = 8KiB
[INFO] [stdout]    >> tls: disabled
[INFO] [stdout]    >> temp dir: /tmp
[INFO] [stdout]    >> log level: normal
[INFO] [stdout]    >> cli colors: true
[INFO] [stdout]    >> shutdown: ctrlc = true, force = true, signals = [SIGTERM], grace = 2s, mercy = 3s
[INFO] [stdout] Routes:
[INFO] [stdout]    >> (default_index) GET /
[INFO] [stdout]    >> (default_jwk) GET /jwk
[INFO] [stdout]    >> (default_token_endpoint) GET /token?<code>
[INFO] [stdout]    >> (default_post_token_endpoint) POST /token
[INFO] [stdout]    >> (index) GET /<realm>
[INFO] [stdout]    >> (cached_indexjs) GET /index.js
[INFO] [stdout]    >> (default_userinfo_endpoint) GET /userinfo
[INFO] [stdout]    >> (default_options_userinfo_endpoint) OPTIONS /userinfo
[INFO] [stdout]    >> (cached_indexcss) GET /index.css
[INFO] [stdout]    >> (default_authorize_endpoint) GET /authorize?<client_id>&<redirect_uri>&<state>&<response_type>&<response_mode>&<nonce>&<account>&<signature>&<realm>&<chain_id>&<contract>
[INFO] [stdout]    >> (cached_sitemaptxt) GET /sitemap.txt
[INFO] [stdout]    >> (jwk) GET /<_realm>/jwk
[INFO] [stdout]    >> (token_endpoint) GET /<realm>/token?<code>
[INFO] [stdout]    >> (post_token_endpoint) POST /<realm>/token
[INFO] [stdout]    >> (userinfo_endpoint) GET /<realm>/userinfo
[INFO] [stdout]    >> (options_userinfo_endpoint) OPTIONS /<realm>/userinfo
[INFO] [stdout]    >> (authorize_endpoint) GET /<realm>/authorize?<client_id>&<redirect_uri>&<state>&<response_type>&<response_mode>&<nonce>&<account>&<signature>&<chain_id>&<contract>
[INFO] [stdout]    >> (default_configuration) GET /.well-known/openid-configuration
[INFO] [stdout]    >> (configuration) GET /<realm>/.well-known/openid-configuration
[INFO] [stdout]    >> (authorize_well_known) GET /<realm>/authorize/.well-known/openid-configuration
[INFO] [stdout]    >> (well_known_oauth_authorization_server) GET /.well-known/oauth-authorization-server/<realm>/authorize
[INFO] [stdout] Catchers:
[INFO] [stdout]    >> (unauthorized) 401
[INFO] [stdout] Fairings:
[INFO] [stdout]    >> Shield (liftoff, response, singleton)
[INFO] [stdout]    >> Attaching CORS headers to responses (response)
[INFO] [stdout]    >> Static Resources (Debug) (ignite)
[INFO] [stdout] Shield:
[INFO] [stdout]    >> Permissions-Policy: interest-cohort=()
[INFO] [stdout]    >> X-Content-Type-Options: nosniff
[INFO] [stdout]    >> X-Frame-Options: SAMEORIGIN
[INFO] [stdout] Rocket has launched into local orbit
[INFO] [stdout] GET /authorize?client_id=foo&realm=okt&redirect_uri=https://example.com&nonce=dotzxrenodo&contract=0x886B6781CD7dF75d8440Aba84216b2671AEFf9A4&account=0x9c9e8eabd947658bdb713e0d3ebfe56860abdb8d&signature=0x87b709d1e84aab056cf089af31e8d7c891d6f363663ff3eeb4bbb4c4e0602b2e3edf117fe548626b8d83e3b2c530cb55e2baff29ca54dbd495bb45764d9aa44c1c:
[INFO] [stdout]    >> Matched: (default_authorize_endpoint) GET /authorize?<client_id>&<redirect_uri>&<state>&<response_type>&<response_mode>&<nonce>&<account>&<signature>&<realm>&<chain_id>&<contract>
[INFO] [stdout]    >> Outcome: Success
[INFO] [stdout] thread 'userinfo::tests::userinfo' panicked at src/userinfo.rs:91:9:
[INFO] [stdout] assertion `left == right` failed
[INFO] [stdout]   left: Status { code: 401 }
[INFO] [stdout]  right: Status { code: 307 }
[INFO] [stdout] stack backtrace:
[INFO] [stdout]    0:     0x613b6750f22a - std::backtrace_rs::backtrace::libunwind::trace::h5a5b8284f2d0c266
[INFO] [stdout]                                at /rustc/90b35a6239c3d8bdabc530a6a0816f7ff89a0aaf/library/std/src/../../backtrace/src/backtrace/libunwind.rs:116:5
[INFO] [stdout]    1:     0x613b6750f22a - std::backtrace_rs::backtrace::trace_unsynchronized::h76d4f1c9b0b875e3
[INFO] [stdout]                                at /rustc/90b35a6239c3d8bdabc530a6a0816f7ff89a0aaf/library/std/src/../../backtrace/src/backtrace/mod.rs:66:5
[INFO] [stdout]    2:     0x613b6750f22a - std::sys::backtrace::_print_fmt::hc4546b8364a537c6
[INFO] [stdout]                                at /rustc/90b35a6239c3d8bdabc530a6a0816f7ff89a0aaf/library/std/src/sys/backtrace.rs:66:9
[INFO] [stdout]    3:     0x613b6750f22a - <std::sys::backtrace::BacktraceLock::print::DisplayBacktrace as core::fmt::Display>::fmt::h5b6bd5631a6d1f6b
[INFO] [stdout]                                at /rustc/90b35a6239c3d8bdabc530a6a0816f7ff89a0aaf/library/std/src/sys/backtrace.rs:39:26
[INFO] [stdout]    4:     0x613b67539023 - core::fmt::rt::Argument::fmt::h270f6602a2b96f62
[INFO] [stdout]                                at /rustc/90b35a6239c3d8bdabc530a6a0816f7ff89a0aaf/library/core/src/fmt/rt.rs:177:76
[INFO] [stdout]    5:     0x613b67539023 - core::fmt::write::h7550c97b06c86515
[INFO] [stdout]                                at /rustc/90b35a6239c3d8bdabc530a6a0816f7ff89a0aaf/library/core/src/fmt/mod.rs:1186:21
[INFO] [stdout]    6:     0x613b6750b783 - std::io::Write::write_fmt::h509ff860e5956e5e
[INFO] [stdout]                                at /rustc/90b35a6239c3d8bdabc530a6a0816f7ff89a0aaf/library/std/src/io/mod.rs:1839:15
[INFO] [stdout]    7:     0x613b6750f072 - std::sys::backtrace::BacktraceLock::print::h2395ccd2c84ba3aa
[INFO] [stdout]                                at /rustc/90b35a6239c3d8bdabc530a6a0816f7ff89a0aaf/library/std/src/sys/backtrace.rs:42:9
[INFO] [stdout]    8:     0x613b6751068a - std::panicking::default_hook::{{closure}}::he19d4c7230e07961
[INFO] [stdout]                                at /rustc/90b35a6239c3d8bdabc530a6a0816f7ff89a0aaf/library/std/src/panicking.rs:268:22
[INFO] [stdout]    9:     0x613b67510494 - std::panicking::default_hook::hf614597d3c67bbdb
[INFO] [stdout]                                at /rustc/90b35a6239c3d8bdabc530a6a0816f7ff89a0aaf/library/std/src/panicking.rs:292:9
[INFO] [stdout]   10:     0x613b66b61d59 - <alloc::boxed::Box<F,A> as core::ops::function::Fn<Args>>::call::h39b51ce4599c23d1
[INFO] [stdout]                                at /rustc/90b35a6239c3d8bdabc530a6a0816f7ff89a0aaf/library/alloc/src/boxed.rs:2468:9
[INFO] [stdout]   11:     0x613b66b61d59 - test::test_main::{{closure}}::he977ae839a582784
[INFO] [stdout]                                at /rustc/90b35a6239c3d8bdabc530a6a0816f7ff89a0aaf/library/test/src/lib.rs:133:21
[INFO] [stdout]   12:     0x613b67510d28 - <alloc::boxed::Box<F,A> as core::ops::function::Fn<Args>>::call::h9455091b6b06f9fb
[INFO] [stdout]                                at /rustc/90b35a6239c3d8bdabc530a6a0816f7ff89a0aaf/library/alloc/src/boxed.rs:2468:9
[INFO] [stdout]   13:     0x613b67510d28 - std::panicking::rust_panic_with_hook::h8942133a8b252070
[INFO] [stdout]                                at /rustc/90b35a6239c3d8bdabc530a6a0816f7ff89a0aaf/library/std/src/panicking.rs:809:13
[INFO] [stdout]   14:     0x613b67510aea - std::panicking::begin_panic_handler::{{closure}}::hb5f5963570096b29
[INFO] [stdout]                                at /rustc/90b35a6239c3d8bdabc530a6a0816f7ff89a0aaf/library/std/src/panicking.rs:674:13
[INFO] [stdout]   15:     0x613b6750f709 - std::sys::backtrace::__rust_end_short_backtrace::h6208cedc1922feda
[INFO] [stdout]                                at /rustc/90b35a6239c3d8bdabc530a6a0816f7ff89a0aaf/library/std/src/sys/backtrace.rs:170:18
[INFO] [stdout]   16:     0x613b6751077c - rust_begin_unwind
[INFO] [stdout]                                at /rustc/90b35a6239c3d8bdabc530a6a0816f7ff89a0aaf/library/std/src/panicking.rs:665:5
[INFO] [stdout]   17:     0x613b669a92a0 - core::panicking::panic_fmt::h0c3082644d1bf418
[INFO] [stdout]                                at /rustc/90b35a6239c3d8bdabc530a6a0816f7ff89a0aaf/library/core/src/panicking.rs:74:14
[INFO] [stdout]   18:     0x613b669a96a4 - core::panicking::assert_failed_inner::h2ddf1fcc067fa858
[INFO] [stdout]   19:     0x613b66a66500 - core::panicking::assert_failed::h70362da2c3bffbd3
[INFO] [stdout]                                at /rustc/90b35a6239c3d8bdabc530a6a0816f7ff89a0aaf/library/core/src/panicking.rs:367:5
[INFO] [stdout]   20:     0x613b66aaffd3 - nft_login::userinfo::tests::userinfo::hdfedf7dd4f34e5f8
[INFO] [stdout]                                at /opt/rustwide/workdir/src/userinfo.rs:91:9
[INFO] [stdout]   21:     0x613b66aaf957 - nft_login::userinfo::tests::userinfo::{{closure}}::h27dcfe6100cfdc74
[INFO] [stdout]                                at /opt/rustwide/workdir/src/userinfo.rs:76:18
[INFO] [stdout]   22:     0x613b66a36b36 - core::ops::function::FnOnce::call_once::h5ace7c19b492e6d4
[INFO] [stdout]                                at /rustc/90b35a6239c3d8bdabc530a6a0816f7ff89a0aaf/library/core/src/ops/function.rs:250:5
[INFO] [stdout]   23:     0x613b66b6671b - core::ops::function::FnOnce::call_once::h109cf8051a59b34e
[INFO] [stdout]                                at /rustc/90b35a6239c3d8bdabc530a6a0816f7ff89a0aaf/library/core/src/ops/function.rs:250:5
[INFO] [stdout]   24:     0x613b66b6671b - test::__rust_begin_short_backtrace::hf4fff89d377446ba
[INFO] [stdout]                                at /rustc/90b35a6239c3d8bdabc530a6a0816f7ff89a0aaf/library/test/src/lib.rs:621:18
[INFO] [stdout]   25:     0x613b66b65f57 - test::run_test_in_process::{{closure}}::h0e39181dd7ee5a43
[INFO] [stdout]                                at /rustc/90b35a6239c3d8bdabc530a6a0816f7ff89a0aaf/library/test/src/lib.rs:644:60
[INFO] [stdout]   26:     0x613b66b65f57 - <core::panic::unwind_safe::AssertUnwindSafe<F> as core::ops::function::FnOnce<()>>::call_once::hc5a66a30f0bdfd1f
[INFO] [stdout]                                at /rustc/90b35a6239c3d8bdabc530a6a0816f7ff89a0aaf/library/core/src/panic/unwind_safe.rs:272:9
[INFO] [stdout]   27:     0x613b66b65f57 - std::panicking::try::do_call::h873b7cf639554a5e
[INFO] [stdout]                                at /rustc/90b35a6239c3d8bdabc530a6a0816f7ff89a0aaf/library/std/src/panicking.rs:557:40
[INFO] [stdout]   28:     0x613b66b65f57 - std::panicking::try::hdb19862fad9c8bd1
[INFO] [stdout]                                at /rustc/90b35a6239c3d8bdabc530a6a0816f7ff89a0aaf/library/std/src/panicking.rs:520:19
[INFO] [stdout]   29:     0x613b66b65f57 - std::panic::catch_unwind::h281fe732d236d260
[INFO] [stdout]                                at /rustc/90b35a6239c3d8bdabc530a6a0816f7ff89a0aaf/library/std/src/panic.rs:358:14
[INFO] [stdout]   30:     0x613b66b65f57 - test::run_test_in_process::h949b6df8457ed338
[INFO] [stdout]                                at /rustc/90b35a6239c3d8bdabc530a6a0816f7ff89a0aaf/library/test/src/lib.rs:644:27
[INFO] [stdout]   31:     0x613b66b65f57 - test::run_test::{{closure}}::h52c556a6d4740e10
[INFO] [stdout]                                at /rustc/90b35a6239c3d8bdabc530a6a0816f7ff89a0aaf/library/test/src/lib.rs:565:43
[INFO] [stdout]   32:     0x613b66b2b234 - test::run_test::{{closure}}::h4237f6381c45ccb9
[INFO] [stdout]                                at /rustc/90b35a6239c3d8bdabc530a6a0816f7ff89a0aaf/library/test/src/lib.rs:595:41
[INFO] [stdout]   33:     0x613b66b2b234 - std::sys::backtrace::__rust_begin_short_backtrace::h505c97a579eca628
[INFO] [stdout]                                at /rustc/90b35a6239c3d8bdabc530a6a0816f7ff89a0aaf/library/std/src/sys/backtrace.rs:154:18
[INFO] [stdout]   34:     0x613b66b2e8fe - std::thread::Builder::spawn_unchecked_::{{closure}}::{{closure}}::h9e86b2e2bc107ea3
[INFO] [stdout]                                at /rustc/90b35a6239c3d8bdabc530a6a0816f7ff89a0aaf/library/std/src/thread/mod.rs:538:17
[INFO] [stdout]   35:     0x613b66b2e8fe - <core::panic::unwind_safe::AssertUnwindSafe<F> as core::ops::function::FnOnce<()>>::call_once::h8b06ddb275ff4a25
[INFO] [stdout]                                at /rustc/90b35a6239c3d8bdabc530a6a0816f7ff89a0aaf/library/core/src/panic/unwind_safe.rs:272:9
[INFO] [stdout]   36:     0x613b66b2e8fe - std::panicking::try::do_call::hb26ecd7cd9a9355d
[INFO] [stdout]                                at /rustc/90b35a6239c3d8bdabc530a6a0816f7ff89a0aaf/library/std/src/panicking.rs:557:40
[INFO] [stdout]   37:     0x613b66b2e8fe - std::panicking::try::h8ddeca9d705f9069
[INFO] [stdout]                                at /rustc/90b35a6239c3d8bdabc530a6a0816f7ff89a0aaf/library/std/src/panicking.rs:520:19
[INFO] [stdout]   38:     0x613b66b2e8fe - std::panic::catch_unwind::h49e1c33078844c46
[INFO] [stdout]                                at /rustc/90b35a6239c3d8bdabc530a6a0816f7ff89a0aaf/library/std/src/panic.rs:358:14
[INFO] [stdout]   39:     0x613b66b2e8fe - std::thread::Builder::spawn_unchecked_::{{closure}}::h6073db6ff56ad35d
[INFO] [stdout]                                at /rustc/90b35a6239c3d8bdabc530a6a0816f7ff89a0aaf/library/std/src/thread/mod.rs:537:30
[INFO] [stdout]   40:     0x613b66b2e8fe - core::ops::function::FnOnce::call_once{{vtable.shim}}::h2c5a5f3779c774f1
[INFO] [stdout]                                at /rustc/90b35a6239c3d8bdabc530a6a0816f7ff89a0aaf/library/core/src/ops/function.rs:250:5
[INFO] [stdout]   41:     0x613b67514c5b - <alloc::boxed::Box<F,A> as core::ops::function::FnOnce<Args>>::call_once::hf75717d9f28faebf
[INFO] [stdout]                                at /rustc/90b35a6239c3d8bdabc530a6a0816f7ff89a0aaf/library/alloc/src/boxed.rs:2454:9
[INFO] [stdout]   42:     0x613b67514c5b - <alloc::boxed::Box<F,A> as core::ops::function::FnOnce<Args>>::call_once::h7bd883a5f3c5f3c1
[INFO] [stdout]                                at /rustc/90b35a6239c3d8bdabc530a6a0816f7ff89a0aaf/library/alloc/src/boxed.rs:2454:9
[INFO] [stdout]   43:     0x613b67514c5b - std::sys::pal::unix::thread::Thread::new::thread_start::hcc78f3943333fa94
[INFO] [stdout]                                at /rustc/90b35a6239c3d8bdabc530a6a0816f7ff89a0aaf/library/std/src/sys/pal/unix/thread.rs:105:17
[INFO] [stdout]   44:     0x7dc58ad1dac3 - <unknown>
[INFO] [stdout]   45:     0x7dc58adaea04 - clone
[INFO] [stdout]   46:                0x0 - <unknown>
[INFO] [stdout] 
[INFO] [stdout] ---- token::tests::token stdout ----
[INFO] [stdout] Config { ext_hostname: "http://localhost:8000", key_id: "key1", node_provider: {"metis": "https://stardust.metis.io/?owner=588", "default": "https://kovan.infura.io/v3/43", "heco": "https://http-testnet.hecochain.com", "celo": "https://alfajores-forno.celo-testnet.org", "main": "https://cloudflare-eth.com", "polygon": "https://matic-mumbai.chainstacklabs.com/", "binance": "https://data-seed-prebsc-1-s1.binance.org:8545/", "clv": "https://rpc-3.clover.finance", "okt": "https://exchaintestrpc.okex.org", "avax": "https://api.avax-test.network/ext/bc/C/rpc", "theta": "https://eth-rpc-api-testnet.thetatoken.org/rpc", "kovan": "https://kovan.infura.io/v3/43", "meter": "https://rpctest.meter.io/", "evmos": "https://ethereum.rpc.evmos.dev"}, chain_id: {"heco": 256, "avax": 43113, "celo": 44787, "evmos": 9000, "theta": 365, "binance": 97, "default": 42, "clv": 1023, "kovan": 42, "main": 1, "okt": 65, "polygon": 80001, "metis": 588, "meter": 83}, rsa_pem: None }
[INFO] [stderr] error: test failed, to rerun pass `--bin nft-login`
[INFO] [stdout] Configured for debug.
[INFO] [stdout]    >> address: 127.0.0.1
[INFO] [stdout]    >> port: 8000
[INFO] [stdout]    >> workers: 8
[INFO] [stdout]    >> ident: nft-login
[INFO] [stdout]    >> keep-alive: 5s
[INFO] [stdout]    >> limits: bytes = 8KiB, data-form = 2MiB, file = 1MiB, form = 32KiB, json = 1MiB, msgpack = 1MiB, string = 8KiB
[INFO] [stdout]    >> tls: disabled
[INFO] [stdout]    >> temp dir: /tmp
[INFO] [stdout]    >> log level: normal
[INFO] [stdout]    >> cli colors: true
[INFO] [stdout]    >> shutdown: ctrlc = true, force = true, signals = [SIGTERM], grace = 2s, mercy = 3s
[INFO] [stdout] Routes:
[INFO] [stdout]    >> (default_index) GET /
[INFO] [stdout]    >> (default_jwk) GET /jwk
[INFO] [stdout]    >> (default_token_endpoint) GET /token?<code>
[INFO] [stdout]    >> (default_post_token_endpoint) POST /token
[INFO] [stdout]    >> (index) GET /<realm>
[INFO] [stdout]    >> (cached_indexjs) GET /index.js
[INFO] [stdout]    >> (default_userinfo_endpoint) GET /userinfo
[INFO] [stdout]    >> (default_options_userinfo_endpoint) OPTIONS /userinfo
[INFO] [stdout]    >> (cached_indexcss) GET /index.css
[INFO] [stdout]    >> (default_authorize_endpoint) GET /authorize?<client_id>&<redirect_uri>&<state>&<response_type>&<response_mode>&<nonce>&<account>&<signature>&<realm>&<chain_id>&<contract>
[INFO] [stdout]    >> (cached_sitemaptxt) GET /sitemap.txt
[INFO] [stdout]    >> (jwk) GET /<_realm>/jwk
[INFO] [stdout]    >> (token_endpoint) GET /<realm>/token?<code>
[INFO] [stdout]    >> (post_token_endpoint) POST /<realm>/token
[INFO] [stdout]    >> (userinfo_endpoint) GET /<realm>/userinfo
[INFO] [stdout]    >> (options_userinfo_endpoint) OPTIONS /<realm>/userinfo
[INFO] [stdout]    >> (authorize_endpoint) GET /<realm>/authorize?<client_id>&<redirect_uri>&<state>&<response_type>&<response_mode>&<nonce>&<account>&<signature>&<chain_id>&<contract>
[INFO] [stdout]    >> (default_configuration) GET /.well-known/openid-configuration
[INFO] [stdout]    >> (configuration) GET /<realm>/.well-known/openid-configuration
[INFO] [stdout]    >> (authorize_well_known) GET /<realm>/authorize/.well-known/openid-configuration
[INFO] [stdout]    >> (well_known_oauth_authorization_server) GET /.well-known/oauth-authorization-server/<realm>/authorize
[INFO] [stdout] Catchers:
[INFO] [stdout]    >> (unauthorized) 401
[INFO] [stdout] Fairings:
[INFO] [stdout]    >> Attaching CORS headers to responses (response)
[INFO] [stdout]    >> Static Resources (Debug) (ignite)
[INFO] [stdout]    >> Shield (liftoff, response, singleton)
[INFO] [stdout] Shield:
[INFO] [stdout]    >> X-Content-Type-Options: nosniff
[INFO] [stdout]    >> X-Frame-Options: SAMEORIGIN
[INFO] [stdout]    >> Permissions-Policy: interest-cohort=()
[INFO] [stdout] Rocket has launched into local orbit
[INFO] [stdout] GET /authorize?client_id=foo&realm=okt&redirect_uri=https://example.com&nonce=dotzxrenodo&contract=0x886B6781CD7dF75d8440Aba84216b2671AEFf9A4&account=0x9c9e8eabd947658bdb713e0d3ebfe56860abdb8d&signature=0x87b709d1e84aab056cf089af31e8d7c891d6f363663ff3eeb4bbb4c4e0602b2e3edf117fe548626b8d83e3b2c530cb55e2baff29ca54dbd495bb45764d9aa44c1c:
[INFO] [stdout]    >> Matched: (default_authorize_endpoint) GET /authorize?<client_id>&<redirect_uri>&<state>&<response_type>&<response_mode>&<nonce>&<account>&<signature>&<realm>&<chain_id>&<contract>
[INFO] [stdout]    >> Outcome: Success
[INFO] [stdout] thread 'token::tests::token' panicked at src/token.rs:168:9:
[INFO] [stdout] assertion `left == right` failed
[INFO] [stdout]   left: Status { code: 401 }
[INFO] [stdout]  right: Status { code: 307 }
[INFO] [stdout] stack backtrace:
[INFO] [stdout]    0:     0x613b6750f22a - std::backtrace_rs::backtrace::libunwind::trace::h5a5b8284f2d0c266
[INFO] [stdout]                                at /rustc/90b35a6239c3d8bdabc530a6a0816f7ff89a0aaf/library/std/src/../../backtrace/src/backtrace/libunwind.rs:116:5
[INFO] [stdout]    1:     0x613b6750f22a - std::backtrace_rs::backtrace::trace_unsynchronized::h76d4f1c9b0b875e3
[INFO] [stdout]                                at /rustc/90b35a6239c3d8bdabc530a6a0816f7ff89a0aaf/library/std/src/../../backtrace/src/backtrace/mod.rs:66:5
[INFO] [stdout]    2:     0x613b6750f22a - std::sys::backtrace::_print_fmt::hc4546b8364a537c6
[INFO] [stdout]                                at /rustc/90b35a6239c3d8bdabc530a6a0816f7ff89a0aaf/library/std/src/sys/backtrace.rs:66:9
[INFO] [stdout]    3:     0x613b6750f22a - <std::sys::backtrace::BacktraceLock::print::DisplayBacktrace as core::fmt::Display>::fmt::h5b6bd5631a6d1f6b
[INFO] [stdout]                                at /rustc/90b35a6239c3d8bdabc530a6a0816f7ff89a0aaf/library/std/src/sys/backtrace.rs:39:26
[INFO] [stdout]    4:     0x613b67539023 - core::fmt::rt::Argument::fmt::h270f6602a2b96f62
[INFO] [stdout]                                at /rustc/90b35a6239c3d8bdabc530a6a0816f7ff89a0aaf/library/core/src/fmt/rt.rs:177:76
[INFO] [stdout]    5:     0x613b67539023 - core::fmt::write::h7550c97b06c86515
[INFO] [stdout]                                at /rustc/90b35a6239c3d8bdabc530a6a0816f7ff89a0aaf/library/core/src/fmt/mod.rs:1186:21
[INFO] [stdout]    6:     0x613b6750b783 - std::io::Write::write_fmt::h509ff860e5956e5e
[INFO] [stdout]                                at /rustc/90b35a6239c3d8bdabc530a6a0816f7ff89a0aaf/library/std/src/io/mod.rs:1839:15
[INFO] [stdout]    7:     0x613b6750f072 - std::sys::backtrace::BacktraceLock::print::h2395ccd2c84ba3aa
[INFO] [stdout]                                at /rustc/90b35a6239c3d8bdabc530a6a0816f7ff89a0aaf/library/std/src/sys/backtrace.rs:42:9
[INFO] [stdout]    8:     0x613b6751068a - std::panicking::default_hook::{{closure}}::he19d4c7230e07961
[INFO] [stdout]                                at /rustc/90b35a6239c3d8bdabc530a6a0816f7ff89a0aaf/library/std/src/panicking.rs:268:22
[INFO] [stdout]    9:     0x613b67510494 - std::panicking::default_hook::hf614597d3c67bbdb
[INFO] [stdout]                                at /rustc/90b35a6239c3d8bdabc530a6a0816f7ff89a0aaf/library/std/src/panicking.rs:292:9
[INFO] [stdout]   10:     0x613b66b61d59 - <alloc::boxed::Box<F,A> as core::ops::function::Fn<Args>>::call::h39b51ce4599c23d1
[INFO] [stdout]                                at /rustc/90b35a6239c3d8bdabc530a6a0816f7ff89a0aaf/library/alloc/src/boxed.rs:2468:9
[INFO] [stdout]   11:     0x613b66b61d59 - test::test_main::{{closure}}::he977ae839a582784
[INFO] [stdout]                                at /rustc/90b35a6239c3d8bdabc530a6a0816f7ff89a0aaf/library/test/src/lib.rs:133:21
[INFO] [stdout]   12:     0x613b67510d28 - <alloc::boxed::Box<F,A> as core::ops::function::Fn<Args>>::call::h9455091b6b06f9fb
[INFO] [stdout]                                at /rustc/90b35a6239c3d8bdabc530a6a0816f7ff89a0aaf/library/alloc/src/boxed.rs:2468:9
[INFO] [stdout]   13:     0x613b67510d28 - std::panicking::rust_panic_with_hook::h8942133a8b252070
[INFO] [stdout]                                at /rustc/90b35a6239c3d8bdabc530a6a0816f7ff89a0aaf/library/std/src/panicking.rs:809:13
[INFO] [stdout]   14:     0x613b67510aea - std::panicking::begin_panic_handler::{{closure}}::hb5f5963570096b29
[INFO] [stdout]                                at /rustc/90b35a6239c3d8bdabc530a6a0816f7ff89a0aaf/library/std/src/panicking.rs:674:13
[INFO] [stdout]   15:     0x613b6750f709 - std::sys::backtrace::__rust_end_short_backtrace::h6208cedc1922feda
[INFO] [stdout]                                at /rustc/90b35a6239c3d8bdabc530a6a0816f7ff89a0aaf/library/std/src/sys/backtrace.rs:170:18
[INFO] [stdout]   16:     0x613b6751077c - rust_begin_unwind
[INFO] [stdout]                                at /rustc/90b35a6239c3d8bdabc530a6a0816f7ff89a0aaf/library/std/src/panicking.rs:665:5
[INFO] [stdout]   17:     0x613b669a92a0 - core::panicking::panic_fmt::h0c3082644d1bf418
[INFO] [stdout]                                at /rustc/90b35a6239c3d8bdabc530a6a0816f7ff89a0aaf/library/core/src/panicking.rs:74:14
[INFO] [stdout]   18:     0x613b669a96a4 - core::panicking::assert_failed_inner::h2ddf1fcc067fa858
[INFO] [stdout]   19:     0x613b66a66500 - core::panicking::assert_failed::h70362da2c3bffbd3
[INFO] [stdout]                                at /rustc/90b35a6239c3d8bdabc530a6a0816f7ff89a0aaf/library/core/src/panicking.rs:367:5
[INFO] [stdout]   20:     0x613b66aa7805 - nft_login::token::tests::token::h51d9a5c01247e983
[INFO] [stdout]                                at /opt/rustwide/workdir/src/token.rs:168:9
[INFO] [stdout]   21:     0x613b66aa71b7 - nft_login::token::tests::token::{{closure}}::h5be1069c7db5251e
[INFO] [stdout]                                at /opt/rustwide/workdir/src/token.rs:153:15
[INFO] [stdout]   22:     0x613b66a36a26 - core::ops::function::FnOnce::call_once::h5582e7565f28c2b5
[INFO] [stdout]                                at /rustc/90b35a6239c3d8bdabc530a6a0816f7ff89a0aaf/library/core/src/ops/function.rs:250:5
[INFO] [stdout]   23:     0x613b66b6671b - core::ops::function::FnOnce::call_once::h109cf8051a59b34e
[INFO] [stdout]                                at /rustc/90b35a6239c3d8bdabc530a6a0816f7ff89a0aaf/library/core/src/ops/function.rs:250:5
[INFO] [stdout]   24:     0x613b66b6671b - test::__rust_begin_short_backtrace::hf4fff89d377446ba
[INFO] [stdout]                                at /rustc/90b35a6239c3d8bdabc530a6a0816f7ff89a0aaf/library/test/src/lib.rs:621:18
[INFO] [stdout]   25:     0x613b66b65f57 - test::run_test_in_process::{{closure}}::h0e39181dd7ee5a43
[INFO] [stdout]                                at /rustc/90b35a6239c3d8bdabc530a6a0816f7ff89a0aaf/library/test/src/lib.rs:644:60
[INFO] [stdout]   26:     0x613b66b65f57 - <core::panic::unwind_safe::AssertUnwindSafe<F> as core::ops::function::FnOnce<()>>::call_once::hc5a66a30f0bdfd1f
[INFO] [stdout]                                at /rustc/90b35a6239c3d8bdabc530a6a0816f7ff89a0aaf/library/core/src/panic/unwind_safe.rs:272:9
[INFO] [stdout]   27:     0x613b66b65f57 - std::panicking::try::do_call::h873b7cf639554a5e
[INFO] [stdout]                                at /rustc/90b35a6239c3d8bdabc530a6a0816f7ff89a0aaf/library/std/src/panicking.rs:557:40
[INFO] [stdout]   28:     0x613b66b65f57 - std::panicking::try::hdb19862fad9c8bd1
[INFO] [stdout]                                at /rustc/90b35a6239c3d8bdabc530a6a0816f7ff89a0aaf/library/std/src/panicking.rs:520:19
[INFO] [stdout]   29:     0x613b66b65f57 - std::panic::catch_unwind::h281fe732d236d260
[INFO] [stdout]                                at /rustc/90b35a6239c3d8bdabc530a6a0816f7ff89a0aaf/library/std/src/panic.rs:358:14
[INFO] [stdout]   30:     0x613b66b65f57 - test::run_test_in_process::h949b6df8457ed338
[INFO] [stdout]                                at /rustc/90b35a6239c3d8bdabc530a6a0816f7ff89a0aaf/library/test/src/lib.rs:644:27
[INFO] [stdout]   31:     0x613b66b65f57 - test::run_test::{{closure}}::h52c556a6d4740e10
[INFO] [stdout]                                at /rustc/90b35a6239c3d8bdabc530a6a0816f7ff89a0aaf/library/test/src/lib.rs:565:43
[INFO] [stdout]   32:     0x613b66b2b234 - test::run_test::{{closure}}::h4237f6381c45ccb9
[INFO] [stdout]                                at /rustc/90b35a6239c3d8bdabc530a6a0816f7ff89a0aaf/library/test/src/lib.rs:595:41
[INFO] [stdout]   33:     0x613b66b2b234 - std::sys::backtrace::__rust_begin_short_backtrace::h505c97a579eca628
[INFO] [stdout]                                at /rustc/90b35a6239c3d8bdabc530a6a0816f7ff89a0aaf/library/std/src/sys/backtrace.rs:154:18
[INFO] [stdout]   34:     0x613b66b2e8fe - std::thread::Builder::spawn_unchecked_::{{closure}}::{{closure}}::h9e86b2e2bc107ea3
[INFO] [stdout]                                at /rustc/90b35a6239c3d8bdabc530a6a0816f7ff89a0aaf/library/std/src/thread/mod.rs:538:17
[INFO] [stdout]   35:     0x613b66b2e8fe - <core::panic::unwind_safe::AssertUnwindSafe<F> as core::ops::function::FnOnce<()>>::call_once::h8b06ddb275ff4a25
[INFO] [stdout]                                at /rustc/90b35a6239c3d8bdabc530a6a0816f7ff89a0aaf/library/core/src/panic/unwind_safe.rs:272:9
[INFO] [stdout]   36:     0x613b66b2e8fe - std::panicking::try::do_call::hb26ecd7cd9a9355d
[INFO] [stdout]                                at /rustc/90b35a6239c3d8bdabc530a6a0816f7ff89a0aaf/library/std/src/panicking.rs:557:40
[INFO] [stdout]   37:     0x613b66b2e8fe - std::panicking::try::h8ddeca9d705f9069
[INFO] [stdout]                                at /rustc/90b35a6239c3d8bdabc530a6a0816f7ff89a0aaf/library/std/src/panicking.rs:520:19
[INFO] [stdout]   38:     0x613b66b2e8fe - std::panic::catch_unwind::h49e1c33078844c46
[INFO] [stdout]                                at /rustc/90b35a6239c3d8bdabc530a6a0816f7ff89a0aaf/library/std/src/panic.rs:358:14
[INFO] [stdout]   39:     0x613b66b2e8fe - std::thread::Builder::spawn_unchecked_::{{closure}}::h6073db6ff56ad35d
[INFO] [stdout]                                at /rustc/90b35a6239c3d8bdabc530a6a0816f7ff89a0aaf/library/std/src/thread/mod.rs:537:30
[INFO] [stdout]   40:     0x613b66b2e8fe - core::ops::function::FnOnce::call_once{{vtable.shim}}::h2c5a5f3779c774f1
[INFO] [stdout]                                at /rustc/90b35a6239c3d8bdabc530a6a0816f7ff89a0aaf/library/core/src/ops/function.rs:250:5
[INFO] [stdout]   41:     0x613b67514c5b - <alloc::boxed::Box<F,A> as core::ops::function::FnOnce<Args>>::call_once::hf75717d9f28faebf
[INFO] [stdout]                                at /rustc/90b35a6239c3d8bdabc530a6a0816f7ff89a0aaf/library/alloc/src/boxed.rs:2454:9
[INFO] [stdout]   42:     0x613b67514c5b - <alloc::boxed::Box<F,A> as core::ops::function::FnOnce<Args>>::call_once::h7bd883a5f3c5f3c1
[INFO] [stdout]                                at /rustc/90b35a6239c3d8bdabc530a6a0816f7ff89a0aaf/library/alloc/src/boxed.rs:2454:9
[INFO] [stdout]   43:     0x613b67514c5b - std::sys::pal::unix::thread::Thread::new::thread_start::hcc78f3943333fa94
[INFO] [stdout]                                at /rustc/90b35a6239c3d8bdabc530a6a0816f7ff89a0aaf/library/std/src/sys/pal/unix/thread.rs:105:17
[INFO] [stdout]   44:     0x7dc58ad1dac3 - <unknown>
[INFO] [stdout]   45:     0x7dc58adaea04 - clone
[INFO] [stdout]   46:                0x0 - <unknown>
[INFO] [stdout] 
[INFO] [stdout] 
[INFO] [stdout] failures:
[INFO] [stdout]     authorize::tests::account_is_owner
[INFO] [stdout]     authorize::tests::test_code_id_token
[INFO] [stdout]     authorize::tests::test_state
[INFO] [stdout]     token::tests::token
[INFO] [stdout]     userinfo::tests::userinfo
[INFO] [stdout]     web3::tests::test_crypto_boy_on_okt
[INFO] [stdout] 
[INFO] [stdout] test result: FAILED. 14 passed; 6 failed; 2 ignored; 0 measured; 0 filtered out; finished in 1.00s
[INFO] [stdout] 
[INFO] running `Command { std: "docker" "inspect" "312222cdb2dd614eda082c0bed09ab806f9acee81a8744a9ff6a6a20dd455f99", kill_on_drop: false }`
[INFO] running `Command { std: "docker" "rm" "-f" "312222cdb2dd614eda082c0bed09ab806f9acee81a8744a9ff6a6a20dd455f99", kill_on_drop: false }`
[INFO] [stdout] 312222cdb2dd614eda082c0bed09ab806f9acee81a8744a9ff6a6a20dd455f99
