[INFO] cloning repository https://github.com/chirag-empiric/setget
[INFO] running `Command { std: "git" "-c" "credential.helper=" "-c" "credential.helper=/workspace/cargo-home/bin/git-credential-null" "clone" "--bare" "https://github.com/chirag-empiric/setget" "/workspace/cache/git-repos/https%3A%2F%2Fgithub.com%2Fchirag-empiric%2Fsetget", kill_on_drop: false }`
[INFO] [stderr] Cloning into bare repository '/workspace/cache/git-repos/https%3A%2F%2Fgithub.com%2Fchirag-empiric%2Fsetget'...
[INFO] running `Command { std: "git" "rev-parse" "HEAD", kill_on_drop: false }`
[INFO] [stdout] 284e42f97e5f7ea894e8fad4182459e6a56d2733
[INFO] testing chirag-empiric/setget against 1.83.0 for beta-1.84.0-4-retry
[INFO] running `Command { std: "git" "clone" "/workspace/cache/git-repos/https%3A%2F%2Fgithub.com%2Fchirag-empiric%2Fsetget" "/workspace/builds/worker-2-tc1/source", kill_on_drop: false }`
[INFO] [stderr] Cloning into '/workspace/builds/worker-2-tc1/source'...
[INFO] [stderr] done.
[INFO] validating manifest of git repo https://github.com/chirag-empiric/setget on toolchain 1.83.0
[INFO] running `Command { std: CARGO_HOME="/workspace/cargo-home" RUSTUP_HOME="/workspace/rustup-home" "/workspace/cargo-home/bin/cargo" "+1.83.0" "metadata" "--manifest-path" "Cargo.toml" "--no-deps", kill_on_drop: false }`
[INFO] started tweaking git repo https://github.com/chirag-empiric/setget
[INFO] finished tweaking git repo https://github.com/chirag-empiric/setget
[INFO] tweaked toml for git repo https://github.com/chirag-empiric/setget written to /workspace/builds/worker-2-tc1/source/Cargo.toml
[INFO] crate git repo https://github.com/chirag-empiric/setget already has a lockfile, it will not be regenerated
[INFO] running `Command { std: CARGO_HOME="/workspace/cargo-home" RUSTUP_HOME="/workspace/rustup-home" "/workspace/cargo-home/bin/cargo" "+1.83.0" "fetch" "--manifest-path" "Cargo.toml", kill_on_drop: false }`
[INFO] running `Command { std: "docker" "create" "-v" "/var/lib/crater-agent-workspace/builds/worker-2-tc1/target:/opt/rustwide/target:rw,Z" "-v" "/var/lib/crater-agent-workspace/builds/worker-2-tc1/source:/opt/rustwide/workdir:ro,Z" "-v" "/var/lib/crater-agent-workspace/cargo-home:/opt/rustwide/cargo-home:ro,Z" "-v" "/var/lib/crater-agent-workspace/rustup-home:/opt/rustwide/rustup-home:ro,Z" "-e" "SOURCE_DIR=/opt/rustwide/workdir" "-e" "CARGO_TARGET_DIR=/opt/rustwide/target" "-e" "CARGO_HOME=/opt/rustwide/cargo-home" "-e" "RUSTUP_HOME=/opt/rustwide/rustup-home" "-w" "/opt/rustwide/workdir" "-m" "1610612736" "--user" "0:0" "--network" "none" "ghcr.io/rust-lang/crates-build-env/linux@sha256:f3a9d4ad9d972b27faf3965f35b62e55ba32bbce8f20bc8fe909558a86702fde" "/opt/rustwide/cargo-home/bin/cargo" "+1.83.0" "metadata" "--no-deps" "--format-version=1", kill_on_drop: false }`
[INFO] [stdout] 3bbcc8fc2cd3c3bbf63383ba16524e85b19489696931b031bc41fbdfeaeb4d2c
[INFO] running `Command { std: "docker" "start" "-a" "3bbcc8fc2cd3c3bbf63383ba16524e85b19489696931b031bc41fbdfeaeb4d2c", kill_on_drop: false }`
[INFO] running `Command { std: "docker" "inspect" "3bbcc8fc2cd3c3bbf63383ba16524e85b19489696931b031bc41fbdfeaeb4d2c", kill_on_drop: false }`
[INFO] running `Command { std: "docker" "rm" "-f" "3bbcc8fc2cd3c3bbf63383ba16524e85b19489696931b031bc41fbdfeaeb4d2c", kill_on_drop: false }`
[INFO] [stdout] 3bbcc8fc2cd3c3bbf63383ba16524e85b19489696931b031bc41fbdfeaeb4d2c
[INFO] running `Command { std: "docker" "create" "-v" "/var/lib/crater-agent-workspace/builds/worker-2-tc1/target:/opt/rustwide/target:rw,Z" "-v" "/var/lib/crater-agent-workspace/builds/worker-2-tc1/source:/opt/rustwide/workdir:ro,Z" "-v" "/var/lib/crater-agent-workspace/cargo-home:/opt/rustwide/cargo-home:ro,Z" "-v" "/var/lib/crater-agent-workspace/rustup-home:/opt/rustwide/rustup-home:ro,Z" "-e" "SOURCE_DIR=/opt/rustwide/workdir" "-e" "CARGO_TARGET_DIR=/opt/rustwide/target" "-e" "CARGO_INCREMENTAL=0" "-e" "RUST_BACKTRACE=full" "-e" "RUSTFLAGS=--cap-lints=warn" "-e" "RUSTDOCFLAGS=--cap-lints=warn" "-e" "CARGO_HOME=/opt/rustwide/cargo-home" "-e" "RUSTUP_HOME=/opt/rustwide/rustup-home" "-w" "/opt/rustwide/workdir" "-m" "1610612736" "--user" "0:0" "--network" "none" "ghcr.io/rust-lang/crates-build-env/linux@sha256:f3a9d4ad9d972b27faf3965f35b62e55ba32bbce8f20bc8fe909558a86702fde" "/opt/rustwide/cargo-home/bin/cargo" "+1.83.0" "build" "--frozen" "--message-format=json", kill_on_drop: false }`
[INFO] [stdout] fc5e0dff5cfee2b4d023571ec00d76231f3b2f14bff517b217a7f2bbcbf5a368
[INFO] running `Command { std: "docker" "start" "-a" "fc5e0dff5cfee2b4d023571ec00d76231f3b2f14bff517b217a7f2bbcbf5a368", kill_on_drop: false }`
[INFO] [stderr]    Compiling setget v0.1.1 (/opt/rustwide/workdir)
[INFO] [stderr]     Finished `dev` profile [unoptimized + debuginfo] target(s) in 0.18s
[INFO] running `Command { std: "docker" "inspect" "fc5e0dff5cfee2b4d023571ec00d76231f3b2f14bff517b217a7f2bbcbf5a368", kill_on_drop: false }`
[INFO] running `Command { std: "docker" "rm" "-f" "fc5e0dff5cfee2b4d023571ec00d76231f3b2f14bff517b217a7f2bbcbf5a368", kill_on_drop: false }`
[INFO] [stdout] fc5e0dff5cfee2b4d023571ec00d76231f3b2f14bff517b217a7f2bbcbf5a368
[INFO] running `Command { std: "docker" "create" "-v" "/var/lib/crater-agent-workspace/builds/worker-2-tc1/target:/opt/rustwide/target:rw,Z" "-v" "/var/lib/crater-agent-workspace/builds/worker-2-tc1/source:/opt/rustwide/workdir:ro,Z" "-v" "/var/lib/crater-agent-workspace/cargo-home:/opt/rustwide/cargo-home:ro,Z" "-v" "/var/lib/crater-agent-workspace/rustup-home:/opt/rustwide/rustup-home:ro,Z" "-e" "SOURCE_DIR=/opt/rustwide/workdir" "-e" "CARGO_TARGET_DIR=/opt/rustwide/target" "-e" "CARGO_INCREMENTAL=0" "-e" "RUST_BACKTRACE=full" "-e" "RUSTFLAGS=--cap-lints=warn" "-e" "RUSTDOCFLAGS=--cap-lints=warn" "-e" "CARGO_HOME=/opt/rustwide/cargo-home" "-e" "RUSTUP_HOME=/opt/rustwide/rustup-home" "-w" "/opt/rustwide/workdir" "-m" "1610612736" "--user" "0:0" "--network" "none" "ghcr.io/rust-lang/crates-build-env/linux@sha256:f3a9d4ad9d972b27faf3965f35b62e55ba32bbce8f20bc8fe909558a86702fde" "/opt/rustwide/cargo-home/bin/cargo" "+1.83.0" "test" "--frozen" "--no-run" "--message-format=json", kill_on_drop: false }`
[INFO] [stdout] f3e86f1c1e8e3cd0d7eda30634b4ac45b47738829e2117c0c443e69716854ce2
[INFO] running `Command { std: "docker" "start" "-a" "f3e86f1c1e8e3cd0d7eda30634b4ac45b47738829e2117c0c443e69716854ce2", kill_on_drop: false }`
[INFO] [stderr]    Compiling setget v0.1.1 (/opt/rustwide/workdir)
[INFO] [stderr]     Finished `test` profile [unoptimized + debuginfo] target(s) in 0.46s
[INFO] running `Command { std: "docker" "inspect" "f3e86f1c1e8e3cd0d7eda30634b4ac45b47738829e2117c0c443e69716854ce2", kill_on_drop: false }`
[INFO] running `Command { std: "docker" "rm" "-f" "f3e86f1c1e8e3cd0d7eda30634b4ac45b47738829e2117c0c443e69716854ce2", kill_on_drop: false }`
[INFO] [stdout] f3e86f1c1e8e3cd0d7eda30634b4ac45b47738829e2117c0c443e69716854ce2
[INFO] running `Command { std: "docker" "create" "-v" "/var/lib/crater-agent-workspace/builds/worker-2-tc1/target:/opt/rustwide/target:rw,Z" "-v" "/var/lib/crater-agent-workspace/builds/worker-2-tc1/source:/opt/rustwide/workdir:ro,Z" "-v" "/var/lib/crater-agent-workspace/cargo-home:/opt/rustwide/cargo-home:ro,Z" "-v" "/var/lib/crater-agent-workspace/rustup-home:/opt/rustwide/rustup-home:ro,Z" "-e" "SOURCE_DIR=/opt/rustwide/workdir" "-e" "CARGO_TARGET_DIR=/opt/rustwide/target" "-e" "CARGO_INCREMENTAL=0" "-e" "RUST_BACKTRACE=full" "-e" "RUSTFLAGS=--cap-lints=warn" "-e" "RUSTDOCFLAGS=--cap-lints=warn" "-e" "CARGO_HOME=/opt/rustwide/cargo-home" "-e" "RUSTUP_HOME=/opt/rustwide/rustup-home" "-w" "/opt/rustwide/workdir" "-m" "1610612736" "--user" "0:0" "--network" "none" "ghcr.io/rust-lang/crates-build-env/linux@sha256:f3a9d4ad9d972b27faf3965f35b62e55ba32bbce8f20bc8fe909558a86702fde" "/opt/rustwide/cargo-home/bin/cargo" "+1.83.0" "test" "--frozen", kill_on_drop: false }`
[INFO] [stdout] 22903e3caceada1cf37c42db5ed5664a6ad98463b8760efe17bdca953d32cc36
[INFO] running `Command { std: "docker" "start" "-a" "22903e3caceada1cf37c42db5ed5664a6ad98463b8760efe17bdca953d32cc36", kill_on_drop: false }`
[INFO] [stderr]     Finished `test` profile [unoptimized + debuginfo] target(s) in 0.01s
[INFO] [stderr]      Running unittests src/lib.rs (/opt/rustwide/target/debug/deps/setget-68906512aa206cca)
[INFO] [stdout] 
[INFO] [stdout] running 1 test
[INFO] [stdout] test tests::create_user_test ... ok
[INFO] [stdout] 
[INFO] [stdout] test result: ok. 1 passed; 0 failed; 0 ignored; 0 measured; 0 filtered out; finished in 0.01s
[INFO] [stdout] 
[INFO] [stderr]    Doc-tests setget
[INFO] [stdout] 
[INFO] [stdout] running 5 tests
[INFO] [stdout] test src/user.rs - user::User::get_name (line 55) ... FAILED
[INFO] [stdout] test src/user.rs - user::User (line 5) ... FAILED
[INFO] [stdout] test src/user.rs - user::User::print (line 39) ... FAILED
[INFO] [stdout] test src/user.rs - user::User::new (line 28) ... FAILED
[INFO] [stdout] test src/lib.rs - create_new_user (line 13) ... FAILED
[INFO] [stdout] 
[INFO] [stdout] failures:
[INFO] [stdout] 
[INFO] [stdout] ---- src/user.rs - user::User::get_name (line 55) stdout ----
[INFO] [stdout] error[E0433]: failed to resolve: use of undeclared type `User`
[INFO] [stdout]  --> src/user.rs:56:12
[INFO] [stdout]   |
[INFO] [stdout] 3 | let user = User::new("Alice".to_string(), 30);
[INFO] [stdout]   |            ^^^^ use of undeclared type `User`
[INFO] [stdout]   |
[INFO] [stdout] help: consider importing this struct
[INFO] [stdout]   |
[INFO] [stdout] 2 + use setget::user::User;
[INFO] [stdout]   |
[INFO] [stdout] 
[INFO] [stdout] error: aborting due to 1 previous error
[INFO] [stdout] 
[INFO] [stdout] For more information about this error, try `rustc --explain E0433`.
[INFO] [stdout] Couldn't compile the test.
[INFO] [stdout] ---- src/user.rs - user::User (line 5) stdout ----
[INFO] [stdout] error[E0433]: failed to resolve: use of undeclared crate or module `my_crate`
[INFO] [stdout]  --> src/user.rs:6:5
[INFO] [stdout]   |
[INFO] [stdout] 3 | use my_crate::user::User;
[INFO] [stdout]   |     ^^^^^^^^ use of undeclared crate or module `my_crate`
[INFO] [stdout] 
[INFO] [stdout] error: aborting due to 1 previous error
[INFO] [stdout] 
[INFO] [stdout] For more information about this error, try `rustc --explain E0433`.
[INFO] [stdout] Couldn't compile the test.
[INFO] [stdout] ---- src/user.rs - user::User::print (line 39) stdout ----
[INFO] [stdout] error[E0433]: failed to resolve: use of undeclared type `User`
[INFO] [stdout]  --> src/user.rs:40:12
[INFO] [stdout]   |
[INFO] [stdout] 3 | let user = User::new("Alice".to_string(), 30);
[INFO] [stdout]   |            ^^^^ use of undeclared type `User`
[INFO] [stdout]   |
[INFO] [stdout] help: consider importing this struct
[INFO] [stdout]   |
[INFO] [stdout] 2 + use setget::user::User;
[INFO] [stdout]   |
[INFO] [stdout] 
[INFO] [stdout] error: aborting due to 1 previous error
[INFO] [stdout] 
[INFO] [stdout] For more information about this error, try `rustc --explain E0433`.
[INFO] [stdout] Couldn't compile the test.
[INFO] [stdout] ---- src/user.rs - user::User::new (line 28) stdout ----
[INFO] [stdout] error[E0433]: failed to resolve: use of undeclared type `User`
[INFO] [stdout]  --> src/user.rs:29:12
[INFO] [stdout]   |
[INFO] [stdout] 3 | let user = User::new("Alice".to_string(), 30);
[INFO] [stdout]   |            ^^^^ use of undeclared type `User`
[INFO] [stdout]   |
[INFO] [stdout] help: consider importing this struct
[INFO] [stdout]   |
[INFO] [stdout] 2 + use setget::user::User;
[INFO] [stdout]   |
[INFO] [stdout] 
[INFO] [stdout] error: aborting due to 1 previous error
[INFO] [stdout] 
[INFO] [stdout] For more information about this error, try `rustc --explain E0433`.
[INFO] [stdout] Couldn't compile the test.
[INFO] [stdout] ---- src/lib.rs - create_new_user (line 13) stdout ----
[INFO] [stdout] error[E0432]: unresolved import `my_crate`
[INFO] [stdout]  --> src/lib.rs:14:5
[INFO] [stdout]   |
[INFO] [stdout] 3 | use my_crate::create_new_user;
[INFO] [stdout]   |     ^^^^^^^^ use of undeclared crate or module `my_crate`
[INFO] [stdout] 
[INFO] [stdout] error: aborting due to 1 previous error
[INFO] [stdout] 
[INFO] [stdout] For more information about this error, try `rustc --explain E0432`.
[INFO] [stdout] Couldn't compile the test.
[INFO] [stdout] 
[INFO] [stdout] failures:
[INFO] [stdout]     src/lib.rs - create_new_user (line 13)
[INFO] [stdout]     src/user.rs - user::User (line 5)
[INFO] [stdout]     src/user.rs - user::User::get_name (line 55)
[INFO] [stdout]     src/user.rs - user::User::new (line 28)
[INFO] [stdout]     src/user.rs - user::User::print (line 39)
[INFO] [stdout] 
[INFO] [stdout] test result: FAILED. 0 passed; 5 failed; 0 ignored; 0 measured; 0 filtered out; finished in 0.19s
[INFO] [stdout] 
[INFO] [stderr] error: doctest failed, to rerun pass `--doc`
[INFO] running `Command { std: "docker" "inspect" "22903e3caceada1cf37c42db5ed5664a6ad98463b8760efe17bdca953d32cc36", kill_on_drop: false }`
[INFO] running `Command { std: "docker" "rm" "-f" "22903e3caceada1cf37c42db5ed5664a6ad98463b8760efe17bdca953d32cc36", kill_on_drop: false }`
[INFO] [stdout] 22903e3caceada1cf37c42db5ed5664a6ad98463b8760efe17bdca953d32cc36
