[INFO] cloning repository https://github.com/chinedufn/hyper-tls-graceful-shutdown-issue
[INFO] running `Command { std: "git" "-c" "credential.helper=" "-c" "credential.helper=/workspace/cargo-home/bin/git-credential-null" "clone" "--bare" "https://github.com/chinedufn/hyper-tls-graceful-shutdown-issue" "/workspace/cache/git-repos/https%3A%2F%2Fgithub.com%2Fchinedufn%2Fhyper-tls-graceful-shutdown-issue", kill_on_drop: false }`
[INFO] [stderr] Cloning into bare repository '/workspace/cache/git-repos/https%3A%2F%2Fgithub.com%2Fchinedufn%2Fhyper-tls-graceful-shutdown-issue'...
[INFO] running `Command { std: "git" "rev-parse" "HEAD", kill_on_drop: false }`
[INFO] [stdout] 9f041ee22dda7f3cccedd8806fa34b23ed516b38
[INFO] testing chinedufn/hyper-tls-graceful-shutdown-issue against beta-2024-12-08 for beta-1.84.0-4-retry
[INFO] running `Command { std: "git" "clone" "/workspace/cache/git-repos/https%3A%2F%2Fgithub.com%2Fchinedufn%2Fhyper-tls-graceful-shutdown-issue" "/workspace/builds/worker-0-tc2/source", kill_on_drop: false }`
[INFO] [stderr] Cloning into '/workspace/builds/worker-0-tc2/source'...
[INFO] [stderr] done.
[INFO] validating manifest of git repo https://github.com/chinedufn/hyper-tls-graceful-shutdown-issue on toolchain beta-2024-12-08
[INFO] running `Command { std: CARGO_HOME="/workspace/cargo-home" RUSTUP_HOME="/workspace/rustup-home" "/workspace/cargo-home/bin/cargo" "+beta-2024-12-08" "metadata" "--manifest-path" "Cargo.toml" "--no-deps", kill_on_drop: false }`
[INFO] started tweaking git repo https://github.com/chinedufn/hyper-tls-graceful-shutdown-issue
[INFO] finished tweaking git repo https://github.com/chinedufn/hyper-tls-graceful-shutdown-issue
[INFO] tweaked toml for git repo https://github.com/chinedufn/hyper-tls-graceful-shutdown-issue written to /workspace/builds/worker-0-tc2/source/Cargo.toml
[INFO] crate git repo https://github.com/chinedufn/hyper-tls-graceful-shutdown-issue already has a lockfile, it will not be regenerated
[INFO] running `Command { std: CARGO_HOME="/workspace/cargo-home" RUSTUP_HOME="/workspace/rustup-home" "/workspace/cargo-home/bin/cargo" "+beta-2024-12-08" "fetch" "--manifest-path" "Cargo.toml", kill_on_drop: false }`
[INFO] running `Command { std: "docker" "create" "-v" "/var/lib/crater-agent-workspace/builds/worker-0-tc2/target:/opt/rustwide/target:rw,Z" "-v" "/var/lib/crater-agent-workspace/builds/worker-0-tc2/source:/opt/rustwide/workdir:ro,Z" "-v" "/var/lib/crater-agent-workspace/cargo-home:/opt/rustwide/cargo-home:ro,Z" "-v" "/var/lib/crater-agent-workspace/rustup-home:/opt/rustwide/rustup-home:ro,Z" "-e" "SOURCE_DIR=/opt/rustwide/workdir" "-e" "CARGO_TARGET_DIR=/opt/rustwide/target" "-e" "CARGO_HOME=/opt/rustwide/cargo-home" "-e" "RUSTUP_HOME=/opt/rustwide/rustup-home" "-w" "/opt/rustwide/workdir" "-m" "1610612736" "--user" "0:0" "--network" "none" "ghcr.io/rust-lang/crates-build-env/linux@sha256:f3a9d4ad9d972b27faf3965f35b62e55ba32bbce8f20bc8fe909558a86702fde" "/opt/rustwide/cargo-home/bin/cargo" "+beta-2024-12-08" "metadata" "--no-deps" "--format-version=1", kill_on_drop: false }`
[INFO] [stdout] 0cc11ae48d23fed3d14e98b3a346de4cdc6e4156a6ae46d39e8fd6e4cfb90cb2
[INFO] running `Command { std: "docker" "start" "-a" "0cc11ae48d23fed3d14e98b3a346de4cdc6e4156a6ae46d39e8fd6e4cfb90cb2", kill_on_drop: false }`
[INFO] running `Command { std: "docker" "inspect" "0cc11ae48d23fed3d14e98b3a346de4cdc6e4156a6ae46d39e8fd6e4cfb90cb2", kill_on_drop: false }`
[INFO] running `Command { std: "docker" "rm" "-f" "0cc11ae48d23fed3d14e98b3a346de4cdc6e4156a6ae46d39e8fd6e4cfb90cb2", kill_on_drop: false }`
[INFO] [stdout] 0cc11ae48d23fed3d14e98b3a346de4cdc6e4156a6ae46d39e8fd6e4cfb90cb2
[INFO] running `Command { std: "docker" "create" "-v" "/var/lib/crater-agent-workspace/builds/worker-0-tc2/target:/opt/rustwide/target:rw,Z" "-v" "/var/lib/crater-agent-workspace/builds/worker-0-tc2/source:/opt/rustwide/workdir:ro,Z" "-v" "/var/lib/crater-agent-workspace/cargo-home:/opt/rustwide/cargo-home:ro,Z" "-v" "/var/lib/crater-agent-workspace/rustup-home:/opt/rustwide/rustup-home:ro,Z" "-e" "SOURCE_DIR=/opt/rustwide/workdir" "-e" "CARGO_TARGET_DIR=/opt/rustwide/target" "-e" "CARGO_INCREMENTAL=0" "-e" "RUST_BACKTRACE=full" "-e" "RUSTFLAGS=--cap-lints=warn" "-e" "RUSTDOCFLAGS=--cap-lints=warn" "-e" "CARGO_HOME=/opt/rustwide/cargo-home" "-e" "RUSTUP_HOME=/opt/rustwide/rustup-home" "-w" "/opt/rustwide/workdir" "-m" "1610612736" "--user" "0:0" "--network" "none" "ghcr.io/rust-lang/crates-build-env/linux@sha256:f3a9d4ad9d972b27faf3965f35b62e55ba32bbce8f20bc8fe909558a86702fde" "/opt/rustwide/cargo-home/bin/cargo" "+beta-2024-12-08" "build" "--frozen" "--message-format=json", kill_on_drop: false }`
[INFO] [stdout] 85c7b1072eacfe1e00decc6a0cf6c5dad7aa7139a596865e3292039073277060
[INFO] running `Command { std: "docker" "start" "-a" "85c7b1072eacfe1e00decc6a0cf6c5dad7aa7139a596865e3292039073277060", kill_on_drop: false }`
[INFO] [stderr]    Compiling proc-macro2 v1.0.92
[INFO] [stderr]    Compiling unicode-ident v1.0.14
[INFO] [stderr]    Compiling libc v0.2.168
[INFO] [stderr]    Compiling shlex v1.3.0
[INFO] [stderr]    Compiling once_cell v1.20.2
[INFO] [stderr]    Compiling stable_deref_trait v1.2.0
[INFO] [stderr]    Compiling pin-project-lite v0.2.15
[INFO] [stderr]    Compiling cfg-if v1.0.0
[INFO] [stderr]    Compiling bytes v1.9.0
[INFO] [stderr]    Compiling itoa v1.0.14
[INFO] [stderr]    Compiling pkg-config v0.3.31
[INFO] [stderr]    Compiling vcpkg v0.2.15
[INFO] [stderr]    Compiling futures-core v0.3.31
[INFO] [stderr]    Compiling autocfg v1.4.0
[INFO] [stderr]    Compiling dunce v1.0.5
[INFO] [stderr]    Compiling writeable v0.5.5
[INFO] [stderr]    Compiling litemap v0.7.4
[INFO] [stderr]    Compiling smallvec v1.13.2
[INFO] [stderr]    Compiling fs_extra v1.3.0
[INFO] [stderr]    Compiling fnv v1.0.7
[INFO] [stderr]    Compiling log v0.4.22
[INFO] [stderr]    Compiling icu_locid_transform_data v1.5.0
[INFO] [stderr]    Compiling paste v1.0.15
[INFO] [stderr]    Compiling tracing-core v0.1.33
[INFO] [stderr]    Compiling icu_properties_data v1.5.0
[INFO] [stderr]    Compiling pin-utils v0.1.0
[INFO] [stderr]    Compiling aws-lc-rs v1.11.1
[INFO] [stderr]    Compiling futures-task v0.3.31
[INFO] [stderr]    Compiling futures-sink v0.3.31
[INFO] [stderr]    Compiling httparse v1.9.5
[INFO] [stderr]    Compiling equivalent v1.0.1
[INFO] [stderr]    Compiling foreign-types-shared v0.1.1
[INFO] [stderr]    Compiling hashbrown v0.15.2
[INFO] [stderr]    Compiling openssl v0.10.68
[INFO] [stderr]    Compiling utf16_iter v1.0.5
[INFO] [stderr]    Compiling foreign-types v0.3.2
[INFO] [stderr]    Compiling write16 v1.0.0
[INFO] [stderr]    Compiling native-tls v0.2.12
[INFO] [stderr]    Compiling icu_normalizer_data v1.5.0
[INFO] [stderr]    Compiling rustls-pki-types v1.10.0
[INFO] [stderr]    Compiling http v1.2.0
[INFO] [stderr]    Compiling bitflags v2.6.0
[INFO] [stderr]    Compiling slab v0.4.9
[INFO] [stderr]    Compiling try-lock v0.2.5
[INFO] [stderr]    Compiling atomic-waker v1.1.2
[INFO] [stderr]    Compiling utf8_iter v1.0.4
[INFO] [stderr]    Compiling want v0.3.1
[INFO] [stderr]    Compiling futures-channel v0.3.31
[INFO] [stderr]    Compiling percent-encoding v2.3.1
[INFO] [stderr]    Compiling zeroize v1.8.1
[INFO] [stderr]    Compiling serde v1.0.215
[INFO] [stderr]    Compiling openssl-probe v0.1.5
[INFO] [stderr]    Compiling httpdate v1.0.3
[INFO] [stderr]    Compiling byteorder v1.5.0
[INFO] [stderr]    Compiling form_urlencoded v1.2.1
[INFO] [stderr]    Compiling quote v1.0.37
[INFO] [stderr]    Compiling indexmap v2.7.0
[INFO] [stderr]    Compiling powerfmt v0.2.0
[INFO] [stderr]    Compiling rustls v0.23.19
[INFO] [stderr]    Compiling tower-service v0.3.3
[INFO] [stderr]    Compiling regex-syntax v0.8.5
[INFO] [stderr]    Compiling untrusted v0.9.0
[INFO] [stderr]    Compiling regex-syntax v0.6.29
[INFO] [stderr]    Compiling lazy_static v1.5.0
[INFO] [stderr]    Compiling time-core v0.1.2
[INFO] [stderr]    Compiling syn v2.0.90
[INFO] [stderr]    Compiling deranged v0.3.11
[INFO] [stderr]    Compiling num-conv v0.1.0
[INFO] [stderr]    Compiling ryu v1.0.18
[INFO] [stderr]    Compiling overload v0.1.1
[INFO] [stderr]    Compiling jobserver v0.1.32
[INFO] [stderr]    Compiling mio v1.0.3
[INFO] [stderr]    Compiling socket2 v0.5.8
[INFO] [stderr]    Compiling getrandom v0.2.15
[INFO] [stderr]    Compiling http-body v1.0.1
[INFO] [stderr]    Compiling subtle v2.6.1
[INFO] [stderr]    Compiling nu-ansi-term v0.46.0
[INFO] [stderr]    Compiling cc v1.2.3
[INFO] [stderr]    Compiling rand_core v0.6.4
[INFO] [stderr]    Compiling sharded-slab v0.1.7
[INFO] [stderr]    Compiling rustls-pemfile v2.2.0
[INFO] [stderr]    Compiling tracing-log v0.2.0
[INFO] [stderr]    Compiling time v0.3.37
[INFO] [stderr]    Compiling thread_local v1.1.8
[INFO] [stderr]    Compiling sync_wrapper v1.0.2
[INFO] [stderr]    Compiling encoding_rs v0.8.35
[INFO] [stderr]    Compiling mime v0.3.17
[INFO] [stderr]    Compiling base64 v0.22.1
[INFO] [stderr]    Compiling ipnet v2.10.1
[INFO] [stderr]    Compiling regex-automata v0.4.9
[INFO] [stderr]    Compiling cmake v0.1.52
[INFO] [stderr]    Compiling regex-automata v0.1.10
[INFO] [stderr]    Compiling openssl-sys v0.9.104
[INFO] [stderr]    Compiling aws-lc-sys v0.23.1
[INFO] [stderr]    Compiling matchers v0.1.0
[INFO] [stderr]    Compiling regex v1.11.1
[INFO] [stderr]    Compiling serde_urlencoded v0.7.1
[INFO] [stderr]    Compiling synstructure v0.13.1
[INFO] [stderr]    Compiling zerofrom-derive v0.1.5
[INFO] [stderr]    Compiling yoke-derive v0.7.5
[INFO] [stderr]    Compiling zerovec-derive v0.10.3
[INFO] [stderr]    Compiling displaydoc v0.2.5
[INFO] [stderr]    Compiling tokio-macros v2.4.0
[INFO] [stderr]    Compiling icu_provider_macros v1.5.0
[INFO] [stderr]    Compiling tracing-attributes v0.1.28
[INFO] [stderr]    Compiling futures-macro v0.3.31
[INFO] [stderr]    Compiling openssl-macros v0.1.1
[INFO] [stderr]    Compiling zerocopy-derive v0.7.35
[INFO] [stderr]    Compiling tokio v1.42.0
[INFO] [stderr]    Compiling futures-util v0.3.31
[INFO] [stderr]    Compiling zerofrom v0.1.5
[INFO] [stderr]    Compiling tracing v0.1.41
[INFO] [stderr]    Compiling yoke v0.7.5
[INFO] [stderr]    Compiling tracing-subscriber v0.3.19
[INFO] [stderr]    Compiling zerovec v0.10.4
[INFO] [stderr]    Compiling zerocopy v0.7.35
[INFO] [stderr]    Compiling ppv-lite86 v0.2.20
[INFO] [stderr]    Compiling tinystr v0.7.6
[INFO] [stderr]    Compiling icu_collections v1.5.0
[INFO] [stderr]    Compiling rand_chacha v0.3.1
[INFO] [stderr]    Compiling icu_locid v1.5.0
[INFO] [stderr]    Compiling rand v0.8.5
[INFO] [stderr]    Compiling http-body-util v0.1.2
[INFO] [stderr]    Compiling icu_provider v1.5.0
[INFO] [stderr]    Compiling icu_locid_transform v1.5.0
[INFO] [stderr]    Compiling tokio-util v0.7.13
[INFO] [stderr]    Compiling icu_properties v1.5.1
[INFO] [stderr]    Compiling tokio-native-tls v0.3.1
[INFO] [stderr]    Compiling h2 v0.4.7
[INFO] [stderr]    Compiling icu_normalizer v1.5.0
[INFO] [stderr]    Compiling rustls-webpki v0.102.8
[INFO] [stderr]    Compiling idna_adapter v1.2.0
[INFO] [stderr]    Compiling idna v1.0.3
[INFO] [stderr]    Compiling hyper v1.5.1
[INFO] [stderr]    Compiling url v2.5.4
[INFO] [stderr]    Compiling hyper-util v0.1.10
[INFO] [stderr]    Compiling hyper-tls v0.6.0
[INFO] [stderr]    Compiling reqwest v0.12.9
[INFO] [stderr]    Compiling tokio-rustls v0.26.1
[INFO] [stderr]    Compiling hyper-graceful-shutdown-issue v0.1.0 (/opt/rustwide/workdir)
[INFO] [stdout] warning: enum `TlsConfig` is never used
[INFO] [stdout]   --> src/lib.rs:23:6
[INFO] [stdout]    |
[INFO] [stdout] 23 | enum TlsConfig {
[INFO] [stdout]    |      ^^^^^^^^^
[INFO] [stdout]    |
[INFO] [stdout]    = note: `#[warn(dead_code)]` on by default
[INFO] [stdout] 
[INFO] [stdout] 
[INFO] [stdout] warning: function `run_server` is never used
[INFO] [stdout]   --> src/lib.rs:28:10
[INFO] [stdout]    |
[INFO] [stdout] 28 | async fn run_server(
[INFO] [stdout]    |          ^^^^^^^^^^
[INFO] [stdout] 
[INFO] [stdout] 
[INFO] [stdout] warning: function `handle_tcp_conn` is never used
[INFO] [stdout]   --> src/lib.rs:65:10
[INFO] [stdout]    |
[INFO] [stdout] 65 | async fn handle_tcp_conn(
[INFO] [stdout]    |          ^^^^^^^^^^^^^^^
[INFO] [stdout] 
[INFO] [stdout] 
[INFO] [stdout] warning: function `rustls_server_config` is never used
[INFO] [stdout]   --> src/lib.rs:98:4
[INFO] [stdout]    |
[INFO] [stdout] 98 | fn rustls_server_config() -> Arc<tokio_rustls::rustls::ServerConfig> {
[INFO] [stdout]    |    ^^^^^^^^^^^^^^^^^^^^
[INFO] [stdout] 
[INFO] [stdout] 
[INFO] [stdout] warning: function `handle_tokio_io_conn` is never used
[INFO] [stdout]    --> src/lib.rs:121:10
[INFO] [stdout]     |
[INFO] [stdout] 121 | async fn handle_tokio_io_conn<T: AsyncRead + AsyncWrite + Unpin + 'static>(
[INFO] [stdout]     |          ^^^^^^^^^^^^^^^^^^^^
[INFO] [stdout] 
[INFO] [stdout] 
[INFO] [stdout] warning: constant `TLS_CERTIFICATE_SELF_SIGNED` is never used
[INFO] [stdout]    --> src/lib.rs:170:22
[INFO] [stdout]     |
[INFO] [stdout] 170 |     pub(super) const TLS_CERTIFICATE_SELF_SIGNED: &'static str = r#"-----BEGIN CERTIFICATE-----
[INFO] [stdout]     |                      ^^^^^^^^^^^^^^^^^^^^^^^^^^^
[INFO] [stdout] 
[INFO] [stdout] 
[INFO] [stdout] warning: constant `TLS_PRIVATE_KEY_SELF_SIGNED` is never used
[INFO] [stdout]    --> src/lib.rs:190:22
[INFO] [stdout]     |
[INFO] [stdout] 190 |     pub(super) const TLS_PRIVATE_KEY_SELF_SIGNED: &'static str = r#"-----BEGIN PRIVATE KEY-----
[INFO] [stdout]     |                      ^^^^^^^^^^^^^^^^^^^^^^^^^^^
[INFO] [stdout] 
[INFO] [stdout] 
[INFO] [stderr]     Finished `dev` profile [unoptimized + debuginfo] target(s) in 1m 10s
[INFO] running `Command { std: "docker" "inspect" "85c7b1072eacfe1e00decc6a0cf6c5dad7aa7139a596865e3292039073277060", kill_on_drop: false }`
[INFO] running `Command { std: "docker" "rm" "-f" "85c7b1072eacfe1e00decc6a0cf6c5dad7aa7139a596865e3292039073277060", kill_on_drop: false }`
[INFO] [stdout] 85c7b1072eacfe1e00decc6a0cf6c5dad7aa7139a596865e3292039073277060
[INFO] running `Command { std: "docker" "create" "-v" "/var/lib/crater-agent-workspace/builds/worker-0-tc2/target:/opt/rustwide/target:rw,Z" "-v" "/var/lib/crater-agent-workspace/builds/worker-0-tc2/source:/opt/rustwide/workdir:ro,Z" "-v" "/var/lib/crater-agent-workspace/cargo-home:/opt/rustwide/cargo-home:ro,Z" "-v" "/var/lib/crater-agent-workspace/rustup-home:/opt/rustwide/rustup-home:ro,Z" "-e" "SOURCE_DIR=/opt/rustwide/workdir" "-e" "CARGO_TARGET_DIR=/opt/rustwide/target" "-e" "CARGO_INCREMENTAL=0" "-e" "RUST_BACKTRACE=full" "-e" "RUSTFLAGS=--cap-lints=warn" "-e" "RUSTDOCFLAGS=--cap-lints=warn" "-e" "CARGO_HOME=/opt/rustwide/cargo-home" "-e" "RUSTUP_HOME=/opt/rustwide/rustup-home" "-w" "/opt/rustwide/workdir" "-m" "1610612736" "--user" "0:0" "--network" "none" "ghcr.io/rust-lang/crates-build-env/linux@sha256:f3a9d4ad9d972b27faf3965f35b62e55ba32bbce8f20bc8fe909558a86702fde" "/opt/rustwide/cargo-home/bin/cargo" "+beta-2024-12-08" "test" "--frozen" "--no-run" "--message-format=json", kill_on_drop: false }`
[INFO] [stdout] a26cafb2c027446440d0bf0306dc76ac0d9b505b9a13defdb34ee87ce537a850
[INFO] running `Command { std: "docker" "start" "-a" "a26cafb2c027446440d0bf0306dc76ac0d9b505b9a13defdb34ee87ce537a850", kill_on_drop: false }`
[INFO] [stderr]    Compiling hyper-graceful-shutdown-issue v0.1.0 (/opt/rustwide/workdir)
[INFO] [stdout] warning: enum `TlsConfig` is never used
[INFO] [stdout]   --> src/lib.rs:23:6
[INFO] [stdout]    |
[INFO] [stdout] 23 | enum TlsConfig {
[INFO] [stdout]    |      ^^^^^^^^^
[INFO] [stdout]    |
[INFO] [stdout]    = note: `#[warn(dead_code)]` on by default
[INFO] [stdout] 
[INFO] [stdout] 
[INFO] [stdout] warning: function `run_server` is never used
[INFO] [stdout]   --> src/lib.rs:28:10
[INFO] [stdout]    |
[INFO] [stdout] 28 | async fn run_server(
[INFO] [stdout]    |          ^^^^^^^^^^
[INFO] [stdout] 
[INFO] [stdout] 
[INFO] [stdout] warning: function `handle_tcp_conn` is never used
[INFO] [stdout]   --> src/lib.rs:65:10
[INFO] [stdout]    |
[INFO] [stdout] 65 | async fn handle_tcp_conn(
[INFO] [stdout]    |          ^^^^^^^^^^^^^^^
[INFO] [stdout] 
[INFO] [stdout] 
[INFO] [stdout] warning: function `rustls_server_config` is never used
[INFO] [stdout]   --> src/lib.rs:98:4
[INFO] [stdout]    |
[INFO] [stdout] 98 | fn rustls_server_config() -> Arc<tokio_rustls::rustls::ServerConfig> {
[INFO] [stdout]    |    ^^^^^^^^^^^^^^^^^^^^
[INFO] [stdout] 
[INFO] [stdout] 
[INFO] [stdout] warning: function `handle_tokio_io_conn` is never used
[INFO] [stdout]    --> src/lib.rs:121:10
[INFO] [stdout]     |
[INFO] [stdout] 121 | async fn handle_tokio_io_conn<T: AsyncRead + AsyncWrite + Unpin + 'static>(
[INFO] [stdout]     |          ^^^^^^^^^^^^^^^^^^^^
[INFO] [stdout] 
[INFO] [stdout] 
[INFO] [stdout] warning: constant `TLS_CERTIFICATE_SELF_SIGNED` is never used
[INFO] [stdout]    --> src/lib.rs:170:22
[INFO] [stdout]     |
[INFO] [stdout] 170 |     pub(super) const TLS_CERTIFICATE_SELF_SIGNED: &'static str = r#"-----BEGIN CERTIFICATE-----
[INFO] [stdout]     |                      ^^^^^^^^^^^^^^^^^^^^^^^^^^^
[INFO] [stdout] 
[INFO] [stdout] 
[INFO] [stdout] warning: constant `TLS_PRIVATE_KEY_SELF_SIGNED` is never used
[INFO] [stdout]    --> src/lib.rs:190:22
[INFO] [stdout]     |
[INFO] [stdout] 190 |     pub(super) const TLS_PRIVATE_KEY_SELF_SIGNED: &'static str = r#"-----BEGIN PRIVATE KEY-----
[INFO] [stdout]     |                      ^^^^^^^^^^^^^^^^^^^^^^^^^^^
[INFO] [stdout] 
[INFO] [stdout] 
[INFO] [stderr]     Finished `test` profile [unoptimized + debuginfo] target(s) in 8.06s
[INFO] running `Command { std: "docker" "inspect" "a26cafb2c027446440d0bf0306dc76ac0d9b505b9a13defdb34ee87ce537a850", kill_on_drop: false }`
[INFO] running `Command { std: "docker" "rm" "-f" "a26cafb2c027446440d0bf0306dc76ac0d9b505b9a13defdb34ee87ce537a850", kill_on_drop: false }`
[INFO] [stdout] a26cafb2c027446440d0bf0306dc76ac0d9b505b9a13defdb34ee87ce537a850
[INFO] running `Command { std: "docker" "create" "-v" "/var/lib/crater-agent-workspace/builds/worker-0-tc2/target:/opt/rustwide/target:rw,Z" "-v" "/var/lib/crater-agent-workspace/builds/worker-0-tc2/source:/opt/rustwide/workdir:ro,Z" "-v" "/var/lib/crater-agent-workspace/cargo-home:/opt/rustwide/cargo-home:ro,Z" "-v" "/var/lib/crater-agent-workspace/rustup-home:/opt/rustwide/rustup-home:ro,Z" "-e" "SOURCE_DIR=/opt/rustwide/workdir" "-e" "CARGO_TARGET_DIR=/opt/rustwide/target" "-e" "CARGO_INCREMENTAL=0" "-e" "RUST_BACKTRACE=full" "-e" "RUSTFLAGS=--cap-lints=warn" "-e" "RUSTDOCFLAGS=--cap-lints=warn" "-e" "CARGO_HOME=/opt/rustwide/cargo-home" "-e" "RUSTUP_HOME=/opt/rustwide/rustup-home" "-w" "/opt/rustwide/workdir" "-m" "1610612736" "--user" "0:0" "--network" "none" "ghcr.io/rust-lang/crates-build-env/linux@sha256:f3a9d4ad9d972b27faf3965f35b62e55ba32bbce8f20bc8fe909558a86702fde" "/opt/rustwide/cargo-home/bin/cargo" "+beta-2024-12-08" "test" "--frozen", kill_on_drop: false }`
[INFO] [stdout] bbe2c038bcba33345cbbcf150dc7d8a665be0d7436602797e7f7625508420d34
[INFO] running `Command { std: "docker" "start" "-a" "bbe2c038bcba33345cbbcf150dc7d8a665be0d7436602797e7f7625508420d34", kill_on_drop: false }`
[INFO] [stderr] warning: enum `TlsConfig` is never used
[INFO] [stderr]   --> src/lib.rs:23:6
[INFO] [stderr]    |
[INFO] [stderr] 23 | enum TlsConfig {
[INFO] [stderr]    |      ^^^^^^^^^
[INFO] [stderr]    |
[INFO] [stderr]    = note: `#[warn(dead_code)]` on by default
[INFO] [stderr] 
[INFO] [stderr] warning: function `run_server` is never used
[INFO] [stderr]   --> src/lib.rs:28:10
[INFO] [stderr]    |
[INFO] [stderr] 28 | async fn run_server(
[INFO] [stderr]    |          ^^^^^^^^^^
[INFO] [stderr] 
[INFO] [stderr] warning: function `handle_tcp_conn` is never used
[INFO] [stderr]   --> src/lib.rs:65:10
[INFO] [stderr]    |
[INFO] [stderr] 65 | async fn handle_tcp_conn(
[INFO] [stderr]    |          ^^^^^^^^^^^^^^^
[INFO] [stderr] 
[INFO] [stderr] warning: function `rustls_server_config` is never used
[INFO] [stderr]   --> src/lib.rs:98:4
[INFO] [stderr]    |
[INFO] [stderr] 98 | fn rustls_server_config() -> Arc<tokio_rustls::rustls::ServerConfig> {
[INFO] [stderr]    |    ^^^^^^^^^^^^^^^^^^^^
[INFO] [stderr] 
[INFO] [stderr] warning: function `handle_tokio_io_conn` is never used
[INFO] [stderr]    --> src/lib.rs:121:10
[INFO] [stderr]     |
[INFO] [stderr] 121 | async fn handle_tokio_io_conn<T: AsyncRead + AsyncWrite + Unpin + 'static>(
[INFO] [stderr]     |          ^^^^^^^^^^^^^^^^^^^^
[INFO] [stderr] 
[INFO] [stderr] warning: constant `TLS_CERTIFICATE_SELF_SIGNED` is never used
[INFO] [stderr]    --> src/lib.rs:170:22
[INFO] [stderr]     |
[INFO] [stderr] 170 |     pub(super) const TLS_CERTIFICATE_SELF_SIGNED: &'static str = r#"-----BEGIN CERTIFICATE-----
[INFO] [stderr]     |                      ^^^^^^^^^^^^^^^^^^^^^^^^^^^
[INFO] [stderr] 
[INFO] [stderr] warning: constant `TLS_PRIVATE_KEY_SELF_SIGNED` is never used
[INFO] [stderr]    --> src/lib.rs:190:22
[INFO] [stderr]     |
[INFO] [stderr] 190 |     pub(super) const TLS_PRIVATE_KEY_SELF_SIGNED: &'static str = r#"-----BEGIN PRIVATE KEY-----
[INFO] [stderr]     |                      ^^^^^^^^^^^^^^^^^^^^^^^^^^^
[INFO] [stderr] 
[INFO] [stderr] warning: `hyper-graceful-shutdown-issue` (lib) generated 7 warnings
[INFO] [stderr]     Finished `test` profile [unoptimized + debuginfo] target(s) in 0.19s
[INFO] [stderr]      Running unittests src/lib.rs (/opt/rustwide/target/debug/deps/hyper_graceful_shutdown_issue-e640017ed8b4b9da)
[INFO] [stdout] 
[INFO] [stdout] running 2 tests
[INFO] [stdout] 2024-12-14T11:33:06.304688692Z  INFO hyper_graceful_shutdown_issue::tests: src/lib.rs:258: STARTING NEW ITERATION
[INFO] [stdout] 2024-12-14T11:33:06.412050937Z TRACE hyper_util::client::legacy::pool: /opt/rustwide/cargo-home/registry/src/index.crates.io-6f17d22bba15001f/hyper-util-0.1.10/src/client/legacy/pool.rs:671: checkout waiting for idle connection: ("https", 127.0.0.1:38999)
[INFO] [stdout] 2024-12-14T11:33:06.412257187Z TRACE hyper_util::client::legacy::connect::http: /opt/rustwide/cargo-home/registry/src/index.crates.io-6f17d22bba15001f/hyper-util-0.1.10/src/client/legacy/connect/http.rs:383: Http::connect; scheme=Some("https"), host=Some("127.0.0.1"), port=Some(Port(38999))
[INFO] [stdout] 2024-12-14T11:33:06.412406037Z DEBUG hyper_util::client::legacy::connect::http: /opt/rustwide/cargo-home/registry/src/index.crates.io-6f17d22bba15001f/hyper-util-0.1.10/src/client/legacy/connect/http.rs:657: connecting to 127.0.0.1:38999
[INFO] [stdout] test tests::graceful_shutdown_without_tls ... FAILED
[INFO] [stdout] 2024-12-14T11:33:06.495729363Z TRACE hyper_util::client::legacy::pool: /opt/rustwide/cargo-home/registry/src/index.crates.io-6f17d22bba15001f/hyper-util-0.1.10/src/client/legacy/pool.rs:671: checkout waiting for idle connection: ("https", 127.0.0.1:38999)
[INFO] [stdout] 2024-12-14T11:33:06.495867403Z TRACE hyper_util::client::legacy::connect::http: /opt/rustwide/cargo-home/registry/src/index.crates.io-6f17d22bba15001f/hyper-util-0.1.10/src/client/legacy/connect/http.rs:383: Http::connect; scheme=Some("https"), host=Some("127.0.0.1"), port=Some(Port(38999))
[INFO] [stdout] 2024-12-14T11:33:06.495911133Z DEBUG hyper_util::client::legacy::connect::http: /opt/rustwide/cargo-home/registry/src/index.crates.io-6f17d22bba15001f/hyper-util-0.1.10/src/client/legacy/connect/http.rs:657: connecting to 127.0.0.1:38999
[INFO] [stdout] 2024-12-14T11:33:06.551656761Z TRACE hyper_util::client::legacy::pool: /opt/rustwide/cargo-home/registry/src/index.crates.io-6f17d22bba15001f/hyper-util-0.1.10/src/client/legacy/pool.rs:671: checkout waiting for idle connection: ("https", 127.0.0.1:38999)
[INFO] [stdout] 2024-12-14T11:33:06.551799081Z TRACE hyper_util::client::legacy::connect::http: /opt/rustwide/cargo-home/registry/src/index.crates.io-6f17d22bba15001f/hyper-util-0.1.10/src/client/legacy/connect/http.rs:383: Http::connect; scheme=Some("https"), host=Some("127.0.0.1"), port=Some(Port(38999))
[INFO] [stdout] 2024-12-14T11:33:06.551838901Z DEBUG hyper_util::client::legacy::connect::http: /opt/rustwide/cargo-home/registry/src/index.crates.io-6f17d22bba15001f/hyper-util-0.1.10/src/client/legacy/connect/http.rs:657: connecting to 127.0.0.1:38999
[INFO] [stdout] 2024-12-14T11:33:06.603156608Z TRACE hyper_util::client::legacy::pool: /opt/rustwide/cargo-home/registry/src/index.crates.io-6f17d22bba15001f/hyper-util-0.1.10/src/client/legacy/pool.rs:671: checkout waiting for idle connection: ("https", 127.0.0.1:38999)
[INFO] [stdout] 2024-12-14T11:33:06.603305528Z TRACE hyper_util::client::legacy::connect::http: /opt/rustwide/cargo-home/registry/src/index.crates.io-6f17d22bba15001f/hyper-util-0.1.10/src/client/legacy/connect/http.rs:383: Http::connect; scheme=Some("https"), host=Some("127.0.0.1"), port=Some(Port(38999))
[INFO] [stdout] 2024-12-14T11:33:06.603349108Z DEBUG hyper_util::client::legacy::connect::http: /opt/rustwide/cargo-home/registry/src/index.crates.io-6f17d22bba15001f/hyper-util-0.1.10/src/client/legacy/connect/http.rs:657: connecting to 127.0.0.1:38999
[INFO] [stdout] 2024-12-14T11:33:06.658200356Z TRACE hyper_util::client::legacy::pool: /opt/rustwide/cargo-home/registry/src/index.crates.io-6f17d22bba15001f/hyper-util-0.1.10/src/client/legacy/pool.rs:671: checkout waiting for idle connection: ("https", 127.0.0.1:38999)
[INFO] [stdout] 2024-12-14T11:33:06.658365096Z TRACE hyper_util::client::legacy::connect::http: /opt/rustwide/cargo-home/registry/src/index.crates.io-6f17d22bba15001f/hyper-util-0.1.10/src/client/legacy/connect/http.rs:383: Http::connect; scheme=Some("https"), host=Some("127.0.0.1"), port=Some(Port(38999))
[INFO] [stdout] 2024-12-14T11:33:06.658414106Z DEBUG hyper_util::client::legacy::connect::http: /opt/rustwide/cargo-home/registry/src/index.crates.io-6f17d22bba15001f/hyper-util-0.1.10/src/client/legacy/connect/http.rs:657: connecting to 127.0.0.1:38999
[INFO] [stdout] 2024-12-14T11:33:06.712031994Z TRACE hyper_util::client::legacy::pool: /opt/rustwide/cargo-home/registry/src/index.crates.io-6f17d22bba15001f/hyper-util-0.1.10/src/client/legacy/pool.rs:671: checkout waiting for idle connection: ("https", 127.0.0.1:38999)
[INFO] [stdout] 2024-12-14T11:33:06.712183114Z TRACE hyper_util::client::legacy::connect::http: /opt/rustwide/cargo-home/registry/src/index.crates.io-6f17d22bba15001f/hyper-util-0.1.10/src/client/legacy/connect/http.rs:383: Http::connect; scheme=Some("https"), host=Some("127.0.0.1"), port=Some(Port(38999))
[INFO] [stdout] 2024-12-14T11:33:06.712222434Z DEBUG hyper_util::client::legacy::connect::http: /opt/rustwide/cargo-home/registry/src/index.crates.io-6f17d22bba15001f/hyper-util-0.1.10/src/client/legacy/connect/http.rs:657: connecting to 127.0.0.1:38999
[INFO] [stdout] 2024-12-14T11:33:06.766807361Z TRACE hyper_util::client::legacy::pool: /opt/rustwide/cargo-home/registry/src/index.crates.io-6f17d22bba15001f/hyper-util-0.1.10/src/client/legacy/pool.rs:671: checkout waiting for idle connection: ("https", 127.0.0.1:38999)
[INFO] [stdout] 2024-12-14T11:33:06.766978251Z TRACE hyper_util::client::legacy::connect::http: /opt/rustwide/cargo-home/registry/src/index.crates.io-6f17d22bba15001f/hyper-util-0.1.10/src/client/legacy/connect/http.rs:383: Http::connect; scheme=Some("https"), host=Some("127.0.0.1"), port=Some(Port(38999))
[INFO] [stdout] 2024-12-14T11:33:06.767063381Z DEBUG hyper_util::client::legacy::connect::http: /opt/rustwide/cargo-home/registry/src/index.crates.io-6f17d22bba15001f/hyper-util-0.1.10/src/client/legacy/connect/http.rs:657: connecting to 127.0.0.1:38999
[INFO] [stdout] 2024-12-14T11:33:06.821858709Z TRACE hyper_util::client::legacy::pool: /opt/rustwide/cargo-home/registry/src/index.crates.io-6f17d22bba15001f/hyper-util-0.1.10/src/client/legacy/pool.rs:671: checkout waiting for idle connection: ("https", 127.0.0.1:38999)
[INFO] [stdout] 2024-12-14T11:33:06.822111649Z TRACE hyper_util::client::legacy::connect::http: /opt/rustwide/cargo-home/registry/src/index.crates.io-6f17d22bba15001f/hyper-util-0.1.10/src/client/legacy/connect/http.rs:383: Http::connect; scheme=Some("https"), host=Some("127.0.0.1"), port=Some(Port(38999))
[INFO] [stdout] 2024-12-14T11:33:06.822198699Z DEBUG hyper_util::client::legacy::connect::http: /opt/rustwide/cargo-home/registry/src/index.crates.io-6f17d22bba15001f/hyper-util-0.1.10/src/client/legacy/connect/http.rs:657: connecting to 127.0.0.1:38999
[INFO] [stdout] 2024-12-14T11:33:06.877743627Z TRACE hyper_util::client::legacy::pool: /opt/rustwide/cargo-home/registry/src/index.crates.io-6f17d22bba15001f/hyper-util-0.1.10/src/client/legacy/pool.rs:671: checkout waiting for idle connection: ("https", 127.0.0.1:38999)
[INFO] [stdout] 2024-12-14T11:33:06.877975047Z TRACE hyper_util::client::legacy::connect::http: /opt/rustwide/cargo-home/registry/src/index.crates.io-6f17d22bba15001f/hyper-util-0.1.10/src/client/legacy/connect/http.rs:383: Http::connect; scheme=Some("https"), host=Some("127.0.0.1"), port=Some(Port(38999))
[INFO] [stdout] 2024-12-14T11:33:06.878076447Z DEBUG hyper_util::client::legacy::connect::http: /opt/rustwide/cargo-home/registry/src/index.crates.io-6f17d22bba15001f/hyper-util-0.1.10/src/client/legacy/connect/http.rs:657: connecting to 127.0.0.1:38999
[INFO] [stdout] 2024-12-14T11:33:06.936183534Z TRACE hyper_util::client::legacy::pool: /opt/rustwide/cargo-home/registry/src/index.crates.io-6f17d22bba15001f/hyper-util-0.1.10/src/client/legacy/pool.rs:671: checkout waiting for idle connection: ("https", 127.0.0.1:38999)
[INFO] [stdout] 2024-12-14T11:33:06.936397844Z TRACE hyper_util::client::legacy::connect::http: /opt/rustwide/cargo-home/registry/src/index.crates.io-6f17d22bba15001f/hyper-util-0.1.10/src/client/legacy/connect/http.rs:383: Http::connect; scheme=Some("https"), host=Some("127.0.0.1"), port=Some(Port(38999))
[INFO] [stdout] 2024-12-14T11:33:06.936464024Z DEBUG hyper_util::client::legacy::connect::http: /opt/rustwide/cargo-home/registry/src/index.crates.io-6f17d22bba15001f/hyper-util-0.1.10/src/client/legacy/connect/http.rs:657: connecting to 127.0.0.1:38999
[INFO] [stdout] 2024-12-14T11:33:06.937266114Z DEBUG hyper_util::client::legacy::connect::http: /opt/rustwide/cargo-home/registry/src/index.crates.io-6f17d22bba15001f/hyper-util-0.1.10/src/client/legacy/connect/http.rs:660: connected to 127.0.0.1:38999
[INFO] [stdout] 2024-12-14T11:33:06.941082324Z DEBUG hyper_util::client::legacy::connect::http: /opt/rustwide/cargo-home/registry/src/index.crates.io-6f17d22bba15001f/hyper-util-0.1.10/src/client/legacy/connect/http.rs:660: connected to 127.0.0.1:38999
[INFO] [stdout] 2024-12-14T11:33:06.941420864Z DEBUG hyper_util::client::legacy::connect::http: /opt/rustwide/cargo-home/registry/src/index.crates.io-6f17d22bba15001f/hyper-util-0.1.10/src/client/legacy/connect/http.rs:660: connected to 127.0.0.1:38999
[INFO] [stdout] 2024-12-14T11:33:06.941743564Z DEBUG hyper_util::client::legacy::connect::http: /opt/rustwide/cargo-home/registry/src/index.crates.io-6f17d22bba15001f/hyper-util-0.1.10/src/client/legacy/connect/http.rs:660: connected to 127.0.0.1:38999
[INFO] [stdout] 2024-12-14T11:33:06.942212844Z DEBUG hyper_util::client::legacy::connect::http: /opt/rustwide/cargo-home/registry/src/index.crates.io-6f17d22bba15001f/hyper-util-0.1.10/src/client/legacy/connect/http.rs:660: connected to 127.0.0.1:38999
[INFO] [stdout] 2024-12-14T11:33:06.942532064Z DEBUG hyper_util::client::legacy::connect::http: /opt/rustwide/cargo-home/registry/src/index.crates.io-6f17d22bba15001f/hyper-util-0.1.10/src/client/legacy/connect/http.rs:660: connected to 127.0.0.1:38999
[INFO] [stdout] 2024-12-14T11:33:06.943224014Z DEBUG hyper_util::client::legacy::connect::http: /opt/rustwide/cargo-home/registry/src/index.crates.io-6f17d22bba15001f/hyper-util-0.1.10/src/client/legacy/connect/http.rs:660: connected to 127.0.0.1:38999
[INFO] [stdout] 2024-12-14T11:33:06.943520484Z DEBUG hyper_util::client::legacy::connect::http: /opt/rustwide/cargo-home/registry/src/index.crates.io-6f17d22bba15001f/hyper-util-0.1.10/src/client/legacy/connect/http.rs:660: connected to 127.0.0.1:38999
[INFO] [stdout] 2024-12-14T11:33:06.943840354Z DEBUG hyper_util::client::legacy::connect::http: /opt/rustwide/cargo-home/registry/src/index.crates.io-6f17d22bba15001f/hyper-util-0.1.10/src/client/legacy/connect/http.rs:660: connected to 127.0.0.1:38999
[INFO] [stdout] 2024-12-14T11:33:06.944147413Z DEBUG hyper_util::client::legacy::connect::http: /opt/rustwide/cargo-home/registry/src/index.crates.io-6f17d22bba15001f/hyper-util-0.1.10/src/client/legacy/connect/http.rs:660: connected to 127.0.0.1:38999
[INFO] [stdout] 2024-12-14T11:33:06.961713833Z TRACE hyper_util::client::legacy::client: /opt/rustwide/cargo-home/registry/src/index.crates.io-6f17d22bba15001f/hyper-util-0.1.10/src/client/legacy/client.rs:592: http1 handshake complete, spawning background dispatcher task
[INFO] [stdout] 2024-12-14T11:33:06.962121563Z TRACE hyper_util::client::legacy::pool: /opt/rustwide/cargo-home/registry/src/index.crates.io-6f17d22bba15001f/hyper-util-0.1.10/src/client/legacy/pool.rs:713: checkout dropped for ("https", 127.0.0.1:38999)
[INFO] [stdout] 2024-12-14T11:33:06.964396263Z TRACE hyper_util::client::legacy::client: /opt/rustwide/cargo-home/registry/src/index.crates.io-6f17d22bba15001f/hyper-util-0.1.10/src/client/legacy/client.rs:592: http1 handshake complete, spawning background dispatcher task
[INFO] [stdout] 2024-12-14T11:33:06.974412762Z TRACE hyper_util::client::legacy::client: /opt/rustwide/cargo-home/registry/src/index.crates.io-6f17d22bba15001f/hyper-util-0.1.10/src/client/legacy/client.rs:592: http1 handshake complete, spawning background dispatcher task
[INFO] [stdout] 2024-12-14T11:33:06.977664622Z TRACE hyper_util::client::legacy::client: /opt/rustwide/cargo-home/registry/src/index.crates.io-6f17d22bba15001f/hyper-util-0.1.10/src/client/legacy/client.rs:592: http1 handshake complete, spawning background dispatcher task
[INFO] [stdout] 2024-12-14T11:33:06.978426972Z TRACE hyper_util::client::legacy::pool: /opt/rustwide/cargo-home/registry/src/index.crates.io-6f17d22bba15001f/hyper-util-0.1.10/src/client/legacy/pool.rs:713: checkout dropped for ("https", 127.0.0.1:38999)
[INFO] [stdout] 2024-12-14T11:33:06.978671722Z TRACE hyper_util::client::legacy::pool: /opt/rustwide/cargo-home/registry/src/index.crates.io-6f17d22bba15001f/hyper-util-0.1.10/src/client/legacy/pool.rs:713: checkout dropped for ("https", 127.0.0.1:38999)
[INFO] [stdout] 2024-12-14T11:33:06.979239022Z TRACE hyper_util::client::legacy::pool: /opt/rustwide/cargo-home/registry/src/index.crates.io-6f17d22bba15001f/hyper-util-0.1.10/src/client/legacy/pool.rs:713: checkout dropped for ("https", 127.0.0.1:38999)
[INFO] [stdout] 2024-12-14T11:33:06.981649882Z TRACE hyper_util::client::legacy::client: /opt/rustwide/cargo-home/registry/src/index.crates.io-6f17d22bba15001f/hyper-util-0.1.10/src/client/legacy/client.rs:592: http1 handshake complete, spawning background dispatcher task
[INFO] [stdout] 2024-12-14T11:33:06.983281912Z TRACE hyper_util::client::legacy::client: /opt/rustwide/cargo-home/registry/src/index.crates.io-6f17d22bba15001f/hyper-util-0.1.10/src/client/legacy/client.rs:592: http1 handshake complete, spawning background dispatcher task
[INFO] [stdout] 2024-12-14T11:33:06.984984432Z TRACE hyper_util::client::legacy::client: /opt/rustwide/cargo-home/registry/src/index.crates.io-6f17d22bba15001f/hyper-util-0.1.10/src/client/legacy/client.rs:592: http1 handshake complete, spawning background dispatcher task
[INFO] [stdout] 2024-12-14T11:33:06.987318822Z TRACE hyper_util::client::legacy::client: /opt/rustwide/cargo-home/registry/src/index.crates.io-6f17d22bba15001f/hyper-util-0.1.10/src/client/legacy/client.rs:592: http1 handshake complete, spawning background dispatcher task
[INFO] [stdout] 2024-12-14T11:33:06.989117492Z TRACE hyper_util::client::legacy::client: /opt/rustwide/cargo-home/registry/src/index.crates.io-6f17d22bba15001f/hyper-util-0.1.10/src/client/legacy/client.rs:592: http1 handshake complete, spawning background dispatcher task
[INFO] [stdout] 2024-12-14T11:33:06.990854792Z TRACE hyper_util::client::legacy::client: /opt/rustwide/cargo-home/registry/src/index.crates.io-6f17d22bba15001f/hyper-util-0.1.10/src/client/legacy/client.rs:592: http1 handshake complete, spawning background dispatcher task
[INFO] [stdout] 2024-12-14T11:33:06.991500282Z TRACE hyper_util::client::legacy::pool: /opt/rustwide/cargo-home/registry/src/index.crates.io-6f17d22bba15001f/hyper-util-0.1.10/src/client/legacy/pool.rs:349: put; add idle connection for ("https", 127.0.0.1:38999)
[INFO] [stdout] 2024-12-14T11:33:06.991604091Z DEBUG hyper_util::client::legacy::pool: /opt/rustwide/cargo-home/registry/src/index.crates.io-6f17d22bba15001f/hyper-util-0.1.10/src/client/legacy/pool.rs:396: pooling idle connection for ("https", 127.0.0.1:38999)
[INFO] [stdout] 2024-12-14T11:33:06.991953542Z TRACE hyper_util::client::legacy::pool: /opt/rustwide/cargo-home/registry/src/index.crates.io-6f17d22bba15001f/hyper-util-0.1.10/src/client/legacy/pool.rs:349: put; add idle connection for ("https", 127.0.0.1:38999)
[INFO] [stdout] 2024-12-14T11:33:06.992038371Z DEBUG hyper_util::client::legacy::pool: /opt/rustwide/cargo-home/registry/src/index.crates.io-6f17d22bba15001f/hyper-util-0.1.10/src/client/legacy/pool.rs:396: pooling idle connection for ("https", 127.0.0.1:38999)
[INFO] [stdout] 2024-12-14T11:33:06.992165462Z TRACE hyper_util::client::legacy::pool: /opt/rustwide/cargo-home/registry/src/index.crates.io-6f17d22bba15001f/hyper-util-0.1.10/src/client/legacy/pool.rs:713: checkout dropped for ("https", 127.0.0.1:38999)
[INFO] [stdout] 2024-12-14T11:33:06.992329102Z TRACE hyper_util::client::legacy::pool: /opt/rustwide/cargo-home/registry/src/index.crates.io-6f17d22bba15001f/hyper-util-0.1.10/src/client/legacy/pool.rs:713: checkout dropped for ("https", 127.0.0.1:38999)
[INFO] [stdout] 2024-12-14T11:33:06.992444122Z TRACE hyper_util::client::legacy::pool: /opt/rustwide/cargo-home/registry/src/index.crates.io-6f17d22bba15001f/hyper-util-0.1.10/src/client/legacy/pool.rs:713: checkout dropped for ("https", 127.0.0.1:38999)
[INFO] [stdout] 2024-12-14T11:33:06.992600051Z TRACE hyper_util::client::legacy::pool: /opt/rustwide/cargo-home/registry/src/index.crates.io-6f17d22bba15001f/hyper-util-0.1.10/src/client/legacy/pool.rs:791: pool closed, canceling idle interval
[INFO] [stdout] 2024-12-14T11:33:06.994010231Z TRACE hyper_util::client::legacy::pool: /opt/rustwide/cargo-home/registry/src/index.crates.io-6f17d22bba15001f/hyper-util-0.1.10/src/client/legacy/pool.rs:713: checkout dropped for ("https", 127.0.0.1:38999)
[INFO] [stdout] 2024-12-14T11:33:06.994207031Z TRACE hyper_util::client::legacy::pool: /opt/rustwide/cargo-home/registry/src/index.crates.io-6f17d22bba15001f/hyper-util-0.1.10/src/client/legacy/pool.rs:713: checkout dropped for ("https", 127.0.0.1:38999)
[INFO] [stdout] 2024-12-14T11:33:06.994328331Z TRACE hyper_util::client::legacy::pool: /opt/rustwide/cargo-home/registry/src/index.crates.io-6f17d22bba15001f/hyper-util-0.1.10/src/client/legacy/pool.rs:713: checkout dropped for ("https", 127.0.0.1:38999)
[INFO] [stdout] 2024-12-14T11:33:06.994473371Z TRACE hyper_util::client::legacy::pool: /opt/rustwide/cargo-home/registry/src/index.crates.io-6f17d22bba15001f/hyper-util-0.1.10/src/client/legacy/pool.rs:791: pool closed, canceling idle interval
[INFO] [stdout] 2024-12-14T11:33:06.997260891Z TRACE hyper_util::client::legacy::pool: /opt/rustwide/cargo-home/registry/src/index.crates.io-6f17d22bba15001f/hyper-util-0.1.10/src/client/legacy/pool.rs:349: put; add idle connection for ("https", 127.0.0.1:38999)
[INFO] [stdout] 2024-12-14T11:33:06.997381881Z DEBUG hyper_util::client::legacy::pool: /opt/rustwide/cargo-home/registry/src/index.crates.io-6f17d22bba15001f/hyper-util-0.1.10/src/client/legacy/pool.rs:396: pooling idle connection for ("https", 127.0.0.1:38999)
[INFO] [stdout] 2024-12-14T11:33:06.997537091Z TRACE hyper_util::client::legacy::pool: /opt/rustwide/cargo-home/registry/src/index.crates.io-6f17d22bba15001f/hyper-util-0.1.10/src/client/legacy/pool.rs:349: put; add idle connection for ("https", 127.0.0.1:38999)
[INFO] [stdout] 2024-12-14T11:33:06.997617791Z DEBUG hyper_util::client::legacy::pool: /opt/rustwide/cargo-home/registry/src/index.crates.io-6f17d22bba15001f/hyper-util-0.1.10/src/client/legacy/pool.rs:396: pooling idle connection for ("https", 127.0.0.1:38999)
[INFO] [stdout] 2024-12-14T11:33:06.997764231Z TRACE hyper_util::client::legacy::pool: /opt/rustwide/cargo-home/registry/src/index.crates.io-6f17d22bba15001f/hyper-util-0.1.10/src/client/legacy/pool.rs:791: pool closed, canceling idle interval
[INFO] [stdout] 2024-12-14T11:33:06.999254231Z TRACE hyper_util::client::legacy::pool: /opt/rustwide/cargo-home/registry/src/index.crates.io-6f17d22bba15001f/hyper-util-0.1.10/src/client/legacy/pool.rs:791: pool closed, canceling idle interval
[INFO] [stdout] 2024-12-14T11:33:07.001450061Z DEBUG hyper_util::client::legacy::client: /opt/rustwide/cargo-home/registry/src/index.crates.io-6f17d22bba15001f/hyper-util-0.1.10/src/client/legacy/client.rs:597: client connection error: error shutting down connection
[INFO] [stdout] 2024-12-14T11:33:07.001714411Z DEBUG hyper_util::client::legacy::client: /opt/rustwide/cargo-home/registry/src/index.crates.io-6f17d22bba15001f/hyper-util-0.1.10/src/client/legacy/client.rs:597: client connection error: error shutting down connection
[INFO] [stdout] 2024-12-14T11:33:07.001940101Z DEBUG hyper_util::client::legacy::client: /opt/rustwide/cargo-home/registry/src/index.crates.io-6f17d22bba15001f/hyper-util-0.1.10/src/client/legacy/client.rs:597: client connection error: error shutting down connection
[INFO] [stdout] test tests::graceful_shutdown_with_tls ... FAILED
[INFO] [stdout] 
[INFO] [stdout] failures:
[INFO] [stdout] 
[INFO] [stdout] ---- tests::graceful_shutdown_without_tls stdout ----
[INFO] [stdout] thread 'tests::graceful_shutdown_without_tls' panicked at /opt/rustwide/cargo-home/registry/src/index.crates.io-6f17d22bba15001f/tracing-subscriber-0.3.19/src/util.rs:91:14:
[INFO] [stdout] failed to set global default subscriber: SetGlobalDefaultError("a global default trace dispatcher has already been set")
[INFO] [stdout] stack backtrace:
[INFO] [stdout]    0:     0x621de43f622a - std::backtrace_rs::backtrace::libunwind::trace::h8810477743020387
[INFO] [stdout]                                at /rustc/202008a1b8de96d2e5b6bc02d379db03a877d34d/library/std/src/../../backtrace/src/backtrace/libunwind.rs:116:5
[INFO] [stdout]    1:     0x621de43f622a - std::backtrace_rs::backtrace::trace_unsynchronized::h3aa55355dd6c54a6
[INFO] [stdout]                                at /rustc/202008a1b8de96d2e5b6bc02d379db03a877d34d/library/std/src/../../backtrace/src/backtrace/mod.rs:66:5
[INFO] [stdout]    2:     0x621de43f622a - std::sys::backtrace::_print_fmt::h8588b0f62410823f
[INFO] [stdout]                                at /rustc/202008a1b8de96d2e5b6bc02d379db03a877d34d/library/std/src/sys/backtrace.rs:66:9
[INFO] [stdout]    3:     0x621de43f622a - <std::sys::backtrace::BacktraceLock::print::DisplayBacktrace as core::fmt::Display>::fmt::h98c26ac25ffe89bb
[INFO] [stdout]                                at /rustc/202008a1b8de96d2e5b6bc02d379db03a877d34d/library/std/src/sys/backtrace.rs:39:26
[INFO] [stdout]    4:     0x621de44208b3 - core::fmt::rt::Argument::fmt::hf95377f4aebd453b
[INFO] [stdout]                                at /rustc/202008a1b8de96d2e5b6bc02d379db03a877d34d/library/core/src/fmt/rt.rs:177:76
[INFO] [stdout]    5:     0x621de44208b3 - core::fmt::write::h0dd5f6e2238c7982
[INFO] [stdout]                                at /rustc/202008a1b8de96d2e5b6bc02d379db03a877d34d/library/core/src/fmt/mod.rs:1189:21
[INFO] [stdout]    6:     0x621de43f2833 - std::io::Write::write_fmt::h03bb0ca26e6faf8c
[INFO] [stdout]                                at /rustc/202008a1b8de96d2e5b6bc02d379db03a877d34d/library/std/src/io/mod.rs:1884:15
[INFO] [stdout]    7:     0x621de43f6072 - std::sys::backtrace::BacktraceLock::print::h5c19c1c038ee186d
[INFO] [stdout]                                at /rustc/202008a1b8de96d2e5b6bc02d379db03a877d34d/library/std/src/sys/backtrace.rs:42:9
[INFO] [stdout]    8:     0x621de43f76ad - std::panicking::default_hook::{{closure}}::h77172f079a1fcb13
[INFO] [stdout]                                at /rustc/202008a1b8de96d2e5b6bc02d379db03a877d34d/library/std/src/panicking.rs:268:22
[INFO] [stdout]    9:     0x621de43f74b7 - std::panicking::default_hook::he5f8e3b203ccddba
[INFO] [stdout]                                at /rustc/202008a1b8de96d2e5b6bc02d379db03a877d34d/library/std/src/panicking.rs:292:9
[INFO] [stdout]   10:     0x621de3cbf737 - <alloc::boxed::Box<F,A> as core::ops::function::Fn<Args>>::call::h7a3c7b4a1ae77f2f
[INFO] [stdout]                                at /rustc/202008a1b8de96d2e5b6bc02d379db03a877d34d/library/alloc/src/boxed.rs:1986:9
[INFO] [stdout]   11:     0x621de3cbf737 - test::test_main::{{closure}}::hf0d3b69ae9b353d1
[INFO] [stdout]                                at /rustc/202008a1b8de96d2e5b6bc02d379db03a877d34d/library/test/src/lib.rs:134:21
[INFO] [stdout]   12:     0x621de43f7d58 - <alloc::boxed::Box<F,A> as core::ops::function::Fn<Args>>::call::h6332e82e7b189abd
[INFO] [stdout]                                at /rustc/202008a1b8de96d2e5b6bc02d379db03a877d34d/library/alloc/src/boxed.rs:1986:9
[INFO] [stdout]   13:     0x621de43f7d58 - std::panicking::rust_panic_with_hook::h53863d4e9018df39
[INFO] [stdout]                                at /rustc/202008a1b8de96d2e5b6bc02d379db03a877d34d/library/std/src/panicking.rs:809:13
[INFO] [stdout]   14:     0x621de43f7b1a - std::panicking::begin_panic_handler::{{closure}}::h67280e6fa0757873
[INFO] [stdout]                                at /rustc/202008a1b8de96d2e5b6bc02d379db03a877d34d/library/std/src/panicking.rs:674:13
[INFO] [stdout]   15:     0x621de43f6709 - std::sys::backtrace::__rust_end_short_backtrace::h1dac3f54d6fbbeb2
[INFO] [stdout]                                at /rustc/202008a1b8de96d2e5b6bc02d379db03a877d34d/library/std/src/sys/backtrace.rs:170:18
[INFO] [stdout]   16:     0x621de43f77ac - rust_begin_unwind
[INFO] [stdout]                                at /rustc/202008a1b8de96d2e5b6bc02d379db03a877d34d/library/std/src/panicking.rs:665:5
[INFO] [stdout]   17:     0x621de39f55e0 - core::panicking::panic_fmt::h6792bd1b2bf01041
[INFO] [stdout]                                at /rustc/202008a1b8de96d2e5b6bc02d379db03a877d34d/library/core/src/panicking.rs:76:14
[INFO] [stdout]   18:     0x621de39f5ac6 - core::result::unwrap_failed::h05e0602ed34287c5
[INFO] [stdout]                                at /rustc/202008a1b8de96d2e5b6bc02d379db03a877d34d/library/core/src/result.rs:1699:5
[INFO] [stdout]   19:     0x621de3accfae - core::result::Result<T,E>::expect::h1a00dc7ad5f8db7b
[INFO] [stdout]                                at /rustc/202008a1b8de96d2e5b6bc02d379db03a877d34d/library/core/src/result.rs:1061:23
[INFO] [stdout]   20:     0x621de3aa99a4 - tracing_subscriber::util::SubscriberInitExt::init::hfac16a37fb5959e1
[INFO] [stdout]                                at /opt/rustwide/cargo-home/registry/src/index.crates.io-6f17d22bba15001f/tracing-subscriber-0.3.19/src/util.rs:90:9
[INFO] [stdout]   21:     0x621de3ab5b12 - hyper_graceful_shutdown_issue::tests::init_tracing::h4ea562bdbda0274b
[INFO] [stdout]                                at /opt/rustwide/workdir/src/lib.rs:373:9
[INFO] [stdout]   22:     0x621de3ab2d9b - hyper_graceful_shutdown_issue::tests::test_graceful_shutdown::{{closure}}::h3ec37f28105e6195
[INFO] [stdout]                                at /opt/rustwide/workdir/src/lib.rs:252:9
[INFO] [stdout]   23:     0x621de3ab5f37 - hyper_graceful_shutdown_issue::tests::graceful_shutdown_without_tls::{{closure}}::ha5c1cbb354c10cfa
[INFO] [stdout]                                at /opt/rustwide/workdir/src/lib.rs:233:53
[INFO] [stdout]   24:     0x621de3aceef2 - <core::pin::Pin<P> as core::future::future::Future>::poll::hcc0e4aa54c6bd555
[INFO] [stdout]                                at /rustc/202008a1b8de96d2e5b6bc02d379db03a877d34d/library/core/src/future/future.rs:124:9
[INFO] [stdout]   25:     0x621de3acefad - <core::pin::Pin<P> as core::future::future::Future>::poll::he52d2a3fa3ffdc30
[INFO] [stdout]                                at /rustc/202008a1b8de96d2e5b6bc02d379db03a877d34d/library/core/src/future/future.rs:124:9
[INFO] [stdout]   26:     0x621de3a2d43f - tokio::runtime::scheduler::current_thread::CoreGuard::block_on::{{closure}}::{{closure}}::{{closure}}::hc0b30d6d3ec9571a
[INFO] [stdout]                                at /opt/rustwide/cargo-home/registry/src/index.crates.io-6f17d22bba15001f/tokio-1.42.0/src/runtime/scheduler/current_thread/mod.rs:729:57
[INFO] [stdout]   27:     0x621de3a2ce25 - tokio::runtime::coop::with_budget::hc2534cdf7ab544ab
[INFO] [stdout]                                at /opt/rustwide/cargo-home/registry/src/index.crates.io-6f17d22bba15001f/tokio-1.42.0/src/runtime/coop.rs:107:5
[INFO] [stdout]   28:     0x621de3a2ce25 - tokio::runtime::coop::budget::h6cac88e0ca02a07a
[INFO] [stdout]                                at /opt/rustwide/cargo-home/registry/src/index.crates.io-6f17d22bba15001f/tokio-1.42.0/src/runtime/coop.rs:73:5
[INFO] [stdout]   29:     0x621de3a2ce25 - tokio::runtime::scheduler::current_thread::CoreGuard::block_on::{{closure}}::{{closure}}::h273d5ce5e8315967
[INFO] [stdout]                                at /opt/rustwide/cargo-home/registry/src/index.crates.io-6f17d22bba15001f/tokio-1.42.0/src/runtime/scheduler/current_thread/mod.rs:729:25
[INFO] [stdout]   30:     0x621de3a28d80 - tokio::runtime::scheduler::current_thread::Context::enter::hff0b09d6e64caa3f
[INFO] [stdout]                                at /opt/rustwide/cargo-home/registry/src/index.crates.io-6f17d22bba15001f/tokio-1.42.0/src/runtime/scheduler/current_thread/mod.rs:428:19
[INFO] [stdout]   31:     0x621de3a2ad2b - tokio::runtime::scheduler::current_thread::CoreGuard::block_on::{{closure}}::h382fff891e88cf9b
[INFO] [stdout]                                at /opt/rustwide/cargo-home/registry/src/index.crates.io-6f17d22bba15001f/tokio-1.42.0/src/runtime/scheduler/current_thread/mod.rs:728:36
[INFO] [stdout]   32:     0x621de3a2a944 - tokio::runtime::scheduler::current_thread::CoreGuard::enter::{{closure}}::h488ba0bcc1a73487
[INFO] [stdout]                                at /opt/rustwide/cargo-home/registry/src/index.crates.io-6f17d22bba15001f/tokio-1.42.0/src/runtime/scheduler/current_thread/mod.rs:807:68
[INFO] [stdout]   33:     0x621de3a93c3b - tokio::runtime::context::scoped::Scoped<T>::set::h6a44edb0a00e6455
[INFO] [stdout]                                at /opt/rustwide/cargo-home/registry/src/index.crates.io-6f17d22bba15001f/tokio-1.42.0/src/runtime/context/scoped.rs:40:9
[INFO] [stdout]   34:     0x621de3ace5c9 - tokio::runtime::context::set_scheduler::{{closure}}::hef6dfde036ff1745
[INFO] [stdout]                                at /opt/rustwide/cargo-home/registry/src/index.crates.io-6f17d22bba15001f/tokio-1.42.0/src/runtime/context.rs:180:26
[INFO] [stdout]   35:     0x621de3aca99d - std::thread::local::LocalKey<T>::try_with::h60a2f9194b43a839
[INFO] [stdout]                                at /rustc/202008a1b8de96d2e5b6bc02d379db03a877d34d/library/std/src/thread/local.rs:283:12
[INFO] [stdout]   36:     0x621de3ac93aa - std::thread::local::LocalKey<T>::with::h9b8c13f2d22aaa67
[INFO] [stdout]                                at /rustc/202008a1b8de96d2e5b6bc02d379db03a877d34d/library/std/src/thread/local.rs:260:9
[INFO] [stdout]   37:     0x621de3ace47d - tokio::runtime::context::set_scheduler::h9c046582b01aaef9
[INFO] [stdout]                                at /opt/rustwide/cargo-home/registry/src/index.crates.io-6f17d22bba15001f/tokio-1.42.0/src/runtime/context.rs:180:9
[INFO] [stdout]   38:     0x621de3a29e90 - tokio::runtime::scheduler::current_thread::CoreGuard::enter::h6d15dd656f5374d3
[INFO] [stdout]                                at /opt/rustwide/cargo-home/registry/src/index.crates.io-6f17d22bba15001f/tokio-1.42.0/src/runtime/scheduler/current_thread/mod.rs:807:27
[INFO] [stdout]   39:     0x621de3a2aa03 - tokio::runtime::scheduler::current_thread::CoreGuard::block_on::h52c213758ca1c003
[INFO] [stdout]                                at /opt/rustwide/cargo-home/registry/src/index.crates.io-6f17d22bba15001f/tokio-1.42.0/src/runtime/scheduler/current_thread/mod.rs:716:19
[INFO] [stdout]   40:     0x621de3a24bcf - tokio::runtime::scheduler::current_thread::CurrentThread::block_on::{{closure}}::h2606f88a4d42653c
[INFO] [stdout]                                at /opt/rustwide/cargo-home/registry/src/index.crates.io-6f17d22bba15001f/tokio-1.42.0/src/runtime/scheduler/current_thread/mod.rs:196:28
[INFO] [stdout]   41:     0x621de3a89486 - tokio::runtime::context::runtime::enter_runtime::hbfee71ab22c73f0e
[INFO] [stdout]                                at /opt/rustwide/cargo-home/registry/src/index.crates.io-6f17d22bba15001f/tokio-1.42.0/src/runtime/context/runtime.rs:65:16
[INFO] [stdout]   42:     0x621de3a24971 - tokio::runtime::scheduler::current_thread::CurrentThread::block_on::hf127d631856b1f27
[INFO] [stdout]                                at /opt/rustwide/cargo-home/registry/src/index.crates.io-6f17d22bba15001f/tokio-1.42.0/src/runtime/scheduler/current_thread/mod.rs:184:9
[INFO] [stdout]   43:     0x621de3aa4123 - tokio::runtime::runtime::Runtime::block_on_inner::hb15baecd6baf9c2c
[INFO] [stdout]                                at /opt/rustwide/cargo-home/registry/src/index.crates.io-6f17d22bba15001f/tokio-1.42.0/src/runtime/runtime.rs:368:47
[INFO] [stdout]   44:     0x621de3aa44c7 - tokio::runtime::runtime::Runtime::block_on::h7073c702e01adff2
[INFO] [stdout]                                at /opt/rustwide/cargo-home/registry/src/index.crates.io-6f17d22bba15001f/tokio-1.42.0/src/runtime/runtime.rs:342:13
[INFO] [stdout]   45:     0x621de3ab5d61 - hyper_graceful_shutdown_issue::tests::graceful_shutdown_without_tls::hb798f625b2a8900e
[INFO] [stdout]                                at /opt/rustwide/workdir/src/lib.rs:233:9
[INFO] [stdout]   46:     0x621de3ab5c07 - hyper_graceful_shutdown_issue::tests::graceful_shutdown_without_tls::{{closure}}::hebce02f7c01046b4
[INFO] [stdout]                                at /opt/rustwide/workdir/src/lib.rs:232:45
[INFO] [stdout]   47:     0x621de3a40256 - core::ops::function::FnOnce::call_once::h01b5b659078d8fa9
[INFO] [stdout]                                at /rustc/202008a1b8de96d2e5b6bc02d379db03a877d34d/library/core/src/ops/function.rs:250:5
[INFO] [stdout]   48:     0x621de3cc425b - core::ops::function::FnOnce::call_once::h871bf86719ec9aa4
[INFO] [stdout]                                at /rustc/202008a1b8de96d2e5b6bc02d379db03a877d34d/library/core/src/ops/function.rs:250:5
[INFO] [stdout]   49:     0x621de3cc425b - test::__rust_begin_short_backtrace::h2167df1e2b7d76fd
[INFO] [stdout]                                at /rustc/202008a1b8de96d2e5b6bc02d379db03a877d34d/library/test/src/lib.rs:632:18
[INFO] [stdout]   50:     0x621de3cc3c48 - test::run_test_in_process::{{closure}}::h15d92f75a3adfb79
[INFO] [stdout]                                at /rustc/202008a1b8de96d2e5b6bc02d379db03a877d34d/library/test/src/lib.rs:655:60
[INFO] [stdout]   51:     0x621de3cc3c48 - <core::panic::unwind_safe::AssertUnwindSafe<F> as core::ops::function::FnOnce<()>>::call_once::hb6c8955835a8dbbb
[INFO] [stdout]                                at /rustc/202008a1b8de96d2e5b6bc02d379db03a877d34d/library/core/src/panic/unwind_safe.rs:272:9
[INFO] [stdout]   52:     0x621de3cc3c48 - std::panicking::try::do_call::hc79d0fc888a0bd30
[INFO] [stdout]                                at /rustc/202008a1b8de96d2e5b6bc02d379db03a877d34d/library/std/src/panicking.rs:557:40
[INFO] [stdout]   53:     0x621de3cc3c48 - std::panicking::try::hb8a7878e3a8589d6
[INFO] [stdout]                                at /rustc/202008a1b8de96d2e5b6bc02d379db03a877d34d/library/std/src/panicking.rs:520:19
[INFO] [stdout]   54:     0x621de3cc3c48 - std::panic::catch_unwind::hb8e4600ff0ff5cfa
[INFO] [stdout]                                at /rustc/202008a1b8de96d2e5b6bc02d379db03a877d34d/library/std/src/panic.rs:358:14
[INFO] [stdout]   55:     0x621de3cc3c48 - test::run_test_in_process::hc2900b0b18688dd6
[INFO] [stdout]                                at /rustc/202008a1b8de96d2e5b6bc02d379db03a877d34d/library/test/src/lib.rs:655:27
[INFO] [stdout]   56:     0x621de3cc3c48 - test::run_test::{{closure}}::hac2a9cb07be3d48d
[INFO] [stdout]                                at /rustc/202008a1b8de96d2e5b6bc02d379db03a877d34d/library/test/src/lib.rs:576:43
[INFO] [stdout]   57:     0x621de3c876ea - test::run_test::{{closure}}::h4a5b729e66a38cd8
[INFO] [stdout]                                at /rustc/202008a1b8de96d2e5b6bc02d379db03a877d34d/library/test/src/lib.rs:606:41
[INFO] [stdout]   58:     0x621de3c876ea - std::sys::backtrace::__rust_begin_short_backtrace::h0496fb742492f573
[INFO] [stdout]                                at /rustc/202008a1b8de96d2e5b6bc02d379db03a877d34d/library/std/src/sys/backtrace.rs:154:18
[INFO] [stdout]   59:     0x621de3c8b064 - std::thread::Builder::spawn_unchecked_::{{closure}}::{{closure}}::hbb6d257c550a54bd
[INFO] [stdout]                                at /rustc/202008a1b8de96d2e5b6bc02d379db03a877d34d/library/std/src/thread/mod.rs:561:17
[INFO] [stdout]   60:     0x621de3c8b064 - <core::panic::unwind_safe::AssertUnwindSafe<F> as core::ops::function::FnOnce<()>>::call_once::h46696fe4a6832328
[INFO] [stdout]                                at /rustc/202008a1b8de96d2e5b6bc02d379db03a877d34d/library/core/src/panic/unwind_safe.rs:272:9
[INFO] [stdout]   61:     0x621de3c8b064 - std::panicking::try::do_call::h2625a51b667bfb64
[INFO] [stdout]                                at /rustc/202008a1b8de96d2e5b6bc02d379db03a877d34d/library/std/src/panicking.rs:557:40
[INFO] [stdout]   62:     0x621de3c8b064 - std::panicking::try::hb956a59a1973aa4c
[INFO] [stdout]                                at /rustc/202008a1b8de96d2e5b6bc02d379db03a877d34d/library/std/src/panicking.rs:520:19
[INFO] [stdout]   63:     0x621de3c8b064 - std::panic::catch_unwind::h64f3b9d1067ef6a0
[INFO] [stdout]                                at /rustc/202008a1b8de96d2e5b6bc02d379db03a877d34d/library/std/src/panic.rs:358:14
[INFO] [stdout]   64:     0x621de3c8b064 - std::thread::Builder::spawn_unchecked_::{{closure}}::h42b2841295b6c0b2
[INFO] [stdout]                                at /rustc/202008a1b8de96d2e5b6bc02d379db03a877d34d/library/std/src/thread/mod.rs:559:30
[INFO] [stdout]   65:     0x621de3c8b064 - core::ops::function::FnOnce::call_once{{vtable.shim}}::h6127de71b8124639
[INFO] [stdout]                                at /rustc/202008a1b8de96d2e5b6bc02d379db03a877d34d/library/core/src/ops/function.rs:250:5
[INFO] [stdout]   66:     0x621de43fc0db - <alloc::boxed::Box<F,A> as core::ops::function::FnOnce<Args>>::call_once::h42f0ba71002a1b2c
[INFO] [stdout]                                at /rustc/202008a1b8de96d2e5b6bc02d379db03a877d34d/library/alloc/src/boxed.rs:1972:9
[INFO] [stdout]   67:     0x621de43fc0db - <alloc::boxed::Box<F,A> as core::ops::function::FnOnce<Args>>::call_once::had9e47d7a3dcecb8
[INFO] [stdout]                                at /rustc/202008a1b8de96d2e5b6bc02d379db03a877d34d/library/alloc/src/boxed.rs:1972:9
[INFO] [stdout]   68:     0x621de43fc0db - std::sys::pal::unix::thread::Thread::new::thread_start::h48cf765408f6f5f2
[INFO] [stdout]                                at /rustc/202008a1b8de96d2e5b6bc02d379db03a877d34d/library/std/src/sys/pal/unix/thread.rs:105:17
[INFO] [stdout]   69:     0x764a38ab7ac3 - <unknown>
[INFO] [stdout]   70:     0x764a38b48a04 - clone
[INFO] [stdout]   71:                0x0 - <unknown>
[INFO] [stdout] 
[INFO] [stdout] ---- tests::graceful_shutdown_with_tls stdout ----
[INFO] [stdout] [src/lib.rs:155:17] err = Custom {
[INFO] [stdout]     kind: Interrupted,
[INFO] [stdout]     error: "Cancelled",
[INFO] [stdout] }
[INFO] [stdout] [src/lib.rs:155:17] err = Custom {
[INFO] [stdout]     kind: Interrupted,
[INFO] [stdout]     error: "Cancelled",
[INFO] [stdout] }
[INFO] [stdout] [src/lib.rs:155:17] err = Custom {
[INFO] [stdout]     kind: Interrupted,
[INFO] [stdout]     error: "Cancelled",
[INFO] [stdout] }
[INFO] [stdout] thread 'tests::graceful_shutdown_with_tls' panicked at src/lib.rs:317:25:
[INFO] [stdout] 
[INFO] [stdout] Error during the request/response cycle:
[INFO] [stdout] error sending request for url (https://127.0.0.1:38999/)
[INFO] [stdout] reqwest::Error { kind: Request, url: "https://127.0.0.1:38999/", source: hyper_util::client::legacy::Error(SendRequest, hyper::Error(Io, Os { code: 104, kind: ConnectionReset, message: "Connection reset by peer" })) }
[INFO] [stdout] 
[INFO] [stdout] stack backtrace:
[INFO] [stdout]    0:     0x621de43f622a - std::backtrace_rs::backtrace::libunwind::trace::h8810477743020387
[INFO] [stdout]                                at /rustc/202008a1b8de96d2e5b6bc02d379db03a877d34d/library/std/src/../../backtrace/src/backtrace/libunwind.rs:116:5
[INFO] [stdout]    1:     0x621de43f622a - std::backtrace_rs::backtrace::trace_unsynchronized::h3aa55355dd6c54a6
[INFO] [stdout]                                at /rustc/202008a1b8de96d2e5b6bc02d379db03a877d34d/library/std/src/../../backtrace/src/backtrace/mod.rs:66:5
[INFO] [stdout]    2:     0x621de43f622a - std::sys::backtrace::_print_fmt::h8588b0f62410823f
[INFO] [stdout]                                at /rustc/202008a1b8de96d2e5b6bc02d379db03a877d34d/library/std/src/sys/backtrace.rs:66:9
[INFO] [stdout]    3:     0x621de43f622a - <std::sys::backtrace::BacktraceLock::print::DisplayBacktrace as core::fmt::Display>::fmt::h98c26ac25ffe89bb
[INFO] [stdout]                                at /rustc/202008a1b8de96d2e5b6bc02d379db03a877d34d/library/std/src/sys/backtrace.rs:39:26
[INFO] [stdout]    4:     0x621de44208b3 - core::fmt::rt::Argument::fmt::hf95377f4aebd453b
[INFO] [stdout]                                at /rustc/202008a1b8de96d2e5b6bc02d379db03a877d34d/library/core/src/fmt/rt.rs:177:76
[INFO] [stdout]    5:     0x621de44208b3 - core::fmt::write::h0dd5f6e2238c7982
[INFO] [stdout]                                at /rustc/202008a1b8de96d2e5b6bc02d379db03a877d34d/library/core/src/fmt/mod.rs:1189:21
[INFO] [stdout]    6:     0x621de43f2833 - std::io::Write::write_fmt::h03bb0ca26e6faf8c
[INFO] [stdout]                                at /rustc/202008a1b8de96d2e5b6bc02d379db03a877d34d/library/std/src/io/mod.rs:1884:15
[INFO] [stdout]    7:     0x621de43f6072 - std::sys::backtrace::BacktraceLock::print::h5c19c1c038ee186d
[INFO] [stdout]                                at /rustc/202008a1b8de96d2e5b6bc02d379db03a877d34d/library/std/src/sys/backtrace.rs:42:9
[INFO] [stdout]    8:     0x621de43f76ad - std::panicking::default_hook::{{closure}}::h77172f079a1fcb13
[INFO] [stdout]                                at /rustc/202008a1b8de96d2e5b6bc02d379db03a877d34d/library/std/src/panicking.rs:268:22
[INFO] [stdout]    9:     0x621de43f74b7 - std::panicking::default_hook::he5f8e3b203ccddba
[INFO] [stdout]                                at /rustc/202008a1b8de96d2e5b6bc02d379db03a877d34d/library/std/src/panicking.rs:292:9
[INFO] [stdout]   10:     0x621de3cbf737 - <alloc::boxed::Box<F,A> as core::ops::function::Fn<Args>>::call::h7a3c7b4a1ae77f2f
[INFO] [stdout]                                at /rustc/202008a1b8de96d2e5b6bc02d379db03a877d34d/library/alloc/src/boxed.rs:1986:9
[INFO] [stdout]   11:     0x621de3cbf737 - test::test_main::{{closure}}::hf0d3b69ae9b353d1
[INFO] [stdout]                                at /rustc/202008a1b8de96d2e5b6bc02d379db03a877d34d/library/test/src/lib.rs:134:21
[INFO] [stdout]   12:     0x621de43f7d58 - <alloc::boxed::Box<F,A> as core::ops::function::Fn<Args>>::call::h6332e82e7b189abd
[INFO] [stdout]                                at /rustc/202008a1b8de96d2e5b6bc02d379db03a877d34d/library/alloc/src/boxed.rs:1986:9
[INFO] [stdout]   13:     0x621de43f7d58 - std::panicking::rust_panic_with_hook::h53863d4e9018df39
[INFO] [stdout]                                at /rustc/202008a1b8de96d2e5b6bc02d379db03a877d34d/library/std/src/panicking.rs:809:13
[INFO] [stdout]   14:     0x621de43f7b1a - std::panicking::begin_panic_handler::{{closure}}::h67280e6fa0757873
[INFO] [stdout]                                at /rustc/202008a1b8de96d2e5b6bc02d379db03a877d34d/library/std/src/panicking.rs:674:13
[INFO] [stdout]   15:     0x621de43f6709 - std::sys::backtrace::__rust_end_short_backtrace::h1dac3f54d6fbbeb2
[INFO] [stdout]                                at /rustc/202008a1b8de96d2e5b6bc02d379db03a877d34d/library/std/src/sys/backtrace.rs:170:18
[INFO] [stdout]   16:     0x621de43f77ac - rust_begin_unwind
[INFO] [stdout]                                at /rustc/202008a1b8de96d2e5b6bc02d379db03a877d34d/library/std/src/panicking.rs:665:5
[INFO] [stdout]   17:     0x621de39f55e0 - core::panicking::panic_fmt::h6792bd1b2bf01041
[INFO] [stdout]                                at /rustc/202008a1b8de96d2e5b6bc02d379db03a877d34d/library/core/src/panicking.rs:76:14
[INFO] [stdout]   18:     0x621de3ab44f4 - hyper_graceful_shutdown_issue::tests::test_graceful_shutdown::{{closure}}::h3ec37f28105e6195
[INFO] [stdout]                                at /opt/rustwide/workdir/src/lib.rs:317:25
[INFO] [stdout]   19:     0x621de3ab62f7 - hyper_graceful_shutdown_issue::tests::graceful_shutdown_with_tls::{{closure}}::hdadbe734f2b5b4a1
[INFO] [stdout]                                at /opt/rustwide/workdir/src/lib.rs:239:52
[INFO] [stdout]   20:     0x621de3aceef2 - <core::pin::Pin<P> as core::future::future::Future>::poll::hcc0e4aa54c6bd555
[INFO] [stdout]                                at /rustc/202008a1b8de96d2e5b6bc02d379db03a877d34d/library/core/src/future/future.rs:124:9
[INFO] [stdout]   21:     0x621de3acefad - <core::pin::Pin<P> as core::future::future::Future>::poll::he52d2a3fa3ffdc30
[INFO] [stdout]                                at /rustc/202008a1b8de96d2e5b6bc02d379db03a877d34d/library/core/src/future/future.rs:124:9
[INFO] [stdout]   22:     0x621de3a2d43f - tokio::runtime::scheduler::current_thread::CoreGuard::block_on::{{closure}}::{{closure}}::{{closure}}::hc0b30d6d3ec9571a
[INFO] [stdout]                                at /opt/rustwide/cargo-home/registry/src/index.crates.io-6f17d22bba15001f/tokio-1.42.0/src/runtime/scheduler/current_thread/mod.rs:729:57
[INFO] [stdout]   23:     0x621de3a2ce25 - tokio::runtime::coop::with_budget::hc2534cdf7ab544ab
[INFO] [stdout]                                at /opt/rustwide/cargo-home/registry/src/index.crates.io-6f17d22bba15001f/tokio-1.42.0/src/runtime/coop.rs:107:5
[INFO] [stdout]   24:     0x621de3a2ce25 - tokio::runtime::coop::budget::h6cac88e0ca02a07a
[INFO] [stdout]                                at /opt/rustwide/cargo-home/registry/src/index.crates.io-6f17d22bba15001f/tokio-1.42.0/src/runtime/coop.rs:73:5
[INFO] [stdout]   25:     0x621de3a2ce25 - tokio::runtime::scheduler::current_thread::CoreGuard::block_on::{{closure}}::{{closure}}::h273d5ce5e8315967
[INFO] [stdout]                                at /opt/rustwide/cargo-home/registry/src/index.crates.io-6f17d22bba15001f/tokio-1.42.0/src/runtime/scheduler/current_thread/mod.rs:729:25
[INFO] [stdout]   26:     0x621de3a28d80 - tokio::runtime::scheduler::current_thread::Context::enter::hff0b09d6e64caa3f
[INFO] [stdout]                                at /opt/rustwide/cargo-home/registry/src/index.crates.io-6f17d22bba15001f/tokio-1.42.0/src/runtime/scheduler/current_thread/mod.rs:428:19
[INFO] [stdout]   27:     0x621de3a2ad2b - tokio::runtime::scheduler::current_thread::CoreGuard::block_on::{{closure}}::h382fff891e88cf9b
[INFO] [stdout]                                at /opt/rustwide/cargo-home/registry/src/index.crates.io-6f17d22bba15001f/tokio-1.42.0/src/runtime/scheduler/current_thread/mod.rs:728:36
[INFO] [stdout]   28:     0x621de3a2a944 - tokio::runtime::scheduler::current_thread::CoreGuard::enter::{{closure}}::h488ba0bcc1a73487
[INFO] [stdout]                                at /opt/rustwide/cargo-home/registry/src/index.crates.io-6f17d22bba15001f/tokio-1.42.0/src/runtime/scheduler/current_thread/mod.rs:807:68
[INFO] [stdout]   29:     0x621de3a93c3b - tokio::runtime::context::scoped::Scoped<T>::set::h6a44edb0a00e6455
[INFO] [stdout]                                at /opt/rustwide/cargo-home/registry/src/index.crates.io-6f17d22bba15001f/tokio-1.42.0/src/runtime/context/scoped.rs:40:9
[INFO] [stdout]   30:     0x621de3ace5c9 - tokio::runtime::context::set_scheduler::{{closure}}::hef6dfde036ff1745
[INFO] [stdout]                                at /opt/rustwide/cargo-home/registry/src/index.crates.io-6f17d22bba15001f/tokio-1.42.0/src/runtime/context.rs:180:26
[INFO] [stdout]   31:     0x621de3aca99d - std::thread::local::LocalKey<T>::try_with::h60a2f9194b43a839
[INFO] [stdout]                                at /rustc/202008a1b8de96d2e5b6bc02d379db03a877d34d/library/std/src/thread/local.rs:283:12
[INFO] [stdout]   32:     0x621de3ac93aa - std::thread::local::LocalKey<T>::with::h9b8c13f2d22aaa67
[INFO] [stdout]                                at /rustc/202008a1b8de96d2e5b6bc02d379db03a877d34d/library/std/src/thread/local.rs:260:9
[INFO] [stdout]   33:     0x621de3ace47d - tokio::runtime::context::set_scheduler::h9c046582b01aaef9
[INFO] [stdout]                                at /opt/rustwide/cargo-home/registry/src/index.crates.io-6f17d22bba15001f/tokio-1.42.0/src/runtime/context.rs:180:9
[INFO] [stdout]   34:     0x621de3a29e90 - tokio::runtime::scheduler::current_thread::CoreGuard::enter::h6d15dd656f5374d3
[INFO] [stdout]                                at /opt/rustwide/cargo-home/registry/src/index.crates.io-6f17d22bba15001f/tokio-1.42.0/src/runtime/scheduler/current_thread/mod.rs:807:27
[INFO] [stdout]   35:     0x621de3a2aa03 - tokio::runtime::scheduler::current_thread::CoreGuard::block_on::h52c213758ca1c003
[INFO] [stdout]                                at /opt/rustwide/cargo-home/registry/src/index.crates.io-6f17d22bba15001f/tokio-1.42.0/src/runtime/scheduler/current_thread/mod.rs:716:19
[INFO] [stdout]   36:     0x621de3a24bcf - tokio::runtime::scheduler::current_thread::CurrentThread::block_on::{{closure}}::h2606f88a4d42653c
[INFO] [stdout]                                at /opt/rustwide/cargo-home/registry/src/index.crates.io-6f17d22bba15001f/tokio-1.42.0/src/runtime/scheduler/current_thread/mod.rs:196:28
[INFO] [stdout]   37:     0x621de3a89486 - tokio::runtime::context::runtime::enter_runtime::hbfee71ab22c73f0e
[INFO] [stdout]                                at /opt/rustwide/cargo-home/registry/src/index.crates.io-6f17d22bba15001f/tokio-1.42.0/src/runtime/context/runtime.rs:65:16
[INFO] [stdout]   38:     0x621de3a24971 - tokio::runtime::scheduler::current_thread::CurrentThread::block_on::hf127d631856b1f27
[INFO] [stdout]                                at /opt/rustwide/cargo-home/registry/src/index.crates.io-6f17d22bba15001f/tokio-1.42.0/src/runtime/scheduler/current_thread/mod.rs:184:9
[INFO] [stdout]   39:     0x621de3aa4123 - tokio::runtime::runtime::Runtime::block_on_inner::hb15baecd6baf9c2c
[INFO] [stdout]                                at /opt/rustwide/cargo-home/registry/src/index.crates.io-6f17d22bba15001f/tokio-1.42.0/src/runtime/runtime.rs:368:47
[INFO] [stdout]   40:     0x621de3aa44c7 - tokio::runtime::runtime::Runtime::block_on::h7073c702e01adff2
[INFO] [stdout]                                at /opt/rustwide/cargo-home/registry/src/index.crates.io-6f17d22bba15001f/tokio-1.42.0/src/runtime/runtime.rs:342:13
[INFO] [stdout]   41:     0x621de3ab6121 - hyper_graceful_shutdown_issue::tests::graceful_shutdown_with_tls::hc5826518fbb983a6
[INFO] [stdout]                                at /opt/rustwide/workdir/src/lib.rs:239:9
[INFO] [stdout]   42:     0x621de3ab5fc7 - hyper_graceful_shutdown_issue::tests::graceful_shutdown_with_tls::{{closure}}::h83dc39959a5d64cc
[INFO] [stdout]                                at /opt/rustwide/workdir/src/lib.rs:238:42
[INFO] [stdout]   43:     0x621de3a40366 - core::ops::function::FnOnce::call_once::h07542bb394c37619
[INFO] [stdout]                                at /rustc/202008a1b8de96d2e5b6bc02d379db03a877d34d/library/core/src/ops/function.rs:250:5
[INFO] [stdout]   44:     0x621de3cc425b - core::ops::function::FnOnce::call_once::h871bf86719ec9aa4
[INFO] [stdout]                                at /rustc/202008a1b8de96d2e5b6bc02d379db03a877d34d/library/core/src/ops/function.rs:250:5
[INFO] [stdout]   45:     0x621de3cc425b - test::__rust_begin_short_backtrace::h2167df1e2b7d76fd
[INFO] [stdout]                                at /rustc/202008a1b8de96d2e5b6bc02d379db03a877d34d/library/test/src/lib.rs:632:18
[INFO] [stdout]   46:     0x621de3cc3c48 - test::run_test_in_process::{{closure}}::h15d92f75a3adfb79
[INFO] [stdout]                                at /rustc/202008a1b8de96d2e5b6bc02d379db03a877d34d/library/test/src/lib.rs:655:60
[INFO] [stdout]   47:     0x621de3cc3c48 - <core::panic::unwind_safe::AssertUnwindSafe<F> as core::ops::function::FnOnce<()>>::call_once::hb6c8955835a8dbbb
[INFO] [stdout]                                at /rustc/202008a1b8de96d2e5b6bc02d379db03a877d34d/library/core/src/panic/unwind_safe.rs:272:9
[INFO] [stdout]   48:     0x621de3cc3c48 - std::panicking::try::do_call::hc79d0fc888a0bd30
[INFO] [stdout]                                at /rustc/202008a1b8de96d2e5b6bc02d379db03a877d34d/library/std/src/panicking.rs:557:40
[INFO] [stdout]   49:     0x621de3cc3c48 - std::panicking::try::hb8a7878e3a8589d6
[INFO] [stdout]                                at /rustc/202008a1b8de96d2e5b6bc02d379db03a877d34d/library/std/src/panicking.rs:520:19
[INFO] [stdout]   50:     0x621de3cc3c48 - std::panic::catch_unwind::hb8e4600ff0ff5cfa
[INFO] [stdout]                                at /rustc/202008a1b8de96d2e5b6bc02d379db03a877d34d/library/std/src/panic.rs:358:14
[INFO] [stdout]   51:     0x621de3cc3c48 - test::run_test_in_process::hc2900b0b18688dd6
[INFO] [stdout]                                at /rustc/202008a1b8de96d2e5b6bc02d379db03a877d34d/library/test/src/lib.rs:655:27
[INFO] [stdout]   52:     0x621de3cc3c48 - test::run_test::{{closure}}::hac2a9cb07be3d48d
[INFO] [stdout]                                at /rustc/202008a1b8de96d2e5b6bc02d379db03a877d34d/library/test/src/lib.rs:576:43
[INFO] [stdout]   53:     0x621de3c876ea - test::run_test::{{closure}}::h4a5b729e66a38cd8
[INFO] [stdout]                                at /rustc/202008a1b8de96d2e5b6bc02d379db03a877d34d/library/test/src/lib.rs:606:41
[INFO] [stdout]   54:     0x621de3c876ea - std::sys::backtrace::__rust_begin_short_backtrace::h0496fb742492f573
[INFO] [stdout]                                at /rustc/202008a1b8de96d2e5b6bc02d379db03a877d34d/library/std/src/sys/backtrace.rs:154:18
[INFO] [stdout]   55:     0x621de3c8b064 - std::thread::Builder::spawn_unchecked_::{{closure}}::{{closure}}::hbb6d257c550a54bd
[INFO] [stdout]                                at /rustc/202008a1b8de96d2e5b6bc02d379db03a877d34d/library/std/src/thread/mod.rs:561:17
[INFO] [stdout]   56:     0x621de3c8b064 - <core::panic::unwind_safe::AssertUnwindSafe<F> as core::ops::function::FnOnce<()>>::call_once::h46696fe4a6832328
[INFO] [stdout]                                at /rustc/202008a1b8de96d2e5b6bc02d379db03a877d34d/library/core/src/panic/unwind_safe.rs:272:9
[INFO] [stdout]   57:     0x621de3c8b064 - std::panicking::try::do_call::h2625a51b667bfb64
[INFO] [stdout]                                at /rustc/202008a1b8de96d2e5b6bc02d379db03a877d34d/library/std/src/panicking.rs:557:40
[INFO] [stdout]   58:     0x621de3c8b064 - std::panicking::try::hb956a59a1973aa4c
[INFO] [stdout]                                at /rustc/202008a1b8de96d2e5b6bc02d379db03a877d34d/library/std/src/panicking.rs:520:19
[INFO] [stdout]   59:     0x621de3c8b064 - std::panic::catch_unwind::h64f3b9d1067ef6a0
[INFO] [stdout]                                at /rustc/202008a1b8de96d2e5b6bc02d379db03a877d34d/library/std/src/panic.rs:358:14
[INFO] [stdout]   60:     0x621de3c8b064 - std::thread::Builder::spawn_unchecked_::{{closure}}::h42b2841295b6c0b2
[INFO] [stdout]                                at /rustc/202008a1b8de96d2e5b6bc02d379db03a877d34d/library/std/src/thread/mod.rs:559:30
[INFO] [stdout]   61:     0x621de3c8b064 - core::ops::function::FnOnce::call_once{{vtable.shim}}::h6127de71b8124639
[INFO] [stdout]                                at /rustc/202008a1b8de96d2e5b6bc02d379db03a877d34d/library/core/src/ops/function.rs:250:5
[INFO] [stdout]   62:     0x621de43fc0db - <alloc::boxed::Box<F,A> as core::ops::function::FnOnce<Args>>::call_once::h42f0ba71002a1b2c
[INFO] [stdout]                                at /rustc/202008a1b8de96d2e5b6bc02d379db03a877d34d/library/alloc/src/boxed.rs:1972:9
[INFO] [stdout]   63:     0x621de43fc0db - <alloc::boxed::Box<F,A> as core::ops::function::FnOnce<Args>>::call_once::had9e47d7a3dcecb8
[INFO] [stdout]                                at /rustc/202008a1b8de96d2e5b6bc02d379db03a877d34d/library/alloc/src/boxed.rs:1972:9
[INFO] [stdout]   64:     0x621de43fc0db - std::sys::pal::unix::thread::Thread::new::thread_start::h48cf765408f6f5f2
[INFO] [stdout]                                at /rustc/202008a1b8de96d2e5b6bc02d379db03a877d34d/library/std/src/sys/pal/unix/thread.rs:105:17
[INFO] [stdout]   65:     0x764a38ab7ac3 - <unknown>
[INFO] [stdout]   66:     0x764a38b48a04 - clone
[INFO] [stdout]   67:                0x0 - <unknown>
[INFO] [stdout] 
[INFO] [stdout] 
[INFO] [stdout] failures:
[INFO] [stdout]     tests::graceful_shutdown_with_tls
[INFO] [stdout]     tests::graceful_shutdown_without_tls
[INFO] [stdout] 
[INFO] [stdout] test result: FAILED. 0 passed; 2 failed; 0 ignored; 0 measured; 0 filtered out; finished in 0.72s
[INFO] [stdout] 
[INFO] [stderr] error: test failed, to rerun pass `--lib`
[INFO] running `Command { std: "docker" "inspect" "bbe2c038bcba33345cbbcf150dc7d8a665be0d7436602797e7f7625508420d34", kill_on_drop: false }`
[INFO] running `Command { std: "docker" "rm" "-f" "bbe2c038bcba33345cbbcf150dc7d8a665be0d7436602797e7f7625508420d34", kill_on_drop: false }`
[INFO] [stdout] bbe2c038bcba33345cbbcf150dc7d8a665be0d7436602797e7f7625508420d34
