[INFO] cloning repository https://github.com/cbs228/sameold
[INFO] running `Command { std: "git" "-c" "credential.helper=" "-c" "credential.helper=/workspace/cargo-home/bin/git-credential-null" "clone" "--bare" "https://github.com/cbs228/sameold" "/workspace/cache/git-repos/https%3A%2F%2Fgithub.com%2Fcbs228%2Fsameold", kill_on_drop: false }`
[INFO] [stderr] Cloning into bare repository '/workspace/cache/git-repos/https%3A%2F%2Fgithub.com%2Fcbs228%2Fsameold'...
[INFO] running `Command { std: "git" "rev-parse" "HEAD", kill_on_drop: false }`
[INFO] [stdout] b183a04d08d4b52b9ebaca1eb1af47a33c932e0a
[INFO] testing cbs228/sameold against beta-2024-12-08 for beta-1.84.0-4-retry
[INFO] running `Command { std: "git" "clone" "/workspace/cache/git-repos/https%3A%2F%2Fgithub.com%2Fcbs228%2Fsameold" "/workspace/builds/worker-3-tc2/source", kill_on_drop: false }`
[INFO] [stderr] Cloning into '/workspace/builds/worker-3-tc2/source'...
[INFO] [stderr] done.
[INFO] validating manifest of git repo https://github.com/cbs228/sameold on toolchain beta-2024-12-08
[INFO] running `Command { std: CARGO_HOME="/workspace/cargo-home" RUSTUP_HOME="/workspace/rustup-home" "/workspace/cargo-home/bin/cargo" "+beta-2024-12-08" "metadata" "--manifest-path" "Cargo.toml" "--no-deps", kill_on_drop: false }`
[INFO] started tweaking git repo https://github.com/cbs228/sameold
[INFO] finished tweaking git repo https://github.com/cbs228/sameold
[INFO] tweaked toml for git repo https://github.com/cbs228/sameold written to /workspace/builds/worker-3-tc2/source/Cargo.toml
[INFO] crate git repo https://github.com/cbs228/sameold already has a lockfile, it will not be regenerated
[INFO] running `Command { std: CARGO_HOME="/workspace/cargo-home" RUSTUP_HOME="/workspace/rustup-home" "/workspace/cargo-home/bin/cargo" "+beta-2024-12-08" "fetch" "--manifest-path" "Cargo.toml", kill_on_drop: false }`
[INFO] running `Command { std: "docker" "create" "-v" "/var/lib/crater-agent-workspace/builds/worker-3-tc2/target:/opt/rustwide/target:rw,Z" "-v" "/var/lib/crater-agent-workspace/builds/worker-3-tc2/source:/opt/rustwide/workdir:ro,Z" "-v" "/var/lib/crater-agent-workspace/cargo-home:/opt/rustwide/cargo-home:ro,Z" "-v" "/var/lib/crater-agent-workspace/rustup-home:/opt/rustwide/rustup-home:ro,Z" "-e" "SOURCE_DIR=/opt/rustwide/workdir" "-e" "CARGO_TARGET_DIR=/opt/rustwide/target" "-e" "CARGO_HOME=/opt/rustwide/cargo-home" "-e" "RUSTUP_HOME=/opt/rustwide/rustup-home" "-w" "/opt/rustwide/workdir" "-m" "1610612736" "--user" "0:0" "--network" "none" "ghcr.io/rust-lang/crates-build-env/linux@sha256:f3a9d4ad9d972b27faf3965f35b62e55ba32bbce8f20bc8fe909558a86702fde" "/opt/rustwide/cargo-home/bin/cargo" "+beta-2024-12-08" "metadata" "--no-deps" "--format-version=1", kill_on_drop: false }`
[INFO] [stdout] ea4d428ffc0b8a244727c3ac3831a463643f4c3dc72313edf0c91e58d11f7bfd
[INFO] running `Command { std: "docker" "start" "-a" "ea4d428ffc0b8a244727c3ac3831a463643f4c3dc72313edf0c91e58d11f7bfd", kill_on_drop: false }`
[INFO] running `Command { std: "docker" "inspect" "ea4d428ffc0b8a244727c3ac3831a463643f4c3dc72313edf0c91e58d11f7bfd", kill_on_drop: false }`
[INFO] running `Command { std: "docker" "rm" "-f" "ea4d428ffc0b8a244727c3ac3831a463643f4c3dc72313edf0c91e58d11f7bfd", kill_on_drop: false }`
[INFO] [stdout] ea4d428ffc0b8a244727c3ac3831a463643f4c3dc72313edf0c91e58d11f7bfd
[INFO] running `Command { std: "docker" "create" "-v" "/var/lib/crater-agent-workspace/builds/worker-3-tc2/target:/opt/rustwide/target:rw,Z" "-v" "/var/lib/crater-agent-workspace/builds/worker-3-tc2/source:/opt/rustwide/workdir:ro,Z" "-v" "/var/lib/crater-agent-workspace/cargo-home:/opt/rustwide/cargo-home:ro,Z" "-v" "/var/lib/crater-agent-workspace/rustup-home:/opt/rustwide/rustup-home:ro,Z" "-e" "SOURCE_DIR=/opt/rustwide/workdir" "-e" "CARGO_TARGET_DIR=/opt/rustwide/target" "-e" "CARGO_INCREMENTAL=0" "-e" "RUST_BACKTRACE=full" "-e" "RUSTFLAGS=--cap-lints=warn" "-e" "RUSTDOCFLAGS=--cap-lints=warn" "-e" "CARGO_HOME=/opt/rustwide/cargo-home" "-e" "RUSTUP_HOME=/opt/rustwide/rustup-home" "-w" "/opt/rustwide/workdir" "-m" "1610612736" "--user" "0:0" "--network" "none" "ghcr.io/rust-lang/crates-build-env/linux@sha256:f3a9d4ad9d972b27faf3965f35b62e55ba32bbce8f20bc8fe909558a86702fde" "/opt/rustwide/cargo-home/bin/cargo" "+beta-2024-12-08" "build" "--frozen" "--message-format=json", kill_on_drop: false }`
[INFO] [stdout] b5fb9012542d083632c5e5ccdded926477050214d6210d85d8f62aeb8efd0693
[INFO] running `Command { std: "docker" "start" "-a" "b5fb9012542d083632c5e5ccdded926477050214d6210d85d8f62aeb8efd0693", kill_on_drop: false }`
[INFO] [stderr]    Compiling autocfg v1.1.0
[INFO] [stderr]    Compiling proc-macro2 v1.0.78
[INFO] [stderr]    Compiling unicode-ident v1.0.12
[INFO] [stderr]    Compiling libc v0.2.153
[INFO] [stderr]    Compiling memchr v2.7.1
[INFO] [stderr]    Compiling siphasher v0.3.11
[INFO] [stderr]    Compiling rustix v0.38.31
[INFO] [stderr]    Compiling regex-syntax v0.8.2
[INFO] [stderr]    Compiling paste v1.0.14
[INFO] [stderr]    Compiling syn v1.0.109
[INFO] [stderr]    Compiling bytemuck v1.14.3
[INFO] [stderr]    Compiling rand_core v0.6.4
[INFO] [stderr]    Compiling utf8parse v0.2.1
[INFO] [stderr]    Compiling typenum v1.17.0
[INFO] [stderr]    Compiling heck v0.4.1
[INFO] [stderr]    Compiling bitflags v2.4.2
[INFO] [stderr]    Compiling rustversion v1.0.14
[INFO] [stderr]    Compiling linux-raw-sys v0.4.13
[INFO] [stderr]    Compiling safe_arch v0.7.1
[INFO] [stderr]    Compiling rand v0.8.5
[INFO] [stderr]    Compiling anstyle-parse v0.2.3
[INFO] [stderr]    Compiling rawpointer v0.2.1
[INFO] [stderr]    Compiling phf_shared v0.11.2
[INFO] [stderr]    Compiling arraydeque v0.4.5
[INFO] [stderr]    Compiling colorchoice v1.0.0
[INFO] [stderr]    Compiling num-traits v0.2.18
[INFO] [stderr]    Compiling num-rational v0.4.1
[INFO] [stderr]    Compiling matrixmultiply v0.3.8
[INFO] [stderr]    Compiling log v0.4.20
[INFO] [stderr]    Compiling anstyle-query v1.0.2
[INFO] [stderr]    Compiling anstyle v1.0.6
[INFO] [stderr]    Compiling thiserror v1.0.57
[INFO] [stderr]    Compiling anstream v0.6.12
[INFO] [stderr]    Compiling aho-corasick v1.1.2
[INFO] [stderr]    Compiling wide v0.7.15
[INFO] [stderr]    Compiling phf_generator v0.11.2
[INFO] [stderr]    Compiling strsim v0.10.0
[INFO] [stderr]    Compiling humantime v2.1.0
[INFO] [stderr]    Compiling quote v1.0.35
[INFO] [stderr]    Compiling iana-time-zone v0.1.60
[INFO] [stderr]    Compiling termcolor v1.4.1
[INFO] [stderr]    Compiling clap_lex v0.6.0
[INFO] [stderr]    Compiling syn v2.0.50
[INFO] [stderr]    Compiling is-terminal v0.4.12
[INFO] [stderr]    Compiling anyhow v1.0.80
[INFO] [stderr]    Compiling slice-ring-buffer v0.3.3
[INFO] [stderr]    Compiling assert_approx_eq v1.1.0
[INFO] [stderr]    Compiling strum v0.26.1
[INFO] [stderr]    Compiling arrayvec v0.7.4
[INFO] [stderr]    Compiling lazy_static v1.4.0
[INFO] [stderr]    Compiling byteorder v1.5.0
[INFO] [stderr]    Compiling terminal_size v0.3.0
[INFO] [stderr]    Compiling clap_builder v4.4.18
[INFO] [stderr]    Compiling num-complex v0.4.5
[INFO] [stderr]    Compiling num-integer v0.1.46
[INFO] [stderr]    Compiling approx v0.5.1
[INFO] [stderr]    Compiling num-complex v0.3.1
[INFO] [stderr]    Compiling chrono v0.4.34
[INFO] [stderr]    Compiling simba v0.8.1
[INFO] [stderr]    Compiling regex-automata v0.4.5
[INFO] [stderr]    Compiling nalgebra-macros v0.2.1
[INFO] [stderr]    Compiling regex v1.10.3
[INFO] [stderr]    Compiling env_logger v0.10.2
[INFO] [stderr]    Compiling pretty_env_logger v0.5.0
[INFO] [stderr]    Compiling thiserror-impl v1.0.57
[INFO] [stderr]    Compiling phf_macros v0.11.2
[INFO] [stderr]    Compiling clap_derive v4.4.7
[INFO] [stderr]    Compiling strum_macros v0.26.1
[INFO] [stderr]    Compiling phf v0.11.2
[INFO] [stderr]    Compiling clap v4.4.18
[INFO] [stderr]    Compiling nalgebra v0.32.4
[INFO] [stderr]    Compiling sameold v0.4.0 (/opt/rustwide/workdir/crates/sameold)
[INFO] [stdout] warning: method `push` is never used
[INFO] [stdout]   --> crates/sameold/src/receiver/demod.rs:58:8
[INFO] [stdout]    |
[INFO] [stdout] 40 | pub trait Demod: Clone + std::fmt::Debug + Sized {
[INFO] [stdout]    |           ----- method in this trait
[INFO] [stdout] ...
[INFO] [stdout] 58 |     fn push<S>(&mut self, input: S)
[INFO] [stdout]    |        ^^^^
[INFO] [stdout]    |
[INFO] [stdout]    = note: `#[warn(dead_code)]` on by default
[INFO] [stdout] 
[INFO] [stdout] 
[INFO] [stderr]    Compiling samedec v0.4.0 (/opt/rustwide/workdir/crates/samedec)
[INFO] [stderr]     Finished `dev` profile [unoptimized + debuginfo] target(s) in 52.99s
[INFO] running `Command { std: "docker" "inspect" "b5fb9012542d083632c5e5ccdded926477050214d6210d85d8f62aeb8efd0693", kill_on_drop: false }`
[INFO] running `Command { std: "docker" "rm" "-f" "b5fb9012542d083632c5e5ccdded926477050214d6210d85d8f62aeb8efd0693", kill_on_drop: false }`
[INFO] [stdout] b5fb9012542d083632c5e5ccdded926477050214d6210d85d8f62aeb8efd0693
[INFO] running `Command { std: "docker" "create" "-v" "/var/lib/crater-agent-workspace/builds/worker-3-tc2/target:/opt/rustwide/target:rw,Z" "-v" "/var/lib/crater-agent-workspace/builds/worker-3-tc2/source:/opt/rustwide/workdir:ro,Z" "-v" "/var/lib/crater-agent-workspace/cargo-home:/opt/rustwide/cargo-home:ro,Z" "-v" "/var/lib/crater-agent-workspace/rustup-home:/opt/rustwide/rustup-home:ro,Z" "-e" "SOURCE_DIR=/opt/rustwide/workdir" "-e" "CARGO_TARGET_DIR=/opt/rustwide/target" "-e" "CARGO_INCREMENTAL=0" "-e" "RUST_BACKTRACE=full" "-e" "RUSTFLAGS=--cap-lints=warn" "-e" "RUSTDOCFLAGS=--cap-lints=warn" "-e" "CARGO_HOME=/opt/rustwide/cargo-home" "-e" "RUSTUP_HOME=/opt/rustwide/rustup-home" "-w" "/opt/rustwide/workdir" "-m" "1610612736" "--user" "0:0" "--network" "none" "ghcr.io/rust-lang/crates-build-env/linux@sha256:f3a9d4ad9d972b27faf3965f35b62e55ba32bbce8f20bc8fe909558a86702fde" "/opt/rustwide/cargo-home/bin/cargo" "+beta-2024-12-08" "test" "--frozen" "--no-run" "--message-format=json", kill_on_drop: false }`
[INFO] [stdout] 98affc847d6c44054d5e23b18f9d2fdfca25920cc17df0e5fef15ced9a36d0f1
[INFO] running `Command { std: "docker" "start" "-a" "98affc847d6c44054d5e23b18f9d2fdfca25920cc17df0e5fef15ced9a36d0f1", kill_on_drop: false }`
[INFO] [stdout] warning: method `push` is never used
[INFO] [stdout]   --> crates/sameold/src/receiver/demod.rs:58:8
[INFO] [stdout]    |
[INFO] [stdout] 40 | pub trait Demod: Clone + std::fmt::Debug + Sized {
[INFO] [stdout]    |           ----- method in this trait
[INFO] [stdout] ...
[INFO] [stdout] 58 |     fn push<S>(&mut self, input: S)
[INFO] [stdout]    |        ^^^^
[INFO] [stdout]    |
[INFO] [stdout]    = note: `#[warn(dead_code)]` on by default
[INFO] [stdout] 
[INFO] [stdout] 
[INFO] [stderr]    Compiling sameold v0.4.0 (/opt/rustwide/workdir/crates/sameold)
[INFO] [stderr]    Compiling samedec v0.4.0 (/opt/rustwide/workdir/crates/samedec)
[INFO] [stderr]     Finished `test` profile [unoptimized + debuginfo] target(s) in 4.29s
[INFO] running `Command { std: "docker" "inspect" "98affc847d6c44054d5e23b18f9d2fdfca25920cc17df0e5fef15ced9a36d0f1", kill_on_drop: false }`
[INFO] running `Command { std: "docker" "rm" "-f" "98affc847d6c44054d5e23b18f9d2fdfca25920cc17df0e5fef15ced9a36d0f1", kill_on_drop: false }`
[INFO] [stdout] 98affc847d6c44054d5e23b18f9d2fdfca25920cc17df0e5fef15ced9a36d0f1
[INFO] running `Command { std: "docker" "create" "-v" "/var/lib/crater-agent-workspace/builds/worker-3-tc2/target:/opt/rustwide/target:rw,Z" "-v" "/var/lib/crater-agent-workspace/builds/worker-3-tc2/source:/opt/rustwide/workdir:ro,Z" "-v" "/var/lib/crater-agent-workspace/cargo-home:/opt/rustwide/cargo-home:ro,Z" "-v" "/var/lib/crater-agent-workspace/rustup-home:/opt/rustwide/rustup-home:ro,Z" "-e" "SOURCE_DIR=/opt/rustwide/workdir" "-e" "CARGO_TARGET_DIR=/opt/rustwide/target" "-e" "CARGO_INCREMENTAL=0" "-e" "RUST_BACKTRACE=full" "-e" "RUSTFLAGS=--cap-lints=warn" "-e" "RUSTDOCFLAGS=--cap-lints=warn" "-e" "CARGO_HOME=/opt/rustwide/cargo-home" "-e" "RUSTUP_HOME=/opt/rustwide/rustup-home" "-w" "/opt/rustwide/workdir" "-m" "1610612736" "--user" "0:0" "--network" "none" "ghcr.io/rust-lang/crates-build-env/linux@sha256:f3a9d4ad9d972b27faf3965f35b62e55ba32bbce8f20bc8fe909558a86702fde" "/opt/rustwide/cargo-home/bin/cargo" "+beta-2024-12-08" "test" "--frozen", kill_on_drop: false }`
[INFO] [stdout] 2f8f8a886977045faa07bab441635b2e4d2b331ad5d21be5149b6081f93b0442
[INFO] running `Command { std: "docker" "start" "-a" "2f8f8a886977045faa07bab441635b2e4d2b331ad5d21be5149b6081f93b0442", kill_on_drop: false }`
[INFO] [stderr] warning: method `push` is never used
[INFO] [stderr]   --> crates/sameold/src/receiver/demod.rs:58:8
[INFO] [stderr]    |
[INFO] [stderr] 40 | pub trait Demod: Clone + std::fmt::Debug + Sized {
[INFO] [stderr]    |           ----- method in this trait
[INFO] [stderr] ...
[INFO] [stderr] 58 |     fn push<S>(&mut self, input: S)
[INFO] [stderr]    |        ^^^^
[INFO] [stderr]    |
[INFO] [stderr]    = note: `#[warn(dead_code)]` on by default
[INFO] [stderr] 
[INFO] [stderr] warning: `sameold` (lib) generated 1 warning
[INFO] [stderr]     Finished `test` profile [unoptimized + debuginfo] target(s) in 0.09s
[INFO] [stderr]      Running unittests src/main.rs (/opt/rustwide/target/debug/deps/samedec-ad96b80584703222)
[INFO] [stdout] 
[INFO] [stdout] running 3 tests
[INFO] [stdout] test cli::tests::test_clap ... ok
[INFO] [stdout] test spawner::tests::test_time_to_unix_str ... ok
[INFO] [stdout] test app::tests::test_make_demo_message ... ok
[INFO] [stdout] 
[INFO] [stdout] test result: ok. 3 passed; 0 failed; 0 ignored; 0 measured; 0 filtered out; finished in 0.00s
[INFO] [stdout] 
[INFO] [stderr]      Running unittests src/lib.rs (/opt/rustwide/target/debug/deps/sameold-6010755ee4f33b1b)
[INFO] [stdout] 
[INFO] [stdout] running 62 tests
[INFO] [stdout] test eventcodes::tests::check_codebooks ... ok
[INFO] [stdout] test message::eventcode::tests::basic_parsing ... ok
[INFO] [stdout] test message::eventcode::tests::test_unrecognized ... ok
[INFO] [stdout] test message::eventcode::tests::test_support_required_codes ... ok
[INFO] [stdout] test message::phenomenon::tests::test_national ... ok
[INFO] [stdout] test message::significance::tests::test_str_conversion ... ok
[INFO] [stdout] test receiver::agc::tests::test_agc ... ok
[INFO] [stdout] test message::tests::test_calculate_issue_time ... ok
[INFO] [stdout] test message::eventcode::tests::basic_display ... ok
[INFO] [stdout] test message::tests::test_message ... ok
[INFO] [stdout] test receiver::codesquelch::tests::test_num_bit_errors ... ok
[INFO] [stdout] test receiver::assembler::tests::test_prune_history ... ok
[INFO] [stdout] test receiver::codesquelch::tests::test_power_tracker ... ok
[INFO] [stdout] test receiver::codesquelch::tests::test_power_detection ... ok
[INFO] [stdout] test receiver::codesquelch::tests::test_simple_sync ... ok
[INFO] [stdout] test message::phenomenon::tests::test_property_completeness ... ok
[INFO] [stdout] test receiver::codesquelch::tests::test_sync_with_error ... ok
[INFO] [stdout] test receiver::codesquelch::tests::test_codecorr ... ok
[INFO] [stdout] test receiver::codesquelch::tests::test_sync_with_lots_of_errors ... ok
[INFO] [stdout] test receiver::combiner::tests::test_bit_vote_correct ... ok
[INFO] [stdout] test receiver::combiner::tests::test_bit_vote_detect ... ok
[INFO] [stdout] test message::tests::test_check_header ... ok
[INFO] [stdout] test message::tests::test_is_national ... ok
[INFO] [stdout] test receiver::assembler::tests::test_assembler_very_long_message ... ok
[INFO] [stdout] test receiver::combiner::tests::test_estimate_message ... ok
[INFO] [stdout] test receiver::assembler::tests::test_assembler_normal_operation ... ok
[INFO] [stdout] test receiver::assembler::tests::test_assembler_very_long_message_missing_middle ... ok
[INFO] [stdout] test receiver::assembler::tests::test_pending_result ... ok
[INFO] [stdout] test receiver::combiner::tests::test_combine ... ok
[INFO] [stdout] test message::tests::test_message_header ... ok
[INFO] [stdout] test receiver::assembler::tests::test_assembler_deduplicate ... ok
[INFO] [stdout] test receiver::combiner::tests::test_truncate_bytes_with_reference ... ok
[INFO] [stdout] test receiver::dcblock::tests::test_moving_average_four ... ok
[INFO] [stdout] test receiver::equalize::tests::test_input ... ok
[INFO] [stdout] test receiver::assembler::tests::test_assembler_quickly_with_missing ... ok
[INFO] [stdout] test receiver::equalize::tests::test_estimate_symbol_training ... ok
[INFO] [stdout] test receiver::dcblock::tests::test_dc_block_trivial ... ok
[INFO] [stdout] test receiver::filter::tests::test_window ... ok
[INFO] [stdout] test receiver::equalize::tests::test_estimate_symbol_simple ... ok
[INFO] [stdout] test receiver::framing::tests::test_framer_burst_process ... ok
[INFO] [stdout] test receiver::framing::tests::test_framer_prefix ... ok
[INFO] [stdout] test receiver::dcblock::tests::test_moving_average_simple ... ok
[INFO] [stdout] test receiver::dcblock::tests::test_dc_block ... ok
[INFO] [stdout] test receiver::equalize::tests::test_estimate_symbol_proakis ... ok
[INFO] [stdout] test receiver::filter::tests::test_filter_identity ... ok
[INFO] [stdout] test receiver::filter::tests::test_multiply_accumulate ... ok
[INFO] [stdout] test receiver::equalize::tests::test_nlms_evolve ... ok
[INFO] [stdout] test receiver::filter::tests::test_filter_cplx ... ok
[INFO] [stdout] test receiver::symsync::tests::test_zero_crossing_metric ... ok
[INFO] [stdout] test receiver::symsync::tests::test_timing_loop_worstcase ... ok
[INFO] [stdout] test receiver::symsync::tests::test_compute_loop_alphabeta ... ok
[INFO] [stdout] test receiver::symsync::tests::test_timing_loop_misc ... ok
[INFO] [stdout] test receiver::symsync::tests::test_timing_loop_bestcase ... ok
[INFO] [stdout] test receiver::symsync::tests::test_timing_loop_nearworst ... ok
[INFO] [stdout] test receiver::symsync::tests::test_zero_crossing_ted ... ok
[INFO] [stdout] test receiver::symsync::tests::test_timing_loop_advance ... ok
[INFO] [stdout] test receiver::waveform::tests::test_cisoid_matched_filter ... ok
[INFO] [stdout] test receiver::waveform::tests::test_bytes_to_symbols ... ok
[INFO] [stdout] test receiver::demod::tests::test_demod ... ok
[INFO] [stdout] test receiver::framing::tests::test_message_prefix_errors ... ok
[INFO] [stdout] test receiver::tests::test_iter_events ... ok
[INFO] [stdout] test receiver::tests::test_top_level_receiver ... ok
[INFO] [stderr]    Doc-tests sameold
[INFO] [stdout] 
[INFO] [stdout] test result: ok. 62 passed; 0 failed; 0 ignored; 0 measured; 0 filtered out; finished in 0.55s
[INFO] [stdout] 
[INFO] [stdout] 
[INFO] [stdout] running 25 tests
[INFO] [stdout] test crates/sameold/src/message.rs - message::MessageHeader::valid_duration (line 378) ... ignored
[INFO] [stdout] test crates/sameold/src/message/phenomenon.rs - message::phenomenon::Phenomenon (line 21) ... ok
[INFO] [stdout] test crates/sameold/src/message.rs - message::MessageHeader::event (line 301) ... FAILED
[INFO] [stdout] test crates/sameold/src/message/phenomenon.rs - message::phenomenon::Phenomenon (line 51) ... FAILED
[INFO] [stdout] test crates/sameold/src/message/significance.rs - message::significance::SignificanceLevel (line 47) ... FAILED
[INFO] [stdout] test crates/sameold/src/message.rs - message::MessageHeader::event (line 317) ... FAILED
[INFO] [stdout] test crates/sameold/src/lib.rs - (line 146) ... FAILED
[INFO] [stdout] test crates/sameold/src/receiver/equalize.rs - receiver::equalize::Equalizer (line 54) - compile ... ok
[INFO] [stdout] test crates/sameold/src/receiver/filter.rs - receiver::filter (line 29) ... ignored
[INFO] [stdout] test crates/sameold/src/receiver/filter.rs - receiver::filter (line 60) ... ignored
[INFO] [stdout] test crates/sameold/src/lib.rs - (line 44) ... FAILED
[INFO] [stdout] test crates/sameold/src/message/originator.rs - message::originator::Originator (line 13) ... ok
[INFO] [stdout] test crates/sameold/src/message/eventcode.rs - message::eventcode::EventCode (line 25) ... ok
[INFO] [stdout] test crates/sameold/src/message/eventcode.rs - message::eventcode::EventCode (line 44) ... ok
[INFO] [stdout] test crates/sameold/src/message/originator.rs - message::originator::Originator (line 38) ... ok
[INFO] [stdout] test crates/sameold/src/message/phenomenon.rs - message::phenomenon::Phenomenon::is_recognized (line 457) ... ok
[INFO] [stdout] test crates/sameold/src/message/phenomenon.rs - message::phenomenon::Phenomenon (line 40) ... ok
[INFO] [stdout] test crates/sameold/src/message/phenomenon.rs - message::phenomenon::Phenomenon::is_unrecognized (line 447) ... ok
[INFO] [stdout] test crates/sameold/src/message/eventcode.rs - message::eventcode::EventCode (line 35) ... ok
[INFO] [stdout] test crates/sameold/src/message/originator.rs - message::originator::Originator (line 26) ... ok
[INFO] [stdout] test crates/sameold/src/message/significance.rs - message::significance::SignificanceLevel (line 57) ... ok
[INFO] [stdout] test crates/sameold/src/message/eventcode.rs - message::eventcode::EventCode (line 53) ... ok
[INFO] [stdout] test crates/sameold/src/message/phenomenon.rs - message::phenomenon::Phenomenon::as_brief_str (line 380) ... ok
[INFO] [stdout] test crates/sameold/src/message/significance.rs - message::significance::SignificanceLevel (line 30) ... ok
[INFO] [stdout] test crates/sameold/src/receiver.rs - receiver::SameReceiver (line 57) ... ok
[INFO] [stdout] 
[INFO] [stdout] failures:
[INFO] [stdout] 
[INFO] [stdout] ---- crates/sameold/src/message.rs - message::MessageHeader::event (line 301) stdout ----
[INFO] [stdout] error: linking with `cc` failed: exit status: 1
[INFO] [stdout]   |
[INFO] [stdout]   = note: LC_ALL="C" PATH="/opt/rustwide/rustup-home/toolchains/beta-2024-12-08-x86_64-unknown-linux-gnu/lib/rustlib/x86_64-unknown-linux-gnu/bin:/opt/rustwide/cargo-home/bin:/usr/local/sbin:/usr/local/bin:/usr/sbin:/usr/bin:/sbin:/bin" VSLANG="1033" "cc" "-m64" "/tmp/rustcvAUkdC/symbols.o" "/tmp/rustdoctestwbHOzn/rust_out.rust_out.9242fac72db2cd11-cgu.0.rcgu.o" "/tmp/rustdoctestwbHOzn/rust_out.2hl2tb9xdtge7mguxzn2q1kvi.rcgu.o" "-Wl,--as-needed" "-Wl,-Bstatic" "/opt/rustwide/target/debug/deps/libsameold-03afdd153046d781.rlib" "/opt/rustwide/target/debug/deps/libslice_ring_buffer-4bca45c005d4191f.rlib" "/opt/rustwide/target/debug/deps/liblibc-aecffc58885071ba.rlib" "/opt/rustwide/target/debug/deps/libnalgebra-4b542fa9d0a8cae8.rlib" "/opt/rustwide/target/debug/deps/libmatrixmultiply-750723a345a1f3df.rlib" "/opt/rustwide/target/debug/deps/librawpointer-1c56f73d51027814.rlib" "/opt/rustwide/target/debug/deps/libnum_rational-9589aff92023c388.rlib" "/opt/rustwide/target/debug/deps/libnum_integer-058d4860eefb2336.rlib" "/opt/rustwide/target/debug/deps/libtypenum-b40ba058056b0bf8.rlib" "/opt/rustwide/target/debug/deps/libsimba-7982591b9c1106da.rlib" "/opt/rustwide/target/debug/deps/libwide-1bca74475b39bc4d.rlib" "/opt/rustwide/target/debug/deps/libsafe_arch-49cfe6d4f77c4cdf.rlib" "/opt/rustwide/target/debug/deps/libbytemuck-f98a8b7938df561b.rlib" "/opt/rustwide/target/debug/deps/libnum_complex-46cc88fd6c218564.rlib" "/opt/rustwide/target/debug/deps/libapprox-d37bc67d75242b5a.rlib" "/opt/rustwide/target/debug/deps/libnum_complex-06a0de91977b83b7.rlib" "/opt/rustwide/target/debug/deps/libarrayvec-a0a94cc2ec578d49.rlib" "/opt/rustwide/target/debug/deps/libarraydeque-15b242d103ec14e5.rlib" "/opt/rustwide/target/debug/deps/liblog-2cf4a51dfa4e790a.rlib" "/opt/rustwide/target/debug/deps/libthiserror-7210f52c54fa1cdc.rlib" "/opt/rustwide/target/debug/deps/libregex-1a016bc681e556ce.rlib" "/opt/rustwide/target/debug/deps/libregex_automata-11a0da129089d641.rlib" "/opt/rustwide/target/debug/deps/libaho_corasick-7db49543b89be27b.rlib" "/opt/rustwide/target/debug/deps/libmemchr-8e18896115feede2.rlib" "/opt/rustwide/target/debug/deps/libregex_syntax-61597a0e9e77338d.rlib" "/opt/rustwide/target/debug/deps/liblazy_static-efa3519517df6cf0.rlib" "/opt/rustwide/target/debug/deps/libchrono-7712597e1e407b4a.rlib" "/opt/rustwide/target/debug/deps/libnum_traits-b5bd94cbdb0da7ba.rlib" "/opt/rustwide/target/debug/deps/libiana_time_zone-35c51f90eabba12b.rlib" "/opt/rustwide/target/debug/deps/libstrum-780f58306bf664fc.rlib" "/opt/rustwide/target/debug/deps/libphf-503c0f804777caaf.rlib" "/opt/rustwide/target/debug/deps/libphf_shared-5933b6875818cf32.rlib" "/opt/rustwide/target/debug/deps/libsiphasher-8c98df6e4615cbd6.rlib" "/opt/rustwide/rustup-home/toolchains/beta-2024-12-08-x86_64-unknown-linux-gnu/lib/rustlib/x86_64-unknown-linux-gnu/lib/libstd-02dc84f49135b6b8.rlib" "/opt/rustwide/rustup-home/toolchains/beta-2024-12-08-x86_64-unknown-linux-gnu/lib/rustlib/x86_64-unknown-linux-gnu/lib/libpanic_unwind-a8f45b397fae3f81.rlib" "/opt/rustwide/rustup-home/toolchains/beta-2024-12-08-x86_64-unknown-linux-gnu/lib/rustlib/x86_64-unknown-linux-gnu/lib/libobject-089607133c180609.rlib" "/opt/rustwide/rustup-home/toolchains/beta-2024-12-08-x86_64-unknown-linux-gnu/lib/rustlib/x86_64-unknown-linux-gnu/lib/libmemchr-fc89f091bcd86cbb.rlib" "/opt/rustwide/rustup-home/toolchains/beta-2024-12-08-x86_64-unknown-linux-gnu/lib/rustlib/x86_64-unknown-linux-gnu/lib/libaddr2line-5a60949f01c7340c.rlib" "/opt/rustwide/rustup-home/toolchains/beta-2024-12-08-x86_64-unknown-linux-gnu/lib/rustlib/x86_64-unknown-linux-gnu/lib/libgimli-d29e6a55ca253c8c.rlib" "/opt/rustwide/rustup-home/toolchains/beta-2024-12-08-x86_64-unknown-linux-gnu/lib/rustlib/x86_64-unknown-linux-gnu/lib/librustc_demangle-273c078d5f65de7a.rlib" "/opt/rustwide/rustup-home/toolchains/beta-2024-12-08-x86_64-unknown-linux-gnu/lib/rustlib/x86_64-unknown-linux-gnu/lib/libstd_detect-413c950ffbdd4454.rlib" "/opt/rustwide/rustup-home/toolchains/beta-2024-12-08-x86_64-unknown-linux-gnu/lib/rustlib/x86_64-unknown-linux-gnu/lib/libhashbrown-1853c0976a1d88a6.rlib" "/opt/rustwide/rustup-home/toolchains/beta-2024-12-08-x86_64-unknown-linux-gnu/lib/rustlib/x86_64-unknown-linux-gnu/lib/librustc_std_workspace_alloc-ccb3384ddacb0f9e.rlib" "/opt/rustwide/rustup-home/toolchains/beta-2024-12-08-x86_64-unknown-linux-gnu/lib/rustlib/x86_64-unknown-linux-gnu/lib/libminiz_oxide-0b901dfb0ca849e0.rlib" "/opt/rustwide/rustup-home/toolchains/beta-2024-12-08-x86_64-unknown-linux-gnu/lib/rustlib/x86_64-unknown-linux-gnu/lib/libadler-eebeb8d7c64543ad.rlib" "/opt/rustwide/rustup-home/toolchains/beta-2024-12-08-x86_64-unknown-linux-gnu/lib/rustlib/x86_64-unknown-linux-gnu/lib/libunwind-4723ef81d6079867.rlib" "/opt/rustwide/rustup-home/toolchains/beta-2024-12-08-x86_64-unknown-linux-gnu/lib/rustlib/x86_64-unknown-linux-gnu/lib/libcfg_if-54442f8b422f5a54.rlib" "/opt/rustwide/rustup-home/toolchains/beta-2024-12-08-x86_64-unknown-linux-gnu/lib/rustlib/x86_64-unknown-linux-gnu/lib/liblibc-e0bbe034b5282553.rlib" "/opt/rustwide/rustup-home/toolchains/beta-2024-12-08-x86_64-unknown-linux-gnu/lib/rustlib/x86_64-unknown-linux-gnu/lib/liballoc-d0febb68c1c37b90.rlib" "/opt/rustwide/rustup-home/toolchains/beta-2024-12-08-x86_64-unknown-linux-gnu/lib/rustlib/x86_64-unknown-linux-gnu/lib/librustc_std_workspace_core-4cf833632aafa84c.rlib" "/opt/rustwide/rustup-home/toolchains/beta-2024-12-08-x86_64-unknown-linux-gnu/lib/rustlib/x86_64-unknown-linux-gnu/lib/libcore-65c2c6d2d6ae570b.rlib" "/opt/rustwide/rustup-home/toolchains/beta-2024-12-08-x86_64-unknown-linux-gnu/lib/rustlib/x86_64-unknown-linux-gnu/lib/libcompiler_builtins-97929cee0dcfe424.rlib" "-Wl,-Bdynamic" "-lgcc_s" "-lutil" "-lrt" "-lpthread" "-lm" "-ldl" "-lc" "-Wl,--eh-frame-hdr" "-Wl,-z,noexecstack" "-L" "/opt/rustwide/rustup-home/toolchains/beta-2024-12-08-x86_64-unknown-linux-gnu/lib/rustlib/x86_64-unknown-linux-gnu/lib" "-o" "/tmp/rustdoctestwbHOzn/rust_out" "-Wl,--gc-sections" "-pie" "-Wl,-z,relro,-z,now" "-nodefaultlibs"
[INFO] [stdout]   = note: collect2: fatal error: ld terminated with signal 9 [Killed]
[INFO] [stdout]           compilation terminated.
[INFO] [stdout]           
[INFO] [stdout] 
[INFO] [stdout] error: aborting due to 1 previous error
[INFO] [stdout] 
[INFO] [stdout] Couldn't compile the test.
[INFO] [stdout] ---- crates/sameold/src/message/phenomenon.rs - message::phenomenon::Phenomenon (line 51) stdout ----
[INFO] [stdout] error: linking with `cc` failed: exit status: 1
[INFO] [stdout]   |
[INFO] [stdout]   = note: LC_ALL="C" PATH="/opt/rustwide/rustup-home/toolchains/beta-2024-12-08-x86_64-unknown-linux-gnu/lib/rustlib/x86_64-unknown-linux-gnu/bin:/opt/rustwide/cargo-home/bin:/usr/local/sbin:/usr/local/bin:/usr/sbin:/usr/bin:/sbin:/bin" VSLANG="1033" "cc" "-m64" "/tmp/rustczk2s5j/symbols.o" "/tmp/rustdoctestGhHKQG/rust_out.rust_out.9242fac72db2cd11-cgu.0.rcgu.o" "/tmp/rustdoctestGhHKQG/rust_out.2hl2tb9xdtge7mguxzn2q1kvi.rcgu.o" "-Wl,--as-needed" "-Wl,-Bstatic" "/opt/rustwide/target/debug/deps/libsameold-03afdd153046d781.rlib" "/opt/rustwide/target/debug/deps/libslice_ring_buffer-4bca45c005d4191f.rlib" "/opt/rustwide/target/debug/deps/liblibc-aecffc58885071ba.rlib" "/opt/rustwide/target/debug/deps/libnalgebra-4b542fa9d0a8cae8.rlib" "/opt/rustwide/target/debug/deps/libmatrixmultiply-750723a345a1f3df.rlib" "/opt/rustwide/target/debug/deps/librawpointer-1c56f73d51027814.rlib" "/opt/rustwide/target/debug/deps/libnum_rational-9589aff92023c388.rlib" "/opt/rustwide/target/debug/deps/libnum_integer-058d4860eefb2336.rlib" "/opt/rustwide/target/debug/deps/libtypenum-b40ba058056b0bf8.rlib" "/opt/rustwide/target/debug/deps/libsimba-7982591b9c1106da.rlib" "/opt/rustwide/target/debug/deps/libwide-1bca74475b39bc4d.rlib" "/opt/rustwide/target/debug/deps/libsafe_arch-49cfe6d4f77c4cdf.rlib" "/opt/rustwide/target/debug/deps/libbytemuck-f98a8b7938df561b.rlib" "/opt/rustwide/target/debug/deps/libnum_complex-46cc88fd6c218564.rlib" "/opt/rustwide/target/debug/deps/libapprox-d37bc67d75242b5a.rlib" "/opt/rustwide/target/debug/deps/libnum_complex-06a0de91977b83b7.rlib" "/opt/rustwide/target/debug/deps/libarrayvec-a0a94cc2ec578d49.rlib" "/opt/rustwide/target/debug/deps/libarraydeque-15b242d103ec14e5.rlib" "/opt/rustwide/target/debug/deps/liblog-2cf4a51dfa4e790a.rlib" "/opt/rustwide/target/debug/deps/libthiserror-7210f52c54fa1cdc.rlib" "/opt/rustwide/target/debug/deps/libregex-1a016bc681e556ce.rlib" "/opt/rustwide/target/debug/deps/libregex_automata-11a0da129089d641.rlib" "/opt/rustwide/target/debug/deps/libaho_corasick-7db49543b89be27b.rlib" "/opt/rustwide/target/debug/deps/libmemchr-8e18896115feede2.rlib" "/opt/rustwide/target/debug/deps/libregex_syntax-61597a0e9e77338d.rlib" "/opt/rustwide/target/debug/deps/liblazy_static-efa3519517df6cf0.rlib" "/opt/rustwide/target/debug/deps/libchrono-7712597e1e407b4a.rlib" "/opt/rustwide/target/debug/deps/libnum_traits-b5bd94cbdb0da7ba.rlib" "/opt/rustwide/target/debug/deps/libiana_time_zone-35c51f90eabba12b.rlib" "/opt/rustwide/target/debug/deps/libstrum-780f58306bf664fc.rlib" "/opt/rustwide/target/debug/deps/libphf-503c0f804777caaf.rlib" "/opt/rustwide/target/debug/deps/libphf_shared-5933b6875818cf32.rlib" "/opt/rustwide/target/debug/deps/libsiphasher-8c98df6e4615cbd6.rlib" "/opt/rustwide/rustup-home/toolchains/beta-2024-12-08-x86_64-unknown-linux-gnu/lib/rustlib/x86_64-unknown-linux-gnu/lib/libstd-02dc84f49135b6b8.rlib" "/opt/rustwide/rustup-home/toolchains/beta-2024-12-08-x86_64-unknown-linux-gnu/lib/rustlib/x86_64-unknown-linux-gnu/lib/libpanic_unwind-a8f45b397fae3f81.rlib" "/opt/rustwide/rustup-home/toolchains/beta-2024-12-08-x86_64-unknown-linux-gnu/lib/rustlib/x86_64-unknown-linux-gnu/lib/libobject-089607133c180609.rlib" "/opt/rustwide/rustup-home/toolchains/beta-2024-12-08-x86_64-unknown-linux-gnu/lib/rustlib/x86_64-unknown-linux-gnu/lib/libmemchr-fc89f091bcd86cbb.rlib" "/opt/rustwide/rustup-home/toolchains/beta-2024-12-08-x86_64-unknown-linux-gnu/lib/rustlib/x86_64-unknown-linux-gnu/lib/libaddr2line-5a60949f01c7340c.rlib" "/opt/rustwide/rustup-home/toolchains/beta-2024-12-08-x86_64-unknown-linux-gnu/lib/rustlib/x86_64-unknown-linux-gnu/lib/libgimli-d29e6a55ca253c8c.rlib" "/opt/rustwide/rustup-home/toolchains/beta-2024-12-08-x86_64-unknown-linux-gnu/lib/rustlib/x86_64-unknown-linux-gnu/lib/librustc_demangle-273c078d5f65de7a.rlib" "/opt/rustwide/rustup-home/toolchains/beta-2024-12-08-x86_64-unknown-linux-gnu/lib/rustlib/x86_64-unknown-linux-gnu/lib/libstd_detect-413c950ffbdd4454.rlib" "/opt/rustwide/rustup-home/toolchains/beta-2024-12-08-x86_64-unknown-linux-gnu/lib/rustlib/x86_64-unknown-linux-gnu/lib/libhashbrown-1853c0976a1d88a6.rlib" "/opt/rustwide/rustup-home/toolchains/beta-2024-12-08-x86_64-unknown-linux-gnu/lib/rustlib/x86_64-unknown-linux-gnu/lib/librustc_std_workspace_alloc-ccb3384ddacb0f9e.rlib" "/opt/rustwide/rustup-home/toolchains/beta-2024-12-08-x86_64-unknown-linux-gnu/lib/rustlib/x86_64-unknown-linux-gnu/lib/libminiz_oxide-0b901dfb0ca849e0.rlib" "/opt/rustwide/rustup-home/toolchains/beta-2024-12-08-x86_64-unknown-linux-gnu/lib/rustlib/x86_64-unknown-linux-gnu/lib/libadler-eebeb8d7c64543ad.rlib" "/opt/rustwide/rustup-home/toolchains/beta-2024-12-08-x86_64-unknown-linux-gnu/lib/rustlib/x86_64-unknown-linux-gnu/lib/libunwind-4723ef81d6079867.rlib" "/opt/rustwide/rustup-home/toolchains/beta-2024-12-08-x86_64-unknown-linux-gnu/lib/rustlib/x86_64-unknown-linux-gnu/lib/libcfg_if-54442f8b422f5a54.rlib" "/opt/rustwide/rustup-home/toolchains/beta-2024-12-08-x86_64-unknown-linux-gnu/lib/rustlib/x86_64-unknown-linux-gnu/lib/liblibc-e0bbe034b5282553.rlib" "/opt/rustwide/rustup-home/toolchains/beta-2024-12-08-x86_64-unknown-linux-gnu/lib/rustlib/x86_64-unknown-linux-gnu/lib/liballoc-d0febb68c1c37b90.rlib" "/opt/rustwide/rustup-home/toolchains/beta-2024-12-08-x86_64-unknown-linux-gnu/lib/rustlib/x86_64-unknown-linux-gnu/lib/librustc_std_workspace_core-4cf833632aafa84c.rlib" "/opt/rustwide/rustup-home/toolchains/beta-2024-12-08-x86_64-unknown-linux-gnu/lib/rustlib/x86_64-unknown-linux-gnu/lib/libcore-65c2c6d2d6ae570b.rlib" "/opt/rustwide/rustup-home/toolchains/beta-2024-12-08-x86_64-unknown-linux-gnu/lib/rustlib/x86_64-unknown-linux-gnu/lib/libcompiler_builtins-97929cee0dcfe424.rlib" "-Wl,-Bdynamic" "-lgcc_s" "-lutil" "-lrt" "-lpthread" "-lm" "-ldl" "-lc" "-Wl,--eh-frame-hdr" "-Wl,-z,noexecstack" "-L" "/opt/rustwide/rustup-home/toolchains/beta-2024-12-08-x86_64-unknown-linux-gnu/lib/rustlib/x86_64-unknown-linux-gnu/lib" "-o" "/tmp/rustdoctestGhHKQG/rust_out" "-Wl,--gc-sections" "-pie" "-Wl,-z,relro,-z,now" "-nodefaultlibs"
[INFO] [stdout]   = note: collect2: fatal error: ld terminated with signal 9 [Killed]
[INFO] [stdout]           compilation terminated.
[INFO] [stdout]           
[INFO] [stdout] 
[INFO] [stdout] error: aborting due to 1 previous error
[INFO] [stdout] 
[INFO] [stdout] Couldn't compile the test.
[INFO] [stdout] ---- crates/sameold/src/message/significance.rs - message::significance::SignificanceLevel (line 47) stdout ----
[INFO] [stdout] Couldn't compile the test.
[INFO] [stdout] ---- crates/sameold/src/message.rs - message::MessageHeader::event (line 317) stdout ----
[INFO] [stdout] error: linking with `cc` failed: exit status: 1
[INFO] [stdout]   |
[INFO] [stdout]   = note: LC_ALL="C" PATH="/opt/rustwide/rustup-home/toolchains/beta-2024-12-08-x86_64-unknown-linux-gnu/lib/rustlib/x86_64-unknown-linux-gnu/bin:/opt/rustwide/cargo-home/bin:/usr/local/sbin:/usr/local/bin:/usr/sbin:/usr/bin:/sbin:/bin" VSLANG="1033" "cc" "-m64" "/tmp/rustcxcWLfa/symbols.o" "/tmp/rustdoctestpPGq4t/rust_out.rust_out.9242fac72db2cd11-cgu.0.rcgu.o" "/tmp/rustdoctestpPGq4t/rust_out.2hl2tb9xdtge7mguxzn2q1kvi.rcgu.o" "-Wl,--as-needed" "-Wl,-Bstatic" "/opt/rustwide/target/debug/deps/libsameold-03afdd153046d781.rlib" "/opt/rustwide/target/debug/deps/libslice_ring_buffer-4bca45c005d4191f.rlib" "/opt/rustwide/target/debug/deps/liblibc-aecffc58885071ba.rlib" "/opt/rustwide/target/debug/deps/libnalgebra-4b542fa9d0a8cae8.rlib" "/opt/rustwide/target/debug/deps/libmatrixmultiply-750723a345a1f3df.rlib" "/opt/rustwide/target/debug/deps/librawpointer-1c56f73d51027814.rlib" "/opt/rustwide/target/debug/deps/libnum_rational-9589aff92023c388.rlib" "/opt/rustwide/target/debug/deps/libnum_integer-058d4860eefb2336.rlib" "/opt/rustwide/target/debug/deps/libtypenum-b40ba058056b0bf8.rlib" "/opt/rustwide/target/debug/deps/libsimba-7982591b9c1106da.rlib" "/opt/rustwide/target/debug/deps/libwide-1bca74475b39bc4d.rlib" "/opt/rustwide/target/debug/deps/libsafe_arch-49cfe6d4f77c4cdf.rlib" "/opt/rustwide/target/debug/deps/libbytemuck-f98a8b7938df561b.rlib" "/opt/rustwide/target/debug/deps/libnum_complex-46cc88fd6c218564.rlib" "/opt/rustwide/target/debug/deps/libapprox-d37bc67d75242b5a.rlib" "/opt/rustwide/target/debug/deps/libnum_complex-06a0de91977b83b7.rlib" "/opt/rustwide/target/debug/deps/libarrayvec-a0a94cc2ec578d49.rlib" "/opt/rustwide/target/debug/deps/libarraydeque-15b242d103ec14e5.rlib" "/opt/rustwide/target/debug/deps/liblog-2cf4a51dfa4e790a.rlib" "/opt/rustwide/target/debug/deps/libthiserror-7210f52c54fa1cdc.rlib" "/opt/rustwide/target/debug/deps/libregex-1a016bc681e556ce.rlib" "/opt/rustwide/target/debug/deps/libregex_automata-11a0da129089d641.rlib" "/opt/rustwide/target/debug/deps/libaho_corasick-7db49543b89be27b.rlib" "/opt/rustwide/target/debug/deps/libmemchr-8e18896115feede2.rlib" "/opt/rustwide/target/debug/deps/libregex_syntax-61597a0e9e77338d.rlib" "/opt/rustwide/target/debug/deps/liblazy_static-efa3519517df6cf0.rlib" "/opt/rustwide/target/debug/deps/libchrono-7712597e1e407b4a.rlib" "/opt/rustwide/target/debug/deps/libnum_traits-b5bd94cbdb0da7ba.rlib" "/opt/rustwide/target/debug/deps/libiana_time_zone-35c51f90eabba12b.rlib" "/opt/rustwide/target/debug/deps/libstrum-780f58306bf664fc.rlib" "/opt/rustwide/target/debug/deps/libphf-503c0f804777caaf.rlib" "/opt/rustwide/target/debug/deps/libphf_shared-5933b6875818cf32.rlib" "/opt/rustwide/target/debug/deps/libsiphasher-8c98df6e4615cbd6.rlib" "/opt/rustwide/rustup-home/toolchains/beta-2024-12-08-x86_64-unknown-linux-gnu/lib/rustlib/x86_64-unknown-linux-gnu/lib/libstd-02dc84f49135b6b8.rlib" "/opt/rustwide/rustup-home/toolchains/beta-2024-12-08-x86_64-unknown-linux-gnu/lib/rustlib/x86_64-unknown-linux-gnu/lib/libpanic_unwind-a8f45b397fae3f81.rlib" "/opt/rustwide/rustup-home/toolchains/beta-2024-12-08-x86_64-unknown-linux-gnu/lib/rustlib/x86_64-unknown-linux-gnu/lib/libobject-089607133c180609.rlib" "/opt/rustwide/rustup-home/toolchains/beta-2024-12-08-x86_64-unknown-linux-gnu/lib/rustlib/x86_64-unknown-linux-gnu/lib/libmemchr-fc89f091bcd86cbb.rlib" "/opt/rustwide/rustup-home/toolchains/beta-2024-12-08-x86_64-unknown-linux-gnu/lib/rustlib/x86_64-unknown-linux-gnu/lib/libaddr2line-5a60949f01c7340c.rlib" "/opt/rustwide/rustup-home/toolchains/beta-2024-12-08-x86_64-unknown-linux-gnu/lib/rustlib/x86_64-unknown-linux-gnu/lib/libgimli-d29e6a55ca253c8c.rlib" "/opt/rustwide/rustup-home/toolchains/beta-2024-12-08-x86_64-unknown-linux-gnu/lib/rustlib/x86_64-unknown-linux-gnu/lib/librustc_demangle-273c078d5f65de7a.rlib" "/opt/rustwide/rustup-home/toolchains/beta-2024-12-08-x86_64-unknown-linux-gnu/lib/rustlib/x86_64-unknown-linux-gnu/lib/libstd_detect-413c950ffbdd4454.rlib" "/opt/rustwide/rustup-home/toolchains/beta-2024-12-08-x86_64-unknown-linux-gnu/lib/rustlib/x86_64-unknown-linux-gnu/lib/libhashbrown-1853c0976a1d88a6.rlib" "/opt/rustwide/rustup-home/toolchains/beta-2024-12-08-x86_64-unknown-linux-gnu/lib/rustlib/x86_64-unknown-linux-gnu/lib/librustc_std_workspace_alloc-ccb3384ddacb0f9e.rlib" "/opt/rustwide/rustup-home/toolchains/beta-2024-12-08-x86_64-unknown-linux-gnu/lib/rustlib/x86_64-unknown-linux-gnu/lib/libminiz_oxide-0b901dfb0ca849e0.rlib" "/opt/rustwide/rustup-home/toolchains/beta-2024-12-08-x86_64-unknown-linux-gnu/lib/rustlib/x86_64-unknown-linux-gnu/lib/libadler-eebeb8d7c64543ad.rlib" "/opt/rustwide/rustup-home/toolchains/beta-2024-12-08-x86_64-unknown-linux-gnu/lib/rustlib/x86_64-unknown-linux-gnu/lib/libunwind-4723ef81d6079867.rlib" "/opt/rustwide/rustup-home/toolchains/beta-2024-12-08-x86_64-unknown-linux-gnu/lib/rustlib/x86_64-unknown-linux-gnu/lib/libcfg_if-54442f8b422f5a54.rlib" "/opt/rustwide/rustup-home/toolchains/beta-2024-12-08-x86_64-unknown-linux-gnu/lib/rustlib/x86_64-unknown-linux-gnu/lib/liblibc-e0bbe034b5282553.rlib" "/opt/rustwide/rustup-home/toolchains/beta-2024-12-08-x86_64-unknown-linux-gnu/lib/rustlib/x86_64-unknown-linux-gnu/lib/liballoc-d0febb68c1c37b90.rlib" "/opt/rustwide/rustup-home/toolchains/beta-2024-12-08-x86_64-unknown-linux-gnu/lib/rustlib/x86_64-unknown-linux-gnu/lib/librustc_std_workspace_core-4cf833632aafa84c.rlib" "/opt/rustwide/rustup-home/toolchains/beta-2024-12-08-x86_64-unknown-linux-gnu/lib/rustlib/x86_64-unknown-linux-gnu/lib/libcore-65c2c6d2d6ae570b.rlib" "/opt/rustwide/rustup-home/toolchains/beta-2024-12-08-x86_64-unknown-linux-gnu/lib/rustlib/x86_64-unknown-linux-gnu/lib/libcompiler_builtins-97929cee0dcfe424.rlib" "-Wl,-Bdynamic" "-lgcc_s" "-lutil" "-lrt" "-lpthread" "-lm" "-ldl" "-lc" "-Wl,--eh-frame-hdr" "-Wl,-z,noexecstack" "-L" "/opt/rustwide/rustup-home/toolchains/beta-2024-12-08-x86_64-unknown-linux-gnu/lib/rustlib/x86_64-unknown-linux-gnu/lib" "-o" "/tmp/rustdoctestpPGq4t/rust_out" "-Wl,--gc-sections" "-pie" "-Wl,-z,relro,-z,now" "-nodefaultlibs"
[INFO] [stdout]   = note: collect2: fatal error: ld terminated with signal 9 [Killed]
[INFO] [stdout]           compilation terminated.
[INFO] [stdout]           
[INFO] [stdout] 
[INFO] [stdout] error: aborting due to 1 previous error
[INFO] [stdout] 
[INFO] [stdout] Couldn't compile the test.
[INFO] [stdout] ---- crates/sameold/src/lib.rs - (line 146) stdout ----
[INFO] [stdout] error: linking with `cc` failed: exit status: 1
[INFO] [stdout]   |
[INFO] [stdout]   = note: LC_ALL="C" PATH="/opt/rustwide/rustup-home/toolchains/beta-2024-12-08-x86_64-unknown-linux-gnu/lib/rustlib/x86_64-unknown-linux-gnu/bin:/opt/rustwide/cargo-home/bin:/usr/local/sbin:/usr/local/bin:/usr/sbin:/usr/bin:/sbin:/bin" VSLANG="1033" "cc" "-m64" "/tmp/rustc4zX51x/symbols.o" "/tmp/rustdoctestKm7ahL/rust_out.rust_out.9242fac72db2cd11-cgu.0.rcgu.o" "/tmp/rustdoctestKm7ahL/rust_out.2hl2tb9xdtge7mguxzn2q1kvi.rcgu.o" "-Wl,--as-needed" "-Wl,-Bstatic" "/opt/rustwide/target/debug/deps/libsameold-03afdd153046d781.rlib" "/opt/rustwide/target/debug/deps/libslice_ring_buffer-4bca45c005d4191f.rlib" "/opt/rustwide/target/debug/deps/liblibc-aecffc58885071ba.rlib" "/opt/rustwide/target/debug/deps/libnalgebra-4b542fa9d0a8cae8.rlib" "/opt/rustwide/target/debug/deps/libmatrixmultiply-750723a345a1f3df.rlib" "/opt/rustwide/target/debug/deps/librawpointer-1c56f73d51027814.rlib" "/opt/rustwide/target/debug/deps/libnum_rational-9589aff92023c388.rlib" "/opt/rustwide/target/debug/deps/libnum_integer-058d4860eefb2336.rlib" "/opt/rustwide/target/debug/deps/libtypenum-b40ba058056b0bf8.rlib" "/opt/rustwide/target/debug/deps/libsimba-7982591b9c1106da.rlib" "/opt/rustwide/target/debug/deps/libwide-1bca74475b39bc4d.rlib" "/opt/rustwide/target/debug/deps/libsafe_arch-49cfe6d4f77c4cdf.rlib" "/opt/rustwide/target/debug/deps/libbytemuck-f98a8b7938df561b.rlib" "/opt/rustwide/target/debug/deps/libnum_complex-46cc88fd6c218564.rlib" "/opt/rustwide/target/debug/deps/libapprox-d37bc67d75242b5a.rlib" "/opt/rustwide/target/debug/deps/libnum_complex-06a0de91977b83b7.rlib" "/opt/rustwide/target/debug/deps/libarrayvec-a0a94cc2ec578d49.rlib" "/opt/rustwide/target/debug/deps/libarraydeque-15b242d103ec14e5.rlib" "/opt/rustwide/target/debug/deps/liblog-2cf4a51dfa4e790a.rlib" "/opt/rustwide/target/debug/deps/libthiserror-7210f52c54fa1cdc.rlib" "/opt/rustwide/target/debug/deps/libregex-1a016bc681e556ce.rlib" "/opt/rustwide/target/debug/deps/libregex_automata-11a0da129089d641.rlib" "/opt/rustwide/target/debug/deps/libaho_corasick-7db49543b89be27b.rlib" "/opt/rustwide/target/debug/deps/libmemchr-8e18896115feede2.rlib" "/opt/rustwide/target/debug/deps/libregex_syntax-61597a0e9e77338d.rlib" "/opt/rustwide/target/debug/deps/liblazy_static-efa3519517df6cf0.rlib" "/opt/rustwide/target/debug/deps/libchrono-7712597e1e407b4a.rlib" "/opt/rustwide/target/debug/deps/libnum_traits-b5bd94cbdb0da7ba.rlib" "/opt/rustwide/target/debug/deps/libiana_time_zone-35c51f90eabba12b.rlib" "/opt/rustwide/target/debug/deps/libstrum-780f58306bf664fc.rlib" "/opt/rustwide/target/debug/deps/libphf-503c0f804777caaf.rlib" "/opt/rustwide/target/debug/deps/libphf_shared-5933b6875818cf32.rlib" "/opt/rustwide/target/debug/deps/libsiphasher-8c98df6e4615cbd6.rlib" "/opt/rustwide/rustup-home/toolchains/beta-2024-12-08-x86_64-unknown-linux-gnu/lib/rustlib/x86_64-unknown-linux-gnu/lib/libstd-02dc84f49135b6b8.rlib" "/opt/rustwide/rustup-home/toolchains/beta-2024-12-08-x86_64-unknown-linux-gnu/lib/rustlib/x86_64-unknown-linux-gnu/lib/libpanic_unwind-a8f45b397fae3f81.rlib" "/opt/rustwide/rustup-home/toolchains/beta-2024-12-08-x86_64-unknown-linux-gnu/lib/rustlib/x86_64-unknown-linux-gnu/lib/libobject-089607133c180609.rlib" "/opt/rustwide/rustup-home/toolchains/beta-2024-12-08-x86_64-unknown-linux-gnu/lib/rustlib/x86_64-unknown-linux-gnu/lib/libmemchr-fc89f091bcd86cbb.rlib" "/opt/rustwide/rustup-home/toolchains/beta-2024-12-08-x86_64-unknown-linux-gnu/lib/rustlib/x86_64-unknown-linux-gnu/lib/libaddr2line-5a60949f01c7340c.rlib" "/opt/rustwide/rustup-home/toolchains/beta-2024-12-08-x86_64-unknown-linux-gnu/lib/rustlib/x86_64-unknown-linux-gnu/lib/libgimli-d29e6a55ca253c8c.rlib" "/opt/rustwide/rustup-home/toolchains/beta-2024-12-08-x86_64-unknown-linux-gnu/lib/rustlib/x86_64-unknown-linux-gnu/lib/librustc_demangle-273c078d5f65de7a.rlib" "/opt/rustwide/rustup-home/toolchains/beta-2024-12-08-x86_64-unknown-linux-gnu/lib/rustlib/x86_64-unknown-linux-gnu/lib/libstd_detect-413c950ffbdd4454.rlib" "/opt/rustwide/rustup-home/toolchains/beta-2024-12-08-x86_64-unknown-linux-gnu/lib/rustlib/x86_64-unknown-linux-gnu/lib/libhashbrown-1853c0976a1d88a6.rlib" "/opt/rustwide/rustup-home/toolchains/beta-2024-12-08-x86_64-unknown-linux-gnu/lib/rustlib/x86_64-unknown-linux-gnu/lib/librustc_std_workspace_alloc-ccb3384ddacb0f9e.rlib" "/opt/rustwide/rustup-home/toolchains/beta-2024-12-08-x86_64-unknown-linux-gnu/lib/rustlib/x86_64-unknown-linux-gnu/lib/libminiz_oxide-0b901dfb0ca849e0.rlib" "/opt/rustwide/rustup-home/toolchains/beta-2024-12-08-x86_64-unknown-linux-gnu/lib/rustlib/x86_64-unknown-linux-gnu/lib/libadler-eebeb8d7c64543ad.rlib" "/opt/rustwide/rustup-home/toolchains/beta-2024-12-08-x86_64-unknown-linux-gnu/lib/rustlib/x86_64-unknown-linux-gnu/lib/libunwind-4723ef81d6079867.rlib" "/opt/rustwide/rustup-home/toolchains/beta-2024-12-08-x86_64-unknown-linux-gnu/lib/rustlib/x86_64-unknown-linux-gnu/lib/libcfg_if-54442f8b422f5a54.rlib" "/opt/rustwide/rustup-home/toolchains/beta-2024-12-08-x86_64-unknown-linux-gnu/lib/rustlib/x86_64-unknown-linux-gnu/lib/liblibc-e0bbe034b5282553.rlib" "/opt/rustwide/rustup-home/toolchains/beta-2024-12-08-x86_64-unknown-linux-gnu/lib/rustlib/x86_64-unknown-linux-gnu/lib/liballoc-d0febb68c1c37b90.rlib" "/opt/rustwide/rustup-home/toolchains/beta-2024-12-08-x86_64-unknown-linux-gnu/lib/rustlib/x86_64-unknown-linux-gnu/lib/librustc_std_workspace_core-4cf833632aafa84c.rlib" "/opt/rustwide/rustup-home/toolchains/beta-2024-12-08-x86_64-unknown-linux-gnu/lib/rustlib/x86_64-unknown-linux-gnu/lib/libcore-65c2c6d2d6ae570b.rlib" "/opt/rustwide/rustup-home/toolchains/beta-2024-12-08-x86_64-unknown-linux-gnu/lib/rustlib/x86_64-unknown-linux-gnu/lib/libcompiler_builtins-97929cee0dcfe424.rlib" "-Wl,-Bdynamic" "-lgcc_s" "-lutil" "-lrt" "-lpthread" "-lm" "-ldl" "-lc" "-Wl,--eh-frame-hdr" "-Wl,-z,noexecstack" "-L" "/opt/rustwide/rustup-home/toolchains/beta-2024-12-08-x86_64-unknown-linux-gnu/lib/rustlib/x86_64-unknown-linux-gnu/lib" "-o" "/tmp/rustdoctestKm7ahL/rust_out" "-Wl,--gc-sections" "-pie" "-Wl,-z,relro,-z,now" "-nodefaultlibs"
[INFO] [stdout]   = note: collect2: fatal error: ld terminated with signal 9 [Killed]
[INFO] [stdout]           compilation terminated.
[INFO] [stdout]           
[INFO] [stdout] 
[INFO] [stdout] error: aborting due to 1 previous error
[INFO] [stdout] 
[INFO] [stdout] Couldn't compile the test.
[INFO] [stdout] ---- crates/sameold/src/lib.rs - (line 44) stdout ----
[INFO] [stdout] error: linking with `cc` failed: exit status: 1
[INFO] [stdout]   |
[INFO] [stdout]   = note: LC_ALL="C" PATH="/opt/rustwide/rustup-home/toolchains/beta-2024-12-08-x86_64-unknown-linux-gnu/lib/rustlib/x86_64-unknown-linux-gnu/bin:/opt/rustwide/cargo-home/bin:/usr/local/sbin:/usr/local/bin:/usr/sbin:/usr/bin:/sbin:/bin" VSLANG="1033" "cc" "-m64" "/tmp/rustcnlACu6/symbols.o" "/tmp/rustdoctestDmm45t/rust_out.rust_out.9242fac72db2cd11-cgu.0.rcgu.o" "/tmp/rustdoctestDmm45t/rust_out.2hl2tb9xdtge7mguxzn2q1kvi.rcgu.o" "-Wl,--as-needed" "-Wl,-Bstatic" "/opt/rustwide/target/debug/deps/libsameold-03afdd153046d781.rlib" "/opt/rustwide/target/debug/deps/libslice_ring_buffer-4bca45c005d4191f.rlib" "/opt/rustwide/target/debug/deps/liblibc-aecffc58885071ba.rlib" "/opt/rustwide/target/debug/deps/libnalgebra-4b542fa9d0a8cae8.rlib" "/opt/rustwide/target/debug/deps/libmatrixmultiply-750723a345a1f3df.rlib" "/opt/rustwide/target/debug/deps/librawpointer-1c56f73d51027814.rlib" "/opt/rustwide/target/debug/deps/libnum_rational-9589aff92023c388.rlib" "/opt/rustwide/target/debug/deps/libnum_integer-058d4860eefb2336.rlib" "/opt/rustwide/target/debug/deps/libtypenum-b40ba058056b0bf8.rlib" "/opt/rustwide/target/debug/deps/libsimba-7982591b9c1106da.rlib" "/opt/rustwide/target/debug/deps/libwide-1bca74475b39bc4d.rlib" "/opt/rustwide/target/debug/deps/libsafe_arch-49cfe6d4f77c4cdf.rlib" "/opt/rustwide/target/debug/deps/libbytemuck-f98a8b7938df561b.rlib" "/opt/rustwide/target/debug/deps/libnum_complex-46cc88fd6c218564.rlib" "/opt/rustwide/target/debug/deps/libapprox-d37bc67d75242b5a.rlib" "/opt/rustwide/target/debug/deps/libnum_complex-06a0de91977b83b7.rlib" "/opt/rustwide/target/debug/deps/libarrayvec-a0a94cc2ec578d49.rlib" "/opt/rustwide/target/debug/deps/libarraydeque-15b242d103ec14e5.rlib" "/opt/rustwide/target/debug/deps/liblog-2cf4a51dfa4e790a.rlib" "/opt/rustwide/target/debug/deps/libthiserror-7210f52c54fa1cdc.rlib" "/opt/rustwide/target/debug/deps/libregex-1a016bc681e556ce.rlib" "/opt/rustwide/target/debug/deps/libregex_automata-11a0da129089d641.rlib" "/opt/rustwide/target/debug/deps/libaho_corasick-7db49543b89be27b.rlib" "/opt/rustwide/target/debug/deps/libmemchr-8e18896115feede2.rlib" "/opt/rustwide/target/debug/deps/libregex_syntax-61597a0e9e77338d.rlib" "/opt/rustwide/target/debug/deps/liblazy_static-efa3519517df6cf0.rlib" "/opt/rustwide/target/debug/deps/libchrono-7712597e1e407b4a.rlib" "/opt/rustwide/target/debug/deps/libnum_traits-b5bd94cbdb0da7ba.rlib" "/opt/rustwide/target/debug/deps/libiana_time_zone-35c51f90eabba12b.rlib" "/opt/rustwide/target/debug/deps/libstrum-780f58306bf664fc.rlib" "/opt/rustwide/target/debug/deps/libphf-503c0f804777caaf.rlib" "/opt/rustwide/target/debug/deps/libphf_shared-5933b6875818cf32.rlib" "/opt/rustwide/target/debug/deps/libsiphasher-8c98df6e4615cbd6.rlib" "/opt/rustwide/rustup-home/toolchains/beta-2024-12-08-x86_64-unknown-linux-gnu/lib/rustlib/x86_64-unknown-linux-gnu/lib/libstd-02dc84f49135b6b8.rlib" "/opt/rustwide/rustup-home/toolchains/beta-2024-12-08-x86_64-unknown-linux-gnu/lib/rustlib/x86_64-unknown-linux-gnu/lib/libpanic_unwind-a8f45b397fae3f81.rlib" "/opt/rustwide/rustup-home/toolchains/beta-2024-12-08-x86_64-unknown-linux-gnu/lib/rustlib/x86_64-unknown-linux-gnu/lib/libobject-089607133c180609.rlib" "/opt/rustwide/rustup-home/toolchains/beta-2024-12-08-x86_64-unknown-linux-gnu/lib/rustlib/x86_64-unknown-linux-gnu/lib/libmemchr-fc89f091bcd86cbb.rlib" "/opt/rustwide/rustup-home/toolchains/beta-2024-12-08-x86_64-unknown-linux-gnu/lib/rustlib/x86_64-unknown-linux-gnu/lib/libaddr2line-5a60949f01c7340c.rlib" "/opt/rustwide/rustup-home/toolchains/beta-2024-12-08-x86_64-unknown-linux-gnu/lib/rustlib/x86_64-unknown-linux-gnu/lib/libgimli-d29e6a55ca253c8c.rlib" "/opt/rustwide/rustup-home/toolchains/beta-2024-12-08-x86_64-unknown-linux-gnu/lib/rustlib/x86_64-unknown-linux-gnu/lib/librustc_demangle-273c078d5f65de7a.rlib" "/opt/rustwide/rustup-home/toolchains/beta-2024-12-08-x86_64-unknown-linux-gnu/lib/rustlib/x86_64-unknown-linux-gnu/lib/libstd_detect-413c950ffbdd4454.rlib" "/opt/rustwide/rustup-home/toolchains/beta-2024-12-08-x86_64-unknown-linux-gnu/lib/rustlib/x86_64-unknown-linux-gnu/lib/libhashbrown-1853c0976a1d88a6.rlib" "/opt/rustwide/rustup-home/toolchains/beta-2024-12-08-x86_64-unknown-linux-gnu/lib/rustlib/x86_64-unknown-linux-gnu/lib/librustc_std_workspace_alloc-ccb3384ddacb0f9e.rlib" "/opt/rustwide/rustup-home/toolchains/beta-2024-12-08-x86_64-unknown-linux-gnu/lib/rustlib/x86_64-unknown-linux-gnu/lib/libminiz_oxide-0b901dfb0ca849e0.rlib" "/opt/rustwide/rustup-home/toolchains/beta-2024-12-08-x86_64-unknown-linux-gnu/lib/rustlib/x86_64-unknown-linux-gnu/lib/libadler-eebeb8d7c64543ad.rlib" "/opt/rustwide/rustup-home/toolchains/beta-2024-12-08-x86_64-unknown-linux-gnu/lib/rustlib/x86_64-unknown-linux-gnu/lib/libunwind-4723ef81d6079867.rlib" "/opt/rustwide/rustup-home/toolchains/beta-2024-12-08-x86_64-unknown-linux-gnu/lib/rustlib/x86_64-unknown-linux-gnu/lib/libcfg_if-54442f8b422f5a54.rlib" "/opt/rustwide/rustup-home/toolchains/beta-2024-12-08-x86_64-unknown-linux-gnu/lib/rustlib/x86_64-unknown-linux-gnu/lib/liblibc-e0bbe034b5282553.rlib" "/opt/rustwide/rustup-home/toolchains/beta-2024-12-08-x86_64-unknown-linux-gnu/lib/rustlib/x86_64-unknown-linux-gnu/lib/liballoc-d0febb68c1c37b90.rlib" "/opt/rustwide/rustup-home/toolchains/beta-2024-12-08-x86_64-unknown-linux-gnu/lib/rustlib/x86_64-unknown-linux-gnu/lib/librustc_std_workspace_core-4cf833632aafa84c.rlib" "/opt/rustwide/rustup-home/toolchains/beta-2024-12-08-x86_64-unknown-linux-gnu/lib/rustlib/x86_64-unknown-linux-gnu/lib/libcore-65c2c6d2d6ae570b.rlib" "/opt/rustwide/rustup-home/toolchains/beta-2024-12-08-x86_64-unknown-linux-gnu/lib/rustlib/x86_64-unknown-linux-gnu/lib/libcompiler_builtins-97929cee0dcfe424.rlib" "-Wl,-Bdynamic" "-lgcc_s" "-lutil" "-lrt" "-lpthread" "-lm" "-ldl" "-lc" "-Wl,--eh-frame-hdr" "-Wl,-z,noexecstack" "-L" "/opt/rustwide/rustup-home/toolchains/beta-2024-12-08-x86_64-unknown-linux-gnu/lib/rustlib/x86_64-unknown-linux-gnu/lib" "-o" "/tmp/rustdoctestDmm45t/rust_out" "-Wl,--gc-sections" "-pie" "-Wl,-z,relro,-z,now" "-nodefaultlibs"
[INFO] [stdout]   = note: collect2: fatal error: ld terminated with signal 9 [Killed]
[INFO] [stdout]           compilation terminated.
[INFO] [stdout]           
[INFO] [stdout] 
[INFO] [stdout] error: aborting due to 1 previous error
[INFO] [stdout] 
[INFO] [stdout] Couldn't compile the test.
[INFO] [stdout] 
[INFO] [stdout] failures:
[INFO] [stdout]     crates/sameold/src/lib.rs - (line 146)
[INFO] [stdout]     crates/sameold/src/lib.rs - (line 44)
[INFO] [stdout]     crates/sameold/src/message.rs - message::MessageHeader::event (line 301)
[INFO] [stdout]     crates/sameold/src/message.rs - message::MessageHeader::event (line 317)
[INFO] [stdout]     crates/sameold/src/message/phenomenon.rs - message::phenomenon::Phenomenon (line 51)
[INFO] [stdout]     crates/sameold/src/message/significance.rs - message::significance::SignificanceLevel (line 47)
[INFO] [stdout] 
[INFO] [stdout] test result: FAILED. 16 passed; 6 failed; 3 ignored; 0 measured; 0 filtered out; finished in 7.37s
[INFO] [stdout] 
[INFO] [stderr] error: doctest failed, to rerun pass `-p sameold --doc`
[INFO] running `Command { std: "docker" "inspect" "2f8f8a886977045faa07bab441635b2e4d2b331ad5d21be5149b6081f93b0442", kill_on_drop: false }`
[INFO] running `Command { std: "docker" "rm" "-f" "2f8f8a886977045faa07bab441635b2e4d2b331ad5d21be5149b6081f93b0442", kill_on_drop: false }`
[INFO] [stdout] 2f8f8a886977045faa07bab441635b2e4d2b331ad5d21be5149b6081f93b0442
