[INFO] cloning repository https://github.com/cbdefontenay/freyr
[INFO] running `Command { std: "git" "-c" "credential.helper=" "-c" "credential.helper=/workspace/cargo-home/bin/git-credential-null" "clone" "--bare" "https://github.com/cbdefontenay/freyr" "/workspace/cache/git-repos/https%3A%2F%2Fgithub.com%2Fcbdefontenay%2Ffreyr", kill_on_drop: false }`
[INFO] [stderr] Cloning into bare repository '/workspace/cache/git-repos/https%3A%2F%2Fgithub.com%2Fcbdefontenay%2Ffreyr'...
[INFO] running `Command { std: "git" "rev-parse" "HEAD", kill_on_drop: false }`
[INFO] [stdout] 6dbd647bfa226a29cad16e48c96498d357e6bf64
[INFO] testing cbdefontenay/freyr against 1.83.0 for beta-1.84.0-4-retry
[INFO] running `Command { std: "git" "clone" "/workspace/cache/git-repos/https%3A%2F%2Fgithub.com%2Fcbdefontenay%2Ffreyr" "/workspace/builds/worker-1-tc1/source", kill_on_drop: false }`
[INFO] [stderr] Cloning into '/workspace/builds/worker-1-tc1/source'...
[INFO] [stderr] done.
[INFO] validating manifest of git repo https://github.com/cbdefontenay/freyr on toolchain 1.83.0
[INFO] running `Command { std: CARGO_HOME="/workspace/cargo-home" RUSTUP_HOME="/workspace/rustup-home" "/workspace/cargo-home/bin/cargo" "+1.83.0" "metadata" "--manifest-path" "Cargo.toml" "--no-deps", kill_on_drop: false }`
[INFO] started tweaking git repo https://github.com/cbdefontenay/freyr
[INFO] finished tweaking git repo https://github.com/cbdefontenay/freyr
[INFO] tweaked toml for git repo https://github.com/cbdefontenay/freyr written to /workspace/builds/worker-1-tc1/source/Cargo.toml
[INFO] crate git repo https://github.com/cbdefontenay/freyr already has a lockfile, it will not be regenerated
[INFO] running `Command { std: CARGO_HOME="/workspace/cargo-home" RUSTUP_HOME="/workspace/rustup-home" "/workspace/cargo-home/bin/cargo" "+1.83.0" "fetch" "--manifest-path" "Cargo.toml", kill_on_drop: false }`
[INFO] [stderr]     Updating crates.io index
[INFO] [stderr]  Downloading crates ...
[INFO] [stderr]   Downloaded dioxus-cli-config v0.6.0
[INFO] [stderr]   Downloaded manganis v0.6.0
[INFO] [stderr]   Downloaded const-serialize-macro v0.6.0
[INFO] [stderr]   Downloaded dioxus-core-types v0.6.0
[INFO] [stderr]   Downloaded manganis-core v0.6.0
[INFO] [stderr]   Downloaded const-serialize v0.6.0
[INFO] [stderr]   Downloaded manganis-macro v0.6.0
[INFO] [stderr]   Downloaded dioxus-document v0.6.0
[INFO] [stderr]   Downloaded dioxus v0.6.0
[INFO] [stderr]   Downloaded dioxus-router-macro v0.6.0
[INFO] [stderr]   Downloaded dioxus-logger v0.6.0
[INFO] [stderr]   Downloaded dioxus_server_macro v0.6.0
[INFO] [stderr]   Downloaded dioxus-config-macro v0.6.0
[INFO] [stderr]   Downloaded dioxus-devtools-types v0.6.0
[INFO] [stderr]   Downloaded dioxus-core-macro v0.6.0
[INFO] [stderr]   Downloaded dioxus-lib v0.6.0
[INFO] [stderr]   Downloaded dioxus-fullstack v0.6.0
[INFO] [stderr]   Downloaded dioxus-hooks v0.6.0
[INFO] [stderr]   Downloaded dioxus-signals v0.6.0
[INFO] [stderr]   Downloaded dioxus-html v0.6.0
[INFO] [stderr]   Downloaded dioxus-core v0.6.0
[INFO] [stderr]   Downloaded dioxus-interpreter-js v0.6.0
[INFO] [stderr]   Downloaded dioxus-web v0.6.0
[INFO] [stderr]   Downloaded dioxus-router v0.6.0
[INFO] [stderr]   Downloaded dioxus-rsx v0.6.0
[INFO] [stderr]   Downloaded lazy-js-bundle v0.6.0
[INFO] [stderr]   Downloaded dioxus-html-internal-macro v0.6.0
[INFO] [stderr]   Downloaded generational-box v0.6.0
[INFO] [stderr]   Downloaded dioxus-devtools v0.6.0
[INFO] [stderr]   Downloaded dioxus-history v0.6.0
[INFO] [stderr]   Downloaded warnings v0.2.1
[INFO] running `Command { std: "docker" "create" "-v" "/var/lib/crater-agent-workspace/builds/worker-1-tc1/target:/opt/rustwide/target:rw,Z" "-v" "/var/lib/crater-agent-workspace/builds/worker-1-tc1/source:/opt/rustwide/workdir:ro,Z" "-v" "/var/lib/crater-agent-workspace/cargo-home:/opt/rustwide/cargo-home:ro,Z" "-v" "/var/lib/crater-agent-workspace/rustup-home:/opt/rustwide/rustup-home:ro,Z" "-e" "SOURCE_DIR=/opt/rustwide/workdir" "-e" "CARGO_TARGET_DIR=/opt/rustwide/target" "-e" "CARGO_HOME=/opt/rustwide/cargo-home" "-e" "RUSTUP_HOME=/opt/rustwide/rustup-home" "-w" "/opt/rustwide/workdir" "-m" "1610612736" "--user" "0:0" "--network" "none" "ghcr.io/rust-lang/crates-build-env/linux@sha256:f3a9d4ad9d972b27faf3965f35b62e55ba32bbce8f20bc8fe909558a86702fde" "/opt/rustwide/cargo-home/bin/cargo" "+1.83.0" "metadata" "--no-deps" "--format-version=1", kill_on_drop: false }`
[INFO] [stdout] 9930758698f6dee5eeb77d4ba6460352b7419dd082e36b1ec3d7704f4462c907
[INFO] running `Command { std: "docker" "start" "-a" "9930758698f6dee5eeb77d4ba6460352b7419dd082e36b1ec3d7704f4462c907", kill_on_drop: false }`
[INFO] running `Command { std: "docker" "inspect" "9930758698f6dee5eeb77d4ba6460352b7419dd082e36b1ec3d7704f4462c907", kill_on_drop: false }`
[INFO] running `Command { std: "docker" "rm" "-f" "9930758698f6dee5eeb77d4ba6460352b7419dd082e36b1ec3d7704f4462c907", kill_on_drop: false }`
[INFO] [stdout] 9930758698f6dee5eeb77d4ba6460352b7419dd082e36b1ec3d7704f4462c907
[INFO] running `Command { std: "docker" "create" "-v" "/var/lib/crater-agent-workspace/builds/worker-1-tc1/target:/opt/rustwide/target:rw,Z" "-v" "/var/lib/crater-agent-workspace/builds/worker-1-tc1/source:/opt/rustwide/workdir:ro,Z" "-v" "/var/lib/crater-agent-workspace/cargo-home:/opt/rustwide/cargo-home:ro,Z" "-v" "/var/lib/crater-agent-workspace/rustup-home:/opt/rustwide/rustup-home:ro,Z" "-e" "SOURCE_DIR=/opt/rustwide/workdir" "-e" "CARGO_TARGET_DIR=/opt/rustwide/target" "-e" "CARGO_INCREMENTAL=0" "-e" "RUST_BACKTRACE=full" "-e" "RUSTFLAGS=--cap-lints=warn" "-e" "RUSTDOCFLAGS=--cap-lints=warn" "-e" "CARGO_HOME=/opt/rustwide/cargo-home" "-e" "RUSTUP_HOME=/opt/rustwide/rustup-home" "-w" "/opt/rustwide/workdir" "-m" "1610612736" "--user" "0:0" "--network" "none" "ghcr.io/rust-lang/crates-build-env/linux@sha256:f3a9d4ad9d972b27faf3965f35b62e55ba32bbce8f20bc8fe909558a86702fde" "/opt/rustwide/cargo-home/bin/cargo" "+1.83.0" "build" "--frozen" "--message-format=json", kill_on_drop: false }`
[INFO] [stdout] 02599ec4a4f9e8139d0f785d143c861310ecba8dee7ecda350a9d7e5cc5371c6
[INFO] running `Command { std: "docker" "start" "-a" "02599ec4a4f9e8139d0f785d143c861310ecba8dee7ecda350a9d7e5cc5371c6", kill_on_drop: false }`
[INFO] [stderr]    Compiling proc-macro2 v1.0.92
[INFO] [stderr]    Compiling unicode-ident v1.0.14
[INFO] [stderr]    Compiling once_cell v1.20.2
[INFO] [stderr]    Compiling version_check v0.9.5
[INFO] [stderr]    Compiling autocfg v1.4.0
[INFO] [stderr]    Compiling libc v0.2.164
[INFO] [stderr]    Compiling serde v1.0.215
[INFO] [stderr]    Compiling wasm-bindgen-shared v0.2.95
[INFO] [stderr]    Compiling smallvec v1.13.2
[INFO] [stderr]    Compiling log v0.4.22
[INFO] [stderr]    Compiling bumpalo v3.16.0
[INFO] [stderr]    Compiling pin-project-lite v0.2.15
[INFO] [stderr]    Compiling parking_lot_core v0.9.10
[INFO] [stderr]    Compiling wasm-bindgen v0.2.95
[INFO] [stderr]    Compiling scopeguard v1.2.0
[INFO] [stderr]    Compiling fnv v1.0.7
[INFO] [stderr]    Compiling unicode-xid v0.2.6
[INFO] [stderr]    Compiling stable_deref_trait v1.2.0
[INFO] [stderr]    Compiling rustc-hash v1.1.0
[INFO] [stderr]    Compiling futures-core v0.3.31
[INFO] [stderr]    Compiling rustversion v1.0.18
[INFO] [stderr]    Compiling futures-task v0.3.31
[INFO] [stderr]    Compiling tracing-core v0.1.32
[INFO] [stderr]    Compiling dioxus-core-types v0.6.0
[INFO] [stderr]    Compiling pin-utils v0.1.0
[INFO] [stderr]    Compiling futures-channel v0.3.31
[INFO] [stderr]    Compiling lazy-js-bundle v0.6.0
[INFO] [stderr]    Compiling longest-increasing-subsequence v0.1.0
[INFO] [stderr]    Compiling typenum v1.17.0
[INFO] [stderr]    Compiling ident_case v1.0.1
[INFO] [stderr]    Compiling litemap v0.7.3
[INFO] [stderr]    Compiling writeable v0.5.5
[INFO] [stderr]    Compiling unicode-segmentation v1.12.0
[INFO] [stderr]    Compiling itoa v1.0.13
[INFO] [stderr]    Compiling slotmap v1.0.7
[INFO] [stderr]    Compiling proc-macro2-diagnostics v0.10.1
[INFO] [stderr]    Compiling generic-array v0.14.7
[INFO] [stderr]    Compiling icu_locid_transform_data v1.5.0
[INFO] [stderr]    Compiling byteorder v1.5.0
[INFO] [stderr]    Compiling serde_json v1.0.133
[INFO] [stderr]    Compiling memchr v2.7.4
[INFO] [stderr]    Compiling convert_case v0.6.0
[INFO] [stderr]    Compiling ryu v1.0.18
[INFO] [stderr]    Compiling lock_api v0.4.12
[INFO] [stderr]    Compiling slab v0.4.9
[INFO] [stderr]    Compiling num-traits v0.2.19
[INFO] [stderr]    Compiling bitflags v2.6.0
[INFO] [stderr]    Compiling icu_properties_data v1.5.0
[INFO] [stderr]    Compiling keyboard-types v0.7.0
[INFO] [stderr]    Compiling dioxus-document v0.6.0
[INFO] [stderr]    Compiling thiserror v1.0.69
[INFO] [stderr]    Compiling httparse v1.9.5
[INFO] [stderr]    Compiling icu_normalizer_data v1.5.0
[INFO] [stderr]    Compiling write16 v1.0.0
[INFO] [stderr]    Compiling utf16_iter v1.0.5
[INFO] [stderr]    Compiling utf8_iter v1.0.4
[INFO] [stderr]    Compiling bytes v1.8.0
[INFO] [stderr]    Compiling cpufeatures v0.2.16
[INFO] [stderr]    Compiling dioxus-interpreter-js v0.6.0
[INFO] [stderr]    Compiling utf-8 v0.7.6
[INFO] [stderr]    Compiling percent-encoding v2.3.1
[INFO] [stderr]    Compiling data-encoding v2.6.0
[INFO] [stderr]    Compiling lazy_static v1.5.0
[INFO] [stderr]    Compiling dioxus-web v0.6.0
[INFO] [stderr]    Compiling sharded-slab v0.1.7
[INFO] [stderr]    Compiling form_urlencoded v1.2.1
[INFO] [stderr]    Compiling thread_local v1.1.8
[INFO] [stderr]    Compiling quote v1.0.37
[INFO] [stderr]    Compiling sledgehammer_utils v0.3.1
[INFO] [stderr]    Compiling urlencoding v2.1.3
[INFO] [stderr]    Compiling syn v2.0.89
[INFO] [stderr]    Compiling getrandom v0.2.15
[INFO] [stderr]    Compiling rand_core v0.6.4
[INFO] [stderr]    Compiling http v1.1.0
[INFO] [stderr]    Compiling tracing-subscriber v0.3.19
[INFO] [stderr]    Compiling parking_lot v0.12.3
[INFO] [stderr]    Compiling euclid v0.22.11
[INFO] [stderr]    Compiling const_format_proc_macros v0.2.33
[INFO] [stderr]    Compiling dioxus-config-macro v0.6.0
[INFO] [stderr]    Compiling crypto-common v0.1.6
[INFO] [stderr]    Compiling block-buffer v0.10.4
[INFO] [stderr]    Compiling digest v0.10.7
[INFO] [stderr]    Compiling sha1 v0.10.6
[INFO] [stderr]    Compiling const_format v0.2.33
[INFO] [stderr]    Compiling dioxus-rsx v0.6.0
[INFO] [stderr]    Compiling synstructure v0.13.1
[INFO] [stderr]    Compiling wasm-bindgen-backend v0.2.95
[INFO] [stderr]    Compiling darling_core v0.20.10
[INFO] [stderr]    Compiling serde_derive v1.0.215
[INFO] [stderr]    Compiling tracing-attributes v0.1.27
[INFO] [stderr]    Compiling zerofrom-derive v0.1.4
[INFO] [stderr]    Compiling pin-project-internal v1.1.7
[INFO] [stderr]    Compiling yoke-derive v0.7.4
[INFO] [stderr]    Compiling zerovec-derive v0.10.3
[INFO] [stderr]    Compiling futures-macro v0.3.31
[INFO] [stderr]    Compiling warnings-macro v0.2.0
[INFO] [stderr]    Compiling displaydoc v0.2.5
[INFO] [stderr]    Compiling wasm-bindgen-macro-support v0.2.95
[INFO] [stderr]    Compiling icu_provider_macros v1.5.0
[INFO] [stderr]    Compiling zerocopy-derive v0.7.35
[INFO] [stderr]    Compiling const-serialize-macro v0.6.0
[INFO] [stderr]    Compiling async-trait v0.1.83
[INFO] [stderr]    Compiling dioxus-html-internal-macro v0.6.0
[INFO] [stderr]    Compiling thiserror-impl v1.0.69
[INFO] [stderr]    Compiling sledgehammer_bindgen_macro v0.6.0
[INFO] [stderr]    Compiling futures-util v0.3.31
[INFO] [stderr]    Compiling wasm-bindgen-macro v0.2.95
[INFO] [stderr]    Compiling dioxus-router-macro v0.6.0
[INFO] [stderr]    Compiling tracing v0.1.40
[INFO] [stderr]    Compiling generational-box v0.6.0
[INFO] [stderr]    Compiling dioxus-core-macro v0.6.0
[INFO] [stderr]    Compiling darling_macro v0.20.10
[INFO] [stderr]    Compiling pin-project v1.1.7
[INFO] [stderr]    Compiling warnings v0.2.1
[INFO] [stderr]    Compiling zerocopy v0.7.35
[INFO] [stderr]    Compiling zerofrom v0.1.4
[INFO] [stderr]    Compiling yoke v0.7.4
[INFO] [stderr]    Compiling zerovec v0.10.4
[INFO] [stderr]    Compiling dioxus-cli-config v0.6.0
[INFO] [stderr]    Compiling js-sys v0.3.72
[INFO] [stderr]    Compiling ppv-lite86 v0.2.20
[INFO] [stderr]    Compiling sledgehammer_bindgen v0.6.0
[INFO] [stderr]    Compiling darling v0.20.10
[INFO] [stderr]    Compiling enumset_derive v0.10.0
[INFO] [stderr]    Compiling dioxus-logger v0.6.0
[INFO] [stderr]    Compiling rand_chacha v0.3.1
[INFO] [stderr]    Compiling rand v0.8.5
[INFO] [stderr]    Compiling tinystr v0.7.6
[INFO] [stderr]    Compiling icu_collections v1.5.0
[INFO] [stderr]    Compiling icu_locid v1.5.0
[INFO] [stderr]    Compiling enumset v1.1.5
[INFO] [stderr]    Compiling icu_provider v1.5.0
[INFO] [stderr]    Compiling tungstenite v0.23.0
[INFO] [stderr]    Compiling icu_locid_transform v1.5.0
[INFO] [stderr]    Compiling icu_properties v1.5.1
[INFO] [stderr]    Compiling web-sys v0.3.72
[INFO] [stderr]    Compiling wasm-bindgen-futures v0.4.45
[INFO] [stderr]    Compiling const-serialize v0.6.0
[INFO] [stderr]    Compiling manganis-core v0.6.0
[INFO] [stderr]    Compiling manganis-macro v0.6.0
[INFO] [stderr]    Compiling serde-wasm-bindgen v0.5.0
[INFO] [stderr]    Compiling manganis v0.6.0
[INFO] [stderr]    Compiling icu_normalizer v1.5.0
[INFO] [stderr]    Compiling dioxus-core v0.6.0
[INFO] [stderr]    Compiling idna_adapter v1.2.0
[INFO] [stderr]    Compiling idna v1.0.3
[INFO] [stderr]    Compiling url v2.5.4
[INFO] [stderr]    Compiling dioxus-signals v0.6.0
[INFO] [stderr]    Compiling dioxus-history v0.6.0
[INFO] [stderr]    Compiling dioxus-devtools-types v0.6.0
[INFO] [stderr]    Compiling dioxus-hooks v0.6.0
[INFO] [stderr]    Compiling dioxus-devtools v0.6.0
[INFO] [stderr]    Compiling dioxus-html v0.6.0
[INFO] [stderr]    Compiling dioxus-lib v0.6.0
[INFO] [stderr]    Compiling dioxus-router v0.6.0
[INFO] [stderr]    Compiling dioxus v0.6.0
[INFO] [stderr]    Compiling freyr v0.1.8 (/opt/rustwide/workdir)
[INFO] [stdout] warning: unnecessary braces around function argument
[INFO] [stdout]    --> src/accordion.rs:163:21
[INFO] [stdout]     |
[INFO] [stdout] 163 |             stroke: {props.icon_color.as_css_class()},
[INFO] [stdout]     |                     ^                               ^
[INFO] [stdout]     |
[INFO] [stdout]     = note: `#[warn(unused_braces)]` on by default
[INFO] [stdout] help: remove these braces
[INFO] [stdout]     |
[INFO] [stdout] 163 -             stroke: {props.icon_color.as_css_class()},
[INFO] [stdout] 163 +             stroke: props.icon_color.as_css_class(),
[INFO] [stdout]     |
[INFO] [stdout] 
[INFO] [stdout] 
[INFO] [stdout] warning: unnecessary braces around function argument
[INFO] [stdout]    --> src/accordion.rs:181:21
[INFO] [stdout]     |
[INFO] [stdout] 181 |             stroke: {props.icon_color.as_css_class()},
[INFO] [stdout]     |                     ^                               ^
[INFO] [stdout]     |
[INFO] [stdout] help: remove these braces
[INFO] [stdout]     |
[INFO] [stdout] 181 -             stroke: {props.icon_color.as_css_class()},
[INFO] [stdout] 181 +             stroke: props.icon_color.as_css_class(),
[INFO] [stdout]     |
[INFO] [stdout] 
[INFO] [stdout] 
[INFO] [stdout] warning: unused imports: `DropdownColorScheme`, `DropdownHoverColor`, `DropdownItem`, `DropdownLabelsColor`, and `DropdownTitleColor`
[INFO] [stdout]  --> src/dropdown.rs:4:21
[INFO] [stdout]   |
[INFO] [stdout] 4 |     DropdownConfig, DropdownItem, DropdownColorScheme, DropdownTitleColor, DropdownLabelsColor, DropdownHoverColor,
[INFO] [stdout]   |                     ^^^^^^^^^^^^  ^^^^^^^^^^^^^^^^^^^  ^^^^^^^^^^^^^^^^^^  ^^^^^^^^^^^^^^^^^^^  ^^^^^^^^^^^^^^^^^^
[INFO] [stdout]   |
[INFO] [stdout]   = note: `#[warn(unused_imports)]` on by default
[INFO] [stdout] 
[INFO] [stdout] 
[INFO] [stdout] warning: unused imports: `DropdownColorScheme`, `DropdownHoverColor`, `DropdownItem`, `DropdownLabelsColor`, and `DropdownTitleColor`
[INFO] [stdout]  --> src/nav_bar.rs:3:13
[INFO] [stdout]   |
[INFO] [stdout] 3 | use crate::{DropdownColorScheme, DropdownHoverColor, DropdownItem, DropdownLabelsColor, DropdownMenu, DropdownTitleColor};
[INFO] [stdout]   |             ^^^^^^^^^^^^^^^^^^^  ^^^^^^^^^^^^^^^^^^  ^^^^^^^^^^^^  ^^^^^^^^^^^^^^^^^^^                ^^^^^^^^^^^^^^^^^^
[INFO] [stdout] 
[INFO] [stdout] 
[INFO] [stdout] warning: unused imports: `ColorScheme`, `DropdownConfigNavBar`, `IconColor`, and `NavItemsColor`
[INFO] [stdout]  --> src/nav_bar.rs:5:13
[INFO] [stdout]   |
[INFO] [stdout] 5 | use crate::{ColorScheme, DropdownConfig, DropdownConfigNavBar, IconColor, NavItemsColor};
[INFO] [stdout]   |             ^^^^^^^^^^^                  ^^^^^^^^^^^^^^^^^^^^  ^^^^^^^^^  ^^^^^^^^^^^^^
[INFO] [stdout] 
[INFO] [stdout] 
[INFO] [stdout] warning: unused import: `NavbarDropdownConfig`
[INFO] [stdout]  --> src/nav_bar.rs:6:48
[INFO] [stdout]   |
[INFO] [stdout] 6 | use crate::enums::navbar_enums::{NavbarConfig, NavbarDropdownConfig};
[INFO] [stdout]   |                                                ^^^^^^^^^^^^^^^^^^^^
[INFO] [stdout] 
[INFO] [stdout] 
[INFO] [stdout] warning: unused variable: `dropdown_open`
[INFO] [stdout]    --> src/nav_bar.rs:169:9
[INFO] [stdout]     |
[INFO] [stdout] 169 |     let dropdown_open = use_signal(|| None::<usize>);
[INFO] [stdout]     |         ^^^^^^^^^^^^^ help: if this is intentional, prefix it with an underscore: `_dropdown_open`
[INFO] [stdout]     |
[INFO] [stdout]     = note: `#[warn(unused_variables)]` on by default
[INFO] [stdout] 
[INFO] [stdout] 
[INFO] [stderr]     Finished `dev` profile [unoptimized + debuginfo] target(s) in 1m 16s
[INFO] running `Command { std: "docker" "inspect" "02599ec4a4f9e8139d0f785d143c861310ecba8dee7ecda350a9d7e5cc5371c6", kill_on_drop: false }`
[INFO] running `Command { std: "docker" "rm" "-f" "02599ec4a4f9e8139d0f785d143c861310ecba8dee7ecda350a9d7e5cc5371c6", kill_on_drop: false }`
[INFO] [stdout] 02599ec4a4f9e8139d0f785d143c861310ecba8dee7ecda350a9d7e5cc5371c6
[INFO] running `Command { std: "docker" "create" "-v" "/var/lib/crater-agent-workspace/builds/worker-1-tc1/target:/opt/rustwide/target:rw,Z" "-v" "/var/lib/crater-agent-workspace/builds/worker-1-tc1/source:/opt/rustwide/workdir:ro,Z" "-v" "/var/lib/crater-agent-workspace/cargo-home:/opt/rustwide/cargo-home:ro,Z" "-v" "/var/lib/crater-agent-workspace/rustup-home:/opt/rustwide/rustup-home:ro,Z" "-e" "SOURCE_DIR=/opt/rustwide/workdir" "-e" "CARGO_TARGET_DIR=/opt/rustwide/target" "-e" "CARGO_INCREMENTAL=0" "-e" "RUST_BACKTRACE=full" "-e" "RUSTFLAGS=--cap-lints=warn" "-e" "RUSTDOCFLAGS=--cap-lints=warn" "-e" "CARGO_HOME=/opt/rustwide/cargo-home" "-e" "RUSTUP_HOME=/opt/rustwide/rustup-home" "-w" "/opt/rustwide/workdir" "-m" "1610612736" "--user" "0:0" "--network" "none" "ghcr.io/rust-lang/crates-build-env/linux@sha256:f3a9d4ad9d972b27faf3965f35b62e55ba32bbce8f20bc8fe909558a86702fde" "/opt/rustwide/cargo-home/bin/cargo" "+1.83.0" "test" "--frozen" "--no-run" "--message-format=json", kill_on_drop: false }`
[INFO] [stdout] e9456cf4908b5a990d28c4045d8c13ebd0d00dd6eab8ab148f7e302405783624
[INFO] running `Command { std: "docker" "start" "-a" "e9456cf4908b5a990d28c4045d8c13ebd0d00dd6eab8ab148f7e302405783624", kill_on_drop: false }`
[INFO] [stdout] warning: unnecessary braces around function argument
[INFO] [stdout]    --> src/accordion.rs:163:21
[INFO] [stdout]     |
[INFO] [stdout] 163 |             stroke: {props.icon_color.as_css_class()},
[INFO] [stdout]     |                     ^                               ^
[INFO] [stdout]     |
[INFO] [stdout]     = note: `#[warn(unused_braces)]` on by default
[INFO] [stdout] help: remove these braces
[INFO] [stdout]     |
[INFO] [stdout] 163 -             stroke: {props.icon_color.as_css_class()},
[INFO] [stdout] 163 +             stroke: props.icon_color.as_css_class(),
[INFO] [stdout]     |
[INFO] [stdout] 
[INFO] [stdout] 
[INFO] [stdout] warning: unnecessary braces around function argument
[INFO] [stdout]    --> src/accordion.rs:181:21
[INFO] [stdout]     |
[INFO] [stdout] 181 |             stroke: {props.icon_color.as_css_class()},
[INFO] [stdout]     |                     ^                               ^
[INFO] [stdout]     |
[INFO] [stdout] help: remove these braces
[INFO] [stdout]     |
[INFO] [stdout] 181 -             stroke: {props.icon_color.as_css_class()},
[INFO] [stdout] 181 +             stroke: props.icon_color.as_css_class(),
[INFO] [stdout]     |
[INFO] [stdout] 
[INFO] [stdout] 
[INFO] [stdout] warning: unused imports: `DropdownColorScheme`, `DropdownHoverColor`, `DropdownItem`, `DropdownLabelsColor`, and `DropdownTitleColor`
[INFO] [stdout]  --> src/dropdown.rs:4:21
[INFO] [stdout]   |
[INFO] [stdout] 4 |     DropdownConfig, DropdownItem, DropdownColorScheme, DropdownTitleColor, DropdownLabelsColor, DropdownHoverColor,
[INFO] [stdout]   |                     ^^^^^^^^^^^^  ^^^^^^^^^^^^^^^^^^^  ^^^^^^^^^^^^^^^^^^  ^^^^^^^^^^^^^^^^^^^  ^^^^^^^^^^^^^^^^^^
[INFO] [stdout]   |
[INFO] [stdout]   = note: `#[warn(unused_imports)]` on by default
[INFO] [stdout] 
[INFO] [stdout] 
[INFO] [stderr]    Compiling freyr v0.1.8 (/opt/rustwide/workdir)
[INFO] [stdout] warning: unused imports: `DropdownColorScheme`, `DropdownHoverColor`, `DropdownItem`, `DropdownLabelsColor`, and `DropdownTitleColor`
[INFO] [stdout]  --> src/nav_bar.rs:3:13
[INFO] [stdout]   |
[INFO] [stdout] 3 | use crate::{DropdownColorScheme, DropdownHoverColor, DropdownItem, DropdownLabelsColor, DropdownMenu, DropdownTitleColor};
[INFO] [stdout]   |             ^^^^^^^^^^^^^^^^^^^  ^^^^^^^^^^^^^^^^^^  ^^^^^^^^^^^^  ^^^^^^^^^^^^^^^^^^^                ^^^^^^^^^^^^^^^^^^
[INFO] [stdout] 
[INFO] [stdout] 
[INFO] [stdout] warning: unused imports: `ColorScheme`, `DropdownConfigNavBar`, `IconColor`, and `NavItemsColor`
[INFO] [stdout]  --> src/nav_bar.rs:5:13
[INFO] [stdout]   |
[INFO] [stdout] 5 | use crate::{ColorScheme, DropdownConfig, DropdownConfigNavBar, IconColor, NavItemsColor};
[INFO] [stdout]   |             ^^^^^^^^^^^                  ^^^^^^^^^^^^^^^^^^^^  ^^^^^^^^^  ^^^^^^^^^^^^^
[INFO] [stdout] 
[INFO] [stdout] 
[INFO] [stdout] warning: unused import: `NavbarDropdownConfig`
[INFO] [stdout]  --> src/nav_bar.rs:6:48
[INFO] [stdout]   |
[INFO] [stdout] 6 | use crate::enums::navbar_enums::{NavbarConfig, NavbarDropdownConfig};
[INFO] [stdout]   |                                                ^^^^^^^^^^^^^^^^^^^^
[INFO] [stdout] 
[INFO] [stdout] 
[INFO] [stdout] warning: unused variable: `dropdown_open`
[INFO] [stdout]    --> src/nav_bar.rs:169:9
[INFO] [stdout]     |
[INFO] [stdout] 169 |     let dropdown_open = use_signal(|| None::<usize>);
[INFO] [stdout]     |         ^^^^^^^^^^^^^ help: if this is intentional, prefix it with an underscore: `_dropdown_open`
[INFO] [stdout]     |
[INFO] [stdout]     = note: `#[warn(unused_variables)]` on by default
[INFO] [stdout] 
[INFO] [stdout] 
[INFO] [stdout] warning: unnecessary braces around function argument
[INFO] [stdout]    --> src/accordion.rs:163:21
[INFO] [stdout]     |
[INFO] [stdout] 163 |             stroke: {props.icon_color.as_css_class()},
[INFO] [stdout]     |                     ^                               ^
[INFO] [stdout]     |
[INFO] [stdout]     = note: `#[warn(unused_braces)]` on by default
[INFO] [stdout] help: remove these braces
[INFO] [stdout]     |
[INFO] [stdout] 163 -             stroke: {props.icon_color.as_css_class()},
[INFO] [stdout] 163 +             stroke: props.icon_color.as_css_class(),
[INFO] [stdout]     |
[INFO] [stdout] 
[INFO] [stdout] 
[INFO] [stdout] warning: unnecessary braces around function argument
[INFO] [stdout]    --> src/accordion.rs:181:21
[INFO] [stdout]     |
[INFO] [stdout] 181 |             stroke: {props.icon_color.as_css_class()},
[INFO] [stdout]     |                     ^                               ^
[INFO] [stdout]     |
[INFO] [stdout] help: remove these braces
[INFO] [stdout]     |
[INFO] [stdout] 181 -             stroke: {props.icon_color.as_css_class()},
[INFO] [stdout] 181 +             stroke: props.icon_color.as_css_class(),
[INFO] [stdout]     |
[INFO] [stdout] 
[INFO] [stdout] 
[INFO] [stdout] warning: unused imports: `DropdownColorScheme`, `DropdownHoverColor`, `DropdownItem`, `DropdownLabelsColor`, and `DropdownTitleColor`
[INFO] [stdout]  --> src/dropdown.rs:4:21
[INFO] [stdout]   |
[INFO] [stdout] 4 |     DropdownConfig, DropdownItem, DropdownColorScheme, DropdownTitleColor, DropdownLabelsColor, DropdownHoverColor,
[INFO] [stdout]   |                     ^^^^^^^^^^^^  ^^^^^^^^^^^^^^^^^^^  ^^^^^^^^^^^^^^^^^^  ^^^^^^^^^^^^^^^^^^^  ^^^^^^^^^^^^^^^^^^
[INFO] [stdout]   |
[INFO] [stdout]   = note: `#[warn(unused_imports)]` on by default
[INFO] [stdout] 
[INFO] [stdout] 
[INFO] [stdout] warning: unused imports: `DropdownColorScheme`, `DropdownHoverColor`, `DropdownItem`, `DropdownLabelsColor`, and `DropdownTitleColor`
[INFO] [stdout]  --> src/nav_bar.rs:3:13
[INFO] [stdout]   |
[INFO] [stdout] 3 | use crate::{DropdownColorScheme, DropdownHoverColor, DropdownItem, DropdownLabelsColor, DropdownMenu, DropdownTitleColor};
[INFO] [stdout]   |             ^^^^^^^^^^^^^^^^^^^  ^^^^^^^^^^^^^^^^^^  ^^^^^^^^^^^^  ^^^^^^^^^^^^^^^^^^^                ^^^^^^^^^^^^^^^^^^
[INFO] [stdout] 
[INFO] [stdout] 
[INFO] [stdout] warning: unused imports: `ColorScheme`, `DropdownConfigNavBar`, `IconColor`, and `NavItemsColor`
[INFO] [stdout]  --> src/nav_bar.rs:5:13
[INFO] [stdout]   |
[INFO] [stdout] 5 | use crate::{ColorScheme, DropdownConfig, DropdownConfigNavBar, IconColor, NavItemsColor};
[INFO] [stdout]   |             ^^^^^^^^^^^                  ^^^^^^^^^^^^^^^^^^^^  ^^^^^^^^^  ^^^^^^^^^^^^^
[INFO] [stdout] 
[INFO] [stdout] 
[INFO] [stdout] warning: unused import: `NavbarDropdownConfig`
[INFO] [stdout]  --> src/nav_bar.rs:6:48
[INFO] [stdout]   |
[INFO] [stdout] 6 | use crate::enums::navbar_enums::{NavbarConfig, NavbarDropdownConfig};
[INFO] [stdout]   |                                                ^^^^^^^^^^^^^^^^^^^^
[INFO] [stdout] 
[INFO] [stdout] 
[INFO] [stdout] warning: unused variable: `dropdown_open`
[INFO] [stdout]    --> src/nav_bar.rs:169:9
[INFO] [stdout]     |
[INFO] [stdout] 169 |     let dropdown_open = use_signal(|| None::<usize>);
[INFO] [stdout]     |         ^^^^^^^^^^^^^ help: if this is intentional, prefix it with an underscore: `_dropdown_open`
[INFO] [stdout]     |
[INFO] [stdout]     = note: `#[warn(unused_variables)]` on by default
[INFO] [stdout] 
[INFO] [stdout] 
[INFO] [stderr]     Finished `test` profile [unoptimized + debuginfo] target(s) in 2.08s
[INFO] running `Command { std: "docker" "inspect" "e9456cf4908b5a990d28c4045d8c13ebd0d00dd6eab8ab148f7e302405783624", kill_on_drop: false }`
[INFO] running `Command { std: "docker" "rm" "-f" "e9456cf4908b5a990d28c4045d8c13ebd0d00dd6eab8ab148f7e302405783624", kill_on_drop: false }`
[INFO] [stdout] e9456cf4908b5a990d28c4045d8c13ebd0d00dd6eab8ab148f7e302405783624
[INFO] running `Command { std: "docker" "create" "-v" "/var/lib/crater-agent-workspace/builds/worker-1-tc1/target:/opt/rustwide/target:rw,Z" "-v" "/var/lib/crater-agent-workspace/builds/worker-1-tc1/source:/opt/rustwide/workdir:ro,Z" "-v" "/var/lib/crater-agent-workspace/cargo-home:/opt/rustwide/cargo-home:ro,Z" "-v" "/var/lib/crater-agent-workspace/rustup-home:/opt/rustwide/rustup-home:ro,Z" "-e" "SOURCE_DIR=/opt/rustwide/workdir" "-e" "CARGO_TARGET_DIR=/opt/rustwide/target" "-e" "CARGO_INCREMENTAL=0" "-e" "RUST_BACKTRACE=full" "-e" "RUSTFLAGS=--cap-lints=warn" "-e" "RUSTDOCFLAGS=--cap-lints=warn" "-e" "CARGO_HOME=/opt/rustwide/cargo-home" "-e" "RUSTUP_HOME=/opt/rustwide/rustup-home" "-w" "/opt/rustwide/workdir" "-m" "1610612736" "--user" "0:0" "--network" "none" "ghcr.io/rust-lang/crates-build-env/linux@sha256:f3a9d4ad9d972b27faf3965f35b62e55ba32bbce8f20bc8fe909558a86702fde" "/opt/rustwide/cargo-home/bin/cargo" "+1.83.0" "test" "--frozen", kill_on_drop: false }`
[INFO] [stdout] 8db475ee4c53a737073579a1b6684cf577a886c8a2e8b71321988c4fd85f8c0a
[INFO] running `Command { std: "docker" "start" "-a" "8db475ee4c53a737073579a1b6684cf577a886c8a2e8b71321988c4fd85f8c0a", kill_on_drop: false }`
[INFO] [stderr] warning: unnecessary braces around function argument
[INFO] [stderr]    --> src/accordion.rs:163:21
[INFO] [stderr]     |
[INFO] [stderr] 163 |             stroke: {props.icon_color.as_css_class()},
[INFO] [stderr]     |                     ^                               ^
[INFO] [stderr]     |
[INFO] [stderr]     = note: `#[warn(unused_braces)]` on by default
[INFO] [stderr] help: remove these braces
[INFO] [stderr]     |
[INFO] [stderr] 163 -             stroke: {props.icon_color.as_css_class()},
[INFO] [stderr] 163 +             stroke: props.icon_color.as_css_class(),
[INFO] [stderr]     |
[INFO] [stderr] 
[INFO] [stderr] warning: unnecessary braces around function argument
[INFO] [stderr]    --> src/accordion.rs:181:21
[INFO] [stderr]     |
[INFO] [stderr] 181 |             stroke: {props.icon_color.as_css_class()},
[INFO] [stderr]     |                     ^                               ^
[INFO] [stderr]     |
[INFO] [stderr] help: remove these braces
[INFO] [stderr]     |
[INFO] [stderr] 181 -             stroke: {props.icon_color.as_css_class()},
[INFO] [stderr] 181 +             stroke: props.icon_color.as_css_class(),
[INFO] [stderr]     |
[INFO] [stderr] 
[INFO] [stderr] warning: unused imports: `DropdownColorScheme`, `DropdownHoverColor`, `DropdownItem`, `DropdownLabelsColor`, and `DropdownTitleColor`
[INFO] [stderr]  --> src/dropdown.rs:4:21
[INFO] [stderr]   |
[INFO] [stderr] 4 |     DropdownConfig, DropdownItem, DropdownColorScheme, DropdownTitleColor, DropdownLabelsColor, DropdownHoverColor,
[INFO] [stderr]   |                     ^^^^^^^^^^^^  ^^^^^^^^^^^^^^^^^^^  ^^^^^^^^^^^^^^^^^^  ^^^^^^^^^^^^^^^^^^^  ^^^^^^^^^^^^^^^^^^
[INFO] [stderr]   |
[INFO] [stderr]   = note: `#[warn(unused_imports)]` on by default
[INFO] [stderr] 
[INFO] [stderr] warning: unused imports: `DropdownColorScheme`, `DropdownHoverColor`, `DropdownItem`, `DropdownLabelsColor`, and `DropdownTitleColor`
[INFO] [stderr]  --> src/nav_bar.rs:3:13
[INFO] [stderr]   |
[INFO] [stderr] 3 | use crate::{DropdownColorScheme, DropdownHoverColor, DropdownItem, DropdownLabelsColor, DropdownMenu, DropdownTitleColor};
[INFO] [stderr]   |             ^^^^^^^^^^^^^^^^^^^  ^^^^^^^^^^^^^^^^^^  ^^^^^^^^^^^^  ^^^^^^^^^^^^^^^^^^^                ^^^^^^^^^^^^^^^^^^
[INFO] [stderr] 
[INFO] [stderr] warning: unused imports: `ColorScheme`, `DropdownConfigNavBar`, `IconColor`, and `NavItemsColor`
[INFO] [stderr]  --> src/nav_bar.rs:5:13
[INFO] [stderr]   |
[INFO] [stderr] 5 | use crate::{ColorScheme, DropdownConfig, DropdownConfigNavBar, IconColor, NavItemsColor};
[INFO] [stderr]   |             ^^^^^^^^^^^                  ^^^^^^^^^^^^^^^^^^^^  ^^^^^^^^^  ^^^^^^^^^^^^^
[INFO] [stderr] 
[INFO] [stderr] warning: unused import: `NavbarDropdownConfig`
[INFO] [stderr]  --> src/nav_bar.rs:6:48
[INFO] [stderr]   |
[INFO] [stderr] 6 | use crate::enums::navbar_enums::{NavbarConfig, NavbarDropdownConfig};
[INFO] [stderr]   |                                                ^^^^^^^^^^^^^^^^^^^^
[INFO] [stderr] 
[INFO] [stderr] warning: unused variable: `dropdown_open`
[INFO] [stderr]    --> src/nav_bar.rs:169:9
[INFO] [stderr]     |
[INFO] [stderr] 169 |     let dropdown_open = use_signal(|| None::<usize>);
[INFO] [stderr]     |         ^^^^^^^^^^^^^ help: if this is intentional, prefix it with an underscore: `_dropdown_open`
[INFO] [stderr]     |
[INFO] [stderr]     = note: `#[warn(unused_variables)]` on by default
[INFO] [stderr] 
[INFO] [stderr] warning: `freyr` (lib) generated 7 warnings (run `cargo fix --lib -p freyr` to apply 6 suggestions)
[INFO] [stderr] warning: `freyr` (lib test) generated 7 warnings (7 duplicates)
[INFO] [stderr]     Finished `test` profile [unoptimized + debuginfo] target(s) in 0.21s
[INFO] [stderr]      Running unittests src/lib.rs (/opt/rustwide/target/debug/deps/freyr-e24473b061573f38)
[INFO] [stdout] 
[INFO] [stdout] running 0 tests
[INFO] [stderr]    Doc-tests freyr
[INFO] [stdout] 
[INFO] [stdout] test result: ok. 0 passed; 0 failed; 0 ignored; 0 measured; 0 filtered out; finished in 0.00s
[INFO] [stdout] 
[INFO] [stderr] warning: unnecessary braces around function argument
[INFO] [stderr]    --> src/accordion.rs:163:21
[INFO] [stderr]     |
[INFO] [stderr] 163 |             stroke: {props.icon_color.as_css_class()},
[INFO] [stderr]     |                     ^                               ^
[INFO] [stderr]     |
[INFO] [stderr]     = note: `#[warn(unused_braces)]` on by default
[INFO] [stderr] help: remove these braces
[INFO] [stderr]     |
[INFO] [stderr] 163 -             stroke: {props.icon_color.as_css_class()},
[INFO] [stderr] 163 +             stroke: props.icon_color.as_css_class(),
[INFO] [stderr]     |
[INFO] [stderr] 
[INFO] [stderr] warning: unnecessary braces around function argument
[INFO] [stderr]    --> src/accordion.rs:181:21
[INFO] [stderr]     |
[INFO] [stderr] 181 |             stroke: {props.icon_color.as_css_class()},
[INFO] [stderr]     |                     ^                               ^
[INFO] [stderr]     |
[INFO] [stderr] help: remove these braces
[INFO] [stderr]     |
[INFO] [stderr] 181 -             stroke: {props.icon_color.as_css_class()},
[INFO] [stderr] 181 +             stroke: props.icon_color.as_css_class(),
[INFO] [stderr]     |
[INFO] [stderr] 
[INFO] [stderr] warning: 2 warnings emitted
[INFO] [stderr] 
[INFO] [stdout] 
[INFO] [stdout] running 10 tests
[INFO] [stdout] test src/accordion.rs - accordion::Accordion (line 6) ... FAILED
[INFO] [stdout] test src/carousel.rs - carousel::CarouselSimple (line 65) ... FAILED
[INFO] [stdout] test src/nav_bar.rs - nav_bar::Navbar (line 30) ... FAILED
[INFO] [stdout] test src/tabs.rs - tabs::Tabs (line 6) ... FAILED
[INFO] [stdout] test src/navbar_with_logo.rs - navbar_with_logo::NavbarWithLogo (line 35) ... FAILED
[INFO] [stdout] test src/basic_button.rs - basic_button::BasicButton (line 27) ... FAILED
[INFO] [stdout] test src/accordion.rs - accordion::AccordionCustom (line 114) ... FAILED
[INFO] [stdout] test src/nav_bar.rs - nav_bar::NavbarDropdown (line 164) ... FAILED
[INFO] [stdout] test src/lib.rs - (line 28) ... FAILED
[INFO] [stdout] test src/dropdown.rs - dropdown::DropdownMenu (line 56) ... ok
[INFO] [stdout] 
[INFO] [stdout] failures:
[INFO] [stdout] 
[INFO] [stdout] ---- src/accordion.rs - accordion::Accordion (line 6) stdout ----
[INFO] [stdout] error[E0422]: cannot find struct, variant or union type `Accordion` in this scope
[INFO] [stdout]  --> src/accordion.rs:7:1
[INFO] [stdout]   |
[INFO] [stdout] 3 | Accordion {
[INFO] [stdout]   | ^^^^^^^^^ not found in this scope
[INFO] [stdout] 
[INFO] [stdout] error[E0425]: cannot find value `title_one` in this scope
[INFO] [stdout]  --> src/accordion.rs:8:24
[INFO] [stdout]   |
[INFO] [stdout] 4 |                 title: title_one.clone(),
[INFO] [stdout]   |                        ^^^^^^^^^ not found in this scope
[INFO] [stdout] 
[INFO] [stdout] error[E0425]: cannot find value `first_text` in this scope
[INFO] [stdout]  --> src/accordion.rs:9:33
[INFO] [stdout]   |
[INFO] [stdout] 5 |                 accordion_text: first_text.clone(),
[INFO] [stdout]   |                                 ^^^^^^^^^^ not found in this scope
[INFO] [stdout] 
[INFO] [stdout] error[E0433]: failed to resolve: use of undeclared type `AccordionIconColor`
[INFO] [stdout]  --> src/accordion.rs:10:29
[INFO] [stdout]   |
[INFO] [stdout] 6 |                 icon_color: AccordionIconColor::Dark,
[INFO] [stdout]   |                             ^^^^^^^^^^^^^^^^^^ use of undeclared type `AccordionIconColor`
[INFO] [stdout]   |
[INFO] [stdout] help: consider importing this enum
[INFO] [stdout]   |
[INFO] [stdout] 2 + use freyr::AccordionIconColor;
[INFO] [stdout]   |
[INFO] [stdout] 
[INFO] [stdout] error: aborting due to 4 previous errors
[INFO] [stdout] 
[INFO] [stdout] Some errors have detailed explanations: E0422, E0425, E0433.
[INFO] [stdout] For more information about an error, try `rustc --explain E0422`.
[INFO] [stdout] Couldn't compile the test.
[INFO] [stdout] ---- src/carousel.rs - carousel::CarouselSimple (line 65) stdout ----
[INFO] [stdout] error: cannot find macro `asset` in this scope
[INFO] [stdout]  --> src/carousel.rs:69:28
[INFO] [stdout]   |
[INFO] [stdout] 7 |        const BIRD: Asset = asset!("./assets/one.jpg");
[INFO] [stdout]   |                            ^^^^^
[INFO] [stdout]  --> /rustc/90b35a6239c3d8bdabc530a6a0816f7ff89a0aaf/library/core/src/macros/mod.rs:1596:5
[INFO] [stdout]   |
[INFO] [stdout]   = note: similarly named macro `assert` defined here
[INFO] [stdout]   |
[INFO] [stdout] help: a macro with a similar name exists
[INFO] [stdout]   |
[INFO] [stdout] 7 |        const BIRD: Asset = assert!("./assets/one.jpg");
[INFO] [stdout]   |                            ~~~~~~
[INFO] [stdout] help: consider importing this macro
[INFO] [stdout]   |
[INFO] [stdout] 2 + use dioxus::prelude::asset;
[INFO] [stdout]   |
[INFO] [stdout] 
[INFO] [stdout] error: cannot find macro `asset` in this scope
[INFO] [stdout]  --> src/carousel.rs:70:27
[INFO] [stdout]   |
[INFO] [stdout] 8 |        const FOX: Asset = asset!("./assets/two.jpg");
[INFO] [stdout]   |                           ^^^^^
[INFO] [stdout]  --> /rustc/90b35a6239c3d8bdabc530a6a0816f7ff89a0aaf/library/core/src/macros/mod.rs:1596:5
[INFO] [stdout]   |
[INFO] [stdout]   = note: similarly named macro `assert` defined here
[INFO] [stdout]   |
[INFO] [stdout] help: a macro with a similar name exists
[INFO] [stdout]   |
[INFO] [stdout] 8 |        const FOX: Asset = assert!("./assets/two.jpg");
[INFO] [stdout]   |                           ~~~~~~
[INFO] [stdout] help: consider importing this macro
[INFO] [stdout]   |
[INFO] [stdout] 2 + use dioxus::prelude::asset;
[INFO] [stdout]   |
[INFO] [stdout] 
[INFO] [stdout] error: cannot find macro `asset` in this scope
[INFO] [stdout]  --> src/carousel.rs:71:27
[INFO] [stdout]   |
[INFO] [stdout] 9 |        const DOG: Asset = asset!("./assets/three.jpg");
[INFO] [stdout]   |                           ^^^^^
[INFO] [stdout]  --> /rustc/90b35a6239c3d8bdabc530a6a0816f7ff89a0aaf/library/core/src/macros/mod.rs:1596:5
[INFO] [stdout]   |
[INFO] [stdout]   = note: similarly named macro `assert` defined here
[INFO] [stdout]   |
[INFO] [stdout] help: a macro with a similar name exists
[INFO] [stdout]   |
[INFO] [stdout] 9 |        const DOG: Asset = assert!("./assets/three.jpg");
[INFO] [stdout]   |                           ~~~~~~
[INFO] [stdout] help: consider importing this macro
[INFO] [stdout]   |
[INFO] [stdout] 2 + use dioxus::prelude::asset;
[INFO] [stdout]   |
[INFO] [stdout] 
[INFO] [stdout] error: cannot find macro `rsx` in this scope
[INFO] [stdout]   --> src/carousel.rs:81:1
[INFO] [stdout]    |
[INFO] [stdout] 19 | rsx! {
[INFO] [stdout]    | ^^^
[INFO] [stdout]    |
[INFO] [stdout] help: consider importing this macro
[INFO] [stdout]    |
[INFO] [stdout] 2  + use dioxus::prelude::rsx;
[INFO] [stdout]    |
[INFO] [stdout] 
[INFO] [stdout] error[E0412]: cannot find type `Asset` in this scope
[INFO] [stdout]  --> src/carousel.rs:69:20
[INFO] [stdout]   |
[INFO] [stdout] 7 |        const BIRD: Asset = asset!("./assets/one.jpg");
[INFO] [stdout]   |                    ^^^^^ not found in this scope
[INFO] [stdout]   |
[INFO] [stdout] help: consider importing this struct
[INFO] [stdout]   |
[INFO] [stdout] 2 + use dioxus::prelude::Asset;
[INFO] [stdout]   |
[INFO] [stdout] 
[INFO] [stdout] error[E0412]: cannot find type `Asset` in this scope
[INFO] [stdout]  --> src/carousel.rs:70:19
[INFO] [stdout]   |
[INFO] [stdout] 8 |        const FOX: Asset = asset!("./assets/two.jpg");
[INFO] [stdout]   |                   ^^^^^ not found in this scope
[INFO] [stdout]   |
[INFO] [stdout] help: consider importing this struct
[INFO] [stdout]   |
[INFO] [stdout] 2 + use dioxus::prelude::Asset;
[INFO] [stdout]   |
[INFO] [stdout] 
[INFO] [stdout] error[E0412]: cannot find type `Asset` in this scope
[INFO] [stdout]  --> src/carousel.rs:71:19
[INFO] [stdout]   |
[INFO] [stdout] 9 |        const DOG: Asset = asset!("./assets/three.jpg");
[INFO] [stdout]   |                   ^^^^^ not found in this scope
[INFO] [stdout]   |
[INFO] [stdout] help: consider importing this struct
[INFO] [stdout]   |
[INFO] [stdout] 2 + use dioxus::prelude::Asset;
[INFO] [stdout]   |
[INFO] [stdout] 
[INFO] [stdout] error: aborting due to 7 previous errors
[INFO] [stdout] 
[INFO] [stdout] For more information about this error, try `rustc --explain E0412`.
[INFO] [stdout] Couldn't compile the test.
[INFO] [stdout] ---- src/nav_bar.rs - nav_bar::Navbar (line 30) stdout ----
[INFO] [stdout] error: cannot find macro `rsx` in this scope
[INFO] [stdout]   --> src/nav_bar.rs:40:1
[INFO] [stdout]    |
[INFO] [stdout] 12 | rsx! {
[INFO] [stdout]    | ^^^
[INFO] [stdout]    |
[INFO] [stdout] help: consider importing this macro
[INFO] [stdout]    |
[INFO] [stdout] 2  + use dioxus::prelude::rsx;
[INFO] [stdout]    |
[INFO] [stdout] 
[INFO] [stdout] error[E0422]: cannot find struct, variant or union type `NavbarConfig` in this scope
[INFO] [stdout]  --> src/nav_bar.rs:31:21
[INFO] [stdout]   |
[INFO] [stdout] 3 | let navbar_config = NavbarConfig {
[INFO] [stdout]   |                     ^^^^^^^^^^^^ not found in this scope
[INFO] [stdout]   |
[INFO] [stdout] help: consider importing this struct
[INFO] [stdout]   |
[INFO] [stdout] 2 + use freyr::NavbarConfig;
[INFO] [stdout]   |
[INFO] [stdout] 
[INFO] [stdout] error[E0433]: failed to resolve: use of undeclared type `ColorScheme`
[INFO] [stdout]  --> src/nav_bar.rs:32:23
[INFO] [stdout]   |
[INFO] [stdout] 4 |     background_color: ColorScheme::Freyr,
[INFO] [stdout]   |                       ^^^^^^^^^^^ use of undeclared type `ColorScheme`
[INFO] [stdout]   |
[INFO] [stdout] help: consider importing this enum
[INFO] [stdout]   |
[INFO] [stdout] 2 + use freyr::ColorScheme;
[INFO] [stdout]   |
[INFO] [stdout] 
[INFO] [stdout] error[E0433]: failed to resolve: use of undeclared type `NavItemsColor`
[INFO] [stdout]  --> src/nav_bar.rs:36:21
[INFO] [stdout]   |
[INFO] [stdout] 8 |     nav_item_color: NavItemsColor::Light,
[INFO] [stdout]   |                     ^^^^^^^^^^^^^ use of undeclared type `NavItemsColor`
[INFO] [stdout]   |
[INFO] [stdout] help: consider importing this enum
[INFO] [stdout]   |
[INFO] [stdout] 2 + use freyr::NavItemsColor;
[INFO] [stdout]   |
[INFO] [stdout] 
[INFO] [stdout] error[E0433]: failed to resolve: use of undeclared type `IconColor`
[INFO] [stdout]  --> src/nav_bar.rs:37:17
[INFO] [stdout]   |
[INFO] [stdout] 9 |     icon_color: IconColor::White,
[INFO] [stdout]   |                 ^^^^^^^^^ use of undeclared type `IconColor`
[INFO] [stdout]   |
[INFO] [stdout] help: consider importing this enum
[INFO] [stdout]   |
[INFO] [stdout] 2 + use freyr::IconColor;
[INFO] [stdout]   |
[INFO] [stdout] 
[INFO] [stdout] error: aborting due to 5 previous errors
[INFO] [stdout] 
[INFO] [stdout] Some errors have detailed explanations: E0422, E0433.
[INFO] [stdout] For more information about an error, try `rustc --explain E0422`.
[INFO] [stdout] Couldn't compile the test.
[INFO] [stdout] ---- src/tabs.rs - tabs::Tabs (line 6) stdout ----
[INFO] [stdout] error: cannot find attribute `component` in this scope
[INFO] [stdout]  --> src/tabs.rs:8:3
[INFO] [stdout]   |
[INFO] [stdout] 4 | #[component]
[INFO] [stdout]   |   ^^^^^^^^^
[INFO] [stdout]   |
[INFO] [stdout] help: consider importing this attribute macro
[INFO] [stdout]   |
[INFO] [stdout] 2 + use dioxus::prelude::component;
[INFO] [stdout]   |
[INFO] [stdout] 
[INFO] [stdout] error: cannot find macro `rsx` in this scope
[INFO] [stdout]   --> src/tabs.rs:20:9
[INFO] [stdout]    |
[INFO] [stdout] 16 |         rsx! { h1{class:"text-red-800 text-2xl mt-4 flex w-full justify-center items-center", "My First title"}},
[INFO] [stdout]    |         ^^^
[INFO] [stdout]    |
[INFO] [stdout] help: consider importing this macro
[INFO] [stdout]    |
[INFO] [stdout] 2  + use dioxus::prelude::rsx;
[INFO] [stdout]    |
[INFO] [stdout] 
[INFO] [stdout] error: cannot find macro `rsx` in this scope
[INFO] [stdout]   --> src/tabs.rs:21:9
[INFO] [stdout]    |
[INFO] [stdout] 17 |         rsx! { h1{class:"text-blue-800 text-2xl mt-4", "My Second title"}},
[INFO] [stdout]    |         ^^^
[INFO] [stdout]    |
[INFO] [stdout] help: consider importing this macro
[INFO] [stdout]    |
[INFO] [stdout] 2  + use dioxus::prelude::rsx;
[INFO] [stdout]    |
[INFO] [stdout] 
[INFO] [stdout] error: cannot find macro `rsx` in this scope
[INFO] [stdout]   --> src/tabs.rs:22:9
[INFO] [stdout]    |
[INFO] [stdout] 18 |         rsx! { h1{class:"text-red-800 text-2xl mt-4", "My Third title"}},
[INFO] [stdout]    |         ^^^
[INFO] [stdout]    |
[INFO] [stdout] help: consider importing this macro
[INFO] [stdout]    |
[INFO] [stdout] 2  + use dioxus::prelude::rsx;
[INFO] [stdout]    |
[INFO] [stdout] 
[INFO] [stdout] error: cannot find macro `rsx` in this scope
[INFO] [stdout]   --> src/tabs.rs:26:9
[INFO] [stdout]    |
[INFO] [stdout] 22 |         rsx! {
[INFO] [stdout]    |         ^^^
[INFO] [stdout]    |
[INFO] [stdout] help: consider importing this macro
[INFO] [stdout]    |
[INFO] [stdout] 2  + use dioxus::prelude::rsx;
[INFO] [stdout]    |
[INFO] [stdout] 
[INFO] [stdout] error: cannot find macro `rsx` in this scope
[INFO] [stdout]   --> src/tabs.rs:35:9
[INFO] [stdout]    |
[INFO] [stdout] 31 |         rsx! {
[INFO] [stdout]    |         ^^^
[INFO] [stdout]    |
[INFO] [stdout] help: consider importing this macro
[INFO] [stdout]    |
[INFO] [stdout] 2  + use dioxus::prelude::rsx;
[INFO] [stdout]    |
[INFO] [stdout] 
[INFO] [stdout] error: cannot find macro `rsx` in this scope
[INFO] [stdout]   --> src/tabs.rs:43:9
[INFO] [stdout]    |
[INFO] [stdout] 39 |         rsx! {
[INFO] [stdout]    |         ^^^
[INFO] [stdout]    |
[INFO] [stdout] help: consider importing this macro
[INFO] [stdout]    |
[INFO] [stdout] 2  + use dioxus::prelude::rsx;
[INFO] [stdout]    |
[INFO] [stdout] 
[INFO] [stdout] error: cannot find macro `rsx` in this scope
[INFO] [stdout]   --> src/tabs.rs:53:5
[INFO] [stdout]    |
[INFO] [stdout] 49 |     rsx! {
[INFO] [stdout]    |     ^^^
[INFO] [stdout]    |
[INFO] [stdout] help: consider importing this macro
[INFO] [stdout]    |
[INFO] [stdout] 2  + use dioxus::prelude::rsx;
[INFO] [stdout]    |
[INFO] [stdout] 
[INFO] [stdout] error: cannot find macro `asset` in this scope
[INFO] [stdout]  --> src/tabs.rs:7:22
[INFO] [stdout]   |
[INFO] [stdout] 3 | const IMAGE: Asset = asset!("/assets/one.jpg");
[INFO] [stdout]   |                      ^^^^^
[INFO] [stdout]  --> /rustc/90b35a6239c3d8bdabc530a6a0816f7ff89a0aaf/library/core/src/macros/mod.rs:1596:5
[INFO] [stdout]   |
[INFO] [stdout]   = note: similarly named macro `assert` defined here
[INFO] [stdout]   |
[INFO] [stdout] help: a macro with a similar name exists
[INFO] [stdout]   |
[INFO] [stdout] 3 | const IMAGE: Asset = assert!("/assets/one.jpg");
[INFO] [stdout]   |                      ~~~~~~
[INFO] [stdout] help: consider importing this macro
[INFO] [stdout]   |
[INFO] [stdout] 2 + use dioxus::prelude::asset;
[INFO] [stdout]   |
[INFO] [stdout] 
[INFO] [stdout] error[E0412]: cannot find type `Asset` in this scope
[INFO] [stdout]  --> src/tabs.rs:7:14
[INFO] [stdout]   |
[INFO] [stdout] 3 | const IMAGE: Asset = asset!("/assets/one.jpg");
[INFO] [stdout]   |              ^^^^^ not found in this scope
[INFO] [stdout]   |
[INFO] [stdout] help: consider importing this struct
[INFO] [stdout]   |
[INFO] [stdout] 2 + use dioxus::prelude::Asset;
[INFO] [stdout]   |
[INFO] [stdout] 
[INFO] [stdout] error[E0412]: cannot find type `Element` in this scope
[INFO] [stdout]  --> src/tabs.rs:9:18
[INFO] [stdout]   |
[INFO] [stdout] 5 | pub fn Home() -> Element {
[INFO] [stdout]   |                  ^^^^^^^ not found in this scope
[INFO] [stdout]   |
[INFO] [stdout] help: consider importing this type alias
[INFO] [stdout]   |
[INFO] [stdout] 2 + use dioxus::prelude::Element;
[INFO] [stdout]   |
[INFO] [stdout] 
[INFO] [stdout] error: aborting due to 11 previous errors
[INFO] [stdout] 
[INFO] [stdout] For more information about this error, try `rustc --explain E0412`.
[INFO] [stdout] Couldn't compile the test.
[INFO] [stdout] ---- src/navbar_with_logo.rs - navbar_with_logo::NavbarWithLogo (line 35) stdout ----
[INFO] [stdout] error: cannot find attribute `component` in this scope
[INFO] [stdout]  --> src/navbar_with_logo.rs:36:3
[INFO] [stdout]   |
[INFO] [stdout] 3 | #[component]
[INFO] [stdout]   |   ^^^^^^^^^
[INFO] [stdout]   |
[INFO] [stdout] help: consider importing this attribute macro
[INFO] [stdout]   |
[INFO] [stdout] 2 + use dioxus::prelude::component;
[INFO] [stdout]   |
[INFO] [stdout] 
[INFO] [stdout] error: cannot find macro `asset` in this scope
[INFO] [stdout]  --> src/navbar_with_logo.rs:38:25
[INFO] [stdout]   |
[INFO] [stdout] 5 |     const LOGO: Asset = asset!("./assets/logo.png");
[INFO] [stdout]   |                         ^^^^^
[INFO] [stdout]  --> /rustc/90b35a6239c3d8bdabc530a6a0816f7ff89a0aaf/library/core/src/macros/mod.rs:1596:5
[INFO] [stdout]   |
[INFO] [stdout]   = note: similarly named macro `assert` defined here
[INFO] [stdout]   |
[INFO] [stdout] help: a macro with a similar name exists
[INFO] [stdout]   |
[INFO] [stdout] 5 |     const LOGO: Asset = assert!("./assets/logo.png");
[INFO] [stdout]   |                         ~~~~~~
[INFO] [stdout] help: consider importing this macro
[INFO] [stdout]   |
[INFO] [stdout] 2 + use dioxus::prelude::asset;
[INFO] [stdout]   |
[INFO] [stdout] 
[INFO] [stdout] error: cannot find macro `rsx` in this scope
[INFO] [stdout]   --> src/navbar_with_logo.rs:51:5
[INFO] [stdout]    |
[INFO] [stdout] 18 |     rsx! {
[INFO] [stdout]    |     ^^^
[INFO] [stdout]    |
[INFO] [stdout] help: consider importing this macro
[INFO] [stdout]    |
[INFO] [stdout] 2  + use dioxus::prelude::rsx;
[INFO] [stdout]    |
[INFO] [stdout] 
[INFO] [stdout] error[E0412]: cannot find type `Element` in this scope
[INFO] [stdout]  --> src/navbar_with_logo.rs:37:23
[INFO] [stdout]   |
[INFO] [stdout] 4 |    fn Navigation() -> Element {
[INFO] [stdout]   |                       ^^^^^^^ not found in this scope
[INFO] [stdout]   |
[INFO] [stdout] help: consider importing this type alias
[INFO] [stdout]   |
[INFO] [stdout] 2 + use dioxus::prelude::Element;
[INFO] [stdout]   |
[INFO] [stdout] 
[INFO] [stdout] error[E0412]: cannot find type `Asset` in this scope
[INFO] [stdout]  --> src/navbar_with_logo.rs:38:17
[INFO] [stdout]   |
[INFO] [stdout] 5 |     const LOGO: Asset = asset!("./assets/logo.png");
[INFO] [stdout]   |                 ^^^^^ not found in this scope
[INFO] [stdout]   |
[INFO] [stdout] help: consider importing this struct
[INFO] [stdout]   |
[INFO] [stdout] 2 + use dioxus::prelude::Asset;
[INFO] [stdout]   |
[INFO] [stdout] 
[INFO] [stdout] error[E0422]: cannot find struct, variant or union type `NavbarWithLogoConfig` in this scope
[INFO] [stdout]  --> src/navbar_with_logo.rs:40:30
[INFO] [stdout]   |
[INFO] [stdout] 7 |     let navbar_logo_config = NavbarWithLogoConfig {
[INFO] [stdout]   |                              ^^^^^^^^^^^^^^^^^^^^ not found in this scope
[INFO] [stdout]   |
[INFO] [stdout] help: consider importing this struct
[INFO] [stdout]   |
[INFO] [stdout] 2 + use freyr::NavbarWithLogoConfig;
[INFO] [stdout]   |
[INFO] [stdout] 
[INFO] [stdout] error[E0433]: failed to resolve: use of undeclared type `ColorScheme`
[INFO] [stdout]  --> src/navbar_with_logo.rs:41:27
[INFO] [stdout]   |
[INFO] [stdout] 8 |         background_color: ColorScheme::Freyr,
[INFO] [stdout]   |                           ^^^^^^^^^^^ use of undeclared type `ColorScheme`
[INFO] [stdout]   |
[INFO] [stdout] help: consider importing this enum
[INFO] [stdout]   |
[INFO] [stdout] 2 + use freyr::ColorScheme;
[INFO] [stdout]   |
[INFO] [stdout] 
[INFO] [stdout] error[E0433]: failed to resolve: use of undeclared type `NavItemsColor`
[INFO] [stdout]   --> src/navbar_with_logo.rs:44:25
[INFO] [stdout]    |
[INFO] [stdout] 11 |         nav_item_color: NavItemsColor::Light,
[INFO] [stdout]    |                         ^^^^^^^^^^^^^ use of undeclared type `NavItemsColor`
[INFO] [stdout]    |
[INFO] [stdout] help: consider importing this enum
[INFO] [stdout]    |
[INFO] [stdout] 2  + use freyr::NavItemsColor;
[INFO] [stdout]    |
[INFO] [stdout] 
[INFO] [stdout] error[E0433]: failed to resolve: use of undeclared type `IconColor`
[INFO] [stdout]   --> src/navbar_with_logo.rs:45:21
[INFO] [stdout]    |
[INFO] [stdout] 12 |         icon_color: IconColor::White,
[INFO] [stdout]    |                     ^^^^^^^^^ use of undeclared type `IconColor`
[INFO] [stdout]    |
[INFO] [stdout] help: consider importing this enum
[INFO] [stdout]    |
[INFO] [stdout] 2  + use freyr::IconColor;
[INFO] [stdout]    |
[INFO] [stdout] 
[INFO] [stdout] error: aborting due to 9 previous errors
[INFO] [stdout] 
[INFO] [stdout] Some errors have detailed explanations: E0412, E0422, E0433.
[INFO] [stdout] For more information about an error, try `rustc --explain E0412`.
[INFO] [stdout] Couldn't compile the test.
[INFO] [stdout] ---- src/basic_button.rs - basic_button::BasicButton (line 27) stdout ----
[INFO] [stdout] error: expected `;`, found `BasicButton`
[INFO] [stdout]  --> src/basic_button.rs:28:104
[INFO] [stdout]   |
[INFO] [stdout] 3 | BasicButton { color: ButtonColor::Primary, label: "Go Home", link: ButtonUrl { url: "/".to_string() } }
[INFO] [stdout]   |                                                                                                        ^ help: add `;` here
[INFO] [stdout] ...
[INFO] [stdout] 6 | BasicButton { color: ButtonColor::Freyr, label: "Hello" }
[INFO] [stdout]   | ----------- unexpected token
[INFO] [stdout] 
[INFO] [stdout] error[E0422]: cannot find struct, variant or union type `BasicButton` in this scope
[INFO] [stdout]  --> src/basic_button.rs:31:1
[INFO] [stdout]   |
[INFO] [stdout] 6 | BasicButton { color: ButtonColor::Freyr, label: "Hello" }
[INFO] [stdout]   | ^^^^^^^^^^^ not found in this scope
[INFO] [stdout]   |
[INFO] [stdout] help: consider importing this variant
[INFO] [stdout]   |
[INFO] [stdout] 2 + use freyr::BasicButton;
[INFO] [stdout]   |
[INFO] [stdout] 
[INFO] [stdout] error[E0433]: failed to resolve: use of undeclared type `ButtonColor`
[INFO] [stdout]  --> src/basic_button.rs:31:22
[INFO] [stdout]   |
[INFO] [stdout] 6 | BasicButton { color: ButtonColor::Freyr, label: "Hello" }
[INFO] [stdout]   |                      ^^^^^^^^^^^ use of undeclared type `ButtonColor`
[INFO] [stdout]   |
[INFO] [stdout] help: consider importing this enum
[INFO] [stdout]   |
[INFO] [stdout] 2 + use freyr::ButtonColor;
[INFO] [stdout]   |
[INFO] [stdout] 
[INFO] [stdout] error: aborting due to 3 previous errors
[INFO] [stdout] 
[INFO] [stdout] Some errors have detailed explanations: E0422, E0433.
[INFO] [stdout] For more information about an error, try `rustc --explain E0422`.
[INFO] [stdout] Couldn't compile the test.
[INFO] [stdout] ---- src/accordion.rs - accordion::AccordionCustom (line 114) stdout ----
[INFO] [stdout] error: cannot find macro `rsx` in this scope
[INFO] [stdout]  --> src/accordion.rs:117:33
[INFO] [stdout]   |
[INFO] [stdout] 5 |                 accordion_text: rsx! {
[INFO] [stdout]   |                                 ^^^
[INFO] [stdout]   |
[INFO] [stdout] help: consider importing this macro
[INFO] [stdout]   |
[INFO] [stdout] 2 + use dioxus::prelude::rsx;
[INFO] [stdout]   |
[INFO] [stdout] 
[INFO] [stdout] error[E0422]: cannot find struct, variant or union type `AccordionCustom` in this scope
[INFO] [stdout]  --> src/accordion.rs:115:1
[INFO] [stdout]   |
[INFO] [stdout] 3 | AccordionCustom {
[INFO] [stdout]   | ^^^^^^^^^^^^^^^ not found in this scope
[INFO] [stdout] 
[INFO] [stdout] error[E0425]: cannot find value `title_two` in this scope
[INFO] [stdout]  --> src/accordion.rs:116:24
[INFO] [stdout]   |
[INFO] [stdout] 4 |                 title: title_two,
[INFO] [stdout]   |                        ^^^^^^^^^ not found in this scope
[INFO] [stdout] 
[INFO] [stdout] error[E0433]: failed to resolve: use of undeclared type `AccordionIconColor`
[INFO] [stdout]   --> src/accordion.rs:125:29
[INFO] [stdout]    |
[INFO] [stdout] 13 |                 icon_color: AccordionIconColor::Light,
[INFO] [stdout]    |                             ^^^^^^^^^^^^^^^^^^ use of undeclared type `AccordionIconColor`
[INFO] [stdout]    |
[INFO] [stdout] help: consider importing this enum
[INFO] [stdout]    |
[INFO] [stdout] 2  + use freyr::AccordionIconColor;
[INFO] [stdout]    |
[INFO] [stdout] 
[INFO] [stdout] error: aborting due to 4 previous errors
[INFO] [stdout] 
[INFO] [stdout] Some errors have detailed explanations: E0422, E0425, E0433.
[INFO] [stdout] For more information about an error, try `rustc --explain E0422`.
[INFO] [stdout] Couldn't compile the test.
[INFO] [stdout] ---- src/nav_bar.rs - nav_bar::NavbarDropdown (line 164) stdout ----
[INFO] [stdout] error: cannot find attribute `component` in this scope
[INFO] [stdout]  --> src/nav_bar.rs:165:3
[INFO] [stdout]   |
[INFO] [stdout] 3 | #[component]
[INFO] [stdout]   |   ^^^^^^^^^
[INFO] [stdout]   |
[INFO] [stdout] help: consider importing this attribute macro
[INFO] [stdout]   |
[INFO] [stdout] 2 + use dioxus::prelude::component;
[INFO] [stdout]   |
[INFO] [stdout] 
[INFO] [stdout] error: cannot find macro `rsx` in this scope
[INFO] [stdout]   --> src/nav_bar.rs:209:5
[INFO] [stdout]    |
[INFO] [stdout] 47 |     rsx! {
[INFO] [stdout]    |     ^^^
[INFO] [stdout]    |
[INFO] [stdout] help: consider importing this macro
[INFO] [stdout]    |
[INFO] [stdout] 2  + use dioxus::prelude::rsx;
[INFO] [stdout]    |
[INFO] [stdout] 
[INFO] [stdout] error[E0412]: cannot find type `Element` in this scope
[INFO] [stdout]  --> src/nav_bar.rs:166:24
[INFO] [stdout]   |
[INFO] [stdout] 4 | pub fn Navigation() -> Element {
[INFO] [stdout]   |                        ^^^^^^^ not found in this scope
[INFO] [stdout]   |
[INFO] [stdout] help: consider importing this type alias
[INFO] [stdout]   |
[INFO] [stdout] 2 + use dioxus::prelude::Element;
[INFO] [stdout]   |
[INFO] [stdout] 
[INFO] [stdout] error[E0422]: cannot find struct, variant or union type `NavbarConfig` in this scope
[INFO] [stdout]  --> src/nav_bar.rs:167:25
[INFO] [stdout]   |
[INFO] [stdout] 5 |     let navbar_config = NavbarConfig {
[INFO] [stdout]   |                         ^^^^^^^^^^^^ not found in this scope
[INFO] [stdout]   |
[INFO] [stdout] help: consider importing this struct
[INFO] [stdout]   |
[INFO] [stdout] 2 + use freyr::NavbarConfig;
[INFO] [stdout]   |
[INFO] [stdout] 
[INFO] [stdout] error[E0433]: failed to resolve: use of undeclared type `ColorScheme`
[INFO] [stdout]  --> src/nav_bar.rs:168:27
[INFO] [stdout]   |
[INFO] [stdout] 6 |         background_color: ColorScheme::Freyr,
[INFO] [stdout]   |                           ^^^^^^^^^^^ use of undeclared type `ColorScheme`
[INFO] [stdout]   |
[INFO] [stdout] help: consider importing this enum
[INFO] [stdout]   |
[INFO] [stdout] 2 + use freyr::ColorScheme;
[INFO] [stdout]   |
[INFO] [stdout] 
[INFO] [stdout] error[E0433]: failed to resolve: use of undeclared type `NavItemsColor`
[INFO] [stdout]   --> src/nav_bar.rs:180:25
[INFO] [stdout]    |
[INFO] [stdout] 18 |         nav_item_color: NavItemsColor::Light,
[INFO] [stdout]    |                         ^^^^^^^^^^^^^ use of undeclared type `NavItemsColor`
[INFO] [stdout]    |
[INFO] [stdout] help: consider importing this enum
[INFO] [stdout]    |
[INFO] [stdout] 2  + use freyr::NavItemsColor;
[INFO] [stdout]    |
[INFO] [stdout] 
[INFO] [stdout] error[E0433]: failed to resolve: use of undeclared type `IconColor`
[INFO] [stdout]   --> src/nav_bar.rs:181:21
[INFO] [stdout]    |
[INFO] [stdout] 19 |         icon_color: IconColor::White,
[INFO] [stdout]    |                     ^^^^^^^^^ use of undeclared type `IconColor`
[INFO] [stdout]    |
[INFO] [stdout] help: consider importing this enum
[INFO] [stdout]    |
[INFO] [stdout] 2  + use freyr::IconColor;
[INFO] [stdout]    |
[INFO] [stdout] 
[INFO] [stdout] error[E0422]: cannot find struct, variant or union type `DropdownItem` in this scope
[INFO] [stdout]   --> src/nav_bar.rs:185:9
[INFO] [stdout]    |
[INFO] [stdout] 23 |         DropdownItem {
[INFO] [stdout]    |         ^^^^^^^^^^^^ not found in this scope
[INFO] [stdout]    |
[INFO] [stdout] help: consider importing this struct
[INFO] [stdout]    |
[INFO] [stdout] 2  + use freyr::DropdownItem;
[INFO] [stdout]    |
[INFO] [stdout] 
[INFO] [stdout] error[E0422]: cannot find struct, variant or union type `DropdownItem` in this scope
[INFO] [stdout]   --> src/nav_bar.rs:189:9
[INFO] [stdout]    |
[INFO] [stdout] 27 |         DropdownItem {
[INFO] [stdout]    |         ^^^^^^^^^^^^ not found in this scope
[INFO] [stdout]    |
[INFO] [stdout] help: consider importing this struct
[INFO] [stdout]    |
[INFO] [stdout] 2  + use freyr::DropdownItem;
[INFO] [stdout]    |
[INFO] [stdout] 
[INFO] [stdout] error[E0433]: failed to resolve: use of undeclared type `DropdownItem`
[INFO] [stdout]   --> src/nav_bar.rs:193:9
[INFO] [stdout]    |
[INFO] [stdout] 31 |         DropdownItem::without_url("A Label without route"),
[INFO] [stdout]    |         ^^^^^^^^^^^^ use of undeclared type `DropdownItem`
[INFO] [stdout]    |
[INFO] [stdout] help: consider importing this struct
[INFO] [stdout]    |
[INFO] [stdout] 2  + use freyr::DropdownItem;
[INFO] [stdout]    |
[INFO] [stdout] 
[INFO] [stdout] error[E0422]: cannot find struct, variant or union type `DropdownItem` in this scope
[INFO] [stdout]   --> src/nav_bar.rs:194:9
[INFO] [stdout]    |
[INFO] [stdout] 32 |         DropdownItem {
[INFO] [stdout]    |         ^^^^^^^^^^^^ not found in this scope
[INFO] [stdout]    |
[INFO] [stdout] help: consider importing this struct
[INFO] [stdout]    |
[INFO] [stdout] 2  + use freyr::DropdownItem;
[INFO] [stdout]    |
[INFO] [stdout] 
[INFO] [stdout] error[E0422]: cannot find struct, variant or union type `DropdownConfig` in this scope
[INFO] [stdout]   --> src/nav_bar.rs:200:27
[INFO] [stdout]    |
[INFO] [stdout] 38 |     let config_dropdown = DropdownConfig {
[INFO] [stdout]    |                           ^^^^^^^^^^^^^^ not found in this scope
[INFO] [stdout]    |
[INFO] [stdout] help: consider importing this struct
[INFO] [stdout]    |
[INFO] [stdout] 2  + use freyr::DropdownConfig;
[INFO] [stdout]    |
[INFO] [stdout] 
[INFO] [stdout] error[E0433]: failed to resolve: use of undeclared type `DropdownColorScheme`
[INFO] [stdout]   --> src/nav_bar.rs:203:27
[INFO] [stdout]    |
[INFO] [stdout] 41 |         background_color: DropdownColorScheme::Dark,
[INFO] [stdout]    |                           ^^^^^^^^^^^^^^^^^^^ use of undeclared type `DropdownColorScheme`
[INFO] [stdout]    |
[INFO] [stdout] help: consider importing this enum
[INFO] [stdout]    |
[INFO] [stdout] 2  + use freyr::DropdownColorScheme;
[INFO] [stdout]    |
[INFO] [stdout] 
[INFO] [stdout] error[E0433]: failed to resolve: use of undeclared type `DropdownTitleColor`
[INFO] [stdout]   --> src/nav_bar.rs:204:22
[INFO] [stdout]    |
[INFO] [stdout] 42 |         title_color: DropdownTitleColor::Light,
[INFO] [stdout]    |                      ^^^^^^^^^^^^^^^^^^ use of undeclared type `DropdownTitleColor`
[INFO] [stdout]    |
[INFO] [stdout] help: consider importing this enum
[INFO] [stdout]    |
[INFO] [stdout] 2  + use freyr::DropdownTitleColor;
[INFO] [stdout]    |
[INFO] [stdout] 
[INFO] [stdout] error[E0433]: failed to resolve: use of undeclared type `DropdownLabelsColor`
[INFO] [stdout]   --> src/nav_bar.rs:205:23
[INFO] [stdout]    |
[INFO] [stdout] 43 |         labels_color: DropdownLabelsColor::Light,
[INFO] [stdout]    |                       ^^^^^^^^^^^^^^^^^^^ use of undeclared type `DropdownLabelsColor`
[INFO] [stdout]    |
[INFO] [stdout] help: consider importing this enum
[INFO] [stdout]    |
[INFO] [stdout] 2  + use freyr::DropdownLabelsColor;
[INFO] [stdout]    |
[INFO] [stdout] 
[INFO] [stdout] error[E0433]: failed to resolve: use of undeclared type `DropdownHoverColor`
[INFO] [stdout]   --> src/nav_bar.rs:206:22
[INFO] [stdout]    |
[INFO] [stdout] 44 |         hover_color: DropdownHoverColor::Custom("#47453e"),
[INFO] [stdout]    |                      ^^^^^^^^^^^^^^^^^^ use of undeclared type `DropdownHoverColor`
[INFO] [stdout]    |
[INFO] [stdout] help: consider importing this enum
[INFO] [stdout]    |
[INFO] [stdout] 2  + use freyr::DropdownHoverColor;
[INFO] [stdout]    |
[INFO] [stdout] 
[INFO] [stdout] error: aborting due to 16 previous errors
[INFO] [stdout] 
[INFO] [stdout] Some errors have detailed explanations: E0412, E0422, E0433.
[INFO] [stdout] For more information about an error, try `rustc --explain E0412`.
[INFO] [stdout] Couldn't compile the test.
[INFO] [stdout] ---- src/lib.rs - (line 28) stdout ----
[INFO] [stdout] error[E0308]: mismatched types
[INFO] [stdout]   --> src/lib.rs:75:58
[INFO] [stdout]    |
[INFO] [stdout] 50 |        DropdownItem { label: String::from("Freyr"), url: String::from("/") },
[INFO] [stdout]    |                                                          ^^^^^^^^^^^^^^^^^ expected `Option<String>`, found `String`
[INFO] [stdout]    |
[INFO] [stdout]    = note: expected enum `Option<String>`
[INFO] [stdout]             found struct `String`
[INFO] [stdout] help: try wrapping the expression in `Some`
[INFO] [stdout]    |
[INFO] [stdout] 50 |        DropdownItem { label: String::from("Freyr"), url: Some(String::from("/")) },
[INFO] [stdout]    |                                                          +++++                 +
[INFO] [stdout] 
[INFO] [stdout] error[E0308]: mismatched types
[INFO] [stdout]   --> src/lib.rs:76:73
[INFO] [stdout]    |
[INFO] [stdout] 51 |        DropdownItem { label: "See freyr's components".to_string(), url: "/components".to_string() },
[INFO] [stdout]    |                                                                         ^^^^^^^^^^^^^^^^^^^^^^^^^ expected `Option<String>`, found `String`
[INFO] [stdout]    |
[INFO] [stdout]    = note: expected enum `Option<String>`
[INFO] [stdout]             found struct `String`
[INFO] [stdout] help: try wrapping the expression in `Some`
[INFO] [stdout]    |
[INFO] [stdout] 51 |        DropdownItem { label: "See freyr's components".to_string(), url: Some("/components".to_string()) },
[INFO] [stdout]    |                                                                         +++++                         +
[INFO] [stdout] 
[INFO] [stdout] error[E0308]: mismatched types
[INFO] [stdout]   --> src/lib.rs:77:69
[INFO] [stdout]    |
[INFO] [stdout] 52 |        DropdownItem { label: "Learn about dioxus".to_string(), url: "/learn-dioxus".to_string() },
[INFO] [stdout]    |                                                                     ^^^^^^^^^^^^^^^^^^^^^^^^^^^ expected `Option<String>`, found `String`
[INFO] [stdout]    |
[INFO] [stdout]    = note: expected enum `Option<String>`
[INFO] [stdout]             found struct `String`
[INFO] [stdout] help: try wrapping the expression in `Some`
[INFO] [stdout]    |
[INFO] [stdout] 52 |        DropdownItem { label: "Learn about dioxus".to_string(), url: Some("/learn-dioxus".to_string()) },
[INFO] [stdout]    |                                                                     +++++                           +
[INFO] [stdout] 
[INFO] [stdout] error: aborting due to 3 previous errors
[INFO] [stdout] 
[INFO] [stdout] For more information about this error, try `rustc --explain E0308`.
[INFO] [stdout] Couldn't compile the test.
[INFO] [stdout] 
[INFO] [stdout] failures:
[INFO] [stdout]     src/accordion.rs - accordion::Accordion (line 6)
[INFO] [stdout]     src/accordion.rs - accordion::AccordionCustom (line 114)
[INFO] [stdout]     src/basic_button.rs - basic_button::BasicButton (line 27)
[INFO] [stdout]     src/carousel.rs - carousel::CarouselSimple (line 65)
[INFO] [stdout]     src/lib.rs - (line 28)
[INFO] [stdout]     src/nav_bar.rs - nav_bar::Navbar (line 30)
[INFO] [stdout]     src/nav_bar.rs - nav_bar::NavbarDropdown (line 164)
[INFO] [stdout]     src/navbar_with_logo.rs - navbar_with_logo::NavbarWithLogo (line 35)
[INFO] [stdout]     src/tabs.rs - tabs::Tabs (line 6)
[INFO] [stdout] 
[INFO] [stdout] test result: FAILED. 1 passed; 9 failed; 0 ignored; 0 measured; 0 filtered out; finished in 0.66s
[INFO] [stdout] 
[INFO] [stderr] error: doctest failed, to rerun pass `--doc`
[INFO] running `Command { std: "docker" "inspect" "8db475ee4c53a737073579a1b6684cf577a886c8a2e8b71321988c4fd85f8c0a", kill_on_drop: false }`
[INFO] running `Command { std: "docker" "rm" "-f" "8db475ee4c53a737073579a1b6684cf577a886c8a2e8b71321988c4fd85f8c0a", kill_on_drop: false }`
[INFO] [stdout] 8db475ee4c53a737073579a1b6684cf577a886c8a2e8b71321988c4fd85f8c0a
