[INFO] cloning repository https://github.com/catnapper321/simple-slotmap
[INFO] running `Command { std: "git" "-c" "credential.helper=" "-c" "credential.helper=/workspace/cargo-home/bin/git-credential-null" "clone" "--bare" "https://github.com/catnapper321/simple-slotmap" "/workspace/cache/git-repos/https%3A%2F%2Fgithub.com%2Fcatnapper321%2Fsimple-slotmap", kill_on_drop: false }`
[INFO] [stderr] Cloning into bare repository '/workspace/cache/git-repos/https%3A%2F%2Fgithub.com%2Fcatnapper321%2Fsimple-slotmap'...
[INFO] running `Command { std: "git" "rev-parse" "HEAD", kill_on_drop: false }`
[INFO] [stdout] 75e79c2ceafd8bec342af9da24e2dcbd1eff04aa
[INFO] testing catnapper321/simple-slotmap against 1.83.0 for beta-1.84.0-4-retry
[INFO] running `Command { std: "git" "clone" "/workspace/cache/git-repos/https%3A%2F%2Fgithub.com%2Fcatnapper321%2Fsimple-slotmap" "/workspace/builds/worker-3-tc1/source", kill_on_drop: false }`
[INFO] [stderr] Cloning into '/workspace/builds/worker-3-tc1/source'...
[INFO] [stderr] done.
[INFO] validating manifest of git repo https://github.com/catnapper321/simple-slotmap on toolchain 1.83.0
[INFO] running `Command { std: CARGO_HOME="/workspace/cargo-home" RUSTUP_HOME="/workspace/rustup-home" "/workspace/cargo-home/bin/cargo" "+1.83.0" "metadata" "--manifest-path" "Cargo.toml" "--no-deps", kill_on_drop: false }`
[INFO] started tweaking git repo https://github.com/catnapper321/simple-slotmap
[INFO] finished tweaking git repo https://github.com/catnapper321/simple-slotmap
[INFO] tweaked toml for git repo https://github.com/catnapper321/simple-slotmap written to /workspace/builds/worker-3-tc1/source/Cargo.toml
[INFO] crate git repo https://github.com/catnapper321/simple-slotmap already has a lockfile, it will not be regenerated
[INFO] running `Command { std: CARGO_HOME="/workspace/cargo-home" RUSTUP_HOME="/workspace/rustup-home" "/workspace/cargo-home/bin/cargo" "+1.83.0" "fetch" "--manifest-path" "Cargo.toml", kill_on_drop: false }`
[INFO] running `Command { std: "docker" "create" "-v" "/var/lib/crater-agent-workspace/builds/worker-3-tc1/target:/opt/rustwide/target:rw,Z" "-v" "/var/lib/crater-agent-workspace/builds/worker-3-tc1/source:/opt/rustwide/workdir:ro,Z" "-v" "/var/lib/crater-agent-workspace/cargo-home:/opt/rustwide/cargo-home:ro,Z" "-v" "/var/lib/crater-agent-workspace/rustup-home:/opt/rustwide/rustup-home:ro,Z" "-e" "SOURCE_DIR=/opt/rustwide/workdir" "-e" "CARGO_TARGET_DIR=/opt/rustwide/target" "-e" "CARGO_HOME=/opt/rustwide/cargo-home" "-e" "RUSTUP_HOME=/opt/rustwide/rustup-home" "-w" "/opt/rustwide/workdir" "-m" "1610612736" "--user" "0:0" "--network" "none" "ghcr.io/rust-lang/crates-build-env/linux@sha256:f3a9d4ad9d972b27faf3965f35b62e55ba32bbce8f20bc8fe909558a86702fde" "/opt/rustwide/cargo-home/bin/cargo" "+1.83.0" "metadata" "--no-deps" "--format-version=1", kill_on_drop: false }`
[INFO] [stdout] ce4ef5555e0ff60c5066b64d33fd8e7cdec527d39a4d1ba10d431d872b24acfb
[INFO] running `Command { std: "docker" "start" "-a" "ce4ef5555e0ff60c5066b64d33fd8e7cdec527d39a4d1ba10d431d872b24acfb", kill_on_drop: false }`
[INFO] running `Command { std: "docker" "inspect" "ce4ef5555e0ff60c5066b64d33fd8e7cdec527d39a4d1ba10d431d872b24acfb", kill_on_drop: false }`
[INFO] running `Command { std: "docker" "rm" "-f" "ce4ef5555e0ff60c5066b64d33fd8e7cdec527d39a4d1ba10d431d872b24acfb", kill_on_drop: false }`
[INFO] [stdout] ce4ef5555e0ff60c5066b64d33fd8e7cdec527d39a4d1ba10d431d872b24acfb
[INFO] running `Command { std: "docker" "create" "-v" "/var/lib/crater-agent-workspace/builds/worker-3-tc1/target:/opt/rustwide/target:rw,Z" "-v" "/var/lib/crater-agent-workspace/builds/worker-3-tc1/source:/opt/rustwide/workdir:ro,Z" "-v" "/var/lib/crater-agent-workspace/cargo-home:/opt/rustwide/cargo-home:ro,Z" "-v" "/var/lib/crater-agent-workspace/rustup-home:/opt/rustwide/rustup-home:ro,Z" "-e" "SOURCE_DIR=/opt/rustwide/workdir" "-e" "CARGO_TARGET_DIR=/opt/rustwide/target" "-e" "CARGO_INCREMENTAL=0" "-e" "RUST_BACKTRACE=full" "-e" "RUSTFLAGS=--cap-lints=warn" "-e" "RUSTDOCFLAGS=--cap-lints=warn" "-e" "CARGO_HOME=/opt/rustwide/cargo-home" "-e" "RUSTUP_HOME=/opt/rustwide/rustup-home" "-w" "/opt/rustwide/workdir" "-m" "1610612736" "--user" "0:0" "--network" "none" "ghcr.io/rust-lang/crates-build-env/linux@sha256:f3a9d4ad9d972b27faf3965f35b62e55ba32bbce8f20bc8fe909558a86702fde" "/opt/rustwide/cargo-home/bin/cargo" "+1.83.0" "build" "--frozen" "--message-format=json", kill_on_drop: false }`
[INFO] [stdout] 5153bedf56d4a02dce7b63d391883cfd692701a0391061c574500db0bffec057
[INFO] running `Command { std: "docker" "start" "-a" "5153bedf56d4a02dce7b63d391883cfd692701a0391061c574500db0bffec057", kill_on_drop: false }`
[INFO] [stderr]    Compiling simple-slotmap v0.1.2 (/opt/rustwide/workdir)
[INFO] [stderr]     Finished `dev` profile [unoptimized + debuginfo] target(s) in 0.23s
[INFO] running `Command { std: "docker" "inspect" "5153bedf56d4a02dce7b63d391883cfd692701a0391061c574500db0bffec057", kill_on_drop: false }`
[INFO] running `Command { std: "docker" "rm" "-f" "5153bedf56d4a02dce7b63d391883cfd692701a0391061c574500db0bffec057", kill_on_drop: false }`
[INFO] [stdout] 5153bedf56d4a02dce7b63d391883cfd692701a0391061c574500db0bffec057
[INFO] running `Command { std: "docker" "create" "-v" "/var/lib/crater-agent-workspace/builds/worker-3-tc1/target:/opt/rustwide/target:rw,Z" "-v" "/var/lib/crater-agent-workspace/builds/worker-3-tc1/source:/opt/rustwide/workdir:ro,Z" "-v" "/var/lib/crater-agent-workspace/cargo-home:/opt/rustwide/cargo-home:ro,Z" "-v" "/var/lib/crater-agent-workspace/rustup-home:/opt/rustwide/rustup-home:ro,Z" "-e" "SOURCE_DIR=/opt/rustwide/workdir" "-e" "CARGO_TARGET_DIR=/opt/rustwide/target" "-e" "CARGO_INCREMENTAL=0" "-e" "RUST_BACKTRACE=full" "-e" "RUSTFLAGS=--cap-lints=warn" "-e" "RUSTDOCFLAGS=--cap-lints=warn" "-e" "CARGO_HOME=/opt/rustwide/cargo-home" "-e" "RUSTUP_HOME=/opt/rustwide/rustup-home" "-w" "/opt/rustwide/workdir" "-m" "1610612736" "--user" "0:0" "--network" "none" "ghcr.io/rust-lang/crates-build-env/linux@sha256:f3a9d4ad9d972b27faf3965f35b62e55ba32bbce8f20bc8fe909558a86702fde" "/opt/rustwide/cargo-home/bin/cargo" "+1.83.0" "test" "--frozen" "--no-run" "--message-format=json", kill_on_drop: false }`
[INFO] [stdout] 1b2dfc2ba51e67f76c5f4db460e917c29fc69ed68cb783f5d072fc18d0bf3e5c
[INFO] running `Command { std: "docker" "start" "-a" "1b2dfc2ba51e67f76c5f4db460e917c29fc69ed68cb783f5d072fc18d0bf3e5c", kill_on_drop: false }`
[INFO] [stderr]    Compiling simple-slotmap v0.1.2 (/opt/rustwide/workdir)
[INFO] [stderr]     Finished `test` profile [unoptimized + debuginfo] target(s) in 0.45s
[INFO] running `Command { std: "docker" "inspect" "1b2dfc2ba51e67f76c5f4db460e917c29fc69ed68cb783f5d072fc18d0bf3e5c", kill_on_drop: false }`
[INFO] running `Command { std: "docker" "rm" "-f" "1b2dfc2ba51e67f76c5f4db460e917c29fc69ed68cb783f5d072fc18d0bf3e5c", kill_on_drop: false }`
[INFO] [stdout] 1b2dfc2ba51e67f76c5f4db460e917c29fc69ed68cb783f5d072fc18d0bf3e5c
[INFO] running `Command { std: "docker" "create" "-v" "/var/lib/crater-agent-workspace/builds/worker-3-tc1/target:/opt/rustwide/target:rw,Z" "-v" "/var/lib/crater-agent-workspace/builds/worker-3-tc1/source:/opt/rustwide/workdir:ro,Z" "-v" "/var/lib/crater-agent-workspace/cargo-home:/opt/rustwide/cargo-home:ro,Z" "-v" "/var/lib/crater-agent-workspace/rustup-home:/opt/rustwide/rustup-home:ro,Z" "-e" "SOURCE_DIR=/opt/rustwide/workdir" "-e" "CARGO_TARGET_DIR=/opt/rustwide/target" "-e" "CARGO_INCREMENTAL=0" "-e" "RUST_BACKTRACE=full" "-e" "RUSTFLAGS=--cap-lints=warn" "-e" "RUSTDOCFLAGS=--cap-lints=warn" "-e" "CARGO_HOME=/opt/rustwide/cargo-home" "-e" "RUSTUP_HOME=/opt/rustwide/rustup-home" "-w" "/opt/rustwide/workdir" "-m" "1610612736" "--user" "0:0" "--network" "none" "ghcr.io/rust-lang/crates-build-env/linux@sha256:f3a9d4ad9d972b27faf3965f35b62e55ba32bbce8f20bc8fe909558a86702fde" "/opt/rustwide/cargo-home/bin/cargo" "+1.83.0" "test" "--frozen", kill_on_drop: false }`
[INFO] [stdout] 63e166371c84bfc96ca775f9e5be88009c9bbca26f6f23d668cca5ca67e06d29
[INFO] running `Command { std: "docker" "start" "-a" "63e166371c84bfc96ca775f9e5be88009c9bbca26f6f23d668cca5ca67e06d29", kill_on_drop: false }`
[INFO] [stderr]     Finished `test` profile [unoptimized + debuginfo] target(s) in 0.02s
[INFO] [stderr]      Running unittests src/lib.rs (/opt/rustwide/target/debug/deps/simple_slotmap-3c8311462d74040c)
[INFO] [stdout] 
[INFO] [stdout] running 0 tests
[INFO] [stdout] 
[INFO] [stdout] test result: ok. 0 passed; 0 failed; 0 ignored; 0 measured; 0 filtered out; finished in 0.00s
[INFO] [stdout] 
[INFO] [stderr]    Doc-tests simple_slotmap
[INFO] [stdout] 
[INFO] [stdout] running 1 test
[INFO] [stdout] test src/lib.rs - Slots<K,V>::add_with (line 154) ... FAILED
[INFO] [stdout] 
[INFO] [stdout] failures:
[INFO] [stdout] 
[INFO] [stdout] ---- src/lib.rs - Slots<K,V>::add_with (line 154) stdout ----
[INFO] [stdout] error[E0425]: cannot find value `slots` in this scope
[INFO] [stdout]  --> src/lib.rs:155:15
[INFO] [stdout]   |
[INFO] [stdout] 3 | let new_key = slots.add_with::<MyErrorType>(|key| {
[INFO] [stdout]   |               ^^^^^ not found in this scope
[INFO] [stdout] 
[INFO] [stdout] error[E0425]: cannot find value `Something` in this scope
[INFO] [stdout]  --> src/lib.rs:156:17
[INFO] [stdout]   |
[INFO] [stdout] 4 |     let thing = Something.new()?;
[INFO] [stdout]   |                 ^^^^^^^^^ not found in this scope
[INFO] [stdout] 
[INFO] [stdout] error[E0412]: cannot find type `MyErrorType` in this scope
[INFO] [stdout]  --> src/lib.rs:155:32
[INFO] [stdout]   |
[INFO] [stdout] 3 | let new_key = slots.add_with::<MyErrorType>(|key| {
[INFO] [stdout]   |                                ^^^^^^^^^^^ not found in this scope
[INFO] [stdout]   |
[INFO] [stdout] help: you might be missing a type parameter
[INFO] [stdout]   |
[INFO] [stdout] 2 | fn main() { #[allow(non_snake_case)] fn _doctest_main_src_lib_rs_154_0<MyErrorType>() {
[INFO] [stdout]   |                                                                       +++++++++++++
[INFO] [stdout] 
[INFO] [stdout] error: aborting due to 3 previous errors
[INFO] [stdout] 
[INFO] [stdout] Some errors have detailed explanations: E0412, E0425.
[INFO] [stdout] For more information about an error, try `rustc --explain E0412`.
[INFO] [stdout] Couldn't compile the test.
[INFO] [stdout] 
[INFO] [stdout] failures:
[INFO] [stdout]     src/lib.rs - Slots<K,V>::add_with (line 154)
[INFO] [stdout] 
[INFO] [stdout] test result: FAILED. 0 passed; 1 failed; 0 ignored; 0 measured; 0 filtered out; finished in 0.12s
[INFO] [stdout] 
[INFO] [stderr] error: doctest failed, to rerun pass `--doc`
[INFO] running `Command { std: "docker" "inspect" "63e166371c84bfc96ca775f9e5be88009c9bbca26f6f23d668cca5ca67e06d29", kill_on_drop: false }`
[INFO] running `Command { std: "docker" "rm" "-f" "63e166371c84bfc96ca775f9e5be88009c9bbca26f6f23d668cca5ca67e06d29", kill_on_drop: false }`
[INFO] [stdout] 63e166371c84bfc96ca775f9e5be88009c9bbca26f6f23d668cca5ca67e06d29
