[INFO] cloning repository https://github.com/castelao/asherpa
[INFO] running `Command { std: "git" "-c" "credential.helper=" "-c" "credential.helper=/workspace/cargo-home/bin/git-credential-null" "clone" "--bare" "https://github.com/castelao/asherpa" "/workspace/cache/git-repos/https%3A%2F%2Fgithub.com%2Fcastelao%2Fasherpa", kill_on_drop: false }`
[INFO] [stderr] Cloning into bare repository '/workspace/cache/git-repos/https%3A%2F%2Fgithub.com%2Fcastelao%2Fasherpa'...
[INFO] running `Command { std: "git" "rev-parse" "HEAD", kill_on_drop: false }`
[INFO] [stdout] d8c42406b4be5f97dfd3ec499850328212665fe5
[INFO] testing castelao/asherpa against 1.83.0 for beta-1.84.0-4-retry
[INFO] running `Command { std: "git" "clone" "/workspace/cache/git-repos/https%3A%2F%2Fgithub.com%2Fcastelao%2Fasherpa" "/workspace/builds/worker-0-tc1/source", kill_on_drop: false }`
[INFO] [stderr] Cloning into '/workspace/builds/worker-0-tc1/source'...
[INFO] [stderr] done.
[INFO] validating manifest of git repo https://github.com/castelao/asherpa on toolchain 1.83.0
[INFO] running `Command { std: CARGO_HOME="/workspace/cargo-home" RUSTUP_HOME="/workspace/rustup-home" "/workspace/cargo-home/bin/cargo" "+1.83.0" "metadata" "--manifest-path" "Cargo.toml" "--no-deps", kill_on_drop: false }`
[INFO] started tweaking git repo https://github.com/castelao/asherpa
[INFO] finished tweaking git repo https://github.com/castelao/asherpa
[INFO] tweaked toml for git repo https://github.com/castelao/asherpa written to /workspace/builds/worker-0-tc1/source/Cargo.toml
[INFO] crate git repo https://github.com/castelao/asherpa already has a lockfile, it will not be regenerated
[INFO] running `Command { std: CARGO_HOME="/workspace/cargo-home" RUSTUP_HOME="/workspace/rustup-home" "/workspace/cargo-home/bin/cargo" "+1.83.0" "fetch" "--manifest-path" "Cargo.toml", kill_on_drop: false }`
[INFO] [stderr]     Updating crates.io index
[INFO] [stderr]      Locking 53 packages to latest compatible versions
[INFO] [stderr]     Updating base64 v0.21.7 -> v0.22.1
[INFO] [stderr]       Adding byteorder v1.5.0
[INFO] [stderr]     Updating bytes v1.5.0 -> v1.9.0
[INFO] [stderr]       Adding cfg_aliases v0.2.1
[INFO] [stderr]     Updating http v0.2.11 -> v1.2.0
[INFO] [stderr]     Updating http-body v0.4.6 -> v1.0.1
[INFO] [stderr]       Adding http-body-util v0.1.2
[INFO] [stderr]     Updating hyper v0.14.28 -> v1.5.1
[INFO] [stderr]     Updating hyper-rustls v0.24.2 -> v0.27.3
[INFO] [stderr]       Adding hyper-util v0.1.10
[INFO] [stderr]     Updating libc v0.2.153 -> v0.2.168
[INFO] [stderr]     Updating mio v0.8.10 -> v1.0.3
[INFO] [stderr]       Adding ppv-lite86 v0.2.20
[INFO] [stderr]     Updating proc-macro2 v1.0.78 -> v1.0.92
[INFO] [stderr]       Adding quinn v0.11.6
[INFO] [stderr]       Adding quinn-proto v0.11.9
[INFO] [stderr]       Adding quinn-udp v0.5.8
[INFO] [stderr]       Adding rand v0.8.5
[INFO] [stderr]       Adding rand_chacha v0.3.1
[INFO] [stderr]       Adding rand_core v0.6.4
[INFO] [stderr]     Updating reqwest v0.11.24 -> v0.12.9
[INFO] [stderr]       Adding rustc-hash v2.1.0
[INFO] [stderr]     Updating rustls v0.21.10 -> v0.23.20
[INFO] [stderr]     Updating rustls-pemfile v1.0.4 -> v2.2.0
[INFO] [stderr]       Adding rustls-pki-types v1.10.1
[INFO] [stderr]     Updating rustls-webpki v0.101.7 -> v0.102.8
[INFO] [stderr]       Adding smallvec v1.13.2
[INFO] [stderr]       Adding subtle v2.6.1
[INFO] [stderr]     Updating syn v2.0.48 -> v2.0.90
[INFO] [stderr]     Updating sync_wrapper v0.1.2 -> v1.0.2
[INFO] [stderr]       Adding thiserror v2.0.7
[INFO] [stderr]       Adding thiserror-impl v2.0.7
[INFO] [stderr]     Updating tokio v1.35.1 -> v1.42.0
[INFO] [stderr]     Updating tokio-macros v2.2.0 -> v2.4.0
[INFO] [stderr]     Updating tokio-rustls v0.24.1 -> v0.26.1
[INFO] [stderr]       Adding tracing-attributes v0.1.28
[INFO] [stderr]       Adding web-time v1.1.0
[INFO] [stderr]     Updating webpki-roots v0.25.3 -> v0.26.7
[INFO] [stderr]       Adding windows-registry v0.2.0
[INFO] [stderr]       Adding windows-result v0.2.0
[INFO] [stderr]       Adding windows-strings v0.1.0
[INFO] [stderr]     Updating windows-targets v0.52.0 -> v0.52.6
[INFO] [stderr]     Updating windows_aarch64_gnullvm v0.52.0 -> v0.52.6
[INFO] [stderr]     Updating windows_aarch64_msvc v0.52.0 -> v0.52.6
[INFO] [stderr]     Updating windows_i686_gnu v0.52.0 -> v0.52.6
[INFO] [stderr]       Adding windows_i686_gnullvm v0.52.6
[INFO] [stderr]     Updating windows_i686_msvc v0.52.0 -> v0.52.6
[INFO] [stderr]     Updating windows_x86_64_gnu v0.52.0 -> v0.52.6
[INFO] [stderr]     Updating windows_x86_64_gnullvm v0.52.0 -> v0.52.6
[INFO] [stderr]     Updating windows_x86_64_msvc v0.52.0 -> v0.52.6
[INFO] [stderr]       Adding zerocopy v0.7.35
[INFO] [stderr]       Adding zerocopy-derive v0.7.35
[INFO] [stderr]       Adding zeroize v1.8.1
[INFO] running `Command { std: "docker" "create" "-v" "/var/lib/crater-agent-workspace/builds/worker-0-tc1/target:/opt/rustwide/target:rw,Z" "-v" "/var/lib/crater-agent-workspace/builds/worker-0-tc1/source:/opt/rustwide/workdir:ro,Z" "-v" "/var/lib/crater-agent-workspace/cargo-home:/opt/rustwide/cargo-home:ro,Z" "-v" "/var/lib/crater-agent-workspace/rustup-home:/opt/rustwide/rustup-home:ro,Z" "-e" "SOURCE_DIR=/opt/rustwide/workdir" "-e" "CARGO_TARGET_DIR=/opt/rustwide/target" "-e" "CARGO_HOME=/opt/rustwide/cargo-home" "-e" "RUSTUP_HOME=/opt/rustwide/rustup-home" "-w" "/opt/rustwide/workdir" "-m" "1610612736" "--user" "0:0" "--network" "none" "ghcr.io/rust-lang/crates-build-env/linux@sha256:f3a9d4ad9d972b27faf3965f35b62e55ba32bbce8f20bc8fe909558a86702fde" "/opt/rustwide/cargo-home/bin/cargo" "+1.83.0" "metadata" "--no-deps" "--format-version=1", kill_on_drop: false }`
[INFO] [stdout] 65ef5747c061453795e1d0b2d664219d480c734c498288377241ecbf219deb39
[INFO] running `Command { std: "docker" "start" "-a" "65ef5747c061453795e1d0b2d664219d480c734c498288377241ecbf219deb39", kill_on_drop: false }`
[INFO] running `Command { std: "docker" "inspect" "65ef5747c061453795e1d0b2d664219d480c734c498288377241ecbf219deb39", kill_on_drop: false }`
[INFO] running `Command { std: "docker" "rm" "-f" "65ef5747c061453795e1d0b2d664219d480c734c498288377241ecbf219deb39", kill_on_drop: false }`
[INFO] [stdout] 65ef5747c061453795e1d0b2d664219d480c734c498288377241ecbf219deb39
[INFO] running `Command { std: "docker" "create" "-v" "/var/lib/crater-agent-workspace/builds/worker-0-tc1/target:/opt/rustwide/target:rw,Z" "-v" "/var/lib/crater-agent-workspace/builds/worker-0-tc1/source:/opt/rustwide/workdir:ro,Z" "-v" "/var/lib/crater-agent-workspace/cargo-home:/opt/rustwide/cargo-home:ro,Z" "-v" "/var/lib/crater-agent-workspace/rustup-home:/opt/rustwide/rustup-home:ro,Z" "-e" "SOURCE_DIR=/opt/rustwide/workdir" "-e" "CARGO_TARGET_DIR=/opt/rustwide/target" "-e" "CARGO_INCREMENTAL=0" "-e" "RUST_BACKTRACE=full" "-e" "RUSTFLAGS=--cap-lints=warn" "-e" "RUSTDOCFLAGS=--cap-lints=warn" "-e" "CARGO_HOME=/opt/rustwide/cargo-home" "-e" "RUSTUP_HOME=/opt/rustwide/rustup-home" "-w" "/opt/rustwide/workdir" "-m" "1610612736" "--user" "0:0" "--network" "none" "ghcr.io/rust-lang/crates-build-env/linux@sha256:f3a9d4ad9d972b27faf3965f35b62e55ba32bbce8f20bc8fe909558a86702fde" "/opt/rustwide/cargo-home/bin/cargo" "+1.83.0" "build" "--frozen" "--message-format=json", kill_on_drop: false }`
[INFO] [stdout] a1119f25c05593c50c3204230307730e00d35fa784214fba04bc198a17a71f7a
[INFO] running `Command { std: "docker" "start" "-a" "a1119f25c05593c50c3204230307730e00d35fa784214fba04bc198a17a71f7a", kill_on_drop: false }`
[INFO] [stderr]    Compiling libc v0.2.168
[INFO] [stderr]    Compiling proc-macro2 v1.0.92
[INFO] [stderr]    Compiling unicode-ident v1.0.12
[INFO] [stderr]    Compiling pin-project-lite v0.2.13
[INFO] [stderr]    Compiling autocfg v1.1.0
[INFO] [stderr]    Compiling futures-core v0.3.30
[INFO] [stderr]    Compiling futures-sink v0.3.30
[INFO] [stderr]    Compiling bytes v1.9.0
[INFO] [stderr]    Compiling futures-task v0.3.30
[INFO] [stderr]    Compiling futures-io v0.3.30
[INFO] [stderr]    Compiling itoa v1.0.10
[INFO] [stderr]    Compiling pin-utils v0.1.0
[INFO] [stderr]    Compiling memchr v2.7.1
[INFO] [stderr]    Compiling cfg-if v1.0.0
[INFO] [stderr]    Compiling rustls-pki-types v1.10.1
[INFO] [stderr]    Compiling fnv v1.0.7
[INFO] [stderr]    Compiling once_cell v1.19.0
[INFO] [stderr]    Compiling httparse v1.8.0
[INFO] [stderr]    Compiling untrusted v0.9.0
[INFO] [stderr]    Compiling futures-channel v0.3.30
[INFO] [stderr]    Compiling spin v0.9.8
[INFO] [stderr]    Compiling tinyvec_macros v0.1.1
[INFO] [stderr]    Compiling try-lock v0.2.5
[INFO] [stderr]    Compiling rustls v0.23.20
[INFO] [stderr]    Compiling tinyvec v1.6.0
[INFO] [stderr]    Compiling percent-encoding v2.3.1
[INFO] [stderr]    Compiling subtle v2.6.1
[INFO] [stderr]    Compiling want v0.3.1
[INFO] [stderr]    Compiling zeroize v1.8.1
[INFO] [stderr]    Compiling smallvec v1.13.2
[INFO] [stderr]    Compiling tracing-core v0.1.32
[INFO] [stderr]    Compiling http v1.2.0
[INFO] [stderr]    Compiling serde v1.0.196
[INFO] [stderr]    Compiling form_urlencoded v1.2.1
[INFO] [stderr]    Compiling unicode-bidi v0.3.15
[INFO] [stderr]    Compiling tower-service v0.3.2
[INFO] [stderr]    Compiling slab v0.4.9
[INFO] [stderr]    Compiling webpki-roots v0.26.7
[INFO] [stderr]    Compiling option-ext v0.2.0
[INFO] [stderr]    Compiling ryu v1.0.16
[INFO] [stderr]    Compiling rustls-pemfile v2.2.0
[INFO] [stderr]    Compiling sync_wrapper v1.0.2
[INFO] [stderr]    Compiling mime v0.3.17
[INFO] [stderr]    Compiling ipnet v2.9.0
[INFO] [stderr]    Compiling log v0.4.20
[INFO] [stderr]    Compiling base64 v0.22.1
[INFO] [stderr]    Compiling quote v1.0.35
[INFO] [stderr]    Compiling syn v2.0.90
[INFO] [stderr]    Compiling cc v1.0.83
[INFO] [stderr]    Compiling unicode-normalization v0.1.22
[INFO] [stderr]    Compiling socket2 v0.5.5
[INFO] [stderr]    Compiling mio v1.0.3
[INFO] [stderr]    Compiling getrandom v0.2.12
[INFO] [stderr]    Compiling dirs-sys v0.4.1
[INFO] [stderr]    Compiling http-body v1.0.1
[INFO] [stderr]    Compiling dirs v5.0.1
[INFO] [stderr]    Compiling idna v0.5.0
[INFO] [stderr]    Compiling tokio v1.42.0
[INFO] [stderr]    Compiling ring v0.17.7
[INFO] [stderr]    Compiling url v2.5.0
[INFO] [stderr]    Compiling serde_urlencoded v0.7.1
[INFO] [stderr]    Compiling futures-macro v0.3.30
[INFO] [stderr]    Compiling tracing-attributes v0.1.28
[INFO] [stderr]    Compiling rustls-webpki v0.102.8
[INFO] [stderr]    Compiling futures-util v0.3.30
[INFO] [stderr]    Compiling tracing v0.1.40
[INFO] [stderr]    Compiling hyper v1.5.1
[INFO] [stderr]    Compiling futures-executor v0.3.30
[INFO] [stderr]    Compiling http-body-util v0.1.2
[INFO] [stderr]    Compiling futures v0.3.30
[INFO] [stderr]    Compiling hyper-util v0.1.10
[INFO] [stderr]    Compiling tokio-rustls v0.26.1
[INFO] [stderr]    Compiling hyper-rustls v0.27.3
[INFO] [stderr]    Compiling reqwest v0.12.9
[INFO] [stderr]    Compiling asherpa v0.0.1 (/opt/rustwide/workdir)
[INFO] [stdout] warning: unused variable: `resources`
[INFO] [stdout]    --> src/lib.rs:112:9
[INFO] [stdout]     |
[INFO] [stdout] 112 |     let resources = rt.block_on(async {
[INFO] [stdout]     |         ^^^^^^^^^ help: if this is intentional, prefix it with an underscore: `_resources`
[INFO] [stdout]     |
[INFO] [stdout]     = note: `#[warn(unused_variables)]` on by default
[INFO] [stdout] 
[INFO] [stdout] 
[INFO] [stdout] warning: fields `size` and `hash` are never read
[INFO] [stdout]   --> src/lib.rs:16:5
[INFO] [stdout]    |
[INFO] [stdout] 13 | pub struct Artifact {
[INFO] [stdout]    |            -------- fields in this struct
[INFO] [stdout] ...
[INFO] [stdout] 16 |     size: Option<usize>,
[INFO] [stdout]    |     ^^^^
[INFO] [stdout] 17 |     hash: Option<String>,
[INFO] [stdout]    |     ^^^^
[INFO] [stdout]    |
[INFO] [stdout]    = note: `Artifact` has a derived impl for the trait `Debug`, but this is intentionally ignored during dead code analysis
[INFO] [stdout]    = note: `#[warn(dead_code)]` on by default
[INFO] [stdout] 
[INFO] [stdout] 
[INFO] [stdout] warning: fields `url`, `filename`, `size`, and `hash` are never read
[INFO] [stdout]   --> src/lib.rs:28:5
[INFO] [stdout]    |
[INFO] [stdout] 27 | pub struct Resource {
[INFO] [stdout]    |            -------- fields in this struct
[INFO] [stdout] 28 |     url: String,
[INFO] [stdout]    |     ^^^
[INFO] [stdout] 29 |     filename: String,
[INFO] [stdout]    |     ^^^^^^^^
[INFO] [stdout] 30 |     size: usize,
[INFO] [stdout]    |     ^^^^
[INFO] [stdout] 31 |     hash: String,
[INFO] [stdout]    |     ^^^^
[INFO] [stdout]    |
[INFO] [stdout]    = note: `Resource` has a derived impl for the trait `Debug`, but this is intentionally ignored during dead code analysis
[INFO] [stdout] 
[INFO] [stdout] 
[INFO] [stderr]     Finished `dev` profile [unoptimized + debuginfo] target(s) in 37.09s
[INFO] running `Command { std: "docker" "inspect" "a1119f25c05593c50c3204230307730e00d35fa784214fba04bc198a17a71f7a", kill_on_drop: false }`
[INFO] running `Command { std: "docker" "rm" "-f" "a1119f25c05593c50c3204230307730e00d35fa784214fba04bc198a17a71f7a", kill_on_drop: false }`
[INFO] [stdout] a1119f25c05593c50c3204230307730e00d35fa784214fba04bc198a17a71f7a
[INFO] running `Command { std: "docker" "create" "-v" "/var/lib/crater-agent-workspace/builds/worker-0-tc1/target:/opt/rustwide/target:rw,Z" "-v" "/var/lib/crater-agent-workspace/builds/worker-0-tc1/source:/opt/rustwide/workdir:ro,Z" "-v" "/var/lib/crater-agent-workspace/cargo-home:/opt/rustwide/cargo-home:ro,Z" "-v" "/var/lib/crater-agent-workspace/rustup-home:/opt/rustwide/rustup-home:ro,Z" "-e" "SOURCE_DIR=/opt/rustwide/workdir" "-e" "CARGO_TARGET_DIR=/opt/rustwide/target" "-e" "CARGO_INCREMENTAL=0" "-e" "RUST_BACKTRACE=full" "-e" "RUSTFLAGS=--cap-lints=warn" "-e" "RUSTDOCFLAGS=--cap-lints=warn" "-e" "CARGO_HOME=/opt/rustwide/cargo-home" "-e" "RUSTUP_HOME=/opt/rustwide/rustup-home" "-w" "/opt/rustwide/workdir" "-m" "1610612736" "--user" "0:0" "--network" "none" "ghcr.io/rust-lang/crates-build-env/linux@sha256:f3a9d4ad9d972b27faf3965f35b62e55ba32bbce8f20bc8fe909558a86702fde" "/opt/rustwide/cargo-home/bin/cargo" "+1.83.0" "test" "--frozen" "--no-run" "--message-format=json", kill_on_drop: false }`
[INFO] [stdout] 557fb65032051ce51d1360e663f063d02718a783c4e68b024db6679938c24453
[INFO] running `Command { std: "docker" "start" "-a" "557fb65032051ce51d1360e663f063d02718a783c4e68b024db6679938c24453", kill_on_drop: false }`
[INFO] [stderr]    Compiling rustix v0.38.31
[INFO] [stderr]    Compiling tokio-macros v2.4.0
[INFO] [stderr]    Compiling linux-raw-sys v0.4.13
[INFO] [stderr]    Compiling bitflags v2.4.2
[INFO] [stderr]    Compiling fastrand v2.0.1
[INFO] [stderr]    Compiling tokio v1.42.0
[INFO] [stderr]    Compiling tempfile v3.9.0
[INFO] [stderr]    Compiling hyper v1.5.1
[INFO] [stderr]    Compiling tokio-rustls v0.26.1
[INFO] [stderr]    Compiling hyper-util v0.1.10
[INFO] [stderr]    Compiling hyper-rustls v0.27.3
[INFO] [stderr]    Compiling reqwest v0.12.9
[INFO] [stderr]    Compiling asherpa v0.0.1 (/opt/rustwide/workdir)
[INFO] [stdout] warning: unused variable: `resources`
[INFO] [stdout]    --> src/lib.rs:112:9
[INFO] [stdout]     |
[INFO] [stdout] 112 |     let resources = rt.block_on(async {
[INFO] [stdout]     |         ^^^^^^^^^ help: if this is intentional, prefix it with an underscore: `_resources`
[INFO] [stdout]     |
[INFO] [stdout]     = note: `#[warn(unused_variables)]` on by default
[INFO] [stdout] 
[INFO] [stdout] 
[INFO] [stdout] warning: fields `size` and `hash` are never read
[INFO] [stdout]   --> src/lib.rs:16:5
[INFO] [stdout]    |
[INFO] [stdout] 13 | pub struct Artifact {
[INFO] [stdout]    |            -------- fields in this struct
[INFO] [stdout] ...
[INFO] [stdout] 16 |     size: Option<usize>,
[INFO] [stdout]    |     ^^^^
[INFO] [stdout] 17 |     hash: Option<String>,
[INFO] [stdout]    |     ^^^^
[INFO] [stdout]    |
[INFO] [stdout]    = note: `Artifact` has a derived impl for the trait `Debug`, but this is intentionally ignored during dead code analysis
[INFO] [stdout]    = note: `#[warn(dead_code)]` on by default
[INFO] [stdout] 
[INFO] [stdout] 
[INFO] [stdout] warning: fields `url`, `filename`, `size`, and `hash` are never read
[INFO] [stdout]   --> src/lib.rs:28:5
[INFO] [stdout]    |
[INFO] [stdout] 27 | pub struct Resource {
[INFO] [stdout]    |            -------- fields in this struct
[INFO] [stdout] 28 |     url: String,
[INFO] [stdout]    |     ^^^
[INFO] [stdout] 29 |     filename: String,
[INFO] [stdout]    |     ^^^^^^^^
[INFO] [stdout] 30 |     size: usize,
[INFO] [stdout]    |     ^^^^
[INFO] [stdout] 31 |     hash: String,
[INFO] [stdout]    |     ^^^^
[INFO] [stdout]    |
[INFO] [stdout]    = note: `Resource` has a derived impl for the trait `Debug`, but this is intentionally ignored during dead code analysis
[INFO] [stdout] 
[INFO] [stdout] 
[INFO] [stdout] warning: unused import: `tempfile::NamedTempFile`
[INFO] [stdout]    --> src/lib.rs:127:9
[INFO] [stdout]     |
[INFO] [stdout] 127 |     use tempfile::NamedTempFile;
[INFO] [stdout]     |         ^^^^^^^^^^^^^^^^^^^^^^^
[INFO] [stdout]     |
[INFO] [stdout]     = note: `#[warn(unused_imports)]` on by default
[INFO] [stdout] 
[INFO] [stdout] 
[INFO] [stdout] warning: unused variable: `resources`
[INFO] [stdout]    --> src/lib.rs:112:9
[INFO] [stdout]     |
[INFO] [stdout] 112 |     let resources = rt.block_on(async {
[INFO] [stdout]     |         ^^^^^^^^^ help: if this is intentional, prefix it with an underscore: `_resources`
[INFO] [stdout]     |
[INFO] [stdout]     = note: `#[warn(unused_variables)]` on by default
[INFO] [stdout] 
[INFO] [stdout] 
[INFO] [stdout] warning: unused variable: `size`
[INFO] [stdout]    --> src/lib.rs:153:17
[INFO] [stdout]     |
[INFO] [stdout] 153 |             let size = write(
[INFO] [stdout]     |                 ^^^^ help: if this is intentional, prefix it with an underscore: `_size`
[INFO] [stdout] 
[INFO] [stdout] 
[INFO] [stdout] warning: unused variable: `size`
[INFO] [stdout]    --> src/lib.rs:168:17
[INFO] [stdout]     |
[INFO] [stdout] 168 |             let size = download(vec![Artifact {
[INFO] [stdout]     |                 ^^^^ help: if this is intentional, prefix it with an underscore: `_size`
[INFO] [stdout] 
[INFO] [stdout] 
[INFO] [stdout] warning: fields `size` and `hash` are never read
[INFO] [stdout]   --> src/lib.rs:16:5
[INFO] [stdout]    |
[INFO] [stdout] 13 | pub struct Artifact {
[INFO] [stdout]    |            -------- fields in this struct
[INFO] [stdout] ...
[INFO] [stdout] 16 |     size: Option<usize>,
[INFO] [stdout]    |     ^^^^
[INFO] [stdout] 17 |     hash: Option<String>,
[INFO] [stdout]    |     ^^^^
[INFO] [stdout]    |
[INFO] [stdout]    = note: `Artifact` has a derived impl for the trait `Debug`, but this is intentionally ignored during dead code analysis
[INFO] [stdout]    = note: `#[warn(dead_code)]` on by default
[INFO] [stdout] 
[INFO] [stdout] 
[INFO] [stdout] warning: fields `url`, `filename`, `size`, and `hash` are never read
[INFO] [stdout]   --> src/lib.rs:28:5
[INFO] [stdout]    |
[INFO] [stdout] 27 | pub struct Resource {
[INFO] [stdout]    |            -------- fields in this struct
[INFO] [stdout] 28 |     url: String,
[INFO] [stdout]    |     ^^^
[INFO] [stdout] 29 |     filename: String,
[INFO] [stdout]    |     ^^^^^^^^
[INFO] [stdout] 30 |     size: usize,
[INFO] [stdout]    |     ^^^^
[INFO] [stdout] 31 |     hash: String,
[INFO] [stdout]    |     ^^^^
[INFO] [stdout]    |
[INFO] [stdout]    = note: `Resource` has a derived impl for the trait `Debug`, but this is intentionally ignored during dead code analysis
[INFO] [stdout] 
[INFO] [stdout] 
[INFO] [stderr]     Finished `test` profile [unoptimized + debuginfo] target(s) in 18.22s
[INFO] running `Command { std: "docker" "inspect" "557fb65032051ce51d1360e663f063d02718a783c4e68b024db6679938c24453", kill_on_drop: false }`
[INFO] running `Command { std: "docker" "rm" "-f" "557fb65032051ce51d1360e663f063d02718a783c4e68b024db6679938c24453", kill_on_drop: false }`
[INFO] [stdout] 557fb65032051ce51d1360e663f063d02718a783c4e68b024db6679938c24453
[INFO] running `Command { std: "docker" "create" "-v" "/var/lib/crater-agent-workspace/builds/worker-0-tc1/target:/opt/rustwide/target:rw,Z" "-v" "/var/lib/crater-agent-workspace/builds/worker-0-tc1/source:/opt/rustwide/workdir:ro,Z" "-v" "/var/lib/crater-agent-workspace/cargo-home:/opt/rustwide/cargo-home:ro,Z" "-v" "/var/lib/crater-agent-workspace/rustup-home:/opt/rustwide/rustup-home:ro,Z" "-e" "SOURCE_DIR=/opt/rustwide/workdir" "-e" "CARGO_TARGET_DIR=/opt/rustwide/target" "-e" "CARGO_INCREMENTAL=0" "-e" "RUST_BACKTRACE=full" "-e" "RUSTFLAGS=--cap-lints=warn" "-e" "RUSTDOCFLAGS=--cap-lints=warn" "-e" "CARGO_HOME=/opt/rustwide/cargo-home" "-e" "RUSTUP_HOME=/opt/rustwide/rustup-home" "-w" "/opt/rustwide/workdir" "-m" "1610612736" "--user" "0:0" "--network" "none" "ghcr.io/rust-lang/crates-build-env/linux@sha256:f3a9d4ad9d972b27faf3965f35b62e55ba32bbce8f20bc8fe909558a86702fde" "/opt/rustwide/cargo-home/bin/cargo" "+1.83.0" "test" "--frozen", kill_on_drop: false }`
[INFO] [stdout] 97b1898b6130603dab9538bcd20d885bfbb55b4dd5bb65e07bc030ec58fbd947
[INFO] running `Command { std: "docker" "start" "-a" "97b1898b6130603dab9538bcd20d885bfbb55b4dd5bb65e07bc030ec58fbd947", kill_on_drop: false }`
[INFO] [stderr] warning: unused variable: `resources`
[INFO] [stderr]    --> src/lib.rs:112:9
[INFO] [stderr]     |
[INFO] [stderr] 112 |     let resources = rt.block_on(async {
[INFO] [stderr]     |         ^^^^^^^^^ help: if this is intentional, prefix it with an underscore: `_resources`
[INFO] [stderr]     |
[INFO] [stderr]     = note: `#[warn(unused_variables)]` on by default
[INFO] [stderr] 
[INFO] [stderr] warning: fields `size` and `hash` are never read
[INFO] [stderr]   --> src/lib.rs:16:5
[INFO] [stderr]    |
[INFO] [stderr] 13 | pub struct Artifact {
[INFO] [stderr]    |            -------- fields in this struct
[INFO] [stderr] ...
[INFO] [stderr] 16 |     size: Option<usize>,
[INFO] [stderr]    |     ^^^^
[INFO] [stderr] 17 |     hash: Option<String>,
[INFO] [stderr]    |     ^^^^
[INFO] [stderr]    |
[INFO] [stderr]    = note: `Artifact` has a derived impl for the trait `Debug`, but this is intentionally ignored during dead code analysis
[INFO] [stderr]    = note: `#[warn(dead_code)]` on by default
[INFO] [stderr] 
[INFO] [stderr] warning: fields `url`, `filename`, `size`, and `hash` are never read
[INFO] [stderr]   --> src/lib.rs:28:5
[INFO] [stderr]    |
[INFO] [stderr] 27 | pub struct Resource {
[INFO] [stderr]    |            -------- fields in this struct
[INFO] [stderr] 28 |     url: String,
[INFO] [stderr]    |     ^^^
[INFO] [stderr] 29 |     filename: String,
[INFO] [stderr]    |     ^^^^^^^^
[INFO] [stderr] 30 |     size: usize,
[INFO] [stderr]    |     ^^^^
[INFO] [stderr] 31 |     hash: String,
[INFO] [stderr]    |     ^^^^
[INFO] [stderr]    |
[INFO] [stderr]    = note: `Resource` has a derived impl for the trait `Debug`, but this is intentionally ignored during dead code analysis
[INFO] [stderr] 
[INFO] [stderr] warning: unused import: `tempfile::NamedTempFile`
[INFO] [stderr]    --> src/lib.rs:127:9
[INFO] [stderr]     |
[INFO] [stderr] 127 |     use tempfile::NamedTempFile;
[INFO] [stderr]     |         ^^^^^^^^^^^^^^^^^^^^^^^
[INFO] [stderr]     |
[INFO] [stderr]     = note: `#[warn(unused_imports)]` on by default
[INFO] [stderr] 
[INFO] [stderr] warning: unused variable: `size`
[INFO] [stderr]    --> src/lib.rs:153:17
[INFO] [stderr]     |
[INFO] [stderr] 153 |             let size = write(
[INFO] [stderr]     |                 ^^^^ help: if this is intentional, prefix it with an underscore: `_size`
[INFO] [stderr] 
[INFO] [stderr] warning: unused variable: `size`
[INFO] [stderr]    --> src/lib.rs:168:17
[INFO] [stderr]     |
[INFO] [stderr] 168 |             let size = download(vec![Artifact {
[INFO] [stderr]     |                 ^^^^ help: if this is intentional, prefix it with an underscore: `_size`
[INFO] [stderr] 
[INFO] [stderr] warning: `asherpa` (lib) generated 3 warnings
[INFO] [stderr] warning: `asherpa` (lib test) generated 6 warnings (3 duplicates) (run `cargo fix --lib -p asherpa --tests` to apply 1 suggestion)
[INFO] [stderr]     Finished `test` profile [unoptimized + debuginfo] target(s) in 0.18s
[INFO] [stderr]      Running unittests src/lib.rs (/opt/rustwide/target/debug/deps/asherpa-5b3b74d36ef72d74)
[INFO] [stdout] 
[INFO] [stdout] running 2 tests
[INFO] [stdout] test tests::basic_download ... ok
[INFO] [stdout] test tests::demo_async ... FAILED
[INFO] [stdout] 
[INFO] [stdout] failures:
[INFO] [stdout] 
[INFO] [stdout] ---- tests::demo_async stdout ----
[INFO] [stdout] thread 'tests::demo_async' panicked at src/lib.rs:158:14:
[INFO] [stdout] called `Result::unwrap()` on an `Err` value: reqwest::Error { kind: Request, url: "https://raw.githubusercontent.com/castelao/asherpa/main/Cargo.toml", source: hyper_util::client::legacy::Error(Connect, ConnectError("dns error", Custom { kind: Uncategorized, error: "failed to lookup address information: Temporary failure in name resolution" })) }
[INFO] [stdout] stack backtrace:
[INFO] [stdout]    0:     0x5c6766ccbb9a - std::backtrace_rs::backtrace::libunwind::trace::h5a5b8284f2d0c266
[INFO] [stdout]                                at /rustc/90b35a6239c3d8bdabc530a6a0816f7ff89a0aaf/library/std/src/../../backtrace/src/backtrace/libunwind.rs:116:5
[INFO] [stdout]    1:     0x5c6766ccbb9a - std::backtrace_rs::backtrace::trace_unsynchronized::h76d4f1c9b0b875e3
[INFO] [stdout]                                at /rustc/90b35a6239c3d8bdabc530a6a0816f7ff89a0aaf/library/std/src/../../backtrace/src/backtrace/mod.rs:66:5
[INFO] [stdout]    2:     0x5c6766ccbb9a - std::sys::backtrace::_print_fmt::hc4546b8364a537c6
[INFO] [stdout]                                at /rustc/90b35a6239c3d8bdabc530a6a0816f7ff89a0aaf/library/std/src/sys/backtrace.rs:66:9
[INFO] [stdout]    3:     0x5c6766ccbb9a - <std::sys::backtrace::BacktraceLock::print::DisplayBacktrace as core::fmt::Display>::fmt::h5b6bd5631a6d1f6b
[INFO] [stdout]                                at /rustc/90b35a6239c3d8bdabc530a6a0816f7ff89a0aaf/library/std/src/sys/backtrace.rs:39:26
[INFO] [stdout]    4:     0x5c6766cf4963 - core::fmt::rt::Argument::fmt::h270f6602a2b96f62
[INFO] [stdout]                                at /rustc/90b35a6239c3d8bdabc530a6a0816f7ff89a0aaf/library/core/src/fmt/rt.rs:177:76
[INFO] [stdout]    5:     0x5c6766cf4963 - core::fmt::write::h7550c97b06c86515
[INFO] [stdout]                                at /rustc/90b35a6239c3d8bdabc530a6a0816f7ff89a0aaf/library/core/src/fmt/mod.rs:1186:21
[INFO] [stdout]    6:     0x5c6766cc8293 - std::io::Write::write_fmt::h509ff860e5956e5e
[INFO] [stdout]                                at /rustc/90b35a6239c3d8bdabc530a6a0816f7ff89a0aaf/library/std/src/io/mod.rs:1839:15
[INFO] [stdout]    7:     0x5c6766ccb9e2 - std::sys::backtrace::BacktraceLock::print::h2395ccd2c84ba3aa
[INFO] [stdout]                                at /rustc/90b35a6239c3d8bdabc530a6a0816f7ff89a0aaf/library/std/src/sys/backtrace.rs:42:9
[INFO] [stdout]    8:     0x5c6766cccffa - std::panicking::default_hook::{{closure}}::he19d4c7230e07961
[INFO] [stdout]                                at /rustc/90b35a6239c3d8bdabc530a6a0816f7ff89a0aaf/library/std/src/panicking.rs:268:22
[INFO] [stdout]    9:     0x5c6766ccce04 - std::panicking::default_hook::hf614597d3c67bbdb
[INFO] [stdout]                                at /rustc/90b35a6239c3d8bdabc530a6a0816f7ff89a0aaf/library/std/src/panicking.rs:292:9
[INFO] [stdout]   10:     0x5c676689bdd9 - <alloc::boxed::Box<F,A> as core::ops::function::Fn<Args>>::call::h39b51ce4599c23d1
[INFO] [stdout]                                at /rustc/90b35a6239c3d8bdabc530a6a0816f7ff89a0aaf/library/alloc/src/boxed.rs:2468:9
[INFO] [stdout]   11:     0x5c676689bdd9 - test::test_main::{{closure}}::he977ae839a582784
[INFO] [stdout]                                at /rustc/90b35a6239c3d8bdabc530a6a0816f7ff89a0aaf/library/test/src/lib.rs:133:21
[INFO] [stdout]   12:     0x5c6766ccd698 - <alloc::boxed::Box<F,A> as core::ops::function::Fn<Args>>::call::h9455091b6b06f9fb
[INFO] [stdout]                                at /rustc/90b35a6239c3d8bdabc530a6a0816f7ff89a0aaf/library/alloc/src/boxed.rs:2468:9
[INFO] [stdout]   13:     0x5c6766ccd698 - std::panicking::rust_panic_with_hook::h8942133a8b252070
[INFO] [stdout]                                at /rustc/90b35a6239c3d8bdabc530a6a0816f7ff89a0aaf/library/std/src/panicking.rs:809:13
[INFO] [stdout]   14:     0x5c6766ccd45a - std::panicking::begin_panic_handler::{{closure}}::hb5f5963570096b29
[INFO] [stdout]                                at /rustc/90b35a6239c3d8bdabc530a6a0816f7ff89a0aaf/library/std/src/panicking.rs:674:13
[INFO] [stdout]   15:     0x5c6766ccc079 - std::sys::backtrace::__rust_end_short_backtrace::h6208cedc1922feda
[INFO] [stdout]                                at /rustc/90b35a6239c3d8bdabc530a6a0816f7ff89a0aaf/library/std/src/sys/backtrace.rs:170:18
[INFO] [stdout]   16:     0x5c6766ccd0ec - rust_begin_unwind
[INFO] [stdout]                                at /rustc/90b35a6239c3d8bdabc530a6a0816f7ff89a0aaf/library/std/src/panicking.rs:665:5
[INFO] [stdout]   17:     0x5c676683d350 - core::panicking::panic_fmt::h0c3082644d1bf418
[INFO] [stdout]                                at /rustc/90b35a6239c3d8bdabc530a6a0816f7ff89a0aaf/library/core/src/panicking.rs:74:14
[INFO] [stdout]   18:     0x5c676683d7d6 - core::result::unwrap_failed::hd20b4aa073bda1e2
[INFO] [stdout]                                at /rustc/90b35a6239c3d8bdabc530a6a0816f7ff89a0aaf/library/core/src/result.rs:1700:5
[INFO] [stdout]   19:     0x5c6766844154 - core::result::Result<T,E>::unwrap::h7208bafe801dbe0d
[INFO] [stdout]                                at /rustc/90b35a6239c3d8bdabc530a6a0816f7ff89a0aaf/library/core/src/result.rs:1104:23
[INFO] [stdout]   20:     0x5c6766844154 - asherpa::tests::demo_async::{{closure}}::hc59f16bd5c9e2f96
[INFO] [stdout]                                at /opt/rustwide/workdir/src/lib.rs:153:24
[INFO] [stdout]   21:     0x5c6766849c62 - <core::pin::Pin<P> as core::future::future::Future>::poll::h51e43c5890fd61d9
[INFO] [stdout]                                at /rustc/90b35a6239c3d8bdabc530a6a0816f7ff89a0aaf/library/core/src/future/future.rs:123:9
[INFO] [stdout]   22:     0x5c6766849c9d - <core::pin::Pin<P> as core::future::future::Future>::poll::h8a12c4f3d71e80a2
[INFO] [stdout]                                at /rustc/90b35a6239c3d8bdabc530a6a0816f7ff89a0aaf/library/core/src/future/future.rs:123:9
[INFO] [stdout]   23:     0x5c676686138f - tokio::runtime::scheduler::current_thread::CoreGuard::block_on::{{closure}}::{{closure}}::{{closure}}::hcb75e5f9fed3487a
[INFO] [stdout]                                at /opt/rustwide/cargo-home/registry/src/index.crates.io-6f17d22bba15001f/tokio-1.42.0/src/runtime/scheduler/current_thread/mod.rs:729:57
[INFO] [stdout]   24:     0x5c6766860c75 - tokio::runtime::coop::with_budget::h5d2f36dde4c9b15c
[INFO] [stdout]                                at /opt/rustwide/cargo-home/registry/src/index.crates.io-6f17d22bba15001f/tokio-1.42.0/src/runtime/coop.rs:107:5
[INFO] [stdout]   25:     0x5c6766860c75 - tokio::runtime::coop::budget::he50cc5a4ffc4bf8e
[INFO] [stdout]                                at /opt/rustwide/cargo-home/registry/src/index.crates.io-6f17d22bba15001f/tokio-1.42.0/src/runtime/coop.rs:73:5
[INFO] [stdout]   26:     0x5c6766860c75 - tokio::runtime::scheduler::current_thread::CoreGuard::block_on::{{closure}}::{{closure}}::h1e8523089b69a341
[INFO] [stdout]                                at /opt/rustwide/cargo-home/registry/src/index.crates.io-6f17d22bba15001f/tokio-1.42.0/src/runtime/scheduler/current_thread/mod.rs:729:25
[INFO] [stdout]   27:     0x5c676685c890 - tokio::runtime::scheduler::current_thread::Context::enter::hcd28046f8991b6b4
[INFO] [stdout]                                at /opt/rustwide/cargo-home/registry/src/index.crates.io-6f17d22bba15001f/tokio-1.42.0/src/runtime/scheduler/current_thread/mod.rs:428:19
[INFO] [stdout]   28:     0x5c676685e97b - tokio::runtime::scheduler::current_thread::CoreGuard::block_on::{{closure}}::h0a9bd8c438d784e3
[INFO] [stdout]                                at /opt/rustwide/cargo-home/registry/src/index.crates.io-6f17d22bba15001f/tokio-1.42.0/src/runtime/scheduler/current_thread/mod.rs:728:36
[INFO] [stdout]   29:     0x5c676685e534 - tokio::runtime::scheduler::current_thread::CoreGuard::enter::{{closure}}::h74fe4d0d2054a34a
[INFO] [stdout]                                at /opt/rustwide/cargo-home/registry/src/index.crates.io-6f17d22bba15001f/tokio-1.42.0/src/runtime/scheduler/current_thread/mod.rs:807:68
[INFO] [stdout]   30:     0x5c6766842e2b - tokio::runtime::context::scoped::Scoped<T>::set::hca786e04cd0cd328
[INFO] [stdout]                                at /opt/rustwide/cargo-home/registry/src/index.crates.io-6f17d22bba15001f/tokio-1.42.0/src/runtime/context/scoped.rs:40:9
[INFO] [stdout]   31:     0x5c67668512b9 - tokio::runtime::context::set_scheduler::{{closure}}::hf14c6ea26312c3e2
[INFO] [stdout]                                at /opt/rustwide/cargo-home/registry/src/index.crates.io-6f17d22bba15001f/tokio-1.42.0/src/runtime/context.rs:180:26
[INFO] [stdout]   32:     0x5c6766861c8d - std::thread::local::LocalKey<T>::try_with::h37b05778dd45fbcb
[INFO] [stdout]                                at /rustc/90b35a6239c3d8bdabc530a6a0816f7ff89a0aaf/library/std/src/thread/local.rs:283:12
[INFO] [stdout]   33:     0x5c67668614aa - std::thread::local::LocalKey<T>::with::h57dcccd32c069ce2
[INFO] [stdout]                                at /rustc/90b35a6239c3d8bdabc530a6a0816f7ff89a0aaf/library/std/src/thread/local.rs:260:9
[INFO] [stdout]   34:     0x5c676685108d - tokio::runtime::context::set_scheduler::h2fbb05b0cf985d6d
[INFO] [stdout]                                at /opt/rustwide/cargo-home/registry/src/index.crates.io-6f17d22bba15001f/tokio-1.42.0/src/runtime/context.rs:180:9
[INFO] [stdout]   35:     0x5c676685d9a0 - tokio::runtime::scheduler::current_thread::CoreGuard::enter::h4e79cdbe17dfb642
[INFO] [stdout]                                at /opt/rustwide/cargo-home/registry/src/index.crates.io-6f17d22bba15001f/tokio-1.42.0/src/runtime/scheduler/current_thread/mod.rs:807:27
[INFO] [stdout]   36:     0x5c676685e613 - tokio::runtime::scheduler::current_thread::CoreGuard::block_on::h9b5ca891f646eaa1
[INFO] [stdout]                                at /opt/rustwide/cargo-home/registry/src/index.crates.io-6f17d22bba15001f/tokio-1.42.0/src/runtime/scheduler/current_thread/mod.rs:716:19
[INFO] [stdout]   37:     0x5c6766859b7d - tokio::runtime::scheduler::current_thread::CurrentThread::block_on::{{closure}}::h25e86db01d56c14e
[INFO] [stdout]                                at /opt/rustwide/cargo-home/registry/src/index.crates.io-6f17d22bba15001f/tokio-1.42.0/src/runtime/scheduler/current_thread/mod.rs:196:28
[INFO] [stdout]   38:     0x5c67668481b7 - tokio::runtime::context::runtime::enter_runtime::hc59afa166c142b5b
[INFO] [stdout]                                at /opt/rustwide/cargo-home/registry/src/index.crates.io-6f17d22bba15001f/tokio-1.42.0/src/runtime/context/runtime.rs:65:16
[INFO] [stdout]   39:     0x5c6766859951 - tokio::runtime::scheduler::current_thread::CurrentThread::block_on::he0f3bea7d50d9ae8
[INFO] [stdout]                                at /opt/rustwide/cargo-home/registry/src/index.crates.io-6f17d22bba15001f/tokio-1.42.0/src/runtime/scheduler/current_thread/mod.rs:184:9
[INFO] [stdout]   40:     0x5c6766848d3a - tokio::runtime::runtime::Runtime::block_on_inner::hac28abd3d50dcbb6
[INFO] [stdout]                                at /opt/rustwide/cargo-home/registry/src/index.crates.io-6f17d22bba15001f/tokio-1.42.0/src/runtime/runtime.rs:368:47
[INFO] [stdout]   41:     0x5c67668493a7 - tokio::runtime::runtime::Runtime::block_on::hcc80af884795e40c
[INFO] [stdout]                                at /opt/rustwide/cargo-home/registry/src/index.crates.io-6f17d22bba15001f/tokio-1.42.0/src/runtime/runtime.rs:342:13
[INFO] [stdout]   42:     0x5c6766843e6d - asherpa::tests::demo_async::h2e3e3bc95b02fe2b
[INFO] [stdout]                                at /opt/rustwide/workdir/src/lib.rs:152:9
[INFO] [stdout]   43:     0x5c6766843d17 - asherpa::tests::demo_async::{{closure}}::hfcc178203197d579
[INFO] [stdout]                                at /opt/rustwide/workdir/src/lib.rs:150:26
[INFO] [stdout]   44:     0x5c6766840206 - core::ops::function::FnOnce::call_once::hd53ae21defc18cd1
[INFO] [stdout]                                at /rustc/90b35a6239c3d8bdabc530a6a0816f7ff89a0aaf/library/core/src/ops/function.rs:250:5
[INFO] [stdout]   45:     0x5c67668a079b - core::ops::function::FnOnce::call_once::h109cf8051a59b34e
[INFO] [stdout]                                at /rustc/90b35a6239c3d8bdabc530a6a0816f7ff89a0aaf/library/core/src/ops/function.rs:250:5
[INFO] [stdout]   46:     0x5c67668a079b - test::__rust_begin_short_backtrace::hf4fff89d377446ba
[INFO] [stdout]                                at /rustc/90b35a6239c3d8bdabc530a6a0816f7ff89a0aaf/library/test/src/lib.rs:621:18
[INFO] [stdout]   47:     0x5c676689ffd7 - test::run_test_in_process::{{closure}}::h0e39181dd7ee5a43
[INFO] [stdout]                                at /rustc/90b35a6239c3d8bdabc530a6a0816f7ff89a0aaf/library/test/src/lib.rs:644:60
[INFO] [stdout]   48:     0x5c676689ffd7 - <core::panic::unwind_safe::AssertUnwindSafe<F> as core::ops::function::FnOnce<()>>::call_once::hc5a66a30f0bdfd1f
[INFO] [stdout]                                at /rustc/90b35a6239c3d8bdabc530a6a0816f7ff89a0aaf/library/core/src/panic/unwind_safe.rs:272:9
[INFO] [stdout]   49:     0x5c676689ffd7 - std::panicking::try::do_call::h873b7cf639554a5e
[INFO] [stdout]                                at /rustc/90b35a6239c3d8bdabc530a6a0816f7ff89a0aaf/library/std/src/panicking.rs:557:40
[INFO] [stdout]   50:     0x5c676689ffd7 - std::panicking::try::hdb19862fad9c8bd1
[INFO] [stdout]                                at /rustc/90b35a6239c3d8bdabc530a6a0816f7ff89a0aaf/library/std/src/panicking.rs:520:19
[INFO] [stdout]   51:     0x5c676689ffd7 - std::panic::catch_unwind::h281fe732d236d260
[INFO] [stdout]                                at /rustc/90b35a6239c3d8bdabc530a6a0816f7ff89a0aaf/library/std/src/panic.rs:358:14
[INFO] [stdout]   52:     0x5c676689ffd7 - test::run_test_in_process::h949b6df8457ed338
[INFO] [stdout]                                at /rustc/90b35a6239c3d8bdabc530a6a0816f7ff89a0aaf/library/test/src/lib.rs:644:27
[INFO] [stdout]   53:     0x5c676689ffd7 - test::run_test::{{closure}}::h52c556a6d4740e10
[INFO] [stdout]                                at /rustc/90b35a6239c3d8bdabc530a6a0816f7ff89a0aaf/library/test/src/lib.rs:565:43
[INFO] [stdout]   54:     0x5c67668652b4 - test::run_test::{{closure}}::h4237f6381c45ccb9
[INFO] [stdout]                                at /rustc/90b35a6239c3d8bdabc530a6a0816f7ff89a0aaf/library/test/src/lib.rs:595:41
[INFO] [stdout]   55:     0x5c67668652b4 - std::sys::backtrace::__rust_begin_short_backtrace::h505c97a579eca628
[INFO] [stdout]                                at /rustc/90b35a6239c3d8bdabc530a6a0816f7ff89a0aaf/library/std/src/sys/backtrace.rs:154:18
[INFO] [stdout]   56:     0x5c676686897e - std::thread::Builder::spawn_unchecked_::{{closure}}::{{closure}}::h9e86b2e2bc107ea3
[INFO] [stdout]                                at /rustc/90b35a6239c3d8bdabc530a6a0816f7ff89a0aaf/library/std/src/thread/mod.rs:538:17
[INFO] [stdout]   57:     0x5c676686897e - <core::panic::unwind_safe::AssertUnwindSafe<F> as core::ops::function::FnOnce<()>>::call_once::h8b06ddb275ff4a25
[INFO] [stdout]                                at /rustc/90b35a6239c3d8bdabc530a6a0816f7ff89a0aaf/library/core/src/panic/unwind_safe.rs:272:9
[INFO] [stdout]   58:     0x5c676686897e - std::panicking::try::do_call::hb26ecd7cd9a9355d
[INFO] [stdout]                                at /rustc/90b35a6239c3d8bdabc530a6a0816f7ff89a0aaf/library/std/src/panicking.rs:557:40
[INFO] [stdout]   59:     0x5c676686897e - std::panicking::try::h8ddeca9d705f9069
[INFO] [stdout]                                at /rustc/90b35a6239c3d8bdabc530a6a0816f7ff89a0aaf/library/std/src/panicking.rs:520:19
[INFO] [stdout]   60:     0x5c676686897e - std::panic::catch_unwind::h49e1c33078844c46
[INFO] [stdout]                                at /rustc/90b35a6239c3d8bdabc530a6a0816f7ff89a0aaf/library/std/src/panic.rs:358:14
[INFO] [stdout]   61:     0x5c676686897e - std::thread::Builder::spawn_unchecked_::{{closure}}::h6073db6ff56ad35d
[INFO] [stdout]                                at /rustc/90b35a6239c3d8bdabc530a6a0816f7ff89a0aaf/library/std/src/thread/mod.rs:537:30
[INFO] [stdout]   62:     0x5c676686897e - core::ops::function::FnOnce::call_once{{vtable.shim}}::h2c5a5f3779c774f1
[INFO] [stdout]                                at /rustc/90b35a6239c3d8bdabc530a6a0816f7ff89a0aaf/library/core/src/ops/function.rs:250:5
[INFO] [stdout]   63:     0x5c6766cd1f4b - <alloc::boxed::Box<F,A> as core::ops::function::FnOnce<Args>>::call_once::hf75717d9f28faebf
[INFO] [stdout]                                at /rustc/90b35a6239c3d8bdabc530a6a0816f7ff89a0aaf/library/alloc/src/boxed.rs:2454:9
[INFO] [stdout]   64:     0x5c6766cd1f4b - <alloc::boxed::Box<F,A> as core::ops::function::FnOnce<Args>>::call_once::h7bd883a5f3c5f3c1
[INFO] [stdout]                                at /rustc/90b35a6239c3d8bdabc530a6a0816f7ff89a0aaf/library/alloc/src/boxed.rs:2454:9
[INFO] [stdout]   65:     0x5c6766cd1f4b - std::sys::pal::unix::thread::Thread::new::thread_start::hcc78f3943333fa94
[INFO] [stdout]                                at /rustc/90b35a6239c3d8bdabc530a6a0816f7ff89a0aaf/library/std/src/sys/pal/unix/thread.rs:105:17
[INFO] [stdout]   66:     0x70b86cb00ac3 - <unknown>
[INFO] [stdout]   67:     0x70b86cb91a04 - clone
[INFO] [stdout]   68:                0x0 - <unknown>
[INFO] [stdout] 
[INFO] [stdout] 
[INFO] [stdout] failures:
[INFO] [stdout]     tests::demo_async
[INFO] [stdout] 
[INFO] [stdout] test result: FAILED. 1 passed; 1 failed; 0 ignored; 0 measured; 0 filtered out; finished in 0.08s
[INFO] [stdout] 
[INFO] [stderr] error: test failed, to rerun pass `--lib`
[INFO] running `Command { std: "docker" "inspect" "97b1898b6130603dab9538bcd20d885bfbb55b4dd5bb65e07bc030ec58fbd947", kill_on_drop: false }`
[INFO] running `Command { std: "docker" "rm" "-f" "97b1898b6130603dab9538bcd20d885bfbb55b4dd5bb65e07bc030ec58fbd947", kill_on_drop: false }`
[INFO] [stdout] 97b1898b6130603dab9538bcd20d885bfbb55b4dd5bb65e07bc030ec58fbd947
