[INFO] cloning repository https://github.com/cartercanedy/smlog
[INFO] running `Command { std: "git" "-c" "credential.helper=" "-c" "credential.helper=/workspace/cargo-home/bin/git-credential-null" "clone" "--bare" "https://github.com/cartercanedy/smlog" "/workspace/cache/git-repos/https%3A%2F%2Fgithub.com%2Fcartercanedy%2Fsmlog", kill_on_drop: false }`
[INFO] [stderr] Cloning into bare repository '/workspace/cache/git-repos/https%3A%2F%2Fgithub.com%2Fcartercanedy%2Fsmlog'...
[INFO] running `Command { std: "git" "rev-parse" "HEAD", kill_on_drop: false }`
[INFO] [stdout] 1b04dd547c847f66daee4876b24c1a3e9871eebb
[INFO] testing cartercanedy/smlog against 1.83.0 for beta-1.84.0-4-retry
[INFO] running `Command { std: "git" "clone" "/workspace/cache/git-repos/https%3A%2F%2Fgithub.com%2Fcartercanedy%2Fsmlog" "/workspace/builds/worker-5-tc1/source", kill_on_drop: false }`
[INFO] [stderr] Cloning into '/workspace/builds/worker-5-tc1/source'...
[INFO] [stderr] done.
[INFO] validating manifest of git repo https://github.com/cartercanedy/smlog on toolchain 1.83.0
[INFO] running `Command { std: CARGO_HOME="/workspace/cargo-home" RUSTUP_HOME="/workspace/rustup-home" "/workspace/cargo-home/bin/cargo" "+1.83.0" "metadata" "--manifest-path" "Cargo.toml" "--no-deps", kill_on_drop: false }`
[INFO] started tweaking git repo https://github.com/cartercanedy/smlog
[INFO] finished tweaking git repo https://github.com/cartercanedy/smlog
[INFO] tweaked toml for git repo https://github.com/cartercanedy/smlog written to /workspace/builds/worker-5-tc1/source/Cargo.toml
[INFO] crate git repo https://github.com/cartercanedy/smlog already has a lockfile, it will not be regenerated
[INFO] running `Command { std: CARGO_HOME="/workspace/cargo-home" RUSTUP_HOME="/workspace/rustup-home" "/workspace/cargo-home/bin/cargo" "+1.83.0" "fetch" "--manifest-path" "Cargo.toml", kill_on_drop: false }`
[INFO] [stderr] warning: unused manifest key: package.author
[INFO] running `Command { std: "docker" "create" "-v" "/var/lib/crater-agent-workspace/builds/worker-5-tc1/target:/opt/rustwide/target:rw,Z" "-v" "/var/lib/crater-agent-workspace/builds/worker-5-tc1/source:/opt/rustwide/workdir:ro,Z" "-v" "/var/lib/crater-agent-workspace/cargo-home:/opt/rustwide/cargo-home:ro,Z" "-v" "/var/lib/crater-agent-workspace/rustup-home:/opt/rustwide/rustup-home:ro,Z" "-e" "SOURCE_DIR=/opt/rustwide/workdir" "-e" "CARGO_TARGET_DIR=/opt/rustwide/target" "-e" "CARGO_HOME=/opt/rustwide/cargo-home" "-e" "RUSTUP_HOME=/opt/rustwide/rustup-home" "-w" "/opt/rustwide/workdir" "-m" "1610612736" "--user" "0:0" "--network" "none" "ghcr.io/rust-lang/crates-build-env/linux@sha256:f3a9d4ad9d972b27faf3965f35b62e55ba32bbce8f20bc8fe909558a86702fde" "/opt/rustwide/cargo-home/bin/cargo" "+1.83.0" "metadata" "--no-deps" "--format-version=1", kill_on_drop: false }`
[INFO] [stdout] ea0041d8aec0108676e7b909e78dfb315dc87735c63447ae5e107384ade8a276
[INFO] running `Command { std: "docker" "start" "-a" "ea0041d8aec0108676e7b909e78dfb315dc87735c63447ae5e107384ade8a276", kill_on_drop: false }`
[INFO] running `Command { std: "docker" "inspect" "ea0041d8aec0108676e7b909e78dfb315dc87735c63447ae5e107384ade8a276", kill_on_drop: false }`
[INFO] running `Command { std: "docker" "rm" "-f" "ea0041d8aec0108676e7b909e78dfb315dc87735c63447ae5e107384ade8a276", kill_on_drop: false }`
[INFO] [stdout] ea0041d8aec0108676e7b909e78dfb315dc87735c63447ae5e107384ade8a276
[INFO] running `Command { std: "docker" "create" "-v" "/var/lib/crater-agent-workspace/builds/worker-5-tc1/target:/opt/rustwide/target:rw,Z" "-v" "/var/lib/crater-agent-workspace/builds/worker-5-tc1/source:/opt/rustwide/workdir:ro,Z" "-v" "/var/lib/crater-agent-workspace/cargo-home:/opt/rustwide/cargo-home:ro,Z" "-v" "/var/lib/crater-agent-workspace/rustup-home:/opt/rustwide/rustup-home:ro,Z" "-e" "SOURCE_DIR=/opt/rustwide/workdir" "-e" "CARGO_TARGET_DIR=/opt/rustwide/target" "-e" "CARGO_INCREMENTAL=0" "-e" "RUST_BACKTRACE=full" "-e" "RUSTFLAGS=--cap-lints=warn" "-e" "RUSTDOCFLAGS=--cap-lints=warn" "-e" "CARGO_HOME=/opt/rustwide/cargo-home" "-e" "RUSTUP_HOME=/opt/rustwide/rustup-home" "-w" "/opt/rustwide/workdir" "-m" "1610612736" "--user" "0:0" "--network" "none" "ghcr.io/rust-lang/crates-build-env/linux@sha256:f3a9d4ad9d972b27faf3965f35b62e55ba32bbce8f20bc8fe909558a86702fde" "/opt/rustwide/cargo-home/bin/cargo" "+1.83.0" "build" "--frozen" "--message-format=json", kill_on_drop: false }`
[INFO] [stdout] 49aa6f95bc17f4b9406ce02844075dbaac185e23fe07a1848bee1d5971fb8497
[INFO] running `Command { std: "docker" "start" "-a" "49aa6f95bc17f4b9406ce02844075dbaac185e23fe07a1848bee1d5971fb8497", kill_on_drop: false }`
[INFO] [stderr] warning: unused manifest key: package.author
[INFO] [stderr]    Compiling log v0.4.22
[INFO] [stderr]    Compiling smlog v0.1.4 (/opt/rustwide/workdir)
[INFO] [stderr]     Finished `dev` profile [unoptimized + debuginfo] target(s) in 0.60s
[INFO] running `Command { std: "docker" "inspect" "49aa6f95bc17f4b9406ce02844075dbaac185e23fe07a1848bee1d5971fb8497", kill_on_drop: false }`
[INFO] running `Command { std: "docker" "rm" "-f" "49aa6f95bc17f4b9406ce02844075dbaac185e23fe07a1848bee1d5971fb8497", kill_on_drop: false }`
[INFO] [stdout] 49aa6f95bc17f4b9406ce02844075dbaac185e23fe07a1848bee1d5971fb8497
[INFO] running `Command { std: "docker" "create" "-v" "/var/lib/crater-agent-workspace/builds/worker-5-tc1/target:/opt/rustwide/target:rw,Z" "-v" "/var/lib/crater-agent-workspace/builds/worker-5-tc1/source:/opt/rustwide/workdir:ro,Z" "-v" "/var/lib/crater-agent-workspace/cargo-home:/opt/rustwide/cargo-home:ro,Z" "-v" "/var/lib/crater-agent-workspace/rustup-home:/opt/rustwide/rustup-home:ro,Z" "-e" "SOURCE_DIR=/opt/rustwide/workdir" "-e" "CARGO_TARGET_DIR=/opt/rustwide/target" "-e" "CARGO_INCREMENTAL=0" "-e" "RUST_BACKTRACE=full" "-e" "RUSTFLAGS=--cap-lints=warn" "-e" "RUSTDOCFLAGS=--cap-lints=warn" "-e" "CARGO_HOME=/opt/rustwide/cargo-home" "-e" "RUSTUP_HOME=/opt/rustwide/rustup-home" "-w" "/opt/rustwide/workdir" "-m" "1610612736" "--user" "0:0" "--network" "none" "ghcr.io/rust-lang/crates-build-env/linux@sha256:f3a9d4ad9d972b27faf3965f35b62e55ba32bbce8f20bc8fe909558a86702fde" "/opt/rustwide/cargo-home/bin/cargo" "+1.83.0" "test" "--frozen" "--no-run" "--message-format=json", kill_on_drop: false }`
[INFO] [stdout] 48b10cc86a9c5ed3f9ecee0abe5cf5627cee97b71d044704af8744d643a82e59
[INFO] running `Command { std: "docker" "start" "-a" "48b10cc86a9c5ed3f9ecee0abe5cf5627cee97b71d044704af8744d643a82e59", kill_on_drop: false }`
[INFO] [stderr] warning: unused manifest key: package.author
[INFO] [stderr]    Compiling smlog v0.1.4 (/opt/rustwide/workdir)
[INFO] [stderr]     Finished `test` profile [unoptimized + debuginfo] target(s) in 0.41s
[INFO] running `Command { std: "docker" "inspect" "48b10cc86a9c5ed3f9ecee0abe5cf5627cee97b71d044704af8744d643a82e59", kill_on_drop: false }`
[INFO] running `Command { std: "docker" "rm" "-f" "48b10cc86a9c5ed3f9ecee0abe5cf5627cee97b71d044704af8744d643a82e59", kill_on_drop: false }`
[INFO] [stdout] 48b10cc86a9c5ed3f9ecee0abe5cf5627cee97b71d044704af8744d643a82e59
[INFO] running `Command { std: "docker" "create" "-v" "/var/lib/crater-agent-workspace/builds/worker-5-tc1/target:/opt/rustwide/target:rw,Z" "-v" "/var/lib/crater-agent-workspace/builds/worker-5-tc1/source:/opt/rustwide/workdir:ro,Z" "-v" "/var/lib/crater-agent-workspace/cargo-home:/opt/rustwide/cargo-home:ro,Z" "-v" "/var/lib/crater-agent-workspace/rustup-home:/opt/rustwide/rustup-home:ro,Z" "-e" "SOURCE_DIR=/opt/rustwide/workdir" "-e" "CARGO_TARGET_DIR=/opt/rustwide/target" "-e" "CARGO_INCREMENTAL=0" "-e" "RUST_BACKTRACE=full" "-e" "RUSTFLAGS=--cap-lints=warn" "-e" "RUSTDOCFLAGS=--cap-lints=warn" "-e" "CARGO_HOME=/opt/rustwide/cargo-home" "-e" "RUSTUP_HOME=/opt/rustwide/rustup-home" "-w" "/opt/rustwide/workdir" "-m" "1610612736" "--user" "0:0" "--network" "none" "ghcr.io/rust-lang/crates-build-env/linux@sha256:f3a9d4ad9d972b27faf3965f35b62e55ba32bbce8f20bc8fe909558a86702fde" "/opt/rustwide/cargo-home/bin/cargo" "+1.83.0" "test" "--frozen", kill_on_drop: false }`
[INFO] [stdout] 4b939d3f6997a7494b8bbe7bcecbf74d71f8e67bbc36c77ec30d07fadb93e1ab
[INFO] running `Command { std: "docker" "start" "-a" "4b939d3f6997a7494b8bbe7bcecbf74d71f8e67bbc36c77ec30d07fadb93e1ab", kill_on_drop: false }`
[INFO] [stderr] warning: unused manifest key: package.author
[INFO] [stderr]     Finished `test` profile [unoptimized + debuginfo] target(s) in 0.01s
[INFO] [stderr]      Running unittests src/lib.rs (/opt/rustwide/target/debug/deps/smlog-8bc1b5a0798007d7)
[INFO] [stdout] 
[INFO] [stdout] running 0 tests
[INFO] [stdout] 
[INFO] [stdout] test result: ok. 0 passed; 0 failed; 0 ignored; 0 measured; 0 filtered out; finished in 0.00s
[INFO] [stdout] 
[INFO] [stderr]    Doc-tests smlog
[INFO] [stdout] 
[INFO] [stdout] running 3 tests
[INFO] [stdout] test src/../README.md - (line 26) ... FAILED
[INFO] [stdout] test src/lib.rs - ignore (line 23) ... FAILED
[INFO] [stdout] test src/lib.rs - allow (line 47) ... FAILED
[INFO] [stdout] 
[INFO] [stdout] failures:
[INFO] [stdout] 
[INFO] [stdout] ---- src/../README.md - (line 26) stdout ----
[INFO] [stdout] error[E0603]: enum `LevelFilter` is private
[INFO] [stdout]  --> src/../README.md:28:38
[INFO] [stdout]   |
[INFO] [stdout] 4 | use smlog::{log::{info, error}, Log, LevelFilter};
[INFO] [stdout]   |                                      ^^^^^^^^^^^ private enum
[INFO] [stdout]   |
[INFO] [stdout] note: the enum `LevelFilter` is defined here
[INFO] [stdout]  --> /opt/rustwide/workdir/src/lib.rs:5:11
[INFO] [stdout]   |
[INFO] [stdout] 5 | use log::{LevelFilter, Level};
[INFO] [stdout]   |           ^^^^^^^^^^^
[INFO] [stdout] help: import `LevelFilter` directly
[INFO] [stdout]   |
[INFO] [stdout] 4 | use smlog::{log::{info, error}, Log, log::LevelFilter};
[INFO] [stdout]   |                                      ~~~~~~~~~~~~~~~~
[INFO] [stdout] 
[INFO] [stdout] error: aborting due to 1 previous error
[INFO] [stdout] 
[INFO] [stdout] For more information about this error, try `rustc --explain E0603`.
[INFO] [stdout] Couldn't compile the test.
[INFO] [stdout] ---- src/lib.rs - ignore (line 23) stdout ----
[INFO] [stdout] error[E0603]: enum `LevelFilter` is private
[INFO] [stdout]  --> src/lib.rs:25:18
[INFO] [stdout]   |
[INFO] [stdout] 4 | use smlog::{Log, LevelFilter, ignore};
[INFO] [stdout]   |                  ^^^^^^^^^^^ private enum
[INFO] [stdout]   |
[INFO] [stdout] note: the enum `LevelFilter` is defined here
[INFO] [stdout]  --> /opt/rustwide/workdir/src/lib.rs:5:11
[INFO] [stdout]   |
[INFO] [stdout] 5 | use log::{LevelFilter, Level};
[INFO] [stdout]   |           ^^^^^^^^^^^
[INFO] [stdout] help: import `LevelFilter` directly
[INFO] [stdout]   |
[INFO] [stdout] 4 | use smlog::{Log, log::LevelFilter, ignore};
[INFO] [stdout]   |                  ~~~~~~~~~~~~~~~~
[INFO] [stdout] 
[INFO] [stdout] error: aborting due to 1 previous error
[INFO] [stdout] 
[INFO] [stdout] For more information about this error, try `rustc --explain E0603`.
[INFO] [stdout] Couldn't compile the test.
[INFO] [stdout] ---- src/lib.rs - allow (line 47) stdout ----
[INFO] [stdout] error[E0603]: enum `LevelFilter` is private
[INFO] [stdout]  --> src/lib.rs:49:18
[INFO] [stdout]   |
[INFO] [stdout] 4 | use smlog::{Log, LevelFilter, ignore, allow};
[INFO] [stdout]   |                  ^^^^^^^^^^^ private enum
[INFO] [stdout]   |
[INFO] [stdout] note: the enum `LevelFilter` is defined here
[INFO] [stdout]  --> /opt/rustwide/workdir/src/lib.rs:5:11
[INFO] [stdout]   |
[INFO] [stdout] 5 | use log::{LevelFilter, Level};
[INFO] [stdout]   |           ^^^^^^^^^^^
[INFO] [stdout] help: import `LevelFilter` directly
[INFO] [stdout]   |
[INFO] [stdout] 4 | use smlog::{Log, log::LevelFilter, ignore, allow};
[INFO] [stdout]   |                  ~~~~~~~~~~~~~~~~
[INFO] [stdout] 
[INFO] [stdout] error: aborting due to 1 previous error
[INFO] [stdout] 
[INFO] [stdout] For more information about this error, try `rustc --explain E0603`.
[INFO] [stdout] Couldn't compile the test.
[INFO] [stdout] 
[INFO] [stdout] failures:
[INFO] [stdout]     src/../README.md - (line 26)
[INFO] [stdout]     src/lib.rs - allow (line 47)
[INFO] [stdout]     src/lib.rs - ignore (line 23)
[INFO] [stdout] 
[INFO] [stdout] test result: FAILED. 0 passed; 3 failed; 0 ignored; 0 measured; 0 filtered out; finished in 0.13s
[INFO] [stdout] 
[INFO] [stderr] error: doctest failed, to rerun pass `--doc`
[INFO] running `Command { std: "docker" "inspect" "4b939d3f6997a7494b8bbe7bcecbf74d71f8e67bbc36c77ec30d07fadb93e1ab", kill_on_drop: false }`
[INFO] running `Command { std: "docker" "rm" "-f" "4b939d3f6997a7494b8bbe7bcecbf74d71f8e67bbc36c77ec30d07fadb93e1ab", kill_on_drop: false }`
[INFO] [stdout] 4b939d3f6997a7494b8bbe7bcecbf74d71f8e67bbc36c77ec30d07fadb93e1ab
