[INFO] cloning repository https://github.com/carrotflakes/fnum
[INFO] running `Command { std: "git" "-c" "credential.helper=" "-c" "credential.helper=/workspace/cargo-home/bin/git-credential-null" "clone" "--bare" "https://github.com/carrotflakes/fnum" "/workspace/cache/git-repos/https%3A%2F%2Fgithub.com%2Fcarrotflakes%2Ffnum", kill_on_drop: false }`
[INFO] [stderr] Cloning into bare repository '/workspace/cache/git-repos/https%3A%2F%2Fgithub.com%2Fcarrotflakes%2Ffnum'...
[INFO] running `Command { std: "git" "rev-parse" "HEAD", kill_on_drop: false }`
[INFO] [stdout] 2a8e86b91911f5022a2d9154f19e7e25f89efe4d
[INFO] testing carrotflakes/fnum against beta-2024-12-08 for beta-1.84.0-4-retry
[INFO] running `Command { std: "git" "clone" "/workspace/cache/git-repos/https%3A%2F%2Fgithub.com%2Fcarrotflakes%2Ffnum" "/workspace/builds/worker-7-tc2/source", kill_on_drop: false }`
[INFO] [stderr] Cloning into '/workspace/builds/worker-7-tc2/source'...
[INFO] [stderr] done.
[INFO] validating manifest of git repo https://github.com/carrotflakes/fnum on toolchain beta-2024-12-08
[INFO] running `Command { std: CARGO_HOME="/workspace/cargo-home" RUSTUP_HOME="/workspace/rustup-home" "/workspace/cargo-home/bin/cargo" "+beta-2024-12-08" "metadata" "--manifest-path" "Cargo.toml" "--no-deps", kill_on_drop: false }`
[INFO] started tweaking git repo https://github.com/carrotflakes/fnum
[INFO] finished tweaking git repo https://github.com/carrotflakes/fnum
[INFO] tweaked toml for git repo https://github.com/carrotflakes/fnum written to /workspace/builds/worker-7-tc2/source/Cargo.toml
[INFO] crate git repo https://github.com/carrotflakes/fnum already has a lockfile, it will not be regenerated
[INFO] running `Command { std: CARGO_HOME="/workspace/cargo-home" RUSTUP_HOME="/workspace/rustup-home" "/workspace/cargo-home/bin/cargo" "+beta-2024-12-08" "fetch" "--manifest-path" "Cargo.toml", kill_on_drop: false }`
[INFO] running `Command { std: "docker" "create" "-v" "/var/lib/crater-agent-workspace/builds/worker-7-tc2/target:/opt/rustwide/target:rw,Z" "-v" "/var/lib/crater-agent-workspace/builds/worker-7-tc2/source:/opt/rustwide/workdir:ro,Z" "-v" "/var/lib/crater-agent-workspace/cargo-home:/opt/rustwide/cargo-home:ro,Z" "-v" "/var/lib/crater-agent-workspace/rustup-home:/opt/rustwide/rustup-home:ro,Z" "-e" "SOURCE_DIR=/opt/rustwide/workdir" "-e" "CARGO_TARGET_DIR=/opt/rustwide/target" "-e" "CARGO_HOME=/opt/rustwide/cargo-home" "-e" "RUSTUP_HOME=/opt/rustwide/rustup-home" "-w" "/opt/rustwide/workdir" "-m" "1610612736" "--user" "0:0" "--network" "none" "ghcr.io/rust-lang/crates-build-env/linux@sha256:f3a9d4ad9d972b27faf3965f35b62e55ba32bbce8f20bc8fe909558a86702fde" "/opt/rustwide/cargo-home/bin/cargo" "+beta-2024-12-08" "metadata" "--no-deps" "--format-version=1", kill_on_drop: false }`
[INFO] [stdout] 4ae9e04b5c3e970e30d588a125b695c07c87c98df8359c14b6213bbc09995bdc
[INFO] running `Command { std: "docker" "start" "-a" "4ae9e04b5c3e970e30d588a125b695c07c87c98df8359c14b6213bbc09995bdc", kill_on_drop: false }`
[INFO] running `Command { std: "docker" "inspect" "4ae9e04b5c3e970e30d588a125b695c07c87c98df8359c14b6213bbc09995bdc", kill_on_drop: false }`
[INFO] running `Command { std: "docker" "rm" "-f" "4ae9e04b5c3e970e30d588a125b695c07c87c98df8359c14b6213bbc09995bdc", kill_on_drop: false }`
[INFO] [stdout] 4ae9e04b5c3e970e30d588a125b695c07c87c98df8359c14b6213bbc09995bdc
[INFO] running `Command { std: "docker" "create" "-v" "/var/lib/crater-agent-workspace/builds/worker-7-tc2/target:/opt/rustwide/target:rw,Z" "-v" "/var/lib/crater-agent-workspace/builds/worker-7-tc2/source:/opt/rustwide/workdir:ro,Z" "-v" "/var/lib/crater-agent-workspace/cargo-home:/opt/rustwide/cargo-home:ro,Z" "-v" "/var/lib/crater-agent-workspace/rustup-home:/opt/rustwide/rustup-home:ro,Z" "-e" "SOURCE_DIR=/opt/rustwide/workdir" "-e" "CARGO_TARGET_DIR=/opt/rustwide/target" "-e" "CARGO_INCREMENTAL=0" "-e" "RUST_BACKTRACE=full" "-e" "RUSTFLAGS=--cap-lints=warn" "-e" "RUSTDOCFLAGS=--cap-lints=warn" "-e" "CARGO_HOME=/opt/rustwide/cargo-home" "-e" "RUSTUP_HOME=/opt/rustwide/rustup-home" "-w" "/opt/rustwide/workdir" "-m" "1610612736" "--user" "0:0" "--network" "none" "ghcr.io/rust-lang/crates-build-env/linux@sha256:f3a9d4ad9d972b27faf3965f35b62e55ba32bbce8f20bc8fe909558a86702fde" "/opt/rustwide/cargo-home/bin/cargo" "+beta-2024-12-08" "build" "--frozen" "--message-format=json", kill_on_drop: false }`
[INFO] [stdout] 78167852c517ae12990e778159d2d2cb5b046515cc0613f2a391a5189f910cee
[INFO] running `Command { std: "docker" "start" "-a" "78167852c517ae12990e778159d2d2cb5b046515cc0613f2a391a5189f910cee", kill_on_drop: false }`
[INFO] [stderr]    Compiling proc-macro2 v1.0.24
[INFO] [stderr]    Compiling unicode-xid v0.2.1
[INFO] [stderr]    Compiling syn v1.0.56
[INFO] [stderr]    Compiling once_cell v1.5.2
[INFO] [stderr]    Compiling quote v1.0.8
[INFO] [stderr]    Compiling fnum-derive v0.0.1
[INFO] [stderr]    Compiling fnum v0.0.1 (/opt/rustwide/workdir)
[INFO] [stderr]     Finished `dev` profile [unoptimized + debuginfo] target(s) in 6.58s
[INFO] running `Command { std: "docker" "inspect" "78167852c517ae12990e778159d2d2cb5b046515cc0613f2a391a5189f910cee", kill_on_drop: false }`
[INFO] running `Command { std: "docker" "rm" "-f" "78167852c517ae12990e778159d2d2cb5b046515cc0613f2a391a5189f910cee", kill_on_drop: false }`
[INFO] [stdout] 78167852c517ae12990e778159d2d2cb5b046515cc0613f2a391a5189f910cee
[INFO] running `Command { std: "docker" "create" "-v" "/var/lib/crater-agent-workspace/builds/worker-7-tc2/target:/opt/rustwide/target:rw,Z" "-v" "/var/lib/crater-agent-workspace/builds/worker-7-tc2/source:/opt/rustwide/workdir:ro,Z" "-v" "/var/lib/crater-agent-workspace/cargo-home:/opt/rustwide/cargo-home:ro,Z" "-v" "/var/lib/crater-agent-workspace/rustup-home:/opt/rustwide/rustup-home:ro,Z" "-e" "SOURCE_DIR=/opt/rustwide/workdir" "-e" "CARGO_TARGET_DIR=/opt/rustwide/target" "-e" "CARGO_INCREMENTAL=0" "-e" "RUST_BACKTRACE=full" "-e" "RUSTFLAGS=--cap-lints=warn" "-e" "RUSTDOCFLAGS=--cap-lints=warn" "-e" "CARGO_HOME=/opt/rustwide/cargo-home" "-e" "RUSTUP_HOME=/opt/rustwide/rustup-home" "-w" "/opt/rustwide/workdir" "-m" "1610612736" "--user" "0:0" "--network" "none" "ghcr.io/rust-lang/crates-build-env/linux@sha256:f3a9d4ad9d972b27faf3965f35b62e55ba32bbce8f20bc8fe909558a86702fde" "/opt/rustwide/cargo-home/bin/cargo" "+beta-2024-12-08" "test" "--frozen" "--no-run" "--message-format=json", kill_on_drop: false }`
[INFO] [stdout] 2b2c9408ad5c702adced8a0aa68b5f4555bd1d096770c3126c9d705b1810a30d
[INFO] running `Command { std: "docker" "start" "-a" "2b2c9408ad5c702adced8a0aa68b5f4555bd1d096770c3126c9d705b1810a30d", kill_on_drop: false }`
[INFO] [stderr]    Compiling fnum v0.0.1 (/opt/rustwide/workdir)
[INFO] [stdout] warning: the type `u64` does not permit being left uninitialized
[INFO] [stdout]   --> examples/impl.rs:27:26
[INFO] [stdout]    |
[INFO] [stdout] 27 |             0 => Enum::A(std::mem::MaybeUninit::uninit().assume_init()),
[INFO] [stdout]    |                          ^^^^^^^^^^^^^^^^^^^^^^^^^^^^^^^^^^^^^^^^^^^^^
[INFO] [stdout]    |                          |
[INFO] [stdout]    |                          this code causes undefined behavior when executed
[INFO] [stdout]    |                          help: use `MaybeUninit<T>` instead, and only call `assume_init` after initialization is done
[INFO] [stdout]    |
[INFO] [stdout]    = note: integers must be initialized
[INFO] [stdout]    = note: `#[warn(invalid_value)]` on by default
[INFO] [stdout] 
[INFO] [stdout] 
[INFO] [stdout] warning: the type `u32` does not permit being left uninitialized
[INFO] [stdout]   --> examples/impl.rs:28:26
[INFO] [stdout]    |
[INFO] [stdout] 28 |             1 => Enum::B(std::mem::MaybeUninit::uninit().assume_init()),
[INFO] [stdout]    |                          ^^^^^^^^^^^^^^^^^^^^^^^^^^^^^^^^^^^^^^^^^^^^^
[INFO] [stdout]    |                          |
[INFO] [stdout]    |                          this code causes undefined behavior when executed
[INFO] [stdout]    |                          help: use `MaybeUninit<T>` instead, and only call `assume_init` after initialization is done
[INFO] [stdout]    |
[INFO] [stdout]    = note: integers must be initialized
[INFO] [stdout] 
[INFO] [stdout] 
[INFO] [stdout] warning: the type `u32` does not permit being left uninitialized
[INFO] [stdout]   --> examples/impl.rs:29:26
[INFO] [stdout]    |
[INFO] [stdout] 29 |             2 => Enum::C(std::mem::MaybeUninit::uninit().assume_init(), std::mem::MaybeUninit::uninit().assume_init()),
[INFO] [stdout]    |                          ^^^^^^^^^^^^^^^^^^^^^^^^^^^^^^^^^^^^^^^^^^^^^
[INFO] [stdout]    |                          |
[INFO] [stdout]    |                          this code causes undefined behavior when executed
[INFO] [stdout]    |                          help: use `MaybeUninit<T>` instead, and only call `assume_init` after initialization is done
[INFO] [stdout]    |
[INFO] [stdout]    = note: integers must be initialized
[INFO] [stdout] 
[INFO] [stdout] 
[INFO] [stdout] warning: the type `u64` does not permit being left uninitialized
[INFO] [stdout]   --> examples/impl.rs:29:73
[INFO] [stdout]    |
[INFO] [stdout] 29 |             2 => Enum::C(std::mem::MaybeUninit::uninit().assume_init(), std::mem::MaybeUninit::uninit().assume_init()),
[INFO] [stdout]    |                                                                         ^^^^^^^^^^^^^^^^^^^^^^^^^^^^^^^^^^^^^^^^^^^^^
[INFO] [stdout]    |                                                                         |
[INFO] [stdout]    |                                                                         this code causes undefined behavior when executed
[INFO] [stdout]    |                                                                         help: use `MaybeUninit<T>` instead, and only call `assume_init` after initialization is done
[INFO] [stdout]    |
[INFO] [stdout]    = note: integers must be initialized
[INFO] [stdout] 
[INFO] [stdout] 
[INFO] [stdout] warning: the type `u64` does not permit being left uninitialized
[INFO] [stdout]   --> examples/impl.rs:30:26
[INFO] [stdout]    |
[INFO] [stdout] 30 |             3 => Enum::D(std::mem::MaybeUninit::uninit().assume_init(), std::mem::MaybeUninit::uninit().assume_init()),
[INFO] [stdout]    |                          ^^^^^^^^^^^^^^^^^^^^^^^^^^^^^^^^^^^^^^^^^^^^^
[INFO] [stdout]    |                          |
[INFO] [stdout]    |                          this code causes undefined behavior when executed
[INFO] [stdout]    |                          help: use `MaybeUninit<T>` instead, and only call `assume_init` after initialization is done
[INFO] [stdout]    |
[INFO] [stdout]    = note: integers must be initialized
[INFO] [stdout] 
[INFO] [stdout] 
[INFO] [stdout] warning: the type `u32` does not permit being left uninitialized
[INFO] [stdout]   --> examples/impl.rs:30:73
[INFO] [stdout]    |
[INFO] [stdout] 30 |             3 => Enum::D(std::mem::MaybeUninit::uninit().assume_init(), std::mem::MaybeUninit::uninit().assume_init()),
[INFO] [stdout]    |                                                                         ^^^^^^^^^^^^^^^^^^^^^^^^^^^^^^^^^^^^^^^^^^^^^
[INFO] [stdout]    |                                                                         |
[INFO] [stdout]    |                                                                         this code causes undefined behavior when executed
[INFO] [stdout]    |                                                                         help: use `MaybeUninit<T>` instead, and only call `assume_init` after initialization is done
[INFO] [stdout]    |
[INFO] [stdout]    = note: integers must be initialized
[INFO] [stdout] 
[INFO] [stdout] 
[INFO] [stderr]     Finished `test` profile [unoptimized + debuginfo] target(s) in 0.65s
[INFO] running `Command { std: "docker" "inspect" "2b2c9408ad5c702adced8a0aa68b5f4555bd1d096770c3126c9d705b1810a30d", kill_on_drop: false }`
[INFO] running `Command { std: "docker" "rm" "-f" "2b2c9408ad5c702adced8a0aa68b5f4555bd1d096770c3126c9d705b1810a30d", kill_on_drop: false }`
[INFO] [stdout] 2b2c9408ad5c702adced8a0aa68b5f4555bd1d096770c3126c9d705b1810a30d
[INFO] running `Command { std: "docker" "create" "-v" "/var/lib/crater-agent-workspace/builds/worker-7-tc2/target:/opt/rustwide/target:rw,Z" "-v" "/var/lib/crater-agent-workspace/builds/worker-7-tc2/source:/opt/rustwide/workdir:ro,Z" "-v" "/var/lib/crater-agent-workspace/cargo-home:/opt/rustwide/cargo-home:ro,Z" "-v" "/var/lib/crater-agent-workspace/rustup-home:/opt/rustwide/rustup-home:ro,Z" "-e" "SOURCE_DIR=/opt/rustwide/workdir" "-e" "CARGO_TARGET_DIR=/opt/rustwide/target" "-e" "CARGO_INCREMENTAL=0" "-e" "RUST_BACKTRACE=full" "-e" "RUSTFLAGS=--cap-lints=warn" "-e" "RUSTDOCFLAGS=--cap-lints=warn" "-e" "CARGO_HOME=/opt/rustwide/cargo-home" "-e" "RUSTUP_HOME=/opt/rustwide/rustup-home" "-w" "/opt/rustwide/workdir" "-m" "1610612736" "--user" "0:0" "--network" "none" "ghcr.io/rust-lang/crates-build-env/linux@sha256:f3a9d4ad9d972b27faf3965f35b62e55ba32bbce8f20bc8fe909558a86702fde" "/opt/rustwide/cargo-home/bin/cargo" "+beta-2024-12-08" "test" "--frozen", kill_on_drop: false }`
[INFO] [stdout] 428f16b92a7fcbe78169956684c9e50728e0c598483552f789d2939959bcb583
[INFO] running `Command { std: "docker" "start" "-a" "428f16b92a7fcbe78169956684c9e50728e0c598483552f789d2939959bcb583", kill_on_drop: false }`
[INFO] [stderr] warning: the type `u64` does not permit being left uninitialized
[INFO] [stderr]   --> examples/impl.rs:27:26
[INFO] [stderr]    |
[INFO] [stderr] 27 |             0 => Enum::A(std::mem::MaybeUninit::uninit().assume_init()),
[INFO] [stderr]    |                          ^^^^^^^^^^^^^^^^^^^^^^^^^^^^^^^^^^^^^^^^^^^^^
[INFO] [stderr]    |                          |
[INFO] [stderr]    |                          this code causes undefined behavior when executed
[INFO] [stderr]    |                          help: use `MaybeUninit<T>` instead, and only call `assume_init` after initialization is done
[INFO] [stderr]    |
[INFO] [stderr]    = note: integers must be initialized
[INFO] [stderr]    = note: `#[warn(invalid_value)]` on by default
[INFO] [stderr] 
[INFO] [stderr] warning: the type `u32` does not permit being left uninitialized
[INFO] [stderr]   --> examples/impl.rs:28:26
[INFO] [stderr]    |
[INFO] [stderr] 28 |             1 => Enum::B(std::mem::MaybeUninit::uninit().assume_init()),
[INFO] [stderr]    |                          ^^^^^^^^^^^^^^^^^^^^^^^^^^^^^^^^^^^^^^^^^^^^^
[INFO] [stderr]    |                          |
[INFO] [stderr]    |                          this code causes undefined behavior when executed
[INFO] [stderr]    |                          help: use `MaybeUninit<T>` instead, and only call `assume_init` after initialization is done
[INFO] [stderr]    |
[INFO] [stderr]    = note: integers must be initialized
[INFO] [stderr] 
[INFO] [stderr] warning: the type `u32` does not permit being left uninitialized
[INFO] [stderr]   --> examples/impl.rs:29:26
[INFO] [stderr]    |
[INFO] [stderr] 29 |             2 => Enum::C(std::mem::MaybeUninit::uninit().assume_init(), std::mem::MaybeUninit::uninit().assume_init()),
[INFO] [stderr]    |                          ^^^^^^^^^^^^^^^^^^^^^^^^^^^^^^^^^^^^^^^^^^^^^
[INFO] [stderr]    |                          |
[INFO] [stderr]    |                          this code causes undefined behavior when executed
[INFO] [stderr]    |                          help: use `MaybeUninit<T>` instead, and only call `assume_init` after initialization is done
[INFO] [stderr]    |
[INFO] [stderr]    = note: integers must be initialized
[INFO] [stderr] 
[INFO] [stderr] warning: the type `u64` does not permit being left uninitialized
[INFO] [stderr]   --> examples/impl.rs:29:73
[INFO] [stderr]    |
[INFO] [stderr] 29 |             2 => Enum::C(std::mem::MaybeUninit::uninit().assume_init(), std::mem::MaybeUninit::uninit().assume_init()),
[INFO] [stderr]    |                                                                         ^^^^^^^^^^^^^^^^^^^^^^^^^^^^^^^^^^^^^^^^^^^^^
[INFO] [stderr]    |                                                                         |
[INFO] [stderr]    |                                                                         this code causes undefined behavior when executed
[INFO] [stderr]    |                                                                         help: use `MaybeUninit<T>` instead, and only call `assume_init` after initialization is done
[INFO] [stderr]    |
[INFO] [stderr]    = note: integers must be initialized
[INFO] [stderr] 
[INFO] [stderr] warning: the type `u64` does not permit being left uninitialized
[INFO] [stderr]   --> examples/impl.rs:30:26
[INFO] [stderr]    |
[INFO] [stderr] 30 |             3 => Enum::D(std::mem::MaybeUninit::uninit().assume_init(), std::mem::MaybeUninit::uninit().assume_init()),
[INFO] [stderr]    |                          ^^^^^^^^^^^^^^^^^^^^^^^^^^^^^^^^^^^^^^^^^^^^^
[INFO] [stderr]    |                          |
[INFO] [stderr]    |                          this code causes undefined behavior when executed
[INFO] [stderr]    |                          help: use `MaybeUninit<T>` instead, and only call `assume_init` after initialization is done
[INFO] [stderr]    |
[INFO] [stderr]    = note: integers must be initialized
[INFO] [stderr] 
[INFO] [stderr] warning: the type `u32` does not permit being left uninitialized
[INFO] [stderr]   --> examples/impl.rs:30:73
[INFO] [stderr]    |
[INFO] [stderr] 30 |             3 => Enum::D(std::mem::MaybeUninit::uninit().assume_init(), std::mem::MaybeUninit::uninit().assume_init()),
[INFO] [stderr]    |                                                                         ^^^^^^^^^^^^^^^^^^^^^^^^^^^^^^^^^^^^^^^^^^^^^
[INFO] [stderr]    |                                                                         |
[INFO] [stderr]    |                                                                         this code causes undefined behavior when executed
[INFO] [stderr]    |                                                                         help: use `MaybeUninit<T>` instead, and only call `assume_init` after initialization is done
[INFO] [stderr]    |
[INFO] [stderr]    = note: integers must be initialized
[INFO] [stderr] 
[INFO] [stderr] warning: `fnum` (example "impl") generated 6 warnings
[INFO] [stderr]     Finished `test` profile [unoptimized + debuginfo] target(s) in 0.02s
[INFO] [stderr]      Running unittests src/lib.rs (/opt/rustwide/target/debug/deps/fnum-8a221eaf951df2a1)
[INFO] [stdout] 
[INFO] [stdout] running 0 tests
[INFO] [stdout] 
[INFO] [stdout] test result: ok. 0 passed; 0 failed; 0 ignored; 0 measured; 0 filtered out; finished in 0.00s
[INFO] [stdout] 
[INFO] [stderr]    Doc-tests fnum
[INFO] [stdout] 
[INFO] [stdout] running 2 tests
[INFO] [stdout] test src/lib.rs - Fnum::variant_index (line 37) ... FAILED
[INFO] [stdout] test src/lib.rs - (line 4) ... FAILED
[INFO] [stdout] 
[INFO] [stdout] failures:
[INFO] [stdout] 
[INFO] [stdout] ---- src/lib.rs - Fnum::variant_index (line 37) stdout ----
[INFO] [stdout] error: cannot find derive macro `Fnum` in this scope
[INFO] [stdout]  --> src/lib.rs:38:10
[INFO] [stdout]   |
[INFO] [stdout] 3 | #[derive(Fnum)]
[INFO] [stdout]   |          ^^^^
[INFO] [stdout]   |
[INFO] [stdout] help: consider importing one of these derive macros
[INFO] [stdout]   |
[INFO] [stdout] 2 + use fnum::Fnum;
[INFO] [stdout]   |
[INFO] [stdout] 2 + use fnum_derive::Fnum;
[INFO] [stdout]   |
[INFO] [stdout] 
[INFO] [stdout] error[E0599]: no variant or associated item named `First` found for enum `MyEnum` in the current scope
[INFO] [stdout]  --> src/lib.rs:44:20
[INFO] [stdout]   |
[INFO] [stdout] 4 | enum MyEnum {
[INFO] [stdout]   | ----------- variant or associated item `First` not found for this enum
[INFO] [stdout] ...
[INFO] [stdout] 9 | assert_eq!(MyEnum::First.variant_index(), 0);
[INFO] [stdout]   |                    ^^^^^ variant or associated item not found in `MyEnum`
[INFO] [stdout]   |
[INFO] [stdout] help: there is a variant with a similar name (notice the capitalization difference)
[INFO] [stdout]   |
[INFO] [stdout] 9 | assert_eq!(MyEnum::FIrst.variant_index(), 0);
[INFO] [stdout]   |                    ~~~~~
[INFO] [stdout] 
[INFO] [stdout] error[E0599]: no method named `variant_index` found for enum `MyEnum` in the current scope
[INFO] [stdout]   --> src/lib.rs:45:27
[INFO] [stdout]    |
[INFO] [stdout] 4  | enum MyEnum {
[INFO] [stdout]    | ----------- method `variant_index` not found for this enum
[INFO] [stdout] ...
[INFO] [stdout] 10 | assert_eq!(MyEnum::Second.variant_index(), 1);
[INFO] [stdout]    |                           ^^^^^^^^^^^^^ method not found in `MyEnum`
[INFO] [stdout]    |
[INFO] [stdout]    = help: items from traits can only be used if the trait is implemented and in scope
[INFO] [stdout]    = note: the following trait defines an item `variant_index`, perhaps you need to implement it:
[INFO] [stdout]            candidate #1: `fnum::Fnum`
[INFO] [stdout] 
[INFO] [stdout] error: aborting due to 3 previous errors
[INFO] [stdout] 
[INFO] [stdout] For more information about this error, try `rustc --explain E0599`.
[INFO] [stdout] Couldn't compile the test.
[INFO] [stdout] ---- src/lib.rs - (line 4) stdout ----
[INFO] [stdout] Test executable failed (exit status: 101).
[INFO] [stdout] 
[INFO] [stdout] stderr:
[INFO] [stdout] thread 'main' panicked at src/lib.rs:20:1:
[INFO] [stdout] assertion `left == right` failed
[INFO] [stdout]   left: 28
[INFO] [stdout]  right: 24
[INFO] [stdout] stack backtrace:
[INFO] [stdout]    0:     0x6144679b304a - std::backtrace_rs::backtrace::libunwind::trace::h8810477743020387
[INFO] [stdout]                                at /rustc/202008a1b8de96d2e5b6bc02d379db03a877d34d/library/std/src/../../backtrace/src/backtrace/libunwind.rs:116:5
[INFO] [stdout]    1:     0x6144679b304a - std::backtrace_rs::backtrace::trace_unsynchronized::h3aa55355dd6c54a6
[INFO] [stdout]                                at /rustc/202008a1b8de96d2e5b6bc02d379db03a877d34d/library/std/src/../../backtrace/src/backtrace/mod.rs:66:5
[INFO] [stdout]    2:     0x6144679b304a - std::sys::backtrace::_print_fmt::h8588b0f62410823f
[INFO] [stdout]                                at /rustc/202008a1b8de96d2e5b6bc02d379db03a877d34d/library/std/src/sys/backtrace.rs:66:9
[INFO] [stdout]    3:     0x6144679b304a - <std::sys::backtrace::BacktraceLock::print::DisplayBacktrace as core::fmt::Display>::fmt::h98c26ac25ffe89bb
[INFO] [stdout]                                at /rustc/202008a1b8de96d2e5b6bc02d379db03a877d34d/library/std/src/sys/backtrace.rs:39:26
[INFO] [stdout]    4:     0x6144679ce853 - core::fmt::rt::Argument::fmt::hf95377f4aebd453b
[INFO] [stdout]                                at /rustc/202008a1b8de96d2e5b6bc02d379db03a877d34d/library/core/src/fmt/rt.rs:177:76
[INFO] [stdout]    5:     0x6144679ce853 - core::fmt::write::h0dd5f6e2238c7982
[INFO] [stdout]                                at /rustc/202008a1b8de96d2e5b6bc02d379db03a877d34d/library/core/src/fmt/mod.rs:1189:21
[INFO] [stdout]    6:     0x6144679b0dc3 - std::io::Write::write_fmt::hc00bff0a88e08857
[INFO] [stdout]                                at /rustc/202008a1b8de96d2e5b6bc02d379db03a877d34d/library/std/src/io/mod.rs:1884:15
[INFO] [stdout]    7:     0x6144679b2e92 - std::sys::backtrace::BacktraceLock::print::h5c19c1c038ee186d
[INFO] [stdout]                                at /rustc/202008a1b8de96d2e5b6bc02d379db03a877d34d/library/std/src/sys/backtrace.rs:42:9
[INFO] [stdout]    8:     0x6144679b3e5c - std::panicking::default_hook::{{closure}}::h77172f079a1fcb13
[INFO] [stdout]                                at /rustc/202008a1b8de96d2e5b6bc02d379db03a877d34d/library/std/src/panicking.rs:268:22
[INFO] [stdout]    9:     0x6144679b3ca2 - std::panicking::default_hook::he5f8e3b203ccddba
[INFO] [stdout]                                at /rustc/202008a1b8de96d2e5b6bc02d379db03a877d34d/library/std/src/panicking.rs:295:9
[INFO] [stdout]   10:     0x6144679b4437 - std::panicking::rust_panic_with_hook::h53863d4e9018df39
[INFO] [stdout]                                at /rustc/202008a1b8de96d2e5b6bc02d379db03a877d34d/library/std/src/panicking.rs:801:13
[INFO] [stdout]   11:     0x6144679b42ca - std::panicking::begin_panic_handler::{{closure}}::h67280e6fa0757873
[INFO] [stdout]                                at /rustc/202008a1b8de96d2e5b6bc02d379db03a877d34d/library/std/src/panicking.rs:674:13
[INFO] [stdout]   12:     0x6144679b3529 - std::sys::backtrace::__rust_end_short_backtrace::h1dac3f54d6fbbeb2
[INFO] [stdout]                                at /rustc/202008a1b8de96d2e5b6bc02d379db03a877d34d/library/std/src/sys/backtrace.rs:170:18
[INFO] [stdout]   13:     0x6144679b3f5c - rust_begin_unwind
[INFO] [stdout]                                at /rustc/202008a1b8de96d2e5b6bc02d379db03a877d34d/library/std/src/panicking.rs:665:5
[INFO] [stdout]   14:     0x614467990040 - core::panicking::panic_fmt::h6792bd1b2bf01041
[INFO] [stdout]                                at /rustc/202008a1b8de96d2e5b6bc02d379db03a877d34d/library/core/src/panicking.rs:76:14
[INFO] [stdout]   15:     0x6144679903d2 - core::panicking::assert_failed_inner::hf2c17e6d30928787
[INFO] [stdout]   16:     0x614467993838 - core::panicking::assert_failed::h0dd44139858bfa17
[INFO] [stdout]                                at /rustc/202008a1b8de96d2e5b6bc02d379db03a877d34d/library/core/src/panicking.rs:373:5
[INFO] [stdout]   17:     0x614467991bee - rust_out::main::_doctest_main_src_lib_rs_4_0::h7ec17cf599606fcf
[INFO] [stdout]   18:     0x614467991ad6 - rust_out::main::h57eefffa92e38ed0
[INFO] [stdout]   19:     0x614467990b03 - core::ops::function::FnOnce::call_once::hcb3872443a25b5b7
[INFO] [stdout]   20:     0x614467990826 - std::sys::backtrace::__rust_begin_short_backtrace::hb8f53f53663d2e9e
[INFO] [stdout]   21:     0x6144679907f9 - std::rt::lang_start::{{closure}}::h0d6bdb8cb611c7e9
[INFO] [stdout]   22:     0x6144679af397 - core::ops::function::impls::<impl core::ops::function::FnOnce<A> for &F>::call_once::hba2470d01d3f5e41
[INFO] [stdout]                                at /rustc/202008a1b8de96d2e5b6bc02d379db03a877d34d/library/core/src/ops/function.rs:284:13
[INFO] [stdout]   23:     0x6144679af397 - std::panicking::try::do_call::hc063fb73159aab72
[INFO] [stdout]                                at /rustc/202008a1b8de96d2e5b6bc02d379db03a877d34d/library/std/src/panicking.rs:557:40
[INFO] [stdout]   24:     0x6144679af397 - std::panicking::try::h2767c6d245d3a3bb
[INFO] [stdout]                                at /rustc/202008a1b8de96d2e5b6bc02d379db03a877d34d/library/std/src/panicking.rs:520:19
[INFO] [stdout]   25:     0x6144679af397 - std::panic::catch_unwind::h061c6ef75790da63
[INFO] [stdout]                                at /rustc/202008a1b8de96d2e5b6bc02d379db03a877d34d/library/std/src/panic.rs:358:14
[INFO] [stdout]   26:     0x6144679af397 - std::rt::lang_start_internal::{{closure}}::h5c5e35b11a4b8c4e
[INFO] [stdout]                                at /rustc/202008a1b8de96d2e5b6bc02d379db03a877d34d/library/std/src/rt.rs:174:48
[INFO] [stdout]   27:     0x6144679af397 - std::panicking::try::do_call::h705e99690a8109cc
[INFO] [stdout]                                at /rustc/202008a1b8de96d2e5b6bc02d379db03a877d34d/library/std/src/panicking.rs:557:40
[INFO] [stdout]   28:     0x6144679af397 - std::panicking::try::he5f4452754ed9a34
[INFO] [stdout]                                at /rustc/202008a1b8de96d2e5b6bc02d379db03a877d34d/library/std/src/panicking.rs:520:19
[INFO] [stdout]   29:     0x6144679af397 - std::panic::catch_unwind::h5db61b3bcbe883e5
[INFO] [stdout]                                at /rustc/202008a1b8de96d2e5b6bc02d379db03a877d34d/library/std/src/panic.rs:358:14
[INFO] [stdout]   30:     0x6144679af397 - std::rt::lang_start_internal::h81da9b59bab665c6
[INFO] [stdout]                                at /rustc/202008a1b8de96d2e5b6bc02d379db03a877d34d/library/std/src/rt.rs:174:20
[INFO] [stdout]   31:     0x6144679907d7 - std::rt::lang_start::h2798034e47ddebf9
[INFO] [stdout]   32:     0x614467992775 - main
[INFO] [stdout]   33:     0x74c72a56ed90 - <unknown>
[INFO] [stdout]   34:     0x74c72a56ee40 - __libc_start_main
[INFO] [stdout]   35:     0x6144679906b5 - _start
[INFO] [stdout]   36:                0x0 - <unknown>
[INFO] [stdout] 
[INFO] [stdout] 
[INFO] [stdout] 
[INFO] [stdout] failures:
[INFO] [stdout]     src/lib.rs - (line 4)
[INFO] [stdout]     src/lib.rs - Fnum::variant_index (line 37)
[INFO] [stdout] 
[INFO] [stdout] test result: FAILED. 0 passed; 2 failed; 0 ignored; 0 measured; 0 filtered out; finished in 0.41s
[INFO] [stdout] 
[INFO] [stderr] error: doctest failed, to rerun pass `--doc`
[INFO] running `Command { std: "docker" "inspect" "428f16b92a7fcbe78169956684c9e50728e0c598483552f789d2939959bcb583", kill_on_drop: false }`
[INFO] running `Command { std: "docker" "rm" "-f" "428f16b92a7fcbe78169956684c9e50728e0c598483552f789d2939959bcb583", kill_on_drop: false }`
[INFO] [stdout] 428f16b92a7fcbe78169956684c9e50728e0c598483552f789d2939959bcb583
