[INFO] cloning repository https://github.com/carrascomj/maud-lsp
[INFO] running `Command { std: "git" "-c" "credential.helper=" "-c" "credential.helper=/workspace/cargo-home/bin/git-credential-null" "clone" "--bare" "https://github.com/carrascomj/maud-lsp" "/workspace/cache/git-repos/https%3A%2F%2Fgithub.com%2Fcarrascomj%2Fmaud-lsp", kill_on_drop: false }`
[INFO] [stderr] Cloning into bare repository '/workspace/cache/git-repos/https%3A%2F%2Fgithub.com%2Fcarrascomj%2Fmaud-lsp'...
[INFO] running `Command { std: "git" "rev-parse" "HEAD", kill_on_drop: false }`
[INFO] [stdout] f96d84064ef94e0e942ce013536b408c85543d5f
[INFO] testing carrascomj/maud-lsp against beta-2024-12-08 for beta-1.84.0-4-retry
[INFO] running `Command { std: "git" "clone" "/workspace/cache/git-repos/https%3A%2F%2Fgithub.com%2Fcarrascomj%2Fmaud-lsp" "/workspace/builds/worker-3-tc2/source", kill_on_drop: false }`
[INFO] [stderr] Cloning into '/workspace/builds/worker-3-tc2/source'...
[INFO] [stderr] done.
[INFO] validating manifest of git repo https://github.com/carrascomj/maud-lsp on toolchain beta-2024-12-08
[INFO] running `Command { std: CARGO_HOME="/workspace/cargo-home" RUSTUP_HOME="/workspace/rustup-home" "/workspace/cargo-home/bin/cargo" "+beta-2024-12-08" "metadata" "--manifest-path" "Cargo.toml" "--no-deps", kill_on_drop: false }`
[INFO] started tweaking git repo https://github.com/carrascomj/maud-lsp
[INFO] finished tweaking git repo https://github.com/carrascomj/maud-lsp
[INFO] tweaked toml for git repo https://github.com/carrascomj/maud-lsp written to /workspace/builds/worker-3-tc2/source/Cargo.toml
[INFO] crate git repo https://github.com/carrascomj/maud-lsp already has a lockfile, it will not be regenerated
[INFO] running `Command { std: CARGO_HOME="/workspace/cargo-home" RUSTUP_HOME="/workspace/rustup-home" "/workspace/cargo-home/bin/cargo" "+beta-2024-12-08" "fetch" "--manifest-path" "Cargo.toml", kill_on_drop: false }`
[INFO] running `Command { std: "docker" "create" "-v" "/var/lib/crater-agent-workspace/builds/worker-3-tc2/target:/opt/rustwide/target:rw,Z" "-v" "/var/lib/crater-agent-workspace/builds/worker-3-tc2/source:/opt/rustwide/workdir:ro,Z" "-v" "/var/lib/crater-agent-workspace/cargo-home:/opt/rustwide/cargo-home:ro,Z" "-v" "/var/lib/crater-agent-workspace/rustup-home:/opt/rustwide/rustup-home:ro,Z" "-e" "SOURCE_DIR=/opt/rustwide/workdir" "-e" "CARGO_TARGET_DIR=/opt/rustwide/target" "-e" "CARGO_HOME=/opt/rustwide/cargo-home" "-e" "RUSTUP_HOME=/opt/rustwide/rustup-home" "-w" "/opt/rustwide/workdir" "-m" "1610612736" "--user" "0:0" "--network" "none" "ghcr.io/rust-lang/crates-build-env/linux@sha256:f3a9d4ad9d972b27faf3965f35b62e55ba32bbce8f20bc8fe909558a86702fde" "/opt/rustwide/cargo-home/bin/cargo" "+beta-2024-12-08" "metadata" "--no-deps" "--format-version=1", kill_on_drop: false }`
[INFO] [stdout] 83fe90389bd808f928e8efc485ceceab089bc0a72fc909c1fcd79ea6001edd81
[INFO] running `Command { std: "docker" "start" "-a" "83fe90389bd808f928e8efc485ceceab089bc0a72fc909c1fcd79ea6001edd81", kill_on_drop: false }`
[INFO] running `Command { std: "docker" "inspect" "83fe90389bd808f928e8efc485ceceab089bc0a72fc909c1fcd79ea6001edd81", kill_on_drop: false }`
[INFO] running `Command { std: "docker" "rm" "-f" "83fe90389bd808f928e8efc485ceceab089bc0a72fc909c1fcd79ea6001edd81", kill_on_drop: false }`
[INFO] [stdout] 83fe90389bd808f928e8efc485ceceab089bc0a72fc909c1fcd79ea6001edd81
[INFO] running `Command { std: "docker" "create" "-v" "/var/lib/crater-agent-workspace/builds/worker-3-tc2/target:/opt/rustwide/target:rw,Z" "-v" "/var/lib/crater-agent-workspace/builds/worker-3-tc2/source:/opt/rustwide/workdir:ro,Z" "-v" "/var/lib/crater-agent-workspace/cargo-home:/opt/rustwide/cargo-home:ro,Z" "-v" "/var/lib/crater-agent-workspace/rustup-home:/opt/rustwide/rustup-home:ro,Z" "-e" "SOURCE_DIR=/opt/rustwide/workdir" "-e" "CARGO_TARGET_DIR=/opt/rustwide/target" "-e" "CARGO_INCREMENTAL=0" "-e" "RUST_BACKTRACE=full" "-e" "RUSTFLAGS=--cap-lints=warn" "-e" "RUSTDOCFLAGS=--cap-lints=warn" "-e" "CARGO_HOME=/opt/rustwide/cargo-home" "-e" "RUSTUP_HOME=/opt/rustwide/rustup-home" "-w" "/opt/rustwide/workdir" "-m" "1610612736" "--user" "0:0" "--network" "none" "ghcr.io/rust-lang/crates-build-env/linux@sha256:f3a9d4ad9d972b27faf3965f35b62e55ba32bbce8f20bc8fe909558a86702fde" "/opt/rustwide/cargo-home/bin/cargo" "+beta-2024-12-08" "build" "--frozen" "--message-format=json", kill_on_drop: false }`
[INFO] [stdout] 226bf29af19fa7fb2eaed246fc8b15c9ee1a2b0a226ecd40abca4a3ca64e5295
[INFO] running `Command { std: "docker" "start" "-a" "226bf29af19fa7fb2eaed246fc8b15c9ee1a2b0a226ecd40abca4a3ca64e5295", kill_on_drop: false }`
[INFO] [stderr]    Compiling proc-macro2 v1.0.47
[INFO] [stderr]    Compiling quote v1.0.21
[INFO] [stderr]    Compiling unicode-ident v1.0.5
[INFO] [stderr]    Compiling syn v1.0.103
[INFO] [stderr]    Compiling serde_derive v1.0.147
[INFO] [stderr]    Compiling serde v1.0.147
[INFO] [stderr]    Compiling tinyvec_macros v0.1.0
[INFO] [stderr]    Compiling crossbeam-utils v0.8.12
[INFO] [stderr]    Compiling tinyvec v1.6.0
[INFO] [stderr]    Compiling serde_json v1.0.87
[INFO] [stderr]    Compiling itoa v1.0.4
[INFO] [stderr]    Compiling log v0.4.17
[INFO] [stderr]    Compiling percent-encoding v2.2.0
[INFO] [stderr]    Compiling unicode-bidi v0.3.8
[INFO] [stderr]    Compiling ryu v1.0.11
[INFO] [stderr]    Compiling form_urlencoded v1.1.0
[INFO] [stderr]    Compiling heck v0.4.0
[INFO] [stderr]    Compiling argh_shared v0.1.9
[INFO] [stderr]    Compiling aliasable v0.1.3
[INFO] [stderr]    Compiling crossbeam-channel v0.5.6
[INFO] [stderr]    Compiling unicode-normalization v0.1.22
[INFO] [stderr]    Compiling proc-macro-error-attr v1.0.4
[INFO] [stderr]    Compiling idna v0.3.0
[INFO] [stderr]    Compiling proc-macro-error v1.0.4
[INFO] [stderr]    Compiling argh_derive v0.1.9
[INFO] [stderr]    Compiling serde_repr v0.1.9
[INFO] [stderr]    Compiling ouroboros_macro v0.15.5
[INFO] [stderr]    Compiling argh v0.1.9
[INFO] [stderr]    Compiling ouroboros v0.15.5
[INFO] [stderr]    Compiling url v2.3.1
[INFO] [stderr]    Compiling toml v0.5.9
[INFO] [stderr]    Compiling lsp-types v0.93.2
[INFO] [stderr]    Compiling lsp-server v0.6.0
[INFO] [stderr]    Compiling maud-lsp v0.3.0 (/opt/rustwide/workdir)
[INFO] [stdout] warning: fields `is_train`, `is_test`, `temperature`, and `measurements` are never read
[INFO] [stdout]   --> src/experiments.rs:8:9
[INFO] [stdout]    |
[INFO] [stdout] 5  | pub struct Experiment<'a> {
[INFO] [stdout]    |            ---------- fields in this struct
[INFO] [stdout] ...
[INFO] [stdout] 8  |     pub is_train: bool,
[INFO] [stdout]    |         ^^^^^^^^
[INFO] [stdout] 9  |     pub is_test: bool,
[INFO] [stdout]    |         ^^^^^^^
[INFO] [stdout] 10 |     pub temperature: f32,
[INFO] [stdout]    |         ^^^^^^^^^^^
[INFO] [stdout] 11 |     #[serde(default)]
[INFO] [stdout] 12 |     measurements: Vec<Measurement<'a>>,
[INFO] [stdout]    |     ^^^^^^^^^^^^
[INFO] [stdout]    |
[INFO] [stdout]    = note: `#[warn(dead_code)]` on by default
[INFO] [stdout] 
[INFO] [stdout] 
[INFO] [stdout] warning: fields `target_type`, `metabolite`, `reaction`, `compartment`, `value`, and `error_scale` are never read
[INFO] [stdout]   --> src/experiments.rs:17:5
[INFO] [stdout]    |
[INFO] [stdout] 16 | struct Measurement<'a> {
[INFO] [stdout]    |        ----------- fields in this struct
[INFO] [stdout] 17 |     target_type: &'a str,
[INFO] [stdout]    |     ^^^^^^^^^^^
[INFO] [stdout] 18 |     metabolite: Option<&'a str>,
[INFO] [stdout]    |     ^^^^^^^^^^
[INFO] [stdout] 19 |     reaction: Option<&'a str>,
[INFO] [stdout]    |     ^^^^^^^^
[INFO] [stdout] 20 |     compartment: Option<&'a str>,
[INFO] [stdout]    |     ^^^^^^^^^^^
[INFO] [stdout] 21 |     value: f32,
[INFO] [stdout]    |     ^^^^^
[INFO] [stdout] 22 |     error_scale: f32,
[INFO] [stdout]    |     ^^^^^^^^^^^
[INFO] [stdout]    |
[INFO] [stdout]    = note: `Measurement` has a derived impl for the trait `Default`, but this is intentionally ignored during dead code analysis
[INFO] [stdout] 
[INFO] [stdout] 
[INFO] [stdout] warning: fields `metabolite_id`, `compartment_id`, and `balanced` are never read
[INFO] [stdout]   --> src/maud_data.rs:68:9
[INFO] [stdout]    |
[INFO] [stdout] 66 | pub struct MetaboliteInCompartment<'a> {
[INFO] [stdout]    |            ----------------------- fields in this struct
[INFO] [stdout] 67 |     /// identifier, cannot contain underscores
[INFO] [stdout] 68 |     pub metabolite_id: &'a str,
[INFO] [stdout]    |         ^^^^^^^^^^^^^
[INFO] [stdout] 69 |     pub compartment_id: &'a str,
[INFO] [stdout]    |         ^^^^^^^^^^^^^^
[INFO] [stdout] 70 |     pub balanced: bool,
[INFO] [stdout]    |         ^^^^^^^^
[INFO] [stdout] 
[INFO] [stdout] 
[INFO] [stdout] warning: field `metabolite_in_compartment` is never read
[INFO] [stdout]   --> src/maud_data.rs:85:9
[INFO] [stdout]    |
[INFO] [stdout] 75 | pub(crate) struct KineticModel<'a> {
[INFO] [stdout]    |                   ------------ field in this struct
[INFO] [stdout] ...
[INFO] [stdout] 85 |     pub metabolite_in_compartment: Vec<MetaboliteInCompartment<'a>>,
[INFO] [stdout]    |         ^^^^^^^^^^^^^^^^^^^^^^^^^
[INFO] [stdout] 
[INFO] [stdout] 
[INFO] [stdout] warning: field `enzyme` is never read
[INFO] [stdout]   --> src/priors.rs:27:5
[INFO] [stdout]    |
[INFO] [stdout] 26 | pub struct KcatPrior {
[INFO] [stdout]    |            --------- field in this struct
[INFO] [stdout] 27 |     enzyme: String,
[INFO] [stdout]    |     ^^^^^^
[INFO] [stdout]    |
[INFO] [stdout]    = note: `KcatPrior` has derived impls for the traits `Clone` and `Debug`, but these are intentionally ignored during dead code analysis
[INFO] [stdout] 
[INFO] [stdout] 
[INFO] [stdout] warning: field `experiment` is never read
[INFO] [stdout]   --> src/priors.rs:72:5
[INFO] [stdout]    |
[INFO] [stdout] 69 | pub struct ConcUnbalanced {
[INFO] [stdout]    |            -------------- field in this struct
[INFO] [stdout] ...
[INFO] [stdout] 72 |     experiment: String,
[INFO] [stdout]    |     ^^^^^^^^^^
[INFO] [stdout]    |
[INFO] [stdout]    = note: `ConcUnbalanced` has derived impls for the traits `Clone` and `Debug`, but these are intentionally ignored during dead code analysis
[INFO] [stdout] 
[INFO] [stdout] 
[INFO] [stdout] warning: fields `is_train`, `is_test`, `temperature`, and `measurements` are never read
[INFO] [stdout]   --> src/experiments.rs:8:9
[INFO] [stdout]    |
[INFO] [stdout] 5  | pub struct Experiment<'a> {
[INFO] [stdout]    |            ---------- fields in this struct
[INFO] [stdout] ...
[INFO] [stdout] 8  |     pub is_train: bool,
[INFO] [stdout]    |         ^^^^^^^^
[INFO] [stdout] 9  |     pub is_test: bool,
[INFO] [stdout]    |         ^^^^^^^
[INFO] [stdout] 10 |     pub temperature: f32,
[INFO] [stdout]    |         ^^^^^^^^^^^
[INFO] [stdout] 11 |     #[serde(default)]
[INFO] [stdout] 12 |     measurements: Vec<Measurement<'a>>,
[INFO] [stdout]    |     ^^^^^^^^^^^^
[INFO] [stdout]    |
[INFO] [stdout]    = note: `#[warn(dead_code)]` on by default
[INFO] [stdout] 
[INFO] [stdout] 
[INFO] [stdout] warning: fields `target_type`, `metabolite`, `reaction`, `compartment`, `value`, and `error_scale` are never read
[INFO] [stdout]   --> src/experiments.rs:17:5
[INFO] [stdout]    |
[INFO] [stdout] 16 | struct Measurement<'a> {
[INFO] [stdout]    |        ----------- fields in this struct
[INFO] [stdout] 17 |     target_type: &'a str,
[INFO] [stdout]    |     ^^^^^^^^^^^
[INFO] [stdout] 18 |     metabolite: Option<&'a str>,
[INFO] [stdout]    |     ^^^^^^^^^^
[INFO] [stdout] 19 |     reaction: Option<&'a str>,
[INFO] [stdout]    |     ^^^^^^^^
[INFO] [stdout] 20 |     compartment: Option<&'a str>,
[INFO] [stdout]    |     ^^^^^^^^^^^
[INFO] [stdout] 21 |     value: f32,
[INFO] [stdout]    |     ^^^^^
[INFO] [stdout] 22 |     error_scale: f32,
[INFO] [stdout]    |     ^^^^^^^^^^^
[INFO] [stdout]    |
[INFO] [stdout]    = note: `Measurement` has a derived impl for the trait `Default`, but this is intentionally ignored during dead code analysis
[INFO] [stdout] 
[INFO] [stdout] 
[INFO] [stdout] warning: fields `metabolite_id`, `compartment_id`, and `balanced` are never read
[INFO] [stdout]   --> src/maud_data.rs:68:9
[INFO] [stdout]    |
[INFO] [stdout] 66 | pub struct MetaboliteInCompartment<'a> {
[INFO] [stdout]    |            ----------------------- fields in this struct
[INFO] [stdout] 67 |     /// identifier, cannot contain underscores
[INFO] [stdout] 68 |     pub metabolite_id: &'a str,
[INFO] [stdout]    |         ^^^^^^^^^^^^^
[INFO] [stdout] 69 |     pub compartment_id: &'a str,
[INFO] [stdout]    |         ^^^^^^^^^^^^^^
[INFO] [stdout] 70 |     pub balanced: bool,
[INFO] [stdout]    |         ^^^^^^^^
[INFO] [stdout] 
[INFO] [stdout] 
[INFO] [stdout] warning: field `metabolite_in_compartment` is never read
[INFO] [stdout]   --> src/maud_data.rs:85:9
[INFO] [stdout]    |
[INFO] [stdout] 75 | pub(crate) struct KineticModel<'a> {
[INFO] [stdout]    |                   ------------ field in this struct
[INFO] [stdout] ...
[INFO] [stdout] 85 |     pub metabolite_in_compartment: Vec<MetaboliteInCompartment<'a>>,
[INFO] [stdout]    |         ^^^^^^^^^^^^^^^^^^^^^^^^^
[INFO] [stdout] 
[INFO] [stdout] 
[INFO] [stdout] warning: field `enzyme` is never read
[INFO] [stdout]   --> src/priors.rs:27:5
[INFO] [stdout]    |
[INFO] [stdout] 26 | pub struct KcatPrior {
[INFO] [stdout]    |            --------- field in this struct
[INFO] [stdout] 27 |     enzyme: String,
[INFO] [stdout]    |     ^^^^^^
[INFO] [stdout]    |
[INFO] [stdout]    = note: `KcatPrior` has derived impls for the traits `Clone` and `Debug`, but these are intentionally ignored during dead code analysis
[INFO] [stdout] 
[INFO] [stdout] 
[INFO] [stdout] warning: field `experiment` is never read
[INFO] [stdout]   --> src/priors.rs:72:5
[INFO] [stdout]    |
[INFO] [stdout] 69 | pub struct ConcUnbalanced {
[INFO] [stdout]    |            -------------- field in this struct
[INFO] [stdout] ...
[INFO] [stdout] 72 |     experiment: String,
[INFO] [stdout]    |     ^^^^^^^^^^
[INFO] [stdout]    |
[INFO] [stdout]    = note: `ConcUnbalanced` has derived impls for the traits `Clone` and `Debug`, but these are intentionally ignored during dead code analysis
[INFO] [stdout] 
[INFO] [stdout] 
[INFO] [stderr]     Finished `dev` profile [unoptimized + debuginfo] target(s) in 55.37s
[INFO] running `Command { std: "docker" "inspect" "226bf29af19fa7fb2eaed246fc8b15c9ee1a2b0a226ecd40abca4a3ca64e5295", kill_on_drop: false }`
[INFO] running `Command { std: "docker" "rm" "-f" "226bf29af19fa7fb2eaed246fc8b15c9ee1a2b0a226ecd40abca4a3ca64e5295", kill_on_drop: false }`
[INFO] [stdout] 226bf29af19fa7fb2eaed246fc8b15c9ee1a2b0a226ecd40abca4a3ca64e5295
[INFO] running `Command { std: "docker" "create" "-v" "/var/lib/crater-agent-workspace/builds/worker-3-tc2/target:/opt/rustwide/target:rw,Z" "-v" "/var/lib/crater-agent-workspace/builds/worker-3-tc2/source:/opt/rustwide/workdir:ro,Z" "-v" "/var/lib/crater-agent-workspace/cargo-home:/opt/rustwide/cargo-home:ro,Z" "-v" "/var/lib/crater-agent-workspace/rustup-home:/opt/rustwide/rustup-home:ro,Z" "-e" "SOURCE_DIR=/opt/rustwide/workdir" "-e" "CARGO_TARGET_DIR=/opt/rustwide/target" "-e" "CARGO_INCREMENTAL=0" "-e" "RUST_BACKTRACE=full" "-e" "RUSTFLAGS=--cap-lints=warn" "-e" "RUSTDOCFLAGS=--cap-lints=warn" "-e" "CARGO_HOME=/opt/rustwide/cargo-home" "-e" "RUSTUP_HOME=/opt/rustwide/rustup-home" "-w" "/opt/rustwide/workdir" "-m" "1610612736" "--user" "0:0" "--network" "none" "ghcr.io/rust-lang/crates-build-env/linux@sha256:f3a9d4ad9d972b27faf3965f35b62e55ba32bbce8f20bc8fe909558a86702fde" "/opt/rustwide/cargo-home/bin/cargo" "+beta-2024-12-08" "test" "--frozen" "--no-run" "--message-format=json", kill_on_drop: false }`
[INFO] [stdout] f11fa3fd8225811f3f653a668b116904bd174a5445d87701d6dcc5bb724d22e5
[INFO] running `Command { std: "docker" "start" "-a" "f11fa3fd8225811f3f653a668b116904bd174a5445d87701d6dcc5bb724d22e5", kill_on_drop: false }`
[INFO] [stderr]    Compiling memoffset v0.6.5
[INFO] [stderr]    Compiling crossbeam-epoch v0.9.11
[INFO] [stderr]    Compiling crossbeam-queue v0.3.6
[INFO] [stderr]    Compiling scopeguard v1.1.0
[INFO] [stdout] warning: fields `is_train`, `is_test`, `temperature`, and `measurements` are never read
[INFO] [stdout]   --> src/experiments.rs:8:9
[INFO] [stdout]    |
[INFO] [stdout] 5  | pub struct Experiment<'a> {
[INFO] [stdout]    |            ---------- fields in this struct
[INFO] [stdout] ...
[INFO] [stdout] 8  |     pub is_train: bool,
[INFO] [stdout]    |         ^^^^^^^^
[INFO] [stdout] 9  |     pub is_test: bool,
[INFO] [stdout]    |         ^^^^^^^
[INFO] [stdout] 10 |     pub temperature: f32,
[INFO] [stdout]    |         ^^^^^^^^^^^
[INFO] [stdout] 11 |     #[serde(default)]
[INFO] [stdout] 12 |     measurements: Vec<Measurement<'a>>,
[INFO] [stdout]    |     ^^^^^^^^^^^^
[INFO] [stdout]    |
[INFO] [stdout]    = note: `#[warn(dead_code)]` on by default
[INFO] [stdout] 
[INFO] [stdout] 
[INFO] [stdout] warning: fields `target_type`, `metabolite`, `reaction`, `compartment`, `value`, and `error_scale` are never read
[INFO] [stdout]   --> src/experiments.rs:17:5
[INFO] [stdout]    |
[INFO] [stdout] 16 | struct Measurement<'a> {
[INFO] [stdout]    |        ----------- fields in this struct
[INFO] [stdout] 17 |     target_type: &'a str,
[INFO] [stdout]    |     ^^^^^^^^^^^
[INFO] [stdout] 18 |     metabolite: Option<&'a str>,
[INFO] [stdout]    |     ^^^^^^^^^^
[INFO] [stdout] 19 |     reaction: Option<&'a str>,
[INFO] [stdout]    |     ^^^^^^^^
[INFO] [stdout] 20 |     compartment: Option<&'a str>,
[INFO] [stdout]    |     ^^^^^^^^^^^
[INFO] [stdout] 21 |     value: f32,
[INFO] [stdout]    |     ^^^^^
[INFO] [stdout] 22 |     error_scale: f32,
[INFO] [stdout]    |     ^^^^^^^^^^^
[INFO] [stdout]    |
[INFO] [stdout]    = note: `Measurement` has a derived impl for the trait `Default`, but this is intentionally ignored during dead code analysis
[INFO] [stdout] 
[INFO] [stdout] 
[INFO] [stdout] warning: fields `metabolite_id`, `compartment_id`, and `balanced` are never read
[INFO] [stdout]   --> src/maud_data.rs:68:9
[INFO] [stdout]    |
[INFO] [stdout] 66 | pub struct MetaboliteInCompartment<'a> {
[INFO] [stdout]    |            ----------------------- fields in this struct
[INFO] [stdout] 67 |     /// identifier, cannot contain underscores
[INFO] [stdout] 68 |     pub metabolite_id: &'a str,
[INFO] [stdout]    |         ^^^^^^^^^^^^^
[INFO] [stdout] 69 |     pub compartment_id: &'a str,
[INFO] [stdout]    |         ^^^^^^^^^^^^^^
[INFO] [stdout] 70 |     pub balanced: bool,
[INFO] [stdout]    |         ^^^^^^^^
[INFO] [stdout] 
[INFO] [stdout] 
[INFO] [stdout] warning: field `metabolite_in_compartment` is never read
[INFO] [stdout]   --> src/maud_data.rs:85:9
[INFO] [stdout]    |
[INFO] [stdout] 75 | pub(crate) struct KineticModel<'a> {
[INFO] [stdout]    |                   ------------ field in this struct
[INFO] [stdout] ...
[INFO] [stdout] 85 |     pub metabolite_in_compartment: Vec<MetaboliteInCompartment<'a>>,
[INFO] [stdout]    |         ^^^^^^^^^^^^^^^^^^^^^^^^^
[INFO] [stdout] 
[INFO] [stdout] 
[INFO] [stdout] warning: field `enzyme` is never read
[INFO] [stdout]   --> src/priors.rs:27:5
[INFO] [stdout]    |
[INFO] [stdout] 26 | pub struct KcatPrior {
[INFO] [stdout]    |            --------- field in this struct
[INFO] [stdout] 27 |     enzyme: String,
[INFO] [stdout]    |     ^^^^^^
[INFO] [stdout]    |
[INFO] [stdout]    = note: `KcatPrior` has derived impls for the traits `Clone` and `Debug`, but these are intentionally ignored during dead code analysis
[INFO] [stdout] 
[INFO] [stdout] 
[INFO] [stdout] warning: field `experiment` is never read
[INFO] [stdout]   --> src/priors.rs:72:5
[INFO] [stdout]    |
[INFO] [stdout] 69 | pub struct ConcUnbalanced {
[INFO] [stdout]    |            -------------- field in this struct
[INFO] [stdout] ...
[INFO] [stdout] 72 |     experiment: String,
[INFO] [stdout]    |     ^^^^^^^^^^
[INFO] [stdout]    |
[INFO] [stdout]    = note: `ConcUnbalanced` has derived impls for the traits `Clone` and `Debug`, but these are intentionally ignored during dead code analysis
[INFO] [stdout] 
[INFO] [stdout] 
[INFO] [stderr]    Compiling jod-thread v0.1.2
[INFO] [stdout] warning: fields `is_train`, `is_test`, `temperature`, and `measurements` are never read
[INFO] [stdout]   --> src/experiments.rs:8:9
[INFO] [stdout]    |
[INFO] [stdout] 5  | pub struct Experiment<'a> {
[INFO] [stdout]    |            ---------- fields in this struct
[INFO] [stdout] ...
[INFO] [stdout] 8  |     pub is_train: bool,
[INFO] [stdout]    |         ^^^^^^^^
[INFO] [stdout] 9  |     pub is_test: bool,
[INFO] [stdout]    |         ^^^^^^^
[INFO] [stdout] 10 |     pub temperature: f32,
[INFO] [stdout]    |         ^^^^^^^^^^^
[INFO] [stdout] 11 |     #[serde(default)]
[INFO] [stdout] 12 |     measurements: Vec<Measurement<'a>>,
[INFO] [stdout]    |     ^^^^^^^^^^^^
[INFO] [stdout]    |
[INFO] [stdout]    = note: `#[warn(dead_code)]` on by default
[INFO] [stdout] 
[INFO] [stdout] 
[INFO] [stdout] warning: fields `target_type`, `metabolite`, `reaction`, `compartment`, `value`, and `error_scale` are never read
[INFO] [stdout]   --> src/experiments.rs:17:5
[INFO] [stdout]    |
[INFO] [stdout] 16 | struct Measurement<'a> {
[INFO] [stdout]    |        ----------- fields in this struct
[INFO] [stdout] 17 |     target_type: &'a str,
[INFO] [stdout]    |     ^^^^^^^^^^^
[INFO] [stdout] 18 |     metabolite: Option<&'a str>,
[INFO] [stdout]    |     ^^^^^^^^^^
[INFO] [stdout] 19 |     reaction: Option<&'a str>,
[INFO] [stdout]    |     ^^^^^^^^
[INFO] [stdout] 20 |     compartment: Option<&'a str>,
[INFO] [stdout]    |     ^^^^^^^^^^^
[INFO] [stdout] 21 |     value: f32,
[INFO] [stdout]    |     ^^^^^
[INFO] [stdout] 22 |     error_scale: f32,
[INFO] [stdout]    |     ^^^^^^^^^^^
[INFO] [stdout]    |
[INFO] [stdout]    = note: `Measurement` has a derived impl for the trait `Default`, but this is intentionally ignored during dead code analysis
[INFO] [stdout] 
[INFO] [stdout] 
[INFO] [stdout] warning: fields `metabolite_id`, `compartment_id`, and `balanced` are never read
[INFO] [stdout]   --> src/maud_data.rs:68:9
[INFO] [stdout]    |
[INFO] [stdout] 66 | pub struct MetaboliteInCompartment<'a> {
[INFO] [stdout]    |            ----------------------- fields in this struct
[INFO] [stdout] 67 |     /// identifier, cannot contain underscores
[INFO] [stdout] 68 |     pub metabolite_id: &'a str,
[INFO] [stdout]    |         ^^^^^^^^^^^^^
[INFO] [stdout] 69 |     pub compartment_id: &'a str,
[INFO] [stdout]    |         ^^^^^^^^^^^^^^
[INFO] [stdout] 70 |     pub balanced: bool,
[INFO] [stdout]    |         ^^^^^^^^
[INFO] [stdout] 
[INFO] [stdout] 
[INFO] [stdout] warning: field `metabolite_in_compartment` is never read
[INFO] [stdout]   --> src/maud_data.rs:85:9
[INFO] [stdout]    |
[INFO] [stdout] 75 | pub(crate) struct KineticModel<'a> {
[INFO] [stdout]    |                   ------------ field in this struct
[INFO] [stdout] ...
[INFO] [stdout] 85 |     pub metabolite_in_compartment: Vec<MetaboliteInCompartment<'a>>,
[INFO] [stdout]    |         ^^^^^^^^^^^^^^^^^^^^^^^^^
[INFO] [stdout] 
[INFO] [stdout] 
[INFO] [stdout] warning: field `enzyme` is never read
[INFO] [stdout]   --> src/priors.rs:27:5
[INFO] [stdout]    |
[INFO] [stdout] 26 | pub struct KcatPrior {
[INFO] [stdout]    |            --------- field in this struct
[INFO] [stdout] 27 |     enzyme: String,
[INFO] [stdout]    |     ^^^^^^
[INFO] [stdout]    |
[INFO] [stdout]    = note: `KcatPrior` has derived impls for the traits `Clone` and `Debug`, but these are intentionally ignored during dead code analysis
[INFO] [stdout] 
[INFO] [stdout] 
[INFO] [stdout] warning: field `experiment` is never read
[INFO] [stdout]   --> src/priors.rs:72:5
[INFO] [stdout]    |
[INFO] [stdout] 69 | pub struct ConcUnbalanced {
[INFO] [stdout]    |            -------------- field in this struct
[INFO] [stdout] ...
[INFO] [stdout] 72 |     experiment: String,
[INFO] [stdout]    |     ^^^^^^^^^^
[INFO] [stdout]    |
[INFO] [stdout]    = note: `ConcUnbalanced` has derived impls for the traits `Clone` and `Debug`, but these are intentionally ignored during dead code analysis
[INFO] [stdout] 
[INFO] [stdout] 
[INFO] [stderr]    Compiling crossbeam-deque v0.8.2
[INFO] [stderr]    Compiling crossbeam v0.8.2
[INFO] [stderr]    Compiling maud-lsp v0.3.0 (/opt/rustwide/workdir)
[INFO] [stdout] warning: struct `Project` is never constructed
[INFO] [stdout]   --> tests/support.rs:15:19
[INFO] [stdout]    |
[INFO] [stdout] 15 | pub(crate) struct Project<P> {
[INFO] [stdout]    |                   ^^^^^^^
[INFO] [stdout]    |
[INFO] [stdout]    = note: `#[warn(dead_code)]` on by default
[INFO] [stdout] 
[INFO] [stdout] 
[INFO] [stdout] warning: associated items `from_kinetic_model` and `server` are never used
[INFO] [stdout]   --> tests/support.rs:21:19
[INFO] [stdout]    |
[INFO] [stdout] 19 | impl Project<PathBuf> {
[INFO] [stdout]    | --------------------- associated items in this implementation
[INFO] [stdout] 20 |     // TODO: this will we have to be a directory at some point
[INFO] [stdout] 21 |     pub(crate) fn from_kinetic_model(kinetic_model_path: PathBuf) -> Project<PathBuf> {
[INFO] [stdout]    |                   ^^^^^^^^^^^^^^^^^^
[INFO] [stdout] ...
[INFO] [stdout] 25 |     pub(crate) fn server(self) -> Server {
[INFO] [stdout]    |                   ^^^^^^
[INFO] [stdout] 
[INFO] [stdout] 
[INFO] [stdout] warning: struct `Server` is never constructed
[INFO] [stdout]   --> tests/support.rs:30:19
[INFO] [stdout]    |
[INFO] [stdout] 30 | pub(crate) struct Server {
[INFO] [stdout]    |                   ^^^^^^
[INFO] [stdout] 
[INFO] [stdout] 
[INFO] [stdout] warning: multiple associated items are never used
[INFO] [stdout]    --> tests/support.rs:40:8
[INFO] [stdout]     |
[INFO] [stdout] 39  | impl Server {
[INFO] [stdout]     | ----------- associated items in this implementation
[INFO] [stdout] 40  |     fn new(kinetic_model_path: PathBuf) -> Server {
[INFO] [stdout]     |        ^^^
[INFO] [stdout] ...
[INFO] [stdout] 63  |     pub(crate) fn doc_id(&self, rel_path: &str) -> TextDocumentIdentifier {
[INFO] [stdout]     |                   ^^^^^^
[INFO] [stdout] ...
[INFO] [stdout] 74  |     pub(crate) fn notification<N>(&self, params: N::Params)
[INFO] [stdout]     |                   ^^^^^^^^^^^^
[INFO] [stdout] ...
[INFO] [stdout] 84  |     pub(crate) fn request<R>(&self, params: R::Params, expected_resp: Value)
[INFO] [stdout]     |                   ^^^^^^^
[INFO] [stdout] ...
[INFO] [stdout] 101 |     pub(crate) fn send_request<R>(&self, params: R::Params) -> Value
[INFO] [stdout]     |                   ^^^^^^^^^^^^
[INFO] [stdout] ...
[INFO] [stdout] 112 |     fn send_request_(&self, r: Request) -> Value {
[INFO] [stdout]     |        ^^^^^^^^^^^^^
[INFO] [stdout] ...
[INFO] [stdout] 158 |     fn wait_for_message_cond(
[INFO] [stdout]     |        ^^^^^^^^^^^^^^^^^^^^^
[INFO] [stdout] ...
[INFO] [stdout] 177 |     fn recv(&self) -> Result<Option<Message>, Timeout> {
[INFO] [stdout]     |        ^^^^
[INFO] [stdout] ...
[INFO] [stdout] 185 |     fn send_notification(&self, not: Notification) {
[INFO] [stdout]     |        ^^^^^^^^^^^^^^^^^
[INFO] [stdout] ...
[INFO] [stdout] 189 |     pub(crate) fn path(&self) -> &Path {
[INFO] [stdout]     |                   ^^^^
[INFO] [stdout] 
[INFO] [stdout] 
[INFO] [stdout] warning: struct `Timeout` is never constructed
[INFO] [stdout]    --> tests/support.rs:201:8
[INFO] [stdout]     |
[INFO] [stdout] 201 | struct Timeout;
[INFO] [stdout]     |        ^^^^^^^
[INFO] [stdout] 
[INFO] [stdout] 
[INFO] [stdout] warning: function `recv_timeout` is never used
[INFO] [stdout]    --> tests/support.rs:203:4
[INFO] [stdout]     |
[INFO] [stdout] 203 | fn recv_timeout(receiver: &Receiver<Message>) -> Result<Option<Message>, Timeout> {
[INFO] [stdout]     |    ^^^^^^^^^^^^
[INFO] [stdout] 
[INFO] [stdout] 
[INFO] [stdout] warning: function `find_mismatch` is never used
[INFO] [stdout]    --> tests/support.rs:221:4
[INFO] [stdout]     |
[INFO] [stdout] 221 | fn find_mismatch<'a>(expected: &'a Value, actual: &'a Value) -> Option<(&'a Value, &'a Value)> {
[INFO] [stdout]     |    ^^^^^^^^^^^^^
[INFO] [stdout] 
[INFO] [stdout] 
[INFO] [stdout] warning: field `config` is never read
[INFO] [stdout]   --> tests/support.rs:36:5
[INFO] [stdout]    |
[INFO] [stdout] 30 | pub(crate) struct Server {
[INFO] [stdout]    |                   ------ field in this struct
[INFO] [stdout] ...
[INFO] [stdout] 36 |     config: Config,
[INFO] [stdout]    |     ^^^^^^
[INFO] [stdout]    |
[INFO] [stdout]    = note: `#[warn(dead_code)]` on by default
[INFO] [stdout] 
[INFO] [stdout] 
[INFO] [stdout] warning: methods `wait_for_message_cond` and `path` are never used
[INFO] [stdout]    --> tests/support.rs:158:8
[INFO] [stdout]     |
[INFO] [stdout] 39  | impl Server {
[INFO] [stdout]     | ----------- methods in this implementation
[INFO] [stdout] ...
[INFO] [stdout] 158 |     fn wait_for_message_cond(
[INFO] [stdout]     |        ^^^^^^^^^^^^^^^^^^^^^
[INFO] [stdout] ...
[INFO] [stdout] 189 |     pub(crate) fn path(&self) -> &Path {
[INFO] [stdout]     |                   ^^^^
[INFO] [stdout] 
[INFO] [stdout] 
[INFO] [stdout] warning: fields `is_train`, `is_test`, `temperature`, and `measurements` are never read
[INFO] [stdout]   --> src/experiments.rs:8:9
[INFO] [stdout]    |
[INFO] [stdout] 5  | pub struct Experiment<'a> {
[INFO] [stdout]    |            ---------- fields in this struct
[INFO] [stdout] ...
[INFO] [stdout] 8  |     pub is_train: bool,
[INFO] [stdout]    |         ^^^^^^^^
[INFO] [stdout] 9  |     pub is_test: bool,
[INFO] [stdout]    |         ^^^^^^^
[INFO] [stdout] 10 |     pub temperature: f32,
[INFO] [stdout]    |         ^^^^^^^^^^^
[INFO] [stdout] 11 |     #[serde(default)]
[INFO] [stdout] 12 |     measurements: Vec<Measurement<'a>>,
[INFO] [stdout]    |     ^^^^^^^^^^^^
[INFO] [stdout]    |
[INFO] [stdout]    = note: `#[warn(dead_code)]` on by default
[INFO] [stdout] 
[INFO] [stdout] 
[INFO] [stdout] warning: fields `target_type`, `metabolite`, `reaction`, `compartment`, `value`, and `error_scale` are never read
[INFO] [stdout]   --> src/experiments.rs:17:5
[INFO] [stdout]    |
[INFO] [stdout] 16 | struct Measurement<'a> {
[INFO] [stdout]    |        ----------- fields in this struct
[INFO] [stdout] 17 |     target_type: &'a str,
[INFO] [stdout]    |     ^^^^^^^^^^^
[INFO] [stdout] 18 |     metabolite: Option<&'a str>,
[INFO] [stdout]    |     ^^^^^^^^^^
[INFO] [stdout] 19 |     reaction: Option<&'a str>,
[INFO] [stdout]    |     ^^^^^^^^
[INFO] [stdout] 20 |     compartment: Option<&'a str>,
[INFO] [stdout]    |     ^^^^^^^^^^^
[INFO] [stdout] 21 |     value: f32,
[INFO] [stdout]    |     ^^^^^
[INFO] [stdout] 22 |     error_scale: f32,
[INFO] [stdout]    |     ^^^^^^^^^^^
[INFO] [stdout]    |
[INFO] [stdout]    = note: `Measurement` has a derived impl for the trait `Default`, but this is intentionally ignored during dead code analysis
[INFO] [stdout] 
[INFO] [stdout] 
[INFO] [stdout] warning: fields `metabolite_id`, `compartment_id`, and `balanced` are never read
[INFO] [stdout]   --> src/maud_data.rs:68:9
[INFO] [stdout]    |
[INFO] [stdout] 66 | pub struct MetaboliteInCompartment<'a> {
[INFO] [stdout]    |            ----------------------- fields in this struct
[INFO] [stdout] 67 |     /// identifier, cannot contain underscores
[INFO] [stdout] 68 |     pub metabolite_id: &'a str,
[INFO] [stdout]    |         ^^^^^^^^^^^^^
[INFO] [stdout] 69 |     pub compartment_id: &'a str,
[INFO] [stdout]    |         ^^^^^^^^^^^^^^
[INFO] [stdout] 70 |     pub balanced: bool,
[INFO] [stdout]    |         ^^^^^^^^
[INFO] [stdout] 
[INFO] [stdout] 
[INFO] [stdout] warning: field `metabolite_in_compartment` is never read
[INFO] [stdout]   --> src/maud_data.rs:85:9
[INFO] [stdout]    |
[INFO] [stdout] 75 | pub(crate) struct KineticModel<'a> {
[INFO] [stdout]    |                   ------------ field in this struct
[INFO] [stdout] ...
[INFO] [stdout] 85 |     pub metabolite_in_compartment: Vec<MetaboliteInCompartment<'a>>,
[INFO] [stdout]    |         ^^^^^^^^^^^^^^^^^^^^^^^^^
[INFO] [stdout] 
[INFO] [stdout] 
[INFO] [stdout] warning: field `enzyme` is never read
[INFO] [stdout]   --> src/priors.rs:27:5
[INFO] [stdout]    |
[INFO] [stdout] 26 | pub struct KcatPrior {
[INFO] [stdout]    |            --------- field in this struct
[INFO] [stdout] 27 |     enzyme: String,
[INFO] [stdout]    |     ^^^^^^
[INFO] [stdout]    |
[INFO] [stdout]    = note: `KcatPrior` has derived impls for the traits `Clone` and `Debug`, but these are intentionally ignored during dead code analysis
[INFO] [stdout] 
[INFO] [stdout] 
[INFO] [stdout] warning: field `experiment` is never read
[INFO] [stdout]   --> src/priors.rs:72:5
[INFO] [stdout]    |
[INFO] [stdout] 69 | pub struct ConcUnbalanced {
[INFO] [stdout]    |            -------------- field in this struct
[INFO] [stdout] ...
[INFO] [stdout] 72 |     experiment: String,
[INFO] [stdout]    |     ^^^^^^^^^^
[INFO] [stdout]    |
[INFO] [stdout]    = note: `ConcUnbalanced` has derived impls for the traits `Clone` and `Debug`, but these are intentionally ignored during dead code analysis
[INFO] [stdout] 
[INFO] [stdout] 
[INFO] [stdout] warning: fields `is_train`, `is_test`, `temperature`, and `measurements` are never read
[INFO] [stdout]   --> src/experiments.rs:8:9
[INFO] [stdout]    |
[INFO] [stdout] 5  | pub struct Experiment<'a> {
[INFO] [stdout]    |            ---------- fields in this struct
[INFO] [stdout] ...
[INFO] [stdout] 8  |     pub is_train: bool,
[INFO] [stdout]    |         ^^^^^^^^
[INFO] [stdout] 9  |     pub is_test: bool,
[INFO] [stdout]    |         ^^^^^^^
[INFO] [stdout] 10 |     pub temperature: f32,
[INFO] [stdout]    |         ^^^^^^^^^^^
[INFO] [stdout] 11 |     #[serde(default)]
[INFO] [stdout] 12 |     measurements: Vec<Measurement<'a>>,
[INFO] [stdout]    |     ^^^^^^^^^^^^
[INFO] [stdout]    |
[INFO] [stdout]    = note: `#[warn(dead_code)]` on by default
[INFO] [stdout] 
[INFO] [stdout] 
[INFO] [stdout] warning: fields `target_type`, `metabolite`, `reaction`, `compartment`, `value`, and `error_scale` are never read
[INFO] [stdout]   --> src/experiments.rs:17:5
[INFO] [stdout]    |
[INFO] [stdout] 16 | struct Measurement<'a> {
[INFO] [stdout]    |        ----------- fields in this struct
[INFO] [stdout] 17 |     target_type: &'a str,
[INFO] [stdout]    |     ^^^^^^^^^^^
[INFO] [stdout] 18 |     metabolite: Option<&'a str>,
[INFO] [stdout]    |     ^^^^^^^^^^
[INFO] [stdout] 19 |     reaction: Option<&'a str>,
[INFO] [stdout]    |     ^^^^^^^^
[INFO] [stdout] 20 |     compartment: Option<&'a str>,
[INFO] [stdout]    |     ^^^^^^^^^^^
[INFO] [stdout] 21 |     value: f32,
[INFO] [stdout]    |     ^^^^^
[INFO] [stdout] 22 |     error_scale: f32,
[INFO] [stdout]    |     ^^^^^^^^^^^
[INFO] [stdout]    |
[INFO] [stdout]    = note: `Measurement` has a derived impl for the trait `Default`, but this is intentionally ignored during dead code analysis
[INFO] [stdout] 
[INFO] [stdout] 
[INFO] [stdout] warning: fields `metabolite_id`, `compartment_id`, and `balanced` are never read
[INFO] [stdout]   --> src/maud_data.rs:68:9
[INFO] [stdout]    |
[INFO] [stdout] 66 | pub struct MetaboliteInCompartment<'a> {
[INFO] [stdout]    |            ----------------------- fields in this struct
[INFO] [stdout] 67 |     /// identifier, cannot contain underscores
[INFO] [stdout] 68 |     pub metabolite_id: &'a str,
[INFO] [stdout]    |         ^^^^^^^^^^^^^
[INFO] [stdout] 69 |     pub compartment_id: &'a str,
[INFO] [stdout]    |         ^^^^^^^^^^^^^^
[INFO] [stdout] 70 |     pub balanced: bool,
[INFO] [stdout]    |         ^^^^^^^^
[INFO] [stdout] 
[INFO] [stdout] 
[INFO] [stdout] warning: field `metabolite_in_compartment` is never read
[INFO] [stdout]   --> src/maud_data.rs:85:9
[INFO] [stdout]    |
[INFO] [stdout] 75 | pub(crate) struct KineticModel<'a> {
[INFO] [stdout]    |                   ------------ field in this struct
[INFO] [stdout] ...
[INFO] [stdout] 85 |     pub metabolite_in_compartment: Vec<MetaboliteInCompartment<'a>>,
[INFO] [stdout]    |         ^^^^^^^^^^^^^^^^^^^^^^^^^
[INFO] [stdout] 
[INFO] [stdout] 
[INFO] [stdout] warning: field `enzyme` is never read
[INFO] [stdout]   --> src/priors.rs:27:5
[INFO] [stdout]    |
[INFO] [stdout] 26 | pub struct KcatPrior {
[INFO] [stdout]    |            --------- field in this struct
[INFO] [stdout] 27 |     enzyme: String,
[INFO] [stdout]    |     ^^^^^^
[INFO] [stdout]    |
[INFO] [stdout]    = note: `KcatPrior` has derived impls for the traits `Clone` and `Debug`, but these are intentionally ignored during dead code analysis
[INFO] [stdout] 
[INFO] [stdout] 
[INFO] [stdout] warning: field `experiment` is never read
[INFO] [stdout]   --> src/priors.rs:72:5
[INFO] [stdout]    |
[INFO] [stdout] 69 | pub struct ConcUnbalanced {
[INFO] [stdout]    |            -------------- field in this struct
[INFO] [stdout] ...
[INFO] [stdout] 72 |     experiment: String,
[INFO] [stdout]    |     ^^^^^^^^^^
[INFO] [stdout]    |
[INFO] [stdout]    = note: `ConcUnbalanced` has derived impls for the traits `Clone` and `Debug`, but these are intentionally ignored during dead code analysis
[INFO] [stdout] 
[INFO] [stdout] 
[INFO] [stderr]     Finished `test` profile [unoptimized + debuginfo] target(s) in 11.60s
[INFO] running `Command { std: "docker" "inspect" "f11fa3fd8225811f3f653a668b116904bd174a5445d87701d6dcc5bb724d22e5", kill_on_drop: false }`
[INFO] running `Command { std: "docker" "rm" "-f" "f11fa3fd8225811f3f653a668b116904bd174a5445d87701d6dcc5bb724d22e5", kill_on_drop: false }`
[INFO] [stdout] f11fa3fd8225811f3f653a668b116904bd174a5445d87701d6dcc5bb724d22e5
[INFO] running `Command { std: "docker" "create" "-v" "/var/lib/crater-agent-workspace/builds/worker-3-tc2/target:/opt/rustwide/target:rw,Z" "-v" "/var/lib/crater-agent-workspace/builds/worker-3-tc2/source:/opt/rustwide/workdir:ro,Z" "-v" "/var/lib/crater-agent-workspace/cargo-home:/opt/rustwide/cargo-home:ro,Z" "-v" "/var/lib/crater-agent-workspace/rustup-home:/opt/rustwide/rustup-home:ro,Z" "-e" "SOURCE_DIR=/opt/rustwide/workdir" "-e" "CARGO_TARGET_DIR=/opt/rustwide/target" "-e" "CARGO_INCREMENTAL=0" "-e" "RUST_BACKTRACE=full" "-e" "RUSTFLAGS=--cap-lints=warn" "-e" "RUSTDOCFLAGS=--cap-lints=warn" "-e" "CARGO_HOME=/opt/rustwide/cargo-home" "-e" "RUSTUP_HOME=/opt/rustwide/rustup-home" "-w" "/opt/rustwide/workdir" "-m" "1610612736" "--user" "0:0" "--network" "none" "ghcr.io/rust-lang/crates-build-env/linux@sha256:f3a9d4ad9d972b27faf3965f35b62e55ba32bbce8f20bc8fe909558a86702fde" "/opt/rustwide/cargo-home/bin/cargo" "+beta-2024-12-08" "test" "--frozen", kill_on_drop: false }`
[INFO] [stdout] 4b47b2300feb70ba0efe2c930eea4abe040a18c91afbc1bcc058a22430fa9178
[INFO] running `Command { std: "docker" "start" "-a" "4b47b2300feb70ba0efe2c930eea4abe040a18c91afbc1bcc058a22430fa9178", kill_on_drop: false }`
[INFO] [stderr] warning: fields `is_train`, `is_test`, `temperature`, and `measurements` are never read
[INFO] [stderr]   --> src/experiments.rs:8:9
[INFO] [stderr]    |
[INFO] [stderr] 5  | pub struct Experiment<'a> {
[INFO] [stderr]    |            ---------- fields in this struct
[INFO] [stderr] ...
[INFO] [stderr] 8  |     pub is_train: bool,
[INFO] [stderr]    |         ^^^^^^^^
[INFO] [stderr] 9  |     pub is_test: bool,
[INFO] [stderr]    |         ^^^^^^^
[INFO] [stderr] 10 |     pub temperature: f32,
[INFO] [stderr]    |         ^^^^^^^^^^^
[INFO] [stderr] 11 |     #[serde(default)]
[INFO] [stderr] 12 |     measurements: Vec<Measurement<'a>>,
[INFO] [stderr]    |     ^^^^^^^^^^^^
[INFO] [stderr]    |
[INFO] [stderr]    = note: `#[warn(dead_code)]` on by default
[INFO] [stderr] 
[INFO] [stderr] warning: fields `target_type`, `metabolite`, `reaction`, `compartment`, `value`, and `error_scale` are never read
[INFO] [stderr]   --> src/experiments.rs:17:5
[INFO] [stderr]    |
[INFO] [stderr] 16 | struct Measurement<'a> {
[INFO] [stderr]    |        ----------- fields in this struct
[INFO] [stderr] 17 |     target_type: &'a str,
[INFO] [stderr]    |     ^^^^^^^^^^^
[INFO] [stderr] 18 |     metabolite: Option<&'a str>,
[INFO] [stderr]    |     ^^^^^^^^^^
[INFO] [stderr] 19 |     reaction: Option<&'a str>,
[INFO] [stderr]    |     ^^^^^^^^
[INFO] [stderr] 20 |     compartment: Option<&'a str>,
[INFO] [stderr]    |     ^^^^^^^^^^^
[INFO] [stderr] 21 |     value: f32,
[INFO] [stderr]    |     ^^^^^
[INFO] [stderr] 22 |     error_scale: f32,
[INFO] [stderr]    |     ^^^^^^^^^^^
[INFO] [stderr]    |
[INFO] [stderr]    = note: `Measurement` has a derived impl for the trait `Default`, but this is intentionally ignored during dead code analysis
[INFO] [stderr] 
[INFO] [stderr] warning: fields `metabolite_id`, `compartment_id`, and `balanced` are never read
[INFO] [stderr]   --> src/maud_data.rs:68:9
[INFO] [stderr]    |
[INFO] [stderr] 66 | pub struct MetaboliteInCompartment<'a> {
[INFO] [stderr]    |            ----------------------- fields in this struct
[INFO] [stderr] 67 |     /// identifier, cannot contain underscores
[INFO] [stderr] 68 |     pub metabolite_id: &'a str,
[INFO] [stderr]    |         ^^^^^^^^^^^^^
[INFO] [stderr] 69 |     pub compartment_id: &'a str,
[INFO] [stderr]    |         ^^^^^^^^^^^^^^
[INFO] [stderr] 70 |     pub balanced: bool,
[INFO] [stderr]    |         ^^^^^^^^
[INFO] [stderr] 
[INFO] [stderr] warning: field `metabolite_in_compartment` is never read
[INFO] [stderr]   --> src/maud_data.rs:85:9
[INFO] [stderr]    |
[INFO] [stderr] 75 | pub(crate) struct KineticModel<'a> {
[INFO] [stderr]    |                   ------------ field in this struct
[INFO] [stderr] ...
[INFO] [stderr] 85 |     pub metabolite_in_compartment: Vec<MetaboliteInCompartment<'a>>,
[INFO] [stderr]    |         ^^^^^^^^^^^^^^^^^^^^^^^^^
[INFO] [stderr] 
[INFO] [stderr] warning: field `enzyme` is never read
[INFO] [stderr]   --> src/priors.rs:27:5
[INFO] [stderr]    |
[INFO] [stderr] 26 | pub struct KcatPrior {
[INFO] [stderr]    |            --------- field in this struct
[INFO] [stderr] 27 |     enzyme: String,
[INFO] [stderr]    |     ^^^^^^
[INFO] [stderr]    |
[INFO] [stderr]    = note: `KcatPrior` has derived impls for the traits `Clone` and `Debug`, but these are intentionally ignored during dead code analysis
[INFO] [stderr] 
[INFO] [stderr] warning: field `experiment` is never read
[INFO] [stderr]   --> src/priors.rs:72:5
[INFO] [stderr]    |
[INFO] [stderr] 69 | pub struct ConcUnbalanced {
[INFO] [stderr]    |            -------------- field in this struct
[INFO] [stderr] ...
[INFO] [stderr] 72 |     experiment: String,
[INFO] [stderr]    |     ^^^^^^^^^^
[INFO] [stderr]    |
[INFO] [stderr]    = note: `ConcUnbalanced` has derived impls for the traits `Clone` and `Debug`, but these are intentionally ignored during dead code analysis
[INFO] [stderr] 
[INFO] [stderr] warning: `maud-lsp` (lib) generated 6 warnings
[INFO] [stderr] warning: `maud-lsp` (bin "maud-lsp") generated 6 warnings (6 duplicates)
[INFO] [stderr] warning: field `config` is never read
[INFO] [stderr]   --> tests/support.rs:36:5
[INFO] [stderr]    |
[INFO] [stderr] 30 | pub(crate) struct Server {
[INFO] [stderr]    |                   ------ field in this struct
[INFO] [stderr] ...
[INFO] [stderr] 36 |     config: Config,
[INFO] [stderr]    |     ^^^^^^
[INFO] [stderr]    |
[INFO] [stderr]    = note: `#[warn(dead_code)]` on by default
[INFO] [stderr] 
[INFO] [stderr] warning: methods `wait_for_message_cond` and `path` are never used
[INFO] [stderr]    --> tests/support.rs:158:8
[INFO] [stderr]     |
[INFO] [stderr] 39  | impl Server {
[INFO] [stderr]     | ----------- methods in this implementation
[INFO] [stderr] ...
[INFO] [stderr] 158 |     fn wait_for_message_cond(
[INFO] [stderr]     |        ^^^^^^^^^^^^^^^^^^^^^
[INFO] [stderr] ...
[INFO] [stderr] 189 |     pub(crate) fn path(&self) -> &Path {
[INFO] [stderr]     |                   ^^^^
[INFO] [stderr] 
[INFO] [stderr] warning: struct `Project` is never constructed
[INFO] [stderr]   --> tests/support.rs:15:19
[INFO] [stderr]    |
[INFO] [stderr] 15 | pub(crate) struct Project<P> {
[INFO] [stderr]    |                   ^^^^^^^
[INFO] [stderr]    |
[INFO] [stderr]    = note: `#[warn(dead_code)]` on by default
[INFO] [stderr] 
[INFO] [stderr] warning: associated items `from_kinetic_model` and `server` are never used
[INFO] [stderr]   --> tests/support.rs:21:19
[INFO] [stderr]    |
[INFO] [stderr] 19 | impl Project<PathBuf> {
[INFO] [stderr]    | --------------------- associated items in this implementation
[INFO] [stderr] 20 |     // TODO: this will we have to be a directory at some point
[INFO] [stderr] 21 |     pub(crate) fn from_kinetic_model(kinetic_model_path: PathBuf) -> Project<PathBuf> {
[INFO] [stderr]    |                   ^^^^^^^^^^^^^^^^^^
[INFO] [stderr] ...
[INFO] [stderr] 25 |     pub(crate) fn server(self) -> Server {
[INFO] [stderr]    |                   ^^^^^^
[INFO] [stderr] 
[INFO] [stderr] warning: struct `Server` is never constructed
[INFO] [stderr]   --> tests/support.rs:30:19
[INFO] [stderr]    |
[INFO] [stderr] 30 | pub(crate) struct Server {
[INFO] [stderr]    |                   ^^^^^^
[INFO] [stderr] 
[INFO] [stderr] warning: multiple associated items are never used
[INFO] [stderr]    --> tests/support.rs:40:8
[INFO] [stderr]     |
[INFO] [stderr] 39  | impl Server {
[INFO] [stderr]     | ----------- associated items in this implementation
[INFO] [stderr] 40  |     fn new(kinetic_model_path: PathBuf) -> Server {
[INFO] [stderr]     |        ^^^
[INFO] [stderr] ...
[INFO] [stderr] 63  |     pub(crate) fn doc_id(&self, rel_path: &str) -> TextDocumentIdentifier {
[INFO] [stderr]     |                   ^^^^^^
[INFO] [stderr] ...
[INFO] [stderr] 74  |     pub(crate) fn notification<N>(&self, params: N::Params)
[INFO] [stderr]     |                   ^^^^^^^^^^^^
[INFO] [stderr] ...
[INFO] [stderr] 84  |     pub(crate) fn request<R>(&self, params: R::Params, expected_resp: Value)
[INFO] [stderr]     |                   ^^^^^^^
[INFO] [stderr] ...
[INFO] [stderr] 101 |     pub(crate) fn send_request<R>(&self, params: R::Params) -> Value
[INFO] [stderr]     |                   ^^^^^^^^^^^^
[INFO] [stderr] ...
[INFO] [stderr] 112 |     fn send_request_(&self, r: Request) -> Value {
[INFO] [stderr]     |        ^^^^^^^^^^^^^
[INFO] [stderr] ...
[INFO] [stderr] 158 |     fn wait_for_message_cond(
[INFO] [stderr]     |        ^^^^^^^^^^^^^^^^^^^^^
[INFO] [stderr] ...
[INFO] [stderr] 177 |     fn recv(&self) -> Result<Option<Message>, Timeout> {
[INFO] [stderr]     |        ^^^^
[INFO] [stderr] ...
[INFO] [stderr] 185 |     fn send_notification(&self, not: Notification) {
[INFO] [stderr]     |        ^^^^^^^^^^^^^^^^^
[INFO] [stderr] ...
[INFO] [stderr] 189 |     pub(crate) fn path(&self) -> &Path {
[INFO] [stderr]     |                   ^^^^
[INFO] [stderr] 
[INFO] [stderr] warning: struct `Timeout` is never constructed
[INFO] [stderr]    --> tests/support.rs:201:8
[INFO] [stderr]     |
[INFO] [stderr] 201 | struct Timeout;
[INFO] [stderr]     |        ^^^^^^^
[INFO] [stderr] 
[INFO] [stderr] warning: function `recv_timeout` is never used
[INFO] [stderr]    --> tests/support.rs:203:4
[INFO] [stderr]     |
[INFO] [stderr] 203 | fn recv_timeout(receiver: &Receiver<Message>) -> Result<Option<Message>, Timeout> {
[INFO] [stderr]     |    ^^^^^^^^^^^^
[INFO] [stderr] 
[INFO] [stderr] warning: function `find_mismatch` is never used
[INFO] [stderr]    --> tests/support.rs:221:4
[INFO] [stderr]     |
[INFO] [stderr] 221 | fn find_mismatch<'a>(expected: &'a Value, actual: &'a Value) -> Option<(&'a Value, &'a Value)> {
[INFO] [stderr]     |    ^^^^^^^^^^^^^
[INFO] [stderr] 
[INFO] [stderr] warning: `maud-lsp` (test "main") generated 2 warnings
[INFO] [stderr] warning: `maud-lsp` (lib test) generated 6 warnings (6 duplicates)
[INFO] [stderr] warning: `maud-lsp` (bin "maud-lsp" test) generated 6 warnings (6 duplicates)
[INFO] [stderr] warning: `maud-lsp` (test "support") generated 7 warnings
[INFO] [stderr]     Finished `test` profile [unoptimized + debuginfo] target(s) in 0.07s
[INFO] [stderr]      Running unittests src/lib.rs (/opt/rustwide/target/debug/deps/maud_lsp-aa6701eaabeffe08)
[INFO] [stdout] 
[INFO] [stdout] running 5 tests
[INFO] [stdout] test maud_data::tests::all_comp_metabolites_are_deserialized ... ok
[INFO] [stdout] test maud_data::tests::all_reactions_are_deserialized ... ok
[INFO] [stdout] test state::tests::finds_line_of_met_symbol ... ok
[INFO] [stdout] test maud_data::tests::all_enzymes_are_deserialized ... ok
[INFO] [stdout] test priors::tests::test_is_positive_definite ... ok
[INFO] [stdout] 
[INFO] [stdout] test result: ok. 5 passed; 0 failed; 0 ignored; 0 measured; 0 filtered out; finished in 0.01s
[INFO] [stdout] 
[INFO] [stderr]      Running unittests src/main.rs (/opt/rustwide/target/debug/deps/maud_lsp-a77a2031a02e9540)
[INFO] [stdout] 
[INFO] [stdout] running 5 tests
[INFO] [stdout] test maud_data::tests::all_comp_metabolites_are_deserialized ... ok
[INFO] [stdout] test maud_data::tests::all_reactions_are_deserialized ... ok
[INFO] [stdout] test state::tests::finds_line_of_met_symbol ... ok
[INFO] [stdout] test maud_data::tests::all_enzymes_are_deserialized ... ok
[INFO] [stdout] test priors::tests::test_is_positive_definite ... ok
[INFO] [stdout] 
[INFO] [stdout] test result: ok. 5 passed; 0 failed; 0 ignored; 0 measured; 0 filtered out; finished in 0.02s
[INFO] [stdout] 
[INFO] [stderr]      Running tests/main.rs (/opt/rustwide/target/debug/deps/main-0d62a52eed493345)
[INFO] [stdout] 
[INFO] [stdout] running 9 tests
[INFO] [stdout] test hovers_metabolite_reactant ... FAILED
[INFO] [stdout] test goestodef_of_metabolite_reactant ... FAILED
[INFO] [stdout] test support::lines_match_works ... ok
[INFO] [stdout] test goestodef_of_metabolites ... ok
[INFO] [stdout] test hovers_enzyme_in_csv ... ok
[INFO] [stdout] test hovers_reaction_in_csv ... ok
[INFO] [stdout] test hovers_metabolites ... ok
[INFO] [stdout] test goestodef_of_metabolites_in_csv ... ok
[INFO] [stdout] test notifications_do_not_panic ... ok
[INFO] [stdout] 
[INFO] [stdout] failures:
[INFO] [stdout] 
[INFO] [stdout] ---- hovers_metabolite_reactant stdout ----
[INFO] [stdout] thread 'hovers_metabolite_reactant' panicked at tests/main.rs:106:5:
[INFO] [stdout] assertion failed: false
[INFO] [stdout] stack backtrace:
[INFO] [stdout]    0:     0x590f967642ca - std::backtrace_rs::backtrace::libunwind::trace::h8810477743020387
[INFO] [stdout]                                at /rustc/202008a1b8de96d2e5b6bc02d379db03a877d34d/library/std/src/../../backtrace/src/backtrace/libunwind.rs:116:5
[INFO] [stdout]    1:     0x590f967642ca - std::backtrace_rs::backtrace::trace_unsynchronized::h3aa55355dd6c54a6
[INFO] [stdout]                                at /rustc/202008a1b8de96d2e5b6bc02d379db03a877d34d/library/std/src/../../backtrace/src/backtrace/mod.rs:66:5
[INFO] [stdout]    2:     0x590f967642ca - std::sys::backtrace::_print_fmt::h8588b0f62410823f
[INFO] [stdout]                                at /rustc/202008a1b8de96d2e5b6bc02d379db03a877d34d/library/std/src/sys/backtrace.rs:66:9
[INFO] [stdout]    3:     0x590f967642ca - <std::sys::backtrace::BacktraceLock::print::DisplayBacktrace as core::fmt::Display>::fmt::h98c26ac25ffe89bb
[INFO] [stdout]                                at /rustc/202008a1b8de96d2e5b6bc02d379db03a877d34d/library/std/src/sys/backtrace.rs:39:26
[INFO] [stdout]    4:     0x590f9678c833 - core::fmt::rt::Argument::fmt::hf95377f4aebd453b
[INFO] [stdout]                                at /rustc/202008a1b8de96d2e5b6bc02d379db03a877d34d/library/core/src/fmt/rt.rs:177:76
[INFO] [stdout]    5:     0x590f9678c833 - core::fmt::write::h0dd5f6e2238c7982
[INFO] [stdout]                                at /rustc/202008a1b8de96d2e5b6bc02d379db03a877d34d/library/core/src/fmt/mod.rs:1189:21
[INFO] [stdout]    6:     0x590f96761273 - std::io::Write::write_fmt::h03bb0ca26e6faf8c
[INFO] [stdout]                                at /rustc/202008a1b8de96d2e5b6bc02d379db03a877d34d/library/std/src/io/mod.rs:1884:15
[INFO] [stdout]    7:     0x590f96764112 - std::sys::backtrace::BacktraceLock::print::h5c19c1c038ee186d
[INFO] [stdout]                                at /rustc/202008a1b8de96d2e5b6bc02d379db03a877d34d/library/std/src/sys/backtrace.rs:42:9
[INFO] [stdout]    8:     0x590f9676574d - std::panicking::default_hook::{{closure}}::h77172f079a1fcb13
[INFO] [stdout]                                at /rustc/202008a1b8de96d2e5b6bc02d379db03a877d34d/library/std/src/panicking.rs:268:22
[INFO] [stdout]    9:     0x590f96765557 - std::panicking::default_hook::he5f8e3b203ccddba
[INFO] [stdout]                                at /rustc/202008a1b8de96d2e5b6bc02d379db03a877d34d/library/std/src/panicking.rs:292:9
[INFO] [stdout]   10:     0x590f964a0a77 - <alloc::boxed::Box<F,A> as core::ops::function::Fn<Args>>::call::h7a3c7b4a1ae77f2f
[INFO] [stdout]                                at /rustc/202008a1b8de96d2e5b6bc02d379db03a877d34d/library/alloc/src/boxed.rs:1986:9
[INFO] [stdout]   11:     0x590f964a0a77 - test::test_main::{{closure}}::hf0d3b69ae9b353d1
[INFO] [stdout]                                at /rustc/202008a1b8de96d2e5b6bc02d379db03a877d34d/library/test/src/lib.rs:134:21
[INFO] [stdout]   12:     0x590f96765df8 - <alloc::boxed::Box<F,A> as core::ops::function::Fn<Args>>::call::h6332e82e7b189abd
[INFO] [stdout]                                at /rustc/202008a1b8de96d2e5b6bc02d379db03a877d34d/library/alloc/src/boxed.rs:1986:9
[INFO] [stdout]   13:     0x590f96765df8 - std::panicking::rust_panic_with_hook::h53863d4e9018df39
[INFO] [stdout]                                at /rustc/202008a1b8de96d2e5b6bc02d379db03a877d34d/library/std/src/panicking.rs:809:13
[INFO] [stdout]   14:     0x590f96765b86 - std::panicking::begin_panic_handler::{{closure}}::h67280e6fa0757873
[INFO] [stdout]                                at /rustc/202008a1b8de96d2e5b6bc02d379db03a877d34d/library/std/src/panicking.rs:667:13
[INFO] [stdout]   15:     0x590f967647a9 - std::sys::backtrace::__rust_end_short_backtrace::h1dac3f54d6fbbeb2
[INFO] [stdout]                                at /rustc/202008a1b8de96d2e5b6bc02d379db03a877d34d/library/std/src/sys/backtrace.rs:170:18
[INFO] [stdout]   16:     0x590f9676584c - rust_begin_unwind
[INFO] [stdout]                                at /rustc/202008a1b8de96d2e5b6bc02d379db03a877d34d/library/std/src/panicking.rs:665:5
[INFO] [stdout]   17:     0x590f96432bb0 - core::panicking::panic_fmt::h6792bd1b2bf01041
[INFO] [stdout]                                at /rustc/202008a1b8de96d2e5b6bc02d379db03a877d34d/library/core/src/panicking.rs:76:14
[INFO] [stdout]   18:     0x590f96432c3c - core::panicking::panic::hbb5c236a846c507c
[INFO] [stdout]                                at /rustc/202008a1b8de96d2e5b6bc02d379db03a877d34d/library/core/src/panicking.rs:148:5
[INFO] [stdout]   19:     0x590f9646157d - main::hovers_metabolite_reactant::hd7dad98e9e20a434
[INFO] [stdout]                                at /opt/rustwide/workdir/tests/main.rs:106:5
[INFO] [stdout]   20:     0x590f96461547 - main::hovers_metabolite_reactant::{{closure}}::hffb4e5899ac3d42e
[INFO] [stdout]                                at /opt/rustwide/workdir/tests/main.rs:105:32
[INFO] [stdout]   21:     0x590f964402b6 - core::ops::function::FnOnce::call_once::h8063b9fc75b7cce5
[INFO] [stdout]                                at /rustc/202008a1b8de96d2e5b6bc02d379db03a877d34d/library/core/src/ops/function.rs:250:5
[INFO] [stdout]   22:     0x590f964a559b - core::ops::function::FnOnce::call_once::h871bf86719ec9aa4
[INFO] [stdout]                                at /rustc/202008a1b8de96d2e5b6bc02d379db03a877d34d/library/core/src/ops/function.rs:250:5
[INFO] [stdout]   23:     0x590f964a559b - test::__rust_begin_short_backtrace::h2167df1e2b7d76fd
[INFO] [stdout]                                at /rustc/202008a1b8de96d2e5b6bc02d379db03a877d34d/library/test/src/lib.rs:632:18
[INFO] [stdout]   24:     0x590f964a4f88 - test::run_test_in_process::{{closure}}::h15d92f75a3adfb79
[INFO] [stdout]                                at /rustc/202008a1b8de96d2e5b6bc02d379db03a877d34d/library/test/src/lib.rs:655:60
[INFO] [stdout]   25:     0x590f964a4f88 - <core::panic::unwind_safe::AssertUnwindSafe<F> as core::ops::function::FnOnce<()>>::call_once::hb6c8955835a8dbbb
[INFO] [stdout]                                at /rustc/202008a1b8de96d2e5b6bc02d379db03a877d34d/library/core/src/panic/unwind_safe.rs:272:9
[INFO] [stdout]   26:     0x590f964a4f88 - std::panicking::try::do_call::hc79d0fc888a0bd30
[INFO] [stdout]                                at /rustc/202008a1b8de96d2e5b6bc02d379db03a877d34d/library/std/src/panicking.rs:557:40
[INFO] [stdout]   27:     0x590f964a4f88 - std::panicking::try::hb8a7878e3a8589d6
[INFO] [stdout]                                at /rustc/202008a1b8de96d2e5b6bc02d379db03a877d34d/library/std/src/panicking.rs:520:19
[INFO] [stdout]   28:     0x590f964a4f88 - std::panic::catch_unwind::hb8e4600ff0ff5cfa
[INFO] [stdout]                                at /rustc/202008a1b8de96d2e5b6bc02d379db03a877d34d/library/std/src/panic.rs:358:14
[INFO] [stdout]   29:     0x590f964a4f88 - test::run_test_in_process::hc2900b0b18688dd6
[INFO] [stdout]                                at /rustc/202008a1b8de96d2e5b6bc02d379db03a877d34d/library/test/src/lib.rs:655:27
[INFO] [stdout]   30:     0x590f964a4f88 - test::run_test::{{closure}}::hac2a9cb07be3d48d
[INFO] [stdout]                                at /rustc/202008a1b8de96d2e5b6bc02d379db03a877d34d/library/test/src/lib.rs:576:43
[INFO] [stdout]   31:     0x590f96468a2a - test::run_test::{{closure}}::h4a5b729e66a38cd8
[INFO] [stdout]                                at /rustc/202008a1b8de96d2e5b6bc02d379db03a877d34d/library/test/src/lib.rs:606:41
[INFO] [stdout]   32:     0x590f96468a2a - std::sys::backtrace::__rust_begin_short_backtrace::h0496fb742492f573
[INFO] [stdout]                                at /rustc/202008a1b8de96d2e5b6bc02d379db03a877d34d/library/std/src/sys/backtrace.rs:154:18
[INFO] [stdout]   33:     0x590f9646c3a4 - std::thread::Builder::spawn_unchecked_::{{closure}}::{{closure}}::hbb6d257c550a54bd
[INFO] [stdout]                                at /rustc/202008a1b8de96d2e5b6bc02d379db03a877d34d/library/std/src/thread/mod.rs:561:17
[INFO] [stdout]   34:     0x590f9646c3a4 - <core::panic::unwind_safe::AssertUnwindSafe<F> as core::ops::function::FnOnce<()>>::call_once::h46696fe4a6832328
[INFO] [stdout]                                at /rustc/202008a1b8de96d2e5b6bc02d379db03a877d34d/library/core/src/panic/unwind_safe.rs:272:9
[INFO] [stdout]   35:     0x590f9646c3a4 - std::panicking::try::do_call::h2625a51b667bfb64
[INFO] [stdout]                                at /rustc/202008a1b8de96d2e5b6bc02d379db03a877d34d/library/std/src/panicking.rs:557:40
[INFO] [stdout]   36:     0x590f9646c3a4 - std::panicking::try::hb956a59a1973aa4c
[INFO] [stdout]                                at /rustc/202008a1b8de96d2e5b6bc02d379db03a877d34d/library/std/src/panicking.rs:520:19
[INFO] [stdout]   37:     0x590f9646c3a4 - std::panic::catch_unwind::h64f3b9d1067ef6a0
[INFO] [stdout]                                at /rustc/202008a1b8de96d2e5b6bc02d379db03a877d34d/library/std/src/panic.rs:358:14
[INFO] [stdout]   38:     0x590f9646c3a4 - std::thread::Builder::spawn_unchecked_::{{closure}}::h42b2841295b6c0b2
[INFO] [stdout]                                at /rustc/202008a1b8de96d2e5b6bc02d379db03a877d34d/library/std/src/thread/mod.rs:559:30
[INFO] [stdout]   39:     0x590f9646c3a4 - core::ops::function::FnOnce::call_once{{vtable.shim}}::h6127de71b8124639
[INFO] [stdout]                                at /rustc/202008a1b8de96d2e5b6bc02d379db03a877d34d/library/core/src/ops/function.rs:250:5
[INFO] [stdout]   40:     0x590f96769d4b - <alloc::boxed::Box<F,A> as core::ops::function::FnOnce<Args>>::call_once::h42f0ba71002a1b2c
[INFO] [stdout]                                at /rustc/202008a1b8de96d2e5b6bc02d379db03a877d34d/library/alloc/src/boxed.rs:1972:9
[INFO] [stdout]   41:     0x590f96769d4b - <alloc::boxed::Box<F,A> as core::ops::function::FnOnce<Args>>::call_once::had9e47d7a3dcecb8
[INFO] [stdout]                                at /rustc/202008a1b8de96d2e5b6bc02d379db03a877d34d/library/alloc/src/boxed.rs:1972:9
[INFO] [stdout]   42:     0x590f96769d4b - std::sys::pal::unix::thread::Thread::new::thread_start::h48cf765408f6f5f2
[INFO] [stdout]                                at /rustc/202008a1b8de96d2e5b6bc02d379db03a877d34d/library/std/src/sys/pal/unix/thread.rs:105:17
[INFO] [stdout]   43:     0x717f73c14ac3 - <unknown>
[INFO] [stdout]   44:     0x717f73ca5a04 - clone
[INFO] [stdout]   45:                0x0 - <unknown>
[INFO] [stdout] 
[INFO] [stdout] ---- goestodef_of_metabolite_reactant stdout ----
[INFO] [stdout] thread 'goestodef_of_metabolite_reactant' panicked at tests/main.rs:39:5:
[INFO] [stdout] assertion failed: false
[INFO] [stdout] stack backtrace:
[INFO] [stdout]    0:     0x590f967642ca - std::backtrace_rs::backtrace::libunwind::trace::h8810477743020387
[INFO] [stdout]                                at /rustc/202008a1b8de96d2e5b6bc02d379db03a877d34d/library/std/src/../../backtrace/src/backtrace/libunwind.rs:116:5
[INFO] [stdout]    1:     0x590f967642ca - std::backtrace_rs::backtrace::trace_unsynchronized::h3aa55355dd6c54a6
[INFO] [stdout]                                at /rustc/202008a1b8de96d2e5b6bc02d379db03a877d34d/library/std/src/../../backtrace/src/backtrace/mod.rs:66:5
[INFO] [stdout]    2:     0x590f967642ca - std::sys::backtrace::_print_fmt::h8588b0f62410823f
[INFO] [stdout]                                at /rustc/202008a1b8de96d2e5b6bc02d379db03a877d34d/library/std/src/sys/backtrace.rs:66:9
[INFO] [stdout]    3:     0x590f967642ca - <std::sys::backtrace::BacktraceLock::print::DisplayBacktrace as core::fmt::Display>::fmt::h98c26ac25ffe89bb
[INFO] [stdout]                                at /rustc/202008a1b8de96d2e5b6bc02d379db03a877d34d/library/std/src/sys/backtrace.rs:39:26
[INFO] [stdout]    4:     0x590f9678c833 - core::fmt::rt::Argument::fmt::hf95377f4aebd453b
[INFO] [stdout]                                at /rustc/202008a1b8de96d2e5b6bc02d379db03a877d34d/library/core/src/fmt/rt.rs:177:76
[INFO] [stdout]    5:     0x590f9678c833 - core::fmt::write::h0dd5f6e2238c7982
[INFO] [stdout]                                at /rustc/202008a1b8de96d2e5b6bc02d379db03a877d34d/library/core/src/fmt/mod.rs:1189:21
[INFO] [stdout]    6:     0x590f96761273 - std::io::Write::write_fmt::h03bb0ca26e6faf8c
[INFO] [stdout]                                at /rustc/202008a1b8de96d2e5b6bc02d379db03a877d34d/library/std/src/io/mod.rs:1884:15
[INFO] [stdout]    7:     0x590f96764112 - std::sys::backtrace::BacktraceLock::print::h5c19c1c038ee186d
[INFO] [stdout]                                at /rustc/202008a1b8de96d2e5b6bc02d379db03a877d34d/library/std/src/sys/backtrace.rs:42:9
[INFO] [stdout]    8:     0x590f9676574d - std::panicking::default_hook::{{closure}}::h77172f079a1fcb13
[INFO] [stdout]                                at /rustc/202008a1b8de96d2e5b6bc02d379db03a877d34d/library/std/src/panicking.rs:268:22
[INFO] [stdout]    9:     0x590f96765557 - std::panicking::default_hook::he5f8e3b203ccddba
[INFO] [stdout]                                at /rustc/202008a1b8de96d2e5b6bc02d379db03a877d34d/library/std/src/panicking.rs:292:9
[INFO] [stdout]   10:     0x590f964a0a77 - <alloc::boxed::Box<F,A> as core::ops::function::Fn<Args>>::call::h7a3c7b4a1ae77f2f
[INFO] [stdout]                                at /rustc/202008a1b8de96d2e5b6bc02d379db03a877d34d/library/alloc/src/boxed.rs:1986:9
[INFO] [stdout]   11:     0x590f964a0a77 - test::test_main::{{closure}}::hf0d3b69ae9b353d1
[INFO] [stdout]                                at /rustc/202008a1b8de96d2e5b6bc02d379db03a877d34d/library/test/src/lib.rs:134:21
[INFO] [stdout]   12:     0x590f96765df8 - <alloc::boxed::Box<F,A> as core::ops::function::Fn<Args>>::call::h6332e82e7b189abd
[INFO] [stdout]                                at /rustc/202008a1b8de96d2e5b6bc02d379db03a877d34d/library/alloc/src/boxed.rs:1986:9
[INFO] [stdout]   13:     0x590f96765df8 - std::panicking::rust_panic_with_hook::h53863d4e9018df39
[INFO] [stdout]                                at /rustc/202008a1b8de96d2e5b6bc02d379db03a877d34d/library/std/src/panicking.rs:809:13
[INFO] [stdout]   14:     0x590f96765b86 - std::panicking::begin_panic_handler::{{closure}}::h67280e6fa0757873
[INFO] [stdout]                                at /rustc/202008a1b8de96d2e5b6bc02d379db03a877d34d/library/std/src/panicking.rs:667:13
[INFO] [stdout]   15:     0x590f967647a9 - std::sys::backtrace::__rust_end_short_backtrace::h1dac3f54d6fbbeb2
[INFO] [stdout]                                at /rustc/202008a1b8de96d2e5b6bc02d379db03a877d34d/library/std/src/sys/backtrace.rs:170:18
[INFO] [stdout]   16:     0x590f9676584c - rust_begin_unwind
[INFO] [stdout]                                at /rustc/202008a1b8de96d2e5b6bc02d379db03a877d34d/library/std/src/panicking.rs:665:5
[INFO] [stdout]   17:     0x590f96432bb0 - core::panicking::panic_fmt::h6792bd1b2bf01041
[INFO] [stdout]                                at /rustc/202008a1b8de96d2e5b6bc02d379db03a877d34d/library/core/src/panicking.rs:76:14
[INFO] [stdout]   18:     0x590f96432c3c - core::panicking::panic::hbb5c236a846c507c
[INFO] [stdout]                                at /rustc/202008a1b8de96d2e5b6bc02d379db03a877d34d/library/core/src/panicking.rs:148:5
[INFO] [stdout]   19:     0x590f96460abd - main::goestodef_of_metabolite_reactant::h3e6db7467e9a76c2
[INFO] [stdout]                                at /opt/rustwide/workdir/tests/main.rs:39:5
[INFO] [stdout]   20:     0x590f96460a87 - main::goestodef_of_metabolite_reactant::{{closure}}::he7cd1aa942ad3b48
[INFO] [stdout]                                at /opt/rustwide/workdir/tests/main.rs:38:38
[INFO] [stdout]   21:     0x590f964403c6 - core::ops::function::FnOnce::call_once::h995254e6823b1c6c
[INFO] [stdout]                                at /rustc/202008a1b8de96d2e5b6bc02d379db03a877d34d/library/core/src/ops/function.rs:250:5
[INFO] [stdout]   22:     0x590f964a559b - core::ops::function::FnOnce::call_once::h871bf86719ec9aa4
[INFO] [stdout]                                at /rustc/202008a1b8de96d2e5b6bc02d379db03a877d34d/library/core/src/ops/function.rs:250:5
[INFO] [stdout]   23:     0x590f964a559b - test::__rust_begin_short_backtrace::h2167df1e2b7d76fd
[INFO] [stdout]                                at /rustc/202008a1b8de96d2e5b6bc02d379db03a877d34d/library/test/src/lib.rs:632:18
[INFO] [stdout]   24:     0x590f964a4f88 - test::run_test_in_process::{{closure}}::h15d92f75a3adfb79
[INFO] [stdout]                                at /rustc/202008a1b8de96d2e5b6bc02d379db03a877d34d/library/test/src/lib.rs:655:60
[INFO] [stdout]   25:     0x590f964a4f88 - <core::panic::unwind_safe::AssertUnwindSafe<F> as core::ops::function::FnOnce<()>>::call_once::hb6c8955835a8dbbb
[INFO] [stdout]                                at /rustc/202008a1b8de96d2e5b6bc02d379db03a877d34d/library/core/src/panic/unwind_safe.rs:272:9
[INFO] [stdout]   26:     0x590f964a4f88 - std::panicking::try::do_call::hc79d0fc888a0bd30
[INFO] [stdout]                                at /rustc/202008a1b8de96d2e5b6bc02d379db03a877d34d/library/std/src/panicking.rs:557:40
[INFO] [stdout]   27:     0x590f964a4f88 - std::panicking::try::hb8a7878e3a8589d6
[INFO] [stdout]                                at /rustc/202008a1b8de96d2e5b6bc02d379db03a877d34d/library/std/src/panicking.rs:520:19
[INFO] [stdout]   28:     0x590f964a4f88 - std::panic::catch_unwind::hb8e4600ff0ff5cfa
[INFO] [stdout]                                at /rustc/202008a1b8de96d2e5b6bc02d379db03a877d34d/library/std/src/panic.rs:358:14
[INFO] [stdout]   29:     0x590f964a4f88 - test::run_test_in_process::hc2900b0b18688dd6
[INFO] [stdout]                                at /rustc/202008a1b8de96d2e5b6bc02d379db03a877d34d/library/test/src/lib.rs:655:27
[INFO] [stdout]   30:     0x590f964a4f88 - test::run_test::{{closure}}::hac2a9cb07be3d48d
[INFO] [stdout]                                at /rustc/202008a1b8de96d2e5b6bc02d379db03a877d34d/library/test/src/lib.rs:576:43
[INFO] [stdout]   31:     0x590f96468a2a - test::run_test::{{closure}}::h4a5b729e66a38cd8
[INFO] [stdout]                                at /rustc/202008a1b8de96d2e5b6bc02d379db03a877d34d/library/test/src/lib.rs:606:41
[INFO] [stdout]   32:     0x590f96468a2a - std::sys::backtrace::__rust_begin_short_backtrace::h0496fb742492f573
[INFO] [stdout]                                at /rustc/202008a1b8de96d2e5b6bc02d379db03a877d34d/library/std/src/sys/backtrace.rs:154:18
[INFO] [stdout]   33:     0x590f9646c3a4 - std::thread::Builder::spawn_unchecked_::{{closure}}::{{closure}}::hbb6d257c550a54bd
[INFO] [stdout]                                at /rustc/202008a1b8de96d2e5b6bc02d379db03a877d34d/library/std/src/thread/mod.rs:561:17
[INFO] [stdout]   34:     0x590f9646c3a4 - <core::panic::unwind_safe::AssertUnwindSafe<F> as core::ops::function::FnOnce<()>>::call_once::h46696fe4a6832328
[INFO] [stdout]                                at /rustc/202008a1b8de96d2e5b6bc02d379db03a877d34d/library/core/src/panic/unwind_safe.rs:272:9
[INFO] [stdout]   35:     0x590f9646c3a4 - std::panicking::try::do_call::h2625a51b667bfb64
[INFO] [stdout]                                at /rustc/202008a1b8de96d2e5b6bc02d379db03a877d34d/library/std/src/panicking.rs:557:40
[INFO] [stdout]   36:     0x590f9646c3a4 - std::panicking::try::hb956a59a1973aa4c
[INFO] [stdout]                                at /rustc/202008a1b8de96d2e5b6bc02d379db03a877d34d/library/std/src/panicking.rs:520:19
[INFO] [stdout]   37:     0x590f9646c3a4 - std::panic::catch_unwind::h64f3b9d1067ef6a0
[INFO] [stdout]                                at /rustc/202008a1b8de96d2e5b6bc02d379db03a877d34d/library/std/src/panic.rs:358:14
[INFO] [stdout]   38:     0x590f9646c3a4 - std::thread::Builder::spawn_unchecked_::{{closure}}::h42b2841295b6c0b2
[INFO] [stdout]                                at /rustc/202008a1b8de96d2e5b6bc02d379db03a877d34d/library/std/src/thread/mod.rs:559:30
[INFO] [stdout]   39:     0x590f9646c3a4 - core::ops::function::FnOnce::call_once{{vtable.shim}}::h6127de71b8124639
[INFO] [stdout]                                at /rustc/202008a1b8de96d2e5b6bc02d379db03a877d34d/library/core/src/ops/function.rs:250:5
[INFO] [stdout]   40:     0x590f96769d4b - <alloc::boxed::Box<F,A> as core::ops::function::FnOnce<Args>>::call_once::h42f0ba71002a1b2c
[INFO] [stdout]                                at /rustc/202008a1b8de96d2e5b6bc02d379db03a877d34d/library/alloc/src/boxed.rs:1972:9
[INFO] [stdout]   41:     0x590f96769d4b - <alloc::boxed::Box<F,A> as core::ops::function::FnOnce<Args>>::call_once::had9e47d7a3dcecb8
[INFO] [stdout]                                at /rustc/202008a1b8de96d2e5b6bc02d379db03a877d34d/library/alloc/src/boxed.rs:1972:9
[INFO] [stdout]   42:     0x590f96769d4b - std::sys::pal::unix::thread::Thread::new::thread_start::h48cf765408f6f5f2
[INFO] [stdout]                                at /rustc/202008a1b8de96d2e5b6bc02d379db03a877d34d/library/std/src/sys/pal/unix/thread.rs:105:17
[INFO] [stdout]   43:     0x717f73c14ac3 - <unknown>
[INFO] [stdout]   44:     0x717f73ca5a04 - clone
[INFO] [stdout]   45:                0x0 - <unknown>
[INFO] [stdout] 
[INFO] [stdout] 
[INFO] [stdout] failures:
[INFO] [stdout]     goestodef_of_metabolite_reactant
[INFO] [stdout]     hovers_metabolite_reactant
[INFO] [stdout] 
[INFO] [stdout] test result: FAILED. 7 passed; 2 failed; 0 ignored; 0 measured; 0 filtered out; finished in 1.01s
[INFO] [stdout] 
[INFO] [stderr] error: test failed, to rerun pass `--test main`
[INFO] running `Command { std: "docker" "inspect" "4b47b2300feb70ba0efe2c930eea4abe040a18c91afbc1bcc058a22430fa9178", kill_on_drop: false }`
[INFO] running `Command { std: "docker" "rm" "-f" "4b47b2300feb70ba0efe2c930eea4abe040a18c91afbc1bcc058a22430fa9178", kill_on_drop: false }`
[INFO] [stdout] 4b47b2300feb70ba0efe2c930eea4abe040a18c91afbc1bcc058a22430fa9178
