[INFO] cloning repository https://github.com/cainkellye/advent_of_code
[INFO] running `Command { std: "git" "-c" "credential.helper=" "-c" "credential.helper=/workspace/cargo-home/bin/git-credential-null" "clone" "--bare" "https://github.com/cainkellye/advent_of_code" "/workspace/cache/git-repos/https%3A%2F%2Fgithub.com%2Fcainkellye%2Fadvent_of_code", kill_on_drop: false }`
[INFO] [stderr] Cloning into bare repository '/workspace/cache/git-repos/https%3A%2F%2Fgithub.com%2Fcainkellye%2Fadvent_of_code'...
[INFO] running `Command { std: "git" "rev-parse" "HEAD", kill_on_drop: false }`
[INFO] [stdout] c8938e069906e9bc316901fb20c82eec091d49e6
[INFO] testing cainkellye/advent_of_code against beta-2024-12-08 for beta-1.84.0-4-retry
[INFO] running `Command { std: "git" "clone" "/workspace/cache/git-repos/https%3A%2F%2Fgithub.com%2Fcainkellye%2Fadvent_of_code" "/workspace/builds/worker-7-tc2/source", kill_on_drop: false }`
[INFO] [stderr] Cloning into '/workspace/builds/worker-7-tc2/source'...
[INFO] [stderr] done.
[INFO] validating manifest of git repo https://github.com/cainkellye/advent_of_code on toolchain beta-2024-12-08
[INFO] running `Command { std: CARGO_HOME="/workspace/cargo-home" RUSTUP_HOME="/workspace/rustup-home" "/workspace/cargo-home/bin/cargo" "+beta-2024-12-08" "metadata" "--manifest-path" "Cargo.toml" "--no-deps", kill_on_drop: false }`
[INFO] started tweaking git repo https://github.com/cainkellye/advent_of_code
[INFO] finished tweaking git repo https://github.com/cainkellye/advent_of_code
[INFO] tweaked toml for git repo https://github.com/cainkellye/advent_of_code written to /workspace/builds/worker-7-tc2/source/Cargo.toml
[INFO] crate git repo https://github.com/cainkellye/advent_of_code already has a lockfile, it will not be regenerated
[INFO] running `Command { std: CARGO_HOME="/workspace/cargo-home" RUSTUP_HOME="/workspace/rustup-home" "/workspace/cargo-home/bin/cargo" "+beta-2024-12-08" "fetch" "--manifest-path" "Cargo.toml", kill_on_drop: false }`
[INFO] running `Command { std: "docker" "create" "-v" "/var/lib/crater-agent-workspace/builds/worker-7-tc2/target:/opt/rustwide/target:rw,Z" "-v" "/var/lib/crater-agent-workspace/builds/worker-7-tc2/source:/opt/rustwide/workdir:ro,Z" "-v" "/var/lib/crater-agent-workspace/cargo-home:/opt/rustwide/cargo-home:ro,Z" "-v" "/var/lib/crater-agent-workspace/rustup-home:/opt/rustwide/rustup-home:ro,Z" "-e" "SOURCE_DIR=/opt/rustwide/workdir" "-e" "CARGO_TARGET_DIR=/opt/rustwide/target" "-e" "CARGO_HOME=/opt/rustwide/cargo-home" "-e" "RUSTUP_HOME=/opt/rustwide/rustup-home" "-w" "/opt/rustwide/workdir" "-m" "1610612736" "--user" "0:0" "--network" "none" "ghcr.io/rust-lang/crates-build-env/linux@sha256:f3a9d4ad9d972b27faf3965f35b62e55ba32bbce8f20bc8fe909558a86702fde" "/opt/rustwide/cargo-home/bin/cargo" "+beta-2024-12-08" "metadata" "--no-deps" "--format-version=1", kill_on_drop: false }`
[INFO] [stdout] 1798a6c0673d90df69e9a162b7e7815676af02ed6a0e47a02d0eb5ce7974330d
[INFO] running `Command { std: "docker" "start" "-a" "1798a6c0673d90df69e9a162b7e7815676af02ed6a0e47a02d0eb5ce7974330d", kill_on_drop: false }`
[INFO] running `Command { std: "docker" "inspect" "1798a6c0673d90df69e9a162b7e7815676af02ed6a0e47a02d0eb5ce7974330d", kill_on_drop: false }`
[INFO] running `Command { std: "docker" "rm" "-f" "1798a6c0673d90df69e9a162b7e7815676af02ed6a0e47a02d0eb5ce7974330d", kill_on_drop: false }`
[INFO] [stdout] 1798a6c0673d90df69e9a162b7e7815676af02ed6a0e47a02d0eb5ce7974330d
[INFO] running `Command { std: "docker" "create" "-v" "/var/lib/crater-agent-workspace/builds/worker-7-tc2/target:/opt/rustwide/target:rw,Z" "-v" "/var/lib/crater-agent-workspace/builds/worker-7-tc2/source:/opt/rustwide/workdir:ro,Z" "-v" "/var/lib/crater-agent-workspace/cargo-home:/opt/rustwide/cargo-home:ro,Z" "-v" "/var/lib/crater-agent-workspace/rustup-home:/opt/rustwide/rustup-home:ro,Z" "-e" "SOURCE_DIR=/opt/rustwide/workdir" "-e" "CARGO_TARGET_DIR=/opt/rustwide/target" "-e" "CARGO_INCREMENTAL=0" "-e" "RUST_BACKTRACE=full" "-e" "RUSTFLAGS=--cap-lints=warn" "-e" "RUSTDOCFLAGS=--cap-lints=warn" "-e" "CARGO_HOME=/opt/rustwide/cargo-home" "-e" "RUSTUP_HOME=/opt/rustwide/rustup-home" "-w" "/opt/rustwide/workdir" "-m" "1610612736" "--user" "0:0" "--network" "none" "ghcr.io/rust-lang/crates-build-env/linux@sha256:f3a9d4ad9d972b27faf3965f35b62e55ba32bbce8f20bc8fe909558a86702fde" "/opt/rustwide/cargo-home/bin/cargo" "+beta-2024-12-08" "build" "--frozen" "--message-format=json", kill_on_drop: false }`
[INFO] [stdout] a00f24f48f8f74203fde016856fbbe34e3b28439679049dddd4e88c570714d84
[INFO] running `Command { std: "docker" "start" "-a" "a00f24f48f8f74203fde016856fbbe34e3b28439679049dddd4e88c570714d84", kill_on_drop: false }`
[INFO] [stderr]    Compiling autocfg v1.1.0
[INFO] [stderr]    Compiling libm v0.2.8
[INFO] [stderr]    Compiling libc v0.2.151
[INFO] [stderr]    Compiling crossbeam-utils v0.8.17
[INFO] [stderr]    Compiling semver v1.0.20
[INFO] [stderr]    Compiling either v1.9.0
[INFO] [stderr]    Compiling once_cell v1.19.0
[INFO] [stderr]    Compiling rayon-core v1.12.0
[INFO] [stderr]    Compiling proc-macro2 v1.0.70
[INFO] [stderr]    Compiling num-traits v0.2.17
[INFO] [stderr]    Compiling num-integer v0.1.45
[INFO] [stderr]    Compiling memoffset v0.9.0
[INFO] [stderr]    Compiling lock_api v0.4.11
[INFO] [stderr]    Compiling num-iter v0.1.43
[INFO] [stderr]    Compiling crossbeam-epoch v0.9.16
[INFO] [stderr]    Compiling rustc_version v0.4.0
[INFO] [stderr]    Compiling ahash v0.8.6
[INFO] [stderr]    Compiling ahash v0.7.7
[INFO] [stderr]    Compiling byteorder v1.5.0
[INFO] [stderr]    Compiling rustc-serialize v0.3.25
[INFO] [stderr]    Compiling crossbeam-deque v0.8.4
[INFO] [stderr]    Compiling rand v0.4.6
[INFO] [stderr]    Compiling heapless v0.7.17
[INFO] [stderr]    Compiling getrandom v0.2.11
[INFO] [stderr]    Compiling cc v1.0.83
[INFO] [stderr]    Compiling hash32 v0.2.1
[INFO] [stderr]    Compiling spin v0.9.8
[INFO] [stderr]    Compiling num-bigint v0.4.4
[INFO] [stderr]    Compiling zerocopy v0.7.31
[INFO] [stderr]    Compiling rayon v1.8.0
[INFO] [stderr]    Compiling num-traits v0.1.43
[INFO] [stderr]    Compiling smallvec v1.11.2
[INFO] [stderr]    Compiling lazy_static v1.4.0
[INFO] [stderr]    Compiling memchr v2.6.4
[INFO] [stderr]    Compiling syn v1.0.109
[INFO] [stderr]    Compiling stable_deref_trait v1.2.0
[INFO] [stderr]    Compiling enum_primitive v0.1.1
[INFO] [stderr]    Compiling miniz-sys v0.1.12
[INFO] [stderr]    Compiling quote v1.0.33
[INFO] [stderr]    Compiling matrixmultiply v0.3.8
[INFO] [stderr]    Compiling aho-corasick v1.1.2
[INFO] [stderr]    Compiling num-rational v0.4.1
[INFO] [stderr]    Compiling color_quant v1.1.0
[INFO] [stderr]    Compiling num-bigint v0.1.44
[INFO] [stderr]    Compiling allocator-api2 v0.2.16
[INFO] [stderr]    Compiling regex-syntax v0.8.2
[INFO] [stderr]    Compiling flate2 v0.2.20
[INFO] [stderr]    Compiling lzw v0.10.0
[INFO] [stderr]    Compiling bitflags v0.7.0
[INFO] [stderr]    Compiling inflate v0.1.1
[INFO] [stderr]    Compiling byteorder v0.5.3
[INFO] [stderr]    Compiling glob v0.2.11
[INFO] [stderr]    Compiling gif v0.9.2
[INFO] [stderr]    Compiling hashbrown v0.14.3
[INFO] [stderr]    Compiling num-rational v0.1.42
[INFO] [stderr]    Compiling rstar v0.11.0
[INFO] [stderr]    Compiling png v0.5.2
[INFO] [stderr]    Compiling hashbrown v0.12.3
[INFO] [stderr]    Compiling jpeg-decoder v0.1.22
[INFO] [stderr]    Compiling approx v0.5.1
[INFO] [stderr]    Compiling num-complex v0.4.4
[INFO] [stderr]    Compiling itertools v0.11.0
[INFO] [stderr]    Compiling robust v1.1.0
[INFO] [stderr]    Compiling regex-automata v0.4.3
[INFO] [stderr]    Compiling image v0.10.4
[INFO] [stderr]    Compiling rawpointer v0.2.1
[INFO] [stderr]    Compiling raster v0.2.0
[INFO] [stderr]    Compiling earcutr v0.4.3
[INFO] [stderr]    Compiling spade v2.4.1
[INFO] [stderr]    Compiling lru v0.7.8
[INFO] [stderr]    Compiling geo-types v0.7.12
[INFO] [stderr]    Compiling geographiclib-rs v0.2.3
[INFO] [stderr]    Compiling float_next_after v1.0.0
[INFO] [stderr]    Compiling log v0.4.20
[INFO] [stderr]    Compiling num v0.4.1
[INFO] [stderr]    Compiling ndarray v0.15.6
[INFO] [stderr]    Compiling itertools v0.12.0
[INFO] [stderr]    Compiling roots v0.0.8
[INFO] [stderr]    Compiling geo v0.27.0
[INFO] [stderr]    Compiling memoize-inner v0.4.0
[INFO] [stderr]    Compiling regex v1.10.2
[INFO] [stderr]    Compiling ansi-hex-color v0.1.1
[INFO] [stderr]    Compiling memoize v0.4.1
[INFO] [stderr]    Compiling advent_of_code v0.2.0 (/opt/rustwide/workdir)
[INFO] [stderr]     Finished `dev` profile [unoptimized + debuginfo] target(s) in 1m 14s
[INFO] [stderr] warning: the following packages contain code that will be rejected by a future version of Rust: bitflags v0.7.0, num-bigint v0.1.44, num-rational v0.1.42
[INFO] [stderr] note: to see what the problems were, use the option `--future-incompat-report`, or run `cargo report future-incompatibilities --id 1`
[INFO] running `Command { std: "docker" "inspect" "a00f24f48f8f74203fde016856fbbe34e3b28439679049dddd4e88c570714d84", kill_on_drop: false }`
[INFO] running `Command { std: "docker" "rm" "-f" "a00f24f48f8f74203fde016856fbbe34e3b28439679049dddd4e88c570714d84", kill_on_drop: false }`
[INFO] [stdout] a00f24f48f8f74203fde016856fbbe34e3b28439679049dddd4e88c570714d84
[INFO] running `Command { std: "docker" "create" "-v" "/var/lib/crater-agent-workspace/builds/worker-7-tc2/target:/opt/rustwide/target:rw,Z" "-v" "/var/lib/crater-agent-workspace/builds/worker-7-tc2/source:/opt/rustwide/workdir:ro,Z" "-v" "/var/lib/crater-agent-workspace/cargo-home:/opt/rustwide/cargo-home:ro,Z" "-v" "/var/lib/crater-agent-workspace/rustup-home:/opt/rustwide/rustup-home:ro,Z" "-e" "SOURCE_DIR=/opt/rustwide/workdir" "-e" "CARGO_TARGET_DIR=/opt/rustwide/target" "-e" "CARGO_INCREMENTAL=0" "-e" "RUST_BACKTRACE=full" "-e" "RUSTFLAGS=--cap-lints=warn" "-e" "RUSTDOCFLAGS=--cap-lints=warn" "-e" "CARGO_HOME=/opt/rustwide/cargo-home" "-e" "RUSTUP_HOME=/opt/rustwide/rustup-home" "-w" "/opt/rustwide/workdir" "-m" "1610612736" "--user" "0:0" "--network" "none" "ghcr.io/rust-lang/crates-build-env/linux@sha256:f3a9d4ad9d972b27faf3965f35b62e55ba32bbce8f20bc8fe909558a86702fde" "/opt/rustwide/cargo-home/bin/cargo" "+beta-2024-12-08" "test" "--frozen" "--no-run" "--message-format=json", kill_on_drop: false }`
[INFO] [stdout] e40f7ccabcbaa7845f42941f339c41a7562e343fc6cdf25bd59fd1e024b1d7e4
[INFO] running `Command { std: "docker" "start" "-a" "e40f7ccabcbaa7845f42941f339c41a7562e343fc6cdf25bd59fd1e024b1d7e4", kill_on_drop: false }`
[INFO] [stderr]    Compiling advent_of_code v0.2.0 (/opt/rustwide/workdir)
[INFO] [stderr]     Finished `test` profile [unoptimized + debuginfo] target(s) in 6.09s
[INFO] [stderr] warning: the following packages contain code that will be rejected by a future version of Rust: bitflags v0.7.0, num-bigint v0.1.44, num-rational v0.1.42
[INFO] [stderr] note: to see what the problems were, use the option `--future-incompat-report`, or run `cargo report future-incompatibilities --id 1`
[INFO] running `Command { std: "docker" "inspect" "e40f7ccabcbaa7845f42941f339c41a7562e343fc6cdf25bd59fd1e024b1d7e4", kill_on_drop: false }`
[INFO] running `Command { std: "docker" "rm" "-f" "e40f7ccabcbaa7845f42941f339c41a7562e343fc6cdf25bd59fd1e024b1d7e4", kill_on_drop: false }`
[INFO] [stdout] e40f7ccabcbaa7845f42941f339c41a7562e343fc6cdf25bd59fd1e024b1d7e4
[INFO] running `Command { std: "docker" "create" "-v" "/var/lib/crater-agent-workspace/builds/worker-7-tc2/target:/opt/rustwide/target:rw,Z" "-v" "/var/lib/crater-agent-workspace/builds/worker-7-tc2/source:/opt/rustwide/workdir:ro,Z" "-v" "/var/lib/crater-agent-workspace/cargo-home:/opt/rustwide/cargo-home:ro,Z" "-v" "/var/lib/crater-agent-workspace/rustup-home:/opt/rustwide/rustup-home:ro,Z" "-e" "SOURCE_DIR=/opt/rustwide/workdir" "-e" "CARGO_TARGET_DIR=/opt/rustwide/target" "-e" "CARGO_INCREMENTAL=0" "-e" "RUST_BACKTRACE=full" "-e" "RUSTFLAGS=--cap-lints=warn" "-e" "RUSTDOCFLAGS=--cap-lints=warn" "-e" "CARGO_HOME=/opt/rustwide/cargo-home" "-e" "RUSTUP_HOME=/opt/rustwide/rustup-home" "-w" "/opt/rustwide/workdir" "-m" "1610612736" "--user" "0:0" "--network" "none" "ghcr.io/rust-lang/crates-build-env/linux@sha256:f3a9d4ad9d972b27faf3965f35b62e55ba32bbce8f20bc8fe909558a86702fde" "/opt/rustwide/cargo-home/bin/cargo" "+beta-2024-12-08" "test" "--frozen", kill_on_drop: false }`
[INFO] [stdout] 0e886c0e2c9a9d36aa8a4793f3b7c1c1378afed83aec244943c90f2f5b0ed9ef
[INFO] running `Command { std: "docker" "start" "-a" "0e886c0e2c9a9d36aa8a4793f3b7c1c1378afed83aec244943c90f2f5b0ed9ef", kill_on_drop: false }`
[INFO] [stderr]     Finished `test` profile [unoptimized + debuginfo] target(s) in 0.16s
[INFO] [stderr] warning: the following packages contain code that will be rejected by a future version of Rust: bitflags v0.7.0, num-bigint v0.1.44, num-rational v0.1.42
[INFO] [stderr] note: to see what the problems were, use the option `--future-incompat-report`, or run `cargo report future-incompatibilities --id 1`
[INFO] [stderr]      Running unittests src/main.rs (/opt/rustwide/target/debug/deps/advent_of_code-351567247161bf9e)
[INFO] [stdout] 
[INFO] [stdout] running 29 tests
[INFO] [stdout] test y2023::day05::test::test_translate_range_shuffled ... ok
[INFO] [stdout] test y2023::day05::test::test_translate_range_soil_to_fertilizer ... ok
[INFO] [stdout] test y2023::day08::test::test_part2 ... ok
[INFO] [stdout] test y2023::day05::test::test_translate_range_multi ... ok
[INFO] [stdout] test y2023::day09::test::test_part1 ... ok
[INFO] [stdout] test y2023::day05::test::test_translate_range_seed_to_soil ... ok
[INFO] [stdout] test y2023::day05::test::test_translate_range_simple ... ok
[INFO] [stdout] test y2023::day09::test::test_part2 ... ok
[INFO] [stdout] test y2023::day10::test::test_part1 ... ok
[INFO] [stdout] test y2023::day11::test::test_part1 ... ok
[INFO] [stdout] test y2023::day10::test::test_part2 ... ok
[INFO] [stdout] test y2023::day11::test::test_part2 ... ok
[INFO] [stdout] test y2023::day05::test::test_merge_ranges ... ok
[INFO] [stdout] test y2023::day13::test::test_part1 ... ok
[INFO] [stdout] test y2023::day13::test::test_part2 ... ok
[INFO] [stdout] test y2023::day14::test::test_part1 ... ok
[INFO] [stdout] test y2023::day16::test::test_part2 ... ok
[INFO] [stdout] test y2023::day14::test::test_part2 ... ok
[INFO] [stdout] test y2023::day15::test::test_part1 ... ok
[INFO] [stdout] test y2023::day15::test::test_part2 ... ok
[INFO] [stdout] test y2023::day16::test::test_part1 ... ok
[INFO] [stdout] test y2023::day21::test::test_part1 ... ok
[INFO] [stdout] test y2023::day19::test::test_part2 ... ok
[INFO] [stdout] test y2023::day21::test::test_part2 ... ok
[INFO] [stdout] test y2023::day17::test::test_part2 ... ok
[INFO] [stdout] test y2023::day20::test::test_part1 ... ok
[INFO] [stdout] test y2023::day12::test::test_part2 ... FAILED
[INFO] [stdout] test y2023::day17::test::test_part1 ... ok
[INFO] [stdout] test y2023::day12::test::test_part1 ... ok
[INFO] [stdout] 
[INFO] [stdout] failures:
[INFO] [stdout] 
[INFO] [stdout] ---- y2023::day12::test::test_part2 stdout ----
[INFO] [stdout] thread 'y2023::day12::test::test_part2' panicked at src/main.rs:29:33:
[INFO] [stdout] Can't open file.: Os { code: 2, kind: NotFound, message: "No such file or directory" }
[INFO] [stdout] stack backtrace:
[INFO] [stdout]    0:     0x5717e1faea6a - std::backtrace_rs::backtrace::libunwind::trace::h8810477743020387
[INFO] [stdout]                                at /rustc/202008a1b8de96d2e5b6bc02d379db03a877d34d/library/std/src/../../backtrace/src/backtrace/libunwind.rs:116:5
[INFO] [stdout]    1:     0x5717e1faea6a - std::backtrace_rs::backtrace::trace_unsynchronized::h3aa55355dd6c54a6
[INFO] [stdout]                                at /rustc/202008a1b8de96d2e5b6bc02d379db03a877d34d/library/std/src/../../backtrace/src/backtrace/mod.rs:66:5
[INFO] [stdout]    2:     0x5717e1faea6a - std::sys::backtrace::_print_fmt::h8588b0f62410823f
[INFO] [stdout]                                at /rustc/202008a1b8de96d2e5b6bc02d379db03a877d34d/library/std/src/sys/backtrace.rs:66:9
[INFO] [stdout]    3:     0x5717e1faea6a - <std::sys::backtrace::BacktraceLock::print::DisplayBacktrace as core::fmt::Display>::fmt::h98c26ac25ffe89bb
[INFO] [stdout]                                at /rustc/202008a1b8de96d2e5b6bc02d379db03a877d34d/library/std/src/sys/backtrace.rs:39:26
[INFO] [stdout]    4:     0x5717e1fd4bb3 - core::fmt::rt::Argument::fmt::hf95377f4aebd453b
[INFO] [stdout]                                at /rustc/202008a1b8de96d2e5b6bc02d379db03a877d34d/library/core/src/fmt/rt.rs:177:76
[INFO] [stdout]    5:     0x5717e1fd4bb3 - core::fmt::write::h0dd5f6e2238c7982
[INFO] [stdout]                                at /rustc/202008a1b8de96d2e5b6bc02d379db03a877d34d/library/core/src/fmt/mod.rs:1189:21
[INFO] [stdout]    6:     0x5717e1fabb93 - std::io::Write::write_fmt::h03bb0ca26e6faf8c
[INFO] [stdout]                                at /rustc/202008a1b8de96d2e5b6bc02d379db03a877d34d/library/std/src/io/mod.rs:1884:15
[INFO] [stdout]    7:     0x5717e1fae8b2 - std::sys::backtrace::BacktraceLock::print::h5c19c1c038ee186d
[INFO] [stdout]                                at /rustc/202008a1b8de96d2e5b6bc02d379db03a877d34d/library/std/src/sys/backtrace.rs:42:9
[INFO] [stdout]    8:     0x5717e1fafeed - std::panicking::default_hook::{{closure}}::h77172f079a1fcb13
[INFO] [stdout]                                at /rustc/202008a1b8de96d2e5b6bc02d379db03a877d34d/library/std/src/panicking.rs:268:22
[INFO] [stdout]    9:     0x5717e1fafcf7 - std::panicking::default_hook::he5f8e3b203ccddba
[INFO] [stdout]                                at /rustc/202008a1b8de96d2e5b6bc02d379db03a877d34d/library/std/src/panicking.rs:292:9
[INFO] [stdout]   10:     0x5717e1cc3017 - <alloc::boxed::Box<F,A> as core::ops::function::Fn<Args>>::call::h7a3c7b4a1ae77f2f
[INFO] [stdout]                                at /rustc/202008a1b8de96d2e5b6bc02d379db03a877d34d/library/alloc/src/boxed.rs:1986:9
[INFO] [stdout]   11:     0x5717e1cc3017 - test::test_main::{{closure}}::hf0d3b69ae9b353d1
[INFO] [stdout]                                at /rustc/202008a1b8de96d2e5b6bc02d379db03a877d34d/library/test/src/lib.rs:134:21
[INFO] [stdout]   12:     0x5717e1fb0598 - <alloc::boxed::Box<F,A> as core::ops::function::Fn<Args>>::call::h6332e82e7b189abd
[INFO] [stdout]                                at /rustc/202008a1b8de96d2e5b6bc02d379db03a877d34d/library/alloc/src/boxed.rs:1986:9
[INFO] [stdout]   13:     0x5717e1fb0598 - std::panicking::rust_panic_with_hook::h53863d4e9018df39
[INFO] [stdout]                                at /rustc/202008a1b8de96d2e5b6bc02d379db03a877d34d/library/std/src/panicking.rs:809:13
[INFO] [stdout]   14:     0x5717e1fb035a - std::panicking::begin_panic_handler::{{closure}}::h67280e6fa0757873
[INFO] [stdout]                                at /rustc/202008a1b8de96d2e5b6bc02d379db03a877d34d/library/std/src/panicking.rs:674:13
[INFO] [stdout]   15:     0x5717e1faef49 - std::sys::backtrace::__rust_end_short_backtrace::h1dac3f54d6fbbeb2
[INFO] [stdout]                                at /rustc/202008a1b8de96d2e5b6bc02d379db03a877d34d/library/std/src/sys/backtrace.rs:170:18
[INFO] [stdout]   16:     0x5717e1faffec - rust_begin_unwind
[INFO] [stdout]                                at /rustc/202008a1b8de96d2e5b6bc02d379db03a877d34d/library/std/src/panicking.rs:665:5
[INFO] [stdout]   17:     0x5717e1bfa180 - core::panicking::panic_fmt::h6792bd1b2bf01041
[INFO] [stdout]                                at /rustc/202008a1b8de96d2e5b6bc02d379db03a877d34d/library/core/src/panicking.rs:76:14
[INFO] [stdout]   18:     0x5717e1bfa606 - core::result::unwrap_failed::h05e0602ed34287c5
[INFO] [stdout]                                at /rustc/202008a1b8de96d2e5b6bc02d379db03a877d34d/library/core/src/result.rs:1699:5
[INFO] [stdout]   19:     0x5717e1c2e30d - core::result::Result<T,E>::expect::h56b10395864e9fe2
[INFO] [stdout]                                at /rustc/202008a1b8de96d2e5b6bc02d379db03a877d34d/library/core/src/result.rs:1061:23
[INFO] [stdout]   20:     0x5717e1c641d7 - advent_of_code::iter_lines_from::h8419c8924e7d763b
[INFO] [stdout]                                at /opt/rustwide/workdir/src/main.rs:29:16
[INFO] [stdout]   21:     0x5717e1c40697 - advent_of_code::y2023::day12::part2_internal::h0ec90f4ea280092e
[INFO] [stdout]                                at /opt/rustwide/workdir/src/y2023/day12.rs:21:5
[INFO] [stdout]   22:     0x5717e1c72e25 - advent_of_code::y2023::day12::test::test_part2::h577f9bfc107d0f8a
[INFO] [stdout]                                at /opt/rustwide/workdir/src/y2023/day12.rs:90:20
[INFO] [stdout]   23:     0x5717e1c72df7 - advent_of_code::y2023::day12::test::test_part2::{{closure}}::hffd8df9d9b11efbf
[INFO] [stdout]                                at /opt/rustwide/workdir/src/y2023/day12.rs:89:20
[INFO] [stdout]   24:     0x5717e1c391a6 - core::ops::function::FnOnce::call_once::h20d0680dd68b9216
[INFO] [stdout]                                at /rustc/202008a1b8de96d2e5b6bc02d379db03a877d34d/library/core/src/ops/function.rs:250:5
[INFO] [stdout]   25:     0x5717e1cc7b3b - core::ops::function::FnOnce::call_once::h871bf86719ec9aa4
[INFO] [stdout]                                at /rustc/202008a1b8de96d2e5b6bc02d379db03a877d34d/library/core/src/ops/function.rs:250:5
[INFO] [stdout]   26:     0x5717e1cc7b3b - test::__rust_begin_short_backtrace::h2167df1e2b7d76fd
[INFO] [stdout]                                at /rustc/202008a1b8de96d2e5b6bc02d379db03a877d34d/library/test/src/lib.rs:632:18
[INFO] [stdout]   27:     0x5717e1cc7528 - test::run_test_in_process::{{closure}}::h15d92f75a3adfb79
[INFO] [stdout]                                at /rustc/202008a1b8de96d2e5b6bc02d379db03a877d34d/library/test/src/lib.rs:655:60
[INFO] [stdout]   28:     0x5717e1cc7528 - <core::panic::unwind_safe::AssertUnwindSafe<F> as core::ops::function::FnOnce<()>>::call_once::hb6c8955835a8dbbb
[INFO] [stdout]                                at /rustc/202008a1b8de96d2e5b6bc02d379db03a877d34d/library/core/src/panic/unwind_safe.rs:272:9
[INFO] [stdout]   29:     0x5717e1cc7528 - std::panicking::try::do_call::hc79d0fc888a0bd30
[INFO] [stdout]                                at /rustc/202008a1b8de96d2e5b6bc02d379db03a877d34d/library/std/src/panicking.rs:557:40
[INFO] [stdout]   30:     0x5717e1cc7528 - std::panicking::try::hb8a7878e3a8589d6
[INFO] [stdout]                                at /rustc/202008a1b8de96d2e5b6bc02d379db03a877d34d/library/std/src/panicking.rs:520:19
[INFO] [stdout]   31:     0x5717e1cc7528 - std::panic::catch_unwind::hb8e4600ff0ff5cfa
[INFO] [stdout]                                at /rustc/202008a1b8de96d2e5b6bc02d379db03a877d34d/library/std/src/panic.rs:358:14
[INFO] [stdout]   32:     0x5717e1cc7528 - test::run_test_in_process::hc2900b0b18688dd6
[INFO] [stdout]                                at /rustc/202008a1b8de96d2e5b6bc02d379db03a877d34d/library/test/src/lib.rs:655:27
[INFO] [stdout]   33:     0x5717e1cc7528 - test::run_test::{{closure}}::hac2a9cb07be3d48d
[INFO] [stdout]                                at /rustc/202008a1b8de96d2e5b6bc02d379db03a877d34d/library/test/src/lib.rs:576:43
[INFO] [stdout]   34:     0x5717e1c8afca - test::run_test::{{closure}}::h4a5b729e66a38cd8
[INFO] [stdout]                                at /rustc/202008a1b8de96d2e5b6bc02d379db03a877d34d/library/test/src/lib.rs:606:41
[INFO] [stdout]   35:     0x5717e1c8afca - std::sys::backtrace::__rust_begin_short_backtrace::h0496fb742492f573
[INFO] [stdout]                                at /rustc/202008a1b8de96d2e5b6bc02d379db03a877d34d/library/std/src/sys/backtrace.rs:154:18
[INFO] [stdout]   36:     0x5717e1c8e944 - std::thread::Builder::spawn_unchecked_::{{closure}}::{{closure}}::hbb6d257c550a54bd
[INFO] [stdout]                                at /rustc/202008a1b8de96d2e5b6bc02d379db03a877d34d/library/std/src/thread/mod.rs:561:17
[INFO] [stdout]   37:     0x5717e1c8e944 - <core::panic::unwind_safe::AssertUnwindSafe<F> as core::ops::function::FnOnce<()>>::call_once::h46696fe4a6832328
[INFO] [stdout]                                at /rustc/202008a1b8de96d2e5b6bc02d379db03a877d34d/library/core/src/panic/unwind_safe.rs:272:9
[INFO] [stdout]   38:     0x5717e1c8e944 - std::panicking::try::do_call::h2625a51b667bfb64
[INFO] [stdout]                                at /rustc/202008a1b8de96d2e5b6bc02d379db03a877d34d/library/std/src/panicking.rs:557:40
[INFO] [stdout]   39:     0x5717e1c8e944 - std::panicking::try::hb956a59a1973aa4c
[INFO] [stdout]                                at /rustc/202008a1b8de96d2e5b6bc02d379db03a877d34d/library/std/src/panicking.rs:520:19
[INFO] [stdout]   40:     0x5717e1c8e944 - std::panic::catch_unwind::h64f3b9d1067ef6a0
[INFO] [stdout]                                at /rustc/202008a1b8de96d2e5b6bc02d379db03a877d34d/library/std/src/panic.rs:358:14
[INFO] [stdout]   41:     0x5717e1c8e944 - std::thread::Builder::spawn_unchecked_::{{closure}}::h42b2841295b6c0b2
[INFO] [stdout]                                at /rustc/202008a1b8de96d2e5b6bc02d379db03a877d34d/library/std/src/thread/mod.rs:559:30
[INFO] [stdout]   42:     0x5717e1c8e944 - core::ops::function::FnOnce::call_once{{vtable.shim}}::h6127de71b8124639
[INFO] [stdout]                                at /rustc/202008a1b8de96d2e5b6bc02d379db03a877d34d/library/core/src/ops/function.rs:250:5
[INFO] [stdout]   43:     0x5717e1fb45eb - <alloc::boxed::Box<F,A> as core::ops::function::FnOnce<Args>>::call_once::h42f0ba71002a1b2c
[INFO] [stdout]                                at /rustc/202008a1b8de96d2e5b6bc02d379db03a877d34d/library/alloc/src/boxed.rs:1972:9
[INFO] [stdout]   44:     0x5717e1fb45eb - <alloc::boxed::Box<F,A> as core::ops::function::FnOnce<Args>>::call_once::had9e47d7a3dcecb8
[INFO] [stdout]                                at /rustc/202008a1b8de96d2e5b6bc02d379db03a877d34d/library/alloc/src/boxed.rs:1972:9
[INFO] [stdout]   45:     0x5717e1fb45eb - std::sys::pal::unix::thread::Thread::new::thread_start::h48cf765408f6f5f2
[INFO] [stdout]                                at /rustc/202008a1b8de96d2e5b6bc02d379db03a877d34d/library/std/src/sys/pal/unix/thread.rs:105:17
[INFO] [stdout]   46:     0x7a6bf16adac3 - <unknown>
[INFO] [stdout]   47:     0x7a6bf173ea04 - clone
[INFO] [stdout]   48:                0x0 - <unknown>
[INFO] [stdout] 
[INFO] [stdout] 
[INFO] [stdout] failures:
[INFO] [stdout]     y2023::day12::test::test_part2
[INFO] [stdout] 
[INFO] [stdout] test result: FAILED. 28 passed; 1 failed; 0 ignored; 0 measured; 0 filtered out; finished in 0.11s
[INFO] [stdout] 
[INFO] [stderr] error: test failed, to rerun pass `--bin advent_of_code`
[INFO] running `Command { std: "docker" "inspect" "0e886c0e2c9a9d36aa8a4793f3b7c1c1378afed83aec244943c90f2f5b0ed9ef", kill_on_drop: false }`
[INFO] running `Command { std: "docker" "rm" "-f" "0e886c0e2c9a9d36aa8a4793f3b7c1c1378afed83aec244943c90f2f5b0ed9ef", kill_on_drop: false }`
[INFO] [stdout] 0e886c0e2c9a9d36aa8a4793f3b7c1c1378afed83aec244943c90f2f5b0ed9ef
