[INFO] cloning repository https://github.com/caffineehacker/advent2024
[INFO] running `Command { std: "git" "-c" "credential.helper=" "-c" "credential.helper=/workspace/cargo-home/bin/git-credential-null" "clone" "--bare" "https://github.com/caffineehacker/advent2024" "/workspace/cache/git-repos/https%3A%2F%2Fgithub.com%2Fcaffineehacker%2Fadvent2024", kill_on_drop: false }`
[INFO] [stderr] Cloning into bare repository '/workspace/cache/git-repos/https%3A%2F%2Fgithub.com%2Fcaffineehacker%2Fadvent2024'...
[INFO] running `Command { std: "git" "rev-parse" "HEAD", kill_on_drop: false }`
[INFO] [stdout] ffa4164c9b1e4cda5e28e6d8f27deb0656bd7e55
[INFO] testing caffineehacker/advent2024 against beta-2024-12-08 for beta-1.84.0-4-retry
[INFO] running `Command { std: "git" "clone" "/workspace/cache/git-repos/https%3A%2F%2Fgithub.com%2Fcaffineehacker%2Fadvent2024" "/workspace/builds/worker-3-tc2/source", kill_on_drop: false }`
[INFO] [stderr] Cloning into '/workspace/builds/worker-3-tc2/source'...
[INFO] [stderr] done.
[INFO] validating manifest of git repo https://github.com/caffineehacker/advent2024 on toolchain beta-2024-12-08
[INFO] running `Command { std: CARGO_HOME="/workspace/cargo-home" RUSTUP_HOME="/workspace/rustup-home" "/workspace/cargo-home/bin/cargo" "+beta-2024-12-08" "metadata" "--manifest-path" "Cargo.toml" "--no-deps", kill_on_drop: false }`
[INFO] started tweaking git repo https://github.com/caffineehacker/advent2024
[INFO] finished tweaking git repo https://github.com/caffineehacker/advent2024
[INFO] tweaked toml for git repo https://github.com/caffineehacker/advent2024 written to /workspace/builds/worker-3-tc2/source/Cargo.toml
[INFO] crate git repo https://github.com/caffineehacker/advent2024 already has a lockfile, it will not be regenerated
[INFO] running `Command { std: CARGO_HOME="/workspace/cargo-home" RUSTUP_HOME="/workspace/rustup-home" "/workspace/cargo-home/bin/cargo" "+beta-2024-12-08" "fetch" "--manifest-path" "Cargo.toml", kill_on_drop: false }`
[INFO] running `Command { std: "docker" "create" "-v" "/var/lib/crater-agent-workspace/builds/worker-3-tc2/target:/opt/rustwide/target:rw,Z" "-v" "/var/lib/crater-agent-workspace/builds/worker-3-tc2/source:/opt/rustwide/workdir:ro,Z" "-v" "/var/lib/crater-agent-workspace/cargo-home:/opt/rustwide/cargo-home:ro,Z" "-v" "/var/lib/crater-agent-workspace/rustup-home:/opt/rustwide/rustup-home:ro,Z" "-e" "SOURCE_DIR=/opt/rustwide/workdir" "-e" "CARGO_TARGET_DIR=/opt/rustwide/target" "-e" "CARGO_HOME=/opt/rustwide/cargo-home" "-e" "RUSTUP_HOME=/opt/rustwide/rustup-home" "-w" "/opt/rustwide/workdir" "-m" "1610612736" "--user" "0:0" "--network" "none" "ghcr.io/rust-lang/crates-build-env/linux@sha256:f3a9d4ad9d972b27faf3965f35b62e55ba32bbce8f20bc8fe909558a86702fde" "/opt/rustwide/cargo-home/bin/cargo" "+beta-2024-12-08" "metadata" "--no-deps" "--format-version=1", kill_on_drop: false }`
[INFO] [stdout] 3fab28e00b458f68a76a04a5b6b87b6f2c8223a311846ae575974e9d2cc1625b
[INFO] running `Command { std: "docker" "start" "-a" "3fab28e00b458f68a76a04a5b6b87b6f2c8223a311846ae575974e9d2cc1625b", kill_on_drop: false }`
[INFO] running `Command { std: "docker" "inspect" "3fab28e00b458f68a76a04a5b6b87b6f2c8223a311846ae575974e9d2cc1625b", kill_on_drop: false }`
[INFO] running `Command { std: "docker" "rm" "-f" "3fab28e00b458f68a76a04a5b6b87b6f2c8223a311846ae575974e9d2cc1625b", kill_on_drop: false }`
[INFO] [stdout] 3fab28e00b458f68a76a04a5b6b87b6f2c8223a311846ae575974e9d2cc1625b
[INFO] running `Command { std: "docker" "create" "-v" "/var/lib/crater-agent-workspace/builds/worker-3-tc2/target:/opt/rustwide/target:rw,Z" "-v" "/var/lib/crater-agent-workspace/builds/worker-3-tc2/source:/opt/rustwide/workdir:ro,Z" "-v" "/var/lib/crater-agent-workspace/cargo-home:/opt/rustwide/cargo-home:ro,Z" "-v" "/var/lib/crater-agent-workspace/rustup-home:/opt/rustwide/rustup-home:ro,Z" "-e" "SOURCE_DIR=/opt/rustwide/workdir" "-e" "CARGO_TARGET_DIR=/opt/rustwide/target" "-e" "CARGO_INCREMENTAL=0" "-e" "RUST_BACKTRACE=full" "-e" "RUSTFLAGS=--cap-lints=warn" "-e" "RUSTDOCFLAGS=--cap-lints=warn" "-e" "CARGO_HOME=/opt/rustwide/cargo-home" "-e" "RUSTUP_HOME=/opt/rustwide/rustup-home" "-w" "/opt/rustwide/workdir" "-m" "1610612736" "--user" "0:0" "--network" "none" "ghcr.io/rust-lang/crates-build-env/linux@sha256:f3a9d4ad9d972b27faf3965f35b62e55ba32bbce8f20bc8fe909558a86702fde" "/opt/rustwide/cargo-home/bin/cargo" "+beta-2024-12-08" "build" "--frozen" "--message-format=json", kill_on_drop: false }`
[INFO] [stdout] 835983b6401e9579638cd85f167ffe45174f1eab1a771c64c61db7f67d20af84
[INFO] running `Command { std: "docker" "start" "-a" "835983b6401e9579638cd85f167ffe45174f1eab1a771c64c61db7f67d20af84", kill_on_drop: false }`
[INFO] [stderr]    Compiling proc-macro2 v1.0.92
[INFO] [stderr]    Compiling unicode-ident v1.0.14
[INFO] [stderr]    Compiling lazy_static v1.5.0
[INFO] [stderr]    Compiling utf8parse v0.2.2
[INFO] [stderr]    Compiling libc v0.2.166
[INFO] [stderr]    Compiling portable-atomic v1.10.0
[INFO] [stderr]    Compiling anstyle v1.0.10
[INFO] [stderr]    Compiling colorchoice v1.0.3
[INFO] [stderr]    Compiling is_terminal_polyfill v1.70.1
[INFO] [stderr]    Compiling anstyle-query v1.1.2
[INFO] [stderr]    Compiling clap_lex v0.7.3
[INFO] [stderr]    Compiling strsim v0.11.1
[INFO] [stderr]    Compiling unicode-width v0.1.14
[INFO] [stderr]    Compiling heck v0.5.0
[INFO] [stderr]    Compiling either v1.13.0
[INFO] [stderr]    Compiling unicode-width v0.2.0
[INFO] [stderr]    Compiling anstyle-parse v0.2.6
[INFO] [stderr]    Compiling number_prefix v0.4.0
[INFO] [stderr]    Compiling memchr v2.7.4
[INFO] [stderr]    Compiling glob v0.3.1
[INFO] [stderr]    Compiling regex-syntax v0.8.5
[INFO] [stderr]    Compiling itertools v0.13.0
[INFO] [stderr]    Compiling minimal-lexical v0.2.1
[INFO] [stderr]    Compiling anstream v0.6.18
[INFO] [stderr]    Compiling cfg-if v1.0.0
[INFO] [stderr]    Compiling bindgen v0.66.1
[INFO] [stderr]    Compiling libloading v0.8.6
[INFO] [stderr]    Compiling bitflags v2.6.0
[INFO] [stderr]    Compiling lazycell v1.3.0
[INFO] [stderr]    Compiling rustc-hash v1.1.0
[INFO] [stderr]    Compiling shlex v1.3.0
[INFO] [stderr]    Compiling peeking_take_while v0.1.2
[INFO] [stderr]    Compiling clap_builder v4.5.21
[INFO] [stderr]    Compiling clang-sys v1.8.1
[INFO] [stderr]    Compiling log v0.4.22
[INFO] [stderr]    Compiling nom v7.1.3
[INFO] [stderr]    Compiling aho-corasick v1.1.3
[INFO] [stderr]    Compiling quote v1.0.37
[INFO] [stderr]    Compiling syn v2.0.89
[INFO] [stderr]    Compiling console v0.15.8
[INFO] [stderr]    Compiling indicatif v0.17.9
[INFO] [stderr]    Compiling regex-automata v0.4.9
[INFO] [stderr]    Compiling cexpr v0.6.0
[INFO] [stderr]    Compiling regex v1.11.1
[INFO] [stderr]    Compiling clap_derive v4.5.18
[INFO] [stderr]    Compiling clap v4.5.21
[INFO] [stderr]    Compiling day02 v0.1.0 (/opt/rustwide/workdir/day02)
[INFO] [stderr]    Compiling day08 v0.1.0 (/opt/rustwide/workdir/day08)
[INFO] [stderr]    Compiling day04 v0.1.0 (/opt/rustwide/workdir/day04)
[INFO] [stderr]    Compiling day11 v0.1.0 (/opt/rustwide/workdir/day11)
[INFO] [stderr]    Compiling day03 v0.1.0 (/opt/rustwide/workdir/day03)
[INFO] [stderr]    Compiling daytodo v0.1.0 (/opt/rustwide/workdir/day09)
[INFO] [stderr]    Compiling day10 v0.1.0 (/opt/rustwide/workdir/day10)
[INFO] [stderr]    Compiling day12 v0.1.0 (/opt/rustwide/workdir/day12)
[INFO] [stderr]    Compiling day01 v0.1.0 (/opt/rustwide/workdir/day01)
[INFO] [stderr]    Compiling day05 v0.1.0 (/opt/rustwide/workdir/day05)
[INFO] [stderr]    Compiling day06 v0.1.0 (/opt/rustwide/workdir/day06)
[INFO] [stderr]    Compiling day14 v0.1.0 (/opt/rustwide/workdir/day14)
[INFO] [stderr]    Compiling day07 v0.1.0 (/opt/rustwide/workdir/day07)
[INFO] [stdout] warning: unreachable expression
[INFO] [stdout]    --> day14/src/main.rs:135:5
[INFO] [stdout]     |
[INFO] [stdout] 106 | /     loop {
[INFO] [stdout] 107 | |         let jump_amount;
[INFO] [stdout] 108 | |         if current_jump_number == 1 {
[INFO] [stdout] 109 | |             jump_amount = jump1;
[INFO] [stdout] ...   |
[INFO] [stdout] 132 | |         }
[INFO] [stdout] 133 | |     }
[INFO] [stdout]     | |_____- any code following this expression is unreachable
[INFO] [stdout] 134 |
[INFO] [stdout] 135 |       0
[INFO] [stdout]     |       ^ unreachable expression
[INFO] [stdout]     |
[INFO] [stdout]     = note: `#[warn(unreachable_code)]` on by default
[INFO] [stdout] 
[INFO] [stdout] 
[INFO] [stdout] warning: value assigned to `t` is never read
[INFO] [stdout]   --> day14/src/main.rs:82:13
[INFO] [stdout]    |
[INFO] [stdout] 82 |     let mut t = 0;
[INFO] [stdout]    |             ^
[INFO] [stdout]    |
[INFO] [stdout]    = help: maybe it is overwritten before being read?
[INFO] [stdout]    = note: `#[warn(unused_assignments)]` on by default
[INFO] [stdout] 
[INFO] [stdout] 
[INFO] [stderr]    Compiling z3-sys v0.8.1
[INFO] [stderr]    Compiling z3 v0.12.1
[INFO] [stderr]    Compiling day13 v0.1.0 (/opt/rustwide/workdir/day13)
[INFO] [stdout] warning: unused import: `itertools::Itertools`
[INFO] [stdout]  --> day13/src/main.rs:2:5
[INFO] [stdout]   |
[INFO] [stdout] 2 | use itertools::Itertools;
[INFO] [stdout]   |     ^^^^^^^^^^^^^^^^^^^^
[INFO] [stdout]   |
[INFO] [stdout]   = note: `#[warn(unused_imports)]` on by default
[INFO] [stdout] 
[INFO] [stdout] 
[INFO] [stderr]     Finished `dev` profile [unoptimized + debuginfo] target(s) in 55.86s
[INFO] running `Command { std: "docker" "inspect" "835983b6401e9579638cd85f167ffe45174f1eab1a771c64c61db7f67d20af84", kill_on_drop: false }`
[INFO] running `Command { std: "docker" "rm" "-f" "835983b6401e9579638cd85f167ffe45174f1eab1a771c64c61db7f67d20af84", kill_on_drop: false }`
[INFO] [stdout] 835983b6401e9579638cd85f167ffe45174f1eab1a771c64c61db7f67d20af84
[INFO] running `Command { std: "docker" "create" "-v" "/var/lib/crater-agent-workspace/builds/worker-3-tc2/target:/opt/rustwide/target:rw,Z" "-v" "/var/lib/crater-agent-workspace/builds/worker-3-tc2/source:/opt/rustwide/workdir:ro,Z" "-v" "/var/lib/crater-agent-workspace/cargo-home:/opt/rustwide/cargo-home:ro,Z" "-v" "/var/lib/crater-agent-workspace/rustup-home:/opt/rustwide/rustup-home:ro,Z" "-e" "SOURCE_DIR=/opt/rustwide/workdir" "-e" "CARGO_TARGET_DIR=/opt/rustwide/target" "-e" "CARGO_INCREMENTAL=0" "-e" "RUST_BACKTRACE=full" "-e" "RUSTFLAGS=--cap-lints=warn" "-e" "RUSTDOCFLAGS=--cap-lints=warn" "-e" "CARGO_HOME=/opt/rustwide/cargo-home" "-e" "RUSTUP_HOME=/opt/rustwide/rustup-home" "-w" "/opt/rustwide/workdir" "-m" "1610612736" "--user" "0:0" "--network" "none" "ghcr.io/rust-lang/crates-build-env/linux@sha256:f3a9d4ad9d972b27faf3965f35b62e55ba32bbce8f20bc8fe909558a86702fde" "/opt/rustwide/cargo-home/bin/cargo" "+beta-2024-12-08" "test" "--frozen" "--no-run" "--message-format=json", kill_on_drop: false }`
[INFO] [stdout] 362fcee51ab420e454fd5270831a3f10199e3d6e81639c5105cb7641446c502c
[INFO] running `Command { std: "docker" "start" "-a" "362fcee51ab420e454fd5270831a3f10199e3d6e81639c5105cb7641446c502c", kill_on_drop: false }`
[INFO] [stderr]    Compiling day10 v0.1.0 (/opt/rustwide/workdir/day10)
[INFO] [stderr]    Compiling day07 v0.1.0 (/opt/rustwide/workdir/day07)
[INFO] [stderr]    Compiling day11 v0.1.0 (/opt/rustwide/workdir/day11)
[INFO] [stderr]    Compiling day03 v0.1.0 (/opt/rustwide/workdir/day03)
[INFO] [stderr]    Compiling day14 v0.1.0 (/opt/rustwide/workdir/day14)
[INFO] [stderr]    Compiling daytodo v0.1.0 (/opt/rustwide/workdir/day09)
[INFO] [stderr]    Compiling day04 v0.1.0 (/opt/rustwide/workdir/day04)
[INFO] [stderr]    Compiling day08 v0.1.0 (/opt/rustwide/workdir/day08)
[INFO] [stderr]    Compiling day02 v0.1.0 (/opt/rustwide/workdir/day02)
[INFO] [stderr]    Compiling day05 v0.1.0 (/opt/rustwide/workdir/day05)
[INFO] [stderr]    Compiling day12 v0.1.0 (/opt/rustwide/workdir/day12)
[INFO] [stderr]    Compiling day06 v0.1.0 (/opt/rustwide/workdir/day06)
[INFO] [stderr]    Compiling day01 v0.1.0 (/opt/rustwide/workdir/day01)
[INFO] [stderr]    Compiling day13 v0.1.0 (/opt/rustwide/workdir/day13)
[INFO] [stdout] warning: unused import: `itertools::Itertools`
[INFO] [stdout]  --> day13/src/main.rs:2:5
[INFO] [stdout]   |
[INFO] [stdout] 2 | use itertools::Itertools;
[INFO] [stdout]   |     ^^^^^^^^^^^^^^^^^^^^
[INFO] [stdout]   |
[INFO] [stdout]   = note: `#[warn(unused_imports)]` on by default
[INFO] [stdout] 
[INFO] [stdout] 
[INFO] [stdout] warning: unreachable expression
[INFO] [stdout]    --> day14/src/main.rs:135:5
[INFO] [stdout]     |
[INFO] [stdout] 106 | /     loop {
[INFO] [stdout] 107 | |         let jump_amount;
[INFO] [stdout] 108 | |         if current_jump_number == 1 {
[INFO] [stdout] 109 | |             jump_amount = jump1;
[INFO] [stdout] ...   |
[INFO] [stdout] 132 | |         }
[INFO] [stdout] 133 | |     }
[INFO] [stdout]     | |_____- any code following this expression is unreachable
[INFO] [stdout] 134 |
[INFO] [stdout] 135 |       0
[INFO] [stdout]     |       ^ unreachable expression
[INFO] [stdout]     |
[INFO] [stdout]     = note: `#[warn(unreachable_code)]` on by default
[INFO] [stdout] 
[INFO] [stdout] 
[INFO] [stdout] warning: value assigned to `t` is never read
[INFO] [stdout]   --> day14/src/main.rs:82:13
[INFO] [stdout]    |
[INFO] [stdout] 82 |     let mut t = 0;
[INFO] [stdout]    |             ^
[INFO] [stdout]    |
[INFO] [stdout]    = help: maybe it is overwritten before being read?
[INFO] [stdout]    = note: `#[warn(unused_assignments)]` on by default
[INFO] [stdout] 
[INFO] [stdout] 
[INFO] [stderr]     Finished `test` profile [unoptimized + debuginfo] target(s) in 8.01s
[INFO] running `Command { std: "docker" "inspect" "362fcee51ab420e454fd5270831a3f10199e3d6e81639c5105cb7641446c502c", kill_on_drop: false }`
[INFO] running `Command { std: "docker" "rm" "-f" "362fcee51ab420e454fd5270831a3f10199e3d6e81639c5105cb7641446c502c", kill_on_drop: false }`
[INFO] [stdout] 362fcee51ab420e454fd5270831a3f10199e3d6e81639c5105cb7641446c502c
[INFO] running `Command { std: "docker" "create" "-v" "/var/lib/crater-agent-workspace/builds/worker-3-tc2/target:/opt/rustwide/target:rw,Z" "-v" "/var/lib/crater-agent-workspace/builds/worker-3-tc2/source:/opt/rustwide/workdir:ro,Z" "-v" "/var/lib/crater-agent-workspace/cargo-home:/opt/rustwide/cargo-home:ro,Z" "-v" "/var/lib/crater-agent-workspace/rustup-home:/opt/rustwide/rustup-home:ro,Z" "-e" "SOURCE_DIR=/opt/rustwide/workdir" "-e" "CARGO_TARGET_DIR=/opt/rustwide/target" "-e" "CARGO_INCREMENTAL=0" "-e" "RUST_BACKTRACE=full" "-e" "RUSTFLAGS=--cap-lints=warn" "-e" "RUSTDOCFLAGS=--cap-lints=warn" "-e" "CARGO_HOME=/opt/rustwide/cargo-home" "-e" "RUSTUP_HOME=/opt/rustwide/rustup-home" "-w" "/opt/rustwide/workdir" "-m" "1610612736" "--user" "0:0" "--network" "none" "ghcr.io/rust-lang/crates-build-env/linux@sha256:f3a9d4ad9d972b27faf3965f35b62e55ba32bbce8f20bc8fe909558a86702fde" "/opt/rustwide/cargo-home/bin/cargo" "+beta-2024-12-08" "test" "--frozen", kill_on_drop: false }`
[INFO] [stdout] ab3463be724ba5c3f2ec1d42873c5fcf0bb937b5237648b1b6e1fd46f04f9c31
[INFO] running `Command { std: "docker" "start" "-a" "ab3463be724ba5c3f2ec1d42873c5fcf0bb937b5237648b1b6e1fd46f04f9c31", kill_on_drop: false }`
[INFO] [stderr] warning: unreachable expression
[INFO] [stderr]    --> day14/src/main.rs:135:5
[INFO] [stderr]     |
[INFO] [stderr] 106 | /     loop {
[INFO] [stderr] 107 | |         let jump_amount;
[INFO] [stderr] 108 | |         if current_jump_number == 1 {
[INFO] [stderr] 109 | |             jump_amount = jump1;
[INFO] [stderr] ...   |
[INFO] [stderr] 132 | |         }
[INFO] [stderr] 133 | |     }
[INFO] [stderr]     | |_____- any code following this expression is unreachable
[INFO] [stderr] 134 |
[INFO] [stderr] 135 |       0
[INFO] [stderr]     |       ^ unreachable expression
[INFO] [stderr]     |
[INFO] [stderr]     = note: `#[warn(unreachable_code)]` on by default
[INFO] [stderr] 
[INFO] [stderr] warning: value assigned to `t` is never read
[INFO] [stderr]   --> day14/src/main.rs:82:13
[INFO] [stderr]    |
[INFO] [stderr] 82 |     let mut t = 0;
[INFO] [stderr]    |             ^
[INFO] [stderr]    |
[INFO] [stderr]    = help: maybe it is overwritten before being read?
[INFO] [stderr]    = note: `#[warn(unused_assignments)]` on by default
[INFO] [stderr] 
[INFO] [stderr] warning: `day14` (bin "day14" test) generated 2 warnings
[INFO] [stderr] warning: unused import: `itertools::Itertools`
[INFO] [stderr]  --> day13/src/main.rs:2:5
[INFO] [stderr]   |
[INFO] [stderr] 2 | use itertools::Itertools;
[INFO] [stderr]   |     ^^^^^^^^^^^^^^^^^^^^
[INFO] [stderr]   |
[INFO] [stderr]   = note: `#[warn(unused_imports)]` on by default
[INFO] [stderr] 
[INFO] [stderr] warning: `day13` (bin "day13" test) generated 1 warning (run `cargo fix --bin "day13" --tests` to apply 1 suggestion)
[INFO] [stderr]     Finished `test` profile [unoptimized + debuginfo] target(s) in 0.15s
[INFO] [stderr]      Running unittests src/main.rs (/opt/rustwide/target/debug/deps/day01-a920e1bac2cf04e4)
[INFO] [stdout] 
[INFO] [stdout] running 2 tests
[INFO] [stdout] test tests::test_part1 ... FAILED
[INFO] [stdout] test tests::test_part2 ... FAILED
[INFO] [stdout] 
[INFO] [stdout] failures:
[INFO] [stdout] 
[INFO] [stdout] ---- tests::test_part1 stdout ----
[INFO] [stdout] thread 'tests::test_part1' panicked at day01/src/main.rs:54:33:
[INFO] [stdout] Failed to open file: Os { code: 2, kind: NotFound, message: "No such file or directory" }
[INFO] [stdout] stack backtrace:
[INFO] [stdout]    0:     0x604379aaddfa - std::backtrace_rs::backtrace::libunwind::trace::h8810477743020387
[INFO] [stdout]                                at /rustc/202008a1b8de96d2e5b6bc02d379db03a877d34d/library/std/src/../../backtrace/src/backtrace/libunwind.rs:116:5
[INFO] [stdout]    1:     0x604379aaddfa - std::backtrace_rs::backtrace::trace_unsynchronized::h3aa55355dd6c54a6
[INFO] [stdout]                                at /rustc/202008a1b8de96d2e5b6bc02d379db03a877d34d/library/std/src/../../backtrace/src/backtrace/mod.rs:66:5
[INFO] [stdout]    2:     0x604379aaddfa - std::sys::backtrace::_print_fmt::h8588b0f62410823f
[INFO] [stdout]                                at /rustc/202008a1b8de96d2e5b6bc02d379db03a877d34d/library/std/src/sys/backtrace.rs:66:9
[INFO] [stdout]    3:     0x604379aaddfa - <std::sys::backtrace::BacktraceLock::print::DisplayBacktrace as core::fmt::Display>::fmt::h98c26ac25ffe89bb
[INFO] [stdout]                                at /rustc/202008a1b8de96d2e5b6bc02d379db03a877d34d/library/std/src/sys/backtrace.rs:39:26
[INFO] [stdout]    4:     0x604379ad38e3 - core::fmt::rt::Argument::fmt::hf95377f4aebd453b
[INFO] [stdout]                                at /rustc/202008a1b8de96d2e5b6bc02d379db03a877d34d/library/core/src/fmt/rt.rs:177:76
[INFO] [stdout]    5:     0x604379ad38e3 - core::fmt::write::h0dd5f6e2238c7982
[INFO] [stdout]                                at /rustc/202008a1b8de96d2e5b6bc02d379db03a877d34d/library/core/src/fmt/mod.rs:1189:21
[INFO] [stdout]    6:     0x604379aaaf93 - std::io::Write::write_fmt::h03bb0ca26e6faf8c
[INFO] [stdout]                                at /rustc/202008a1b8de96d2e5b6bc02d379db03a877d34d/library/std/src/io/mod.rs:1884:15
[INFO] [stdout]    7:     0x604379aadc42 - std::sys::backtrace::BacktraceLock::print::h5c19c1c038ee186d
[INFO] [stdout]                                at /rustc/202008a1b8de96d2e5b6bc02d379db03a877d34d/library/std/src/sys/backtrace.rs:42:9
[INFO] [stdout]    8:     0x604379aaf27d - std::panicking::default_hook::{{closure}}::h77172f079a1fcb13
[INFO] [stdout]                                at /rustc/202008a1b8de96d2e5b6bc02d379db03a877d34d/library/std/src/panicking.rs:268:22
[INFO] [stdout]    9:     0x604379aaf087 - std::panicking::default_hook::he5f8e3b203ccddba
[INFO] [stdout]                                at /rustc/202008a1b8de96d2e5b6bc02d379db03a877d34d/library/std/src/panicking.rs:292:9
[INFO] [stdout]   10:     0x604379a710d7 - <alloc::boxed::Box<F,A> as core::ops::function::Fn<Args>>::call::h7a3c7b4a1ae77f2f
[INFO] [stdout]                                at /rustc/202008a1b8de96d2e5b6bc02d379db03a877d34d/library/alloc/src/boxed.rs:1986:9
[INFO] [stdout]   11:     0x604379a710d7 - test::test_main::{{closure}}::hf0d3b69ae9b353d1
[INFO] [stdout]                                at /rustc/202008a1b8de96d2e5b6bc02d379db03a877d34d/library/test/src/lib.rs:134:21
[INFO] [stdout]   12:     0x604379aaf928 - <alloc::boxed::Box<F,A> as core::ops::function::Fn<Args>>::call::h6332e82e7b189abd
[INFO] [stdout]                                at /rustc/202008a1b8de96d2e5b6bc02d379db03a877d34d/library/alloc/src/boxed.rs:1986:9
[INFO] [stdout]   13:     0x604379aaf928 - std::panicking::rust_panic_with_hook::h53863d4e9018df39
[INFO] [stdout]                                at /rustc/202008a1b8de96d2e5b6bc02d379db03a877d34d/library/std/src/panicking.rs:809:13
[INFO] [stdout]   14:     0x604379aaf6ea - std::panicking::begin_panic_handler::{{closure}}::h67280e6fa0757873
[INFO] [stdout]                                at /rustc/202008a1b8de96d2e5b6bc02d379db03a877d34d/library/std/src/panicking.rs:674:13
[INFO] [stdout]   15:     0x604379aae2d9 - std::sys::backtrace::__rust_end_short_backtrace::h1dac3f54d6fbbeb2
[INFO] [stdout]                                at /rustc/202008a1b8de96d2e5b6bc02d379db03a877d34d/library/std/src/sys/backtrace.rs:170:18
[INFO] [stdout]   16:     0x604379aaf37c - rust_begin_unwind
[INFO] [stdout]                                at /rustc/202008a1b8de96d2e5b6bc02d379db03a877d34d/library/std/src/panicking.rs:665:5
[INFO] [stdout]   17:     0x604379a25af0 - core::panicking::panic_fmt::h6792bd1b2bf01041
[INFO] [stdout]                                at /rustc/202008a1b8de96d2e5b6bc02d379db03a877d34d/library/core/src/panicking.rs:76:14
[INFO] [stdout]   18:     0x604379a25e96 - core::result::unwrap_failed::h05e0602ed34287c5
[INFO] [stdout]                                at /rustc/202008a1b8de96d2e5b6bc02d379db03a877d34d/library/core/src/result.rs:1699:5
[INFO] [stdout]   19:     0x604379a32d1d - core::result::Result<T,E>::expect::hd8dfa274241dcc1e
[INFO] [stdout]                                at /rustc/202008a1b8de96d2e5b6bc02d379db03a877d34d/library/core/src/result.rs:1061:23
[INFO] [stdout]   20:     0x604379a30e8d - day01::parse::h5f5bcc05c1ca3f7f
[INFO] [stdout]                                at /opt/rustwide/workdir/day01/src/main.rs:54:16
[INFO] [stdout]   21:     0x604379a33cae - day01::tests::test_part1::hc8e109e46da2d918
[INFO] [stdout]                                at /opt/rustwide/workdir/day01/src/main.rs:79:29
[INFO] [stdout]   22:     0x604379a33be7 - day01::tests::test_part1::{{closure}}::h56d9a75d648913d0
[INFO] [stdout]                                at /opt/rustwide/workdir/day01/src/main.rs:78:20
[INFO] [stdout]   23:     0x604379a2e6f6 - core::ops::function::FnOnce::call_once::h6adf1a4612d79712
[INFO] [stdout]                                at /rustc/202008a1b8de96d2e5b6bc02d379db03a877d34d/library/core/src/ops/function.rs:250:5
[INFO] [stdout]   24:     0x604379a75bfb - core::ops::function::FnOnce::call_once::h871bf86719ec9aa4
[INFO] [stdout]                                at /rustc/202008a1b8de96d2e5b6bc02d379db03a877d34d/library/core/src/ops/function.rs:250:5
[INFO] [stdout]   25:     0x604379a75bfb - test::__rust_begin_short_backtrace::h2167df1e2b7d76fd
[INFO] [stdout]                                at /rustc/202008a1b8de96d2e5b6bc02d379db03a877d34d/library/test/src/lib.rs:632:18
[INFO] [stdout]   26:     0x604379a755e8 - test::run_test_in_process::{{closure}}::h15d92f75a3adfb79
[INFO] [stdout]                                at /rustc/202008a1b8de96d2e5b6bc02d379db03a877d34d/library/test/src/lib.rs:655:60
[INFO] [stdout]   27:     0x604379a755e8 - <core::panic::unwind_safe::AssertUnwindSafe<F> as core::ops::function::FnOnce<()>>::call_once::hb6c8955835a8dbbb
[INFO] [stdout]                                at /rustc/202008a1b8de96d2e5b6bc02d379db03a877d34d/library/core/src/panic/unwind_safe.rs:272:9
[INFO] [stdout]   28:     0x604379a755e8 - std::panicking::try::do_call::hc79d0fc888a0bd30
[INFO] [stdout]                                at /rustc/202008a1b8de96d2e5b6bc02d379db03a877d34d/library/std/src/panicking.rs:557:40
[INFO] [stdout]   29:     0x604379a755e8 - std::panicking::try::hb8a7878e3a8589d6
[INFO] [stdout]                                at /rustc/202008a1b8de96d2e5b6bc02d379db03a877d34d/library/std/src/panicking.rs:520:19
[INFO] [stdout]   30:     0x604379a755e8 - std::panic::catch_unwind::hb8e4600ff0ff5cfa
[INFO] [stdout]                                at /rustc/202008a1b8de96d2e5b6bc02d379db03a877d34d/library/std/src/panic.rs:358:14
[INFO] [stdout]   31:     0x604379a755e8 - test::run_test_in_process::hc2900b0b18688dd6
[INFO] [stdout]                                at /rustc/202008a1b8de96d2e5b6bc02d379db03a877d34d/library/test/src/lib.rs:655:27
[INFO] [stdout]   32:     0x604379a755e8 - test::run_test::{{closure}}::hac2a9cb07be3d48d
[INFO] [stdout]                                at /rustc/202008a1b8de96d2e5b6bc02d379db03a877d34d/library/test/src/lib.rs:576:43
[INFO] [stdout]   33:     0x604379a3908a - test::run_test::{{closure}}::h4a5b729e66a38cd8
[INFO] [stdout]                                at /rustc/202008a1b8de96d2e5b6bc02d379db03a877d34d/library/test/src/lib.rs:606:41
[INFO] [stdout]   34:     0x604379a3908a - std::sys::backtrace::__rust_begin_short_backtrace::h0496fb742492f573
[INFO] [stdout]                                at /rustc/202008a1b8de96d2e5b6bc02d379db03a877d34d/library/std/src/sys/backtrace.rs:154:18
[INFO] [stdout]   35:     0x604379a3ca04 - std::thread::Builder::spawn_unchecked_::{{closure}}::{{closure}}::hbb6d257c550a54bd
[INFO] [stdout]                                at /rustc/202008a1b8de96d2e5b6bc02d379db03a877d34d/library/std/src/thread/mod.rs:561:17
[INFO] [stdout]   36:     0x604379a3ca04 - <core::panic::unwind_safe::AssertUnwindSafe<F> as core::ops::function::FnOnce<()>>::call_once::h46696fe4a6832328
[INFO] [stdout]                                at /rustc/202008a1b8de96d2e5b6bc02d379db03a877d34d/library/core/src/panic/unwind_safe.rs:272:9
[INFO] [stdout]   37:     0x604379a3ca04 - std::panicking::try::do_call::h2625a51b667bfb64
[INFO] [stdout]                                at /rustc/202008a1b8de96d2e5b6bc02d379db03a877d34d/library/std/src/panicking.rs:557:40
[INFO] [stdout]   38:     0x604379a3ca04 - std::panicking::try::hb956a59a1973aa4c
[INFO] [stdout]                                at /rustc/202008a1b8de96d2e5b6bc02d379db03a877d34d/library/std/src/panicking.rs:520:19
[INFO] [stdout]   39:     0x604379a3ca04 - std::panic::catch_unwind::h64f3b9d1067ef6a0
[INFO] [stdout]                                at /rustc/202008a1b8de96d2e5b6bc02d379db03a877d34d/library/std/src/panic.rs:358:14
[INFO] [stdout]   40:     0x604379a3ca04 - std::thread::Builder::spawn_unchecked_::{{closure}}::h42b2841295b6c0b2
[INFO] [stdout]                                at /rustc/202008a1b8de96d2e5b6bc02d379db03a877d34d/library/std/src/thread/mod.rs:559:30
[INFO] [stdout]   41:     0x604379a3ca04 - core::ops::function::FnOnce::call_once{{vtable.shim}}::h6127de71b8124639
[INFO] [stdout]                                at /rustc/202008a1b8de96d2e5b6bc02d379db03a877d34d/library/core/src/ops/function.rs:250:5
[INFO] [stdout]   42:     0x604379ab387b - <alloc::boxed::Box<F,A> as core::ops::function::FnOnce<Args>>::call_once::h42f0ba71002a1b2c
[INFO] [stdout]                                at /rustc/202008a1b8de96d2e5b6bc02d379db03a877d34d/library/alloc/src/boxed.rs:1972:9
[INFO] [stdout]   43:     0x604379ab387b - <alloc::boxed::Box<F,A> as core::ops::function::FnOnce<Args>>::call_once::had9e47d7a3dcecb8
[INFO] [stdout]                                at /rustc/202008a1b8de96d2e5b6bc02d379db03a877d34d/library/alloc/src/boxed.rs:1972:9
[INFO] [stdout]   44:     0x604379ab387b - std::sys::pal::unix::thread::Thread::new::thread_start::h48cf765408f6f5f2
[INFO] [stdout]                                at /rustc/202008a1b8de96d2e5b6bc02d379db03a877d34d/library/std/src/sys/pal/unix/thread.rs:105:17
[INFO] [stdout]   45:     0x7b6be549cac3 - <unknown>
[INFO] [stdout]   46:     0x7b6be552da04 - clone
[INFO] [stdout]   47:                0x0 - <unknown>
[INFO] [stdout] 
[INFO] [stdout] ---- tests::test_part2 stdout ----
[INFO] [stdout] thread 'tests::test_part2' panicked at day01/src/main.rs:54:33:
[INFO] [stdout] Failed to open file: Os { code: 2, kind: NotFound, message: "No such file or directory" }
[INFO] [stdout] stack backtrace:
[INFO] [stdout]    0:     0x604379aaddfa - std::backtrace_rs::backtrace::libunwind::trace::h8810477743020387
[INFO] [stdout]                                at /rustc/202008a1b8de96d2e5b6bc02d379db03a877d34d/library/std/src/../../backtrace/src/backtrace/libunwind.rs:116:5
[INFO] [stdout]    1:     0x604379aaddfa - std::backtrace_rs::backtrace::trace_unsynchronized::h3aa55355dd6c54a6
[INFO] [stdout]                                at /rustc/202008a1b8de96d2e5b6bc02d379db03a877d34d/library/std/src/../../backtrace/src/backtrace/mod.rs:66:5
[INFO] [stdout]    2:     0x604379aaddfa - std::sys::backtrace::_print_fmt::h8588b0f62410823f
[INFO] [stdout]                                at /rustc/202008a1b8de96d2e5b6bc02d379db03a877d34d/library/std/src/sys/backtrace.rs:66:9
[INFO] [stdout]    3:     0x604379aaddfa - <std::sys::backtrace::BacktraceLock::print::DisplayBacktrace as core::fmt::Display>::fmt::h98c26ac25ffe89bb
[INFO] [stdout]                                at /rustc/202008a1b8de96d2e5b6bc02d379db03a877d34d/library/std/src/sys/backtrace.rs:39:26
[INFO] [stdout]    4:     0x604379ad38e3 - core::fmt::rt::Argument::fmt::hf95377f4aebd453b
[INFO] [stdout]                                at /rustc/202008a1b8de96d2e5b6bc02d379db03a877d34d/library/core/src/fmt/rt.rs:177:76
[INFO] [stdout]    5:     0x604379ad38e3 - core::fmt::write::h0dd5f6e2238c7982
[INFO] [stdout]                                at /rustc/202008a1b8de96d2e5b6bc02d379db03a877d34d/library/core/src/fmt/mod.rs:1189:21
[INFO] [stdout]    6:     0x604379aaaf93 - std::io::Write::write_fmt::h03bb0ca26e6faf8c
[INFO] [stdout]                                at /rustc/202008a1b8de96d2e5b6bc02d379db03a877d34d/library/std/src/io/mod.rs:1884:15
[INFO] [stdout]    7:     0x604379aadc42 - std::sys::backtrace::BacktraceLock::print::h5c19c1c038ee186d
[INFO] [stdout]                                at /rustc/202008a1b8de96d2e5b6bc02d379db03a877d34d/library/std/src/sys/backtrace.rs:42:9
[INFO] [stdout]    8:     0x604379aaf27d - std::panicking::default_hook::{{closure}}::h77172f079a1fcb13
[INFO] [stdout]                                at /rustc/202008a1b8de96d2e5b6bc02d379db03a877d34d/library/std/src/panicking.rs:268:22
[INFO] [stdout]    9:     0x604379aaf087 - std::panicking::default_hook::he5f8e3b203ccddba
[INFO] [stdout]                                at /rustc/202008a1b8de96d2e5b6bc02d379db03a877d34d/library/std/src/panicking.rs:292:9
[INFO] [stdout]   10:     0x604379a710d7 - <alloc::boxed::Box<F,A> as core::ops::function::Fn<Args>>::call::h7a3c7b4a1ae77f2f
[INFO] [stdout]                                at /rustc/202008a1b8de96d2e5b6bc02d379db03a877d34d/library/alloc/src/boxed.rs:1986:9
[INFO] [stdout]   11:     0x604379a710d7 - test::test_main::{{closure}}::hf0d3b69ae9b353d1
[INFO] [stdout]                                at /rustc/202008a1b8de96d2e5b6bc02d379db03a877d34d/library/test/src/lib.rs:134:21
[INFO] [stdout]   12:     0x604379aaf928 - <alloc::boxed::Box<F,A> as core::ops::function::Fn<Args>>::call::h6332e82e7b189abd
[INFO] [stdout]                                at /rustc/202008a1b8de96d2e5b6bc02d379db03a877d34d/library/alloc/src/boxed.rs:1986:9
[INFO] [stdout]   13:     0x604379aaf928 - std::panicking::rust_panic_with_hook::h53863d4e9018df39
[INFO] [stdout]                                at /rustc/202008a1b8de96d2e5b6bc02d379db03a877d34d/library/std/src/panicking.rs:809:13
[INFO] [stdout]   14:     0x604379aaf6ea - std::panicking::begin_panic_handler::{{closure}}::h67280e6fa0757873
[INFO] [stdout]                                at /rustc/202008a1b8de96d2e5b6bc02d379db03a877d34d/library/std/src/panicking.rs:674:13
[INFO] [stdout]   15:     0x604379aae2d9 - std::sys::backtrace::__rust_end_short_backtrace::h1dac3f54d6fbbeb2
[INFO] [stdout]                                at /rustc/202008a1b8de96d2e5b6bc02d379db03a877d34d/library/std/src/sys/backtrace.rs:170:18
[INFO] [stdout]   16:     0x604379aaf37c - rust_begin_unwind
[INFO] [stdout]                                at /rustc/202008a1b8de96d2e5b6bc02d379db03a877d34d/library/std/src/panicking.rs:665:5
[INFO] [stdout]   17:     0x604379a25af0 - core::panicking::panic_fmt::h6792bd1b2bf01041
[INFO] [stdout]                                at /rustc/202008a1b8de96d2e5b6bc02d379db03a877d34d/library/core/src/panicking.rs:76:14
[INFO] [stdout]   18:     0x604379a25e96 - core::result::unwrap_failed::h05e0602ed34287c5
[INFO] [stdout]                                at /rustc/202008a1b8de96d2e5b6bc02d379db03a877d34d/library/core/src/result.rs:1699:5
[INFO] [stdout]   19:     0x604379a32d1d - core::result::Result<T,E>::expect::hd8dfa274241dcc1e
[INFO] [stdout]                                at /rustc/202008a1b8de96d2e5b6bc02d379db03a877d34d/library/core/src/result.rs:1061:23
[INFO] [stdout]   20:     0x604379a30e8d - day01::parse::h5f5bcc05c1ca3f7f
[INFO] [stdout]                                at /opt/rustwide/workdir/day01/src/main.rs:54:16
[INFO] [stdout]   21:     0x604379a33f3e - day01::tests::test_part2::h1c776b8ba0fddb42
[INFO] [stdout]                                at /opt/rustwide/workdir/day01/src/main.rs:86:29
[INFO] [stdout]   22:     0x604379a33e77 - day01::tests::test_part2::{{closure}}::h0482c79de69a395e
[INFO] [stdout]                                at /opt/rustwide/workdir/day01/src/main.rs:85:20
[INFO] [stdout]   23:     0x604379a2e656 - core::ops::function::FnOnce::call_once::h193a7b90df7dbd5e
[INFO] [stdout]                                at /rustc/202008a1b8de96d2e5b6bc02d379db03a877d34d/library/core/src/ops/function.rs:250:5
[INFO] [stdout]   24:     0x604379a75bfb - core::ops::function::FnOnce::call_once::h871bf86719ec9aa4
[INFO] [stdout]                                at /rustc/202008a1b8de96d2e5b6bc02d379db03a877d34d/library/core/src/ops/function.rs:250:5
[INFO] [stdout]   25:     0x604379a75bfb - test::__rust_begin_short_backtrace::h2167df1e2b7d76fd
[INFO] [stdout]                                at /rustc/202008a1b8de96d2e5b6bc02d379db03a877d34d/library/test/src/lib.rs:632:18
[INFO] [stdout]   26:     0x604379a755e8 - test::run_test_in_process::{{closure}}::h15d92f75a3adfb79
[INFO] [stdout]                                at /rustc/202008a1b8de96d2e5b6bc02d379db03a877d34d/library/test/src/lib.rs:655:60
[INFO] [stdout]   27:     0x604379a755e8 - <core::panic::unwind_safe::AssertUnwindSafe<F> as core::ops::function::FnOnce<()>>::call_once::hb6c8955835a8dbbb
[INFO] [stdout]                                at /rustc/202008a1b8de96d2e5b6bc02d379db03a877d34d/library/core/src/panic/unwind_safe.rs:272:9
[INFO] [stdout]   28:     0x604379a755e8 - std::panicking::try::do_call::hc79d0fc888a0bd30
[INFO] [stdout]                                at /rustc/202008a1b8de96d2e5b6bc02d379db03a877d34d/library/std/src/panicking.rs:557:40
[INFO] [stdout]   29:     0x604379a755e8 - std::panicking::try::hb8a7878e3a8589d6
[INFO] [stdout]                                at /rustc/202008a1b8de96d2e5b6bc02d379db03a877d34d/library/std/src/panicking.rs:520:19
[INFO] [stdout]   30:     0x604379a755e8 - std::panic::catch_unwind::hb8e4600ff0ff5cfa
[INFO] [stdout]                                at /rustc/202008a1b8de96d2e5b6bc02d379db03a877d34d/library/std/src/panic.rs:358:14
[INFO] [stdout]   31:     0x604379a755e8 - test::run_test_in_process::hc2900b0b18688dd6
[INFO] [stdout]                                at /rustc/202008a1b8de96d2e5b6bc02d379db03a877d34d/library/test/src/lib.rs:655:27
[INFO] [stdout]   32:     0x604379a755e8 - test::run_test::{{closure}}::hac2a9cb07be3d48d
[INFO] [stdout]                                at /rustc/202008a1b8de96d2e5b6bc02d379db03a877d34d/library/test/src/lib.rs:576:43
[INFO] [stdout]   33:     0x604379a3908a - test::run_test::{{closure}}::h4a5b729e66a38cd8
[INFO] [stdout]                                at /rustc/202008a1b8de96d2e5b6bc02d379db03a877d34d/library/test/src/lib.rs:606:41
[INFO] [stdout]   34:     0x604379a3908a - std::sys::backtrace::__rust_begin_short_backtrace::h0496fb742492f573
[INFO] [stdout]                                at /rustc/202008a1b8de96d2e5b6bc02d379db03a877d34d/library/std/src/sys/backtrace.rs:154:18
[INFO] [stdout]   35:     0x604379a3ca04 - std::thread::Builder::spawn_unchecked_::{{closure}}::{{closure}}::hbb6d257c550a54bd
[INFO] [stdout]                                at /rustc/202008a1b8de96d2e5b6bc02d379db03a877d34d/library/std/src/thread/mod.rs:561:17
[INFO] [stdout]   36:     0x604379a3ca04 - <core::panic::unwind_safe::AssertUnwindSafe<F> as core::ops::function::FnOnce<()>>::call_once::h46696fe4a6832328
[INFO] [stdout]                                at /rustc/202008a1b8de96d2e5b6bc02d379db03a877d34d/library/core/src/panic/unwind_safe.rs:272:9
[INFO] [stdout]   37:     0x604379a3ca04 - std::panicking::try::do_call::h2625a51b667bfb64
[INFO] [stdout]                                at /rustc/202008a1b8de96d2e5b6bc02d379db03a877d34d/library/std/src/panicking.rs:557:40
[INFO] [stdout]   38:     0x604379a3ca04 - std::panicking::try::hb956a59a1973aa4c
[INFO] [stdout]                                at /rustc/202008a1b8de96d2e5b6bc02d379db03a877d34d/library/std/src/panicking.rs:520:19
[INFO] [stdout]   39:     0x604379a3ca04 - std::panic::catch_unwind::h64f3b9d1067ef6a0
[INFO] [stdout]                                at /rustc/202008a1b8de96d2e5b6bc02d379db03a877d34d/library/std/src/panic.rs:358:14
[INFO] [stdout]   40:     0x604379a3ca04 - std::thread::Builder::spawn_unchecked_::{{closure}}::h42b2841295b6c0b2
[INFO] [stdout]                                at /rustc/202008a1b8de96d2e5b6bc02d379db03a877d34d/library/std/src/thread/mod.rs:559:30
[INFO] [stdout]   41:     0x604379a3ca04 - core::ops::function::FnOnce::call_once{{vtable.shim}}::h6127de71b8124639
[INFO] [stdout]                                at /rustc/202008a1b8de96d2e5b6bc02d379db03a877d34d/library/core/src/ops/function.rs:250:5
[INFO] [stdout]   42:     0x604379ab387b - <alloc::boxed::Box<F,A> as core::ops::function::FnOnce<Args>>::call_once::h42f0ba71002a1b2c
[INFO] [stdout]                                at /rustc/202008a1b8de96d2e5b6bc02d379db03a877d34d/library/alloc/src/boxed.rs:1972:9
[INFO] [stdout]   43:     0x604379ab387b - <alloc::boxed::Box<F,A> as core::ops::function::FnOnce<Args>>::call_once::had9e47d7a3dcecb8
[INFO] [stdout]                                at /rustc/202008a1b8de96d2e5b6bc02d379db03a877d34d/library/alloc/src/boxed.rs:1972:9
[INFO] [stdout]   44:     0x604379ab387b - std::sys::pal::unix::thread::Thread::new::thread_start::h48cf765408f6f5f2
[INFO] [stdout]                                at /rustc/202008a1b8de96d2e5b6bc02d379db03a877d34d/library/std/src/sys/pal/unix/thread.rs:105:17
[INFO] [stdout]   45:     0x7b6be549cac3 - <unknown>
[INFO] [stdout]   46:     0x7b6be552da04 - clone
[INFO] [stdout]   47:                0x0 - <unknown>
[INFO] [stdout] 
[INFO] [stdout] 
[INFO] [stdout] failures:
[INFO] [stdout]     tests::test_part1
[INFO] [stdout]     tests::test_part2
[INFO] [stdout] 
[INFO] [stdout] test result: FAILED. 0 passed; 2 failed; 0 ignored; 0 measured; 0 filtered out; finished in 0.03s
[INFO] [stdout] 
[INFO] [stderr] error: test failed, to rerun pass `-p day01 --bin day01`
[INFO] running `Command { std: "docker" "inspect" "ab3463be724ba5c3f2ec1d42873c5fcf0bb937b5237648b1b6e1fd46f04f9c31", kill_on_drop: false }`
[INFO] running `Command { std: "docker" "rm" "-f" "ab3463be724ba5c3f2ec1d42873c5fcf0bb937b5237648b1b6e1fd46f04f9c31", kill_on_drop: false }`
[INFO] [stdout] ab3463be724ba5c3f2ec1d42873c5fcf0bb937b5237648b1b6e1fd46f04f9c31
