[INFO] cloning repository https://github.com/cadenthecreator/caden-blog
[INFO] running `Command { std: "git" "-c" "credential.helper=" "-c" "credential.helper=/workspace/cargo-home/bin/git-credential-null" "clone" "--bare" "https://github.com/cadenthecreator/caden-blog" "/workspace/cache/git-repos/https%3A%2F%2Fgithub.com%2Fcadenthecreator%2Fcaden-blog", kill_on_drop: false }`
[INFO] [stderr] Cloning into bare repository '/workspace/cache/git-repos/https%3A%2F%2Fgithub.com%2Fcadenthecreator%2Fcaden-blog'...
[INFO] running `Command { std: "git" "rev-parse" "HEAD", kill_on_drop: false }`
[INFO] [stdout] de6bb7efaa5df09b4742feb3f0aa18c4b7d1bcbe
[INFO] testing cadenthecreator/caden-blog against 1.83.0 for beta-1.84.0-4-retry
[INFO] running `Command { std: "git" "clone" "/workspace/cache/git-repos/https%3A%2F%2Fgithub.com%2Fcadenthecreator%2Fcaden-blog" "/workspace/builds/worker-4-tc1/source", kill_on_drop: false }`
[INFO] [stderr] Cloning into '/workspace/builds/worker-4-tc1/source'...
[INFO] [stderr] done.
[INFO] validating manifest of git repo https://github.com/cadenthecreator/caden-blog on toolchain 1.83.0
[INFO] running `Command { std: CARGO_HOME="/workspace/cargo-home" RUSTUP_HOME="/workspace/rustup-home" "/workspace/cargo-home/bin/cargo" "+1.83.0" "metadata" "--manifest-path" "Cargo.toml" "--no-deps", kill_on_drop: false }`
[INFO] started tweaking git repo https://github.com/cadenthecreator/caden-blog
[INFO] finished tweaking git repo https://github.com/cadenthecreator/caden-blog
[INFO] tweaked toml for git repo https://github.com/cadenthecreator/caden-blog written to /workspace/builds/worker-4-tc1/source/Cargo.toml
[INFO] crate git repo https://github.com/cadenthecreator/caden-blog already has a lockfile, it will not be regenerated
[INFO] running `Command { std: CARGO_HOME="/workspace/cargo-home" RUSTUP_HOME="/workspace/rustup-home" "/workspace/cargo-home/bin/cargo" "+1.83.0" "fetch" "--manifest-path" "Cargo.toml", kill_on_drop: false }`
[INFO] [stderr]     Blocking waiting for file lock on package cache
[INFO] [stderr]  Downloading crates ...
[INFO] [stderr]   Downloaded pulldown-cmark v0.12.2
[INFO] running `Command { std: "docker" "create" "-v" "/var/lib/crater-agent-workspace/builds/worker-4-tc1/target:/opt/rustwide/target:rw,Z" "-v" "/var/lib/crater-agent-workspace/builds/worker-4-tc1/source:/opt/rustwide/workdir:ro,Z" "-v" "/var/lib/crater-agent-workspace/cargo-home:/opt/rustwide/cargo-home:ro,Z" "-v" "/var/lib/crater-agent-workspace/rustup-home:/opt/rustwide/rustup-home:ro,Z" "-e" "SOURCE_DIR=/opt/rustwide/workdir" "-e" "CARGO_TARGET_DIR=/opt/rustwide/target" "-e" "CARGO_HOME=/opt/rustwide/cargo-home" "-e" "RUSTUP_HOME=/opt/rustwide/rustup-home" "-w" "/opt/rustwide/workdir" "-m" "1610612736" "--user" "0:0" "--network" "none" "ghcr.io/rust-lang/crates-build-env/linux@sha256:f3a9d4ad9d972b27faf3965f35b62e55ba32bbce8f20bc8fe909558a86702fde" "/opt/rustwide/cargo-home/bin/cargo" "+1.83.0" "metadata" "--no-deps" "--format-version=1", kill_on_drop: false }`
[INFO] [stdout] 75bbe2e26a2ef818a15df1d355ef656cae0f873f9b418ddf6fd7c20ce2db147b
[INFO] running `Command { std: "docker" "start" "-a" "75bbe2e26a2ef818a15df1d355ef656cae0f873f9b418ddf6fd7c20ce2db147b", kill_on_drop: false }`
[INFO] running `Command { std: "docker" "inspect" "75bbe2e26a2ef818a15df1d355ef656cae0f873f9b418ddf6fd7c20ce2db147b", kill_on_drop: false }`
[INFO] running `Command { std: "docker" "rm" "-f" "75bbe2e26a2ef818a15df1d355ef656cae0f873f9b418ddf6fd7c20ce2db147b", kill_on_drop: false }`
[INFO] [stdout] 75bbe2e26a2ef818a15df1d355ef656cae0f873f9b418ddf6fd7c20ce2db147b
[INFO] running `Command { std: "docker" "create" "-v" "/var/lib/crater-agent-workspace/builds/worker-4-tc1/target:/opt/rustwide/target:rw,Z" "-v" "/var/lib/crater-agent-workspace/builds/worker-4-tc1/source:/opt/rustwide/workdir:ro,Z" "-v" "/var/lib/crater-agent-workspace/cargo-home:/opt/rustwide/cargo-home:ro,Z" "-v" "/var/lib/crater-agent-workspace/rustup-home:/opt/rustwide/rustup-home:ro,Z" "-e" "SOURCE_DIR=/opt/rustwide/workdir" "-e" "CARGO_TARGET_DIR=/opt/rustwide/target" "-e" "CARGO_INCREMENTAL=0" "-e" "RUST_BACKTRACE=full" "-e" "RUSTFLAGS=--cap-lints=warn" "-e" "RUSTDOCFLAGS=--cap-lints=warn" "-e" "CARGO_HOME=/opt/rustwide/cargo-home" "-e" "RUSTUP_HOME=/opt/rustwide/rustup-home" "-w" "/opt/rustwide/workdir" "-m" "1610612736" "--user" "0:0" "--network" "none" "ghcr.io/rust-lang/crates-build-env/linux@sha256:f3a9d4ad9d972b27faf3965f35b62e55ba32bbce8f20bc8fe909558a86702fde" "/opt/rustwide/cargo-home/bin/cargo" "+1.83.0" "build" "--frozen" "--message-format=json", kill_on_drop: false }`
[INFO] [stdout] 97ad2a6817cfa530fb5db7de86b2a29d199f71e975c35a9b317dfd3173a1aba7
[INFO] running `Command { std: "docker" "start" "-a" "97ad2a6817cfa530fb5db7de86b2a29d199f71e975c35a9b317dfd3173a1aba7", kill_on_drop: false }`
[INFO] [stderr]    Compiling proc-macro2 v1.0.89
[INFO] [stderr]    Compiling unicode-ident v1.0.13
[INFO] [stderr]    Compiling itoa v1.0.11
[INFO] [stderr]    Compiling libc v0.2.161
[INFO] [stderr]    Compiling pin-project-lite v0.2.15
[INFO] [stderr]    Compiling futures-core v0.3.31
[INFO] [stderr]    Compiling version_check v0.9.5
[INFO] [stderr]    Compiling fnv v1.0.7
[INFO] [stderr]    Compiling bytes v1.8.0
[INFO] [stderr]    Compiling futures-task v0.3.31
[INFO] [stderr]    Compiling pin-utils v0.1.0
[INFO] [stderr]    Compiling serde v1.0.214
[INFO] [stderr]    Compiling httparse v1.9.5
[INFO] [stderr]    Compiling once_cell v1.20.2
[INFO] [stderr]    Compiling log v0.4.22
[INFO] [stderr]    Compiling tower-service v0.3.3
[INFO] [stderr]    Compiling autocfg v1.4.0
[INFO] [stderr]    Compiling rustversion v1.0.18
[INFO] [stderr]    Compiling tower-layer v0.3.3
[INFO] [stderr]    Compiling futures-channel v0.3.31
[INFO] [stderr]    Compiling memchr v2.7.4
[INFO] [stderr]    Compiling smallvec v1.13.2
[INFO] [stderr]    Compiling futures-util v0.3.31
[INFO] [stderr]    Compiling httpdate v1.0.3
[INFO] [stderr]    Compiling serde_json v1.0.132
[INFO] [stderr]    Compiling percent-encoding v2.3.1
[INFO] [stderr]    Compiling http v1.1.0
[INFO] [stderr]    Compiling proc-macro-error-attr v1.0.4
[INFO] [stderr]    Compiling tracing-core v0.1.32
[INFO] [stderr]    Compiling proc-macro-error v1.0.4
[INFO] [stderr]    Compiling ryu v1.0.18
[INFO] [stderr]    Compiling num-traits v0.2.19
[INFO] [stderr]    Compiling form_urlencoded v1.2.1
[INFO] [stderr]    Compiling pulldown-cmark v0.12.2
[INFO] [stderr]    Compiling unicode-width v0.1.14
[INFO] [stderr]    Compiling sync_wrapper v0.1.2
[INFO] [stderr]    Compiling sync_wrapper v1.0.1
[INFO] [stderr]    Compiling mime v0.3.17
[INFO] [stderr]    Compiling bitflags v2.6.0
[INFO] [stderr]    Compiling matchit v0.7.3
[INFO] [stderr]    Compiling unicase v2.8.0
[INFO] [stderr]    Compiling iana-time-zone v0.1.61
[INFO] [stderr]    Compiling pulldown-cmark-escape v0.11.0
[INFO] [stderr]    Compiling quote v1.0.37
[INFO] [stderr]    Compiling getopts v0.2.21
[INFO] [stderr]    Compiling tracing v0.1.40
[INFO] [stderr]    Compiling syn v2.0.85
[INFO] [stderr]    Compiling http-body v1.0.1
[INFO] [stderr]    Compiling socket2 v0.5.7
[INFO] [stderr]    Compiling mio v1.0.2
[INFO] [stderr]    Compiling uuid v1.11.0
[INFO] [stderr]    Compiling http-body-util v0.1.2
[INFO] [stderr]    Compiling serde_derive v1.0.214
[INFO] [stderr]    Compiling tokio-macros v2.4.0
[INFO] [stderr]    Compiling async-trait v0.1.83
[INFO] [stderr]    Compiling maud_macros v0.26.0
[INFO] [stderr]    Compiling maud v0.26.0
[INFO] [stderr]    Compiling tokio v1.41.0
[INFO] [stderr]    Compiling axum-core v0.4.5
[INFO] [stderr]    Compiling hyper v1.5.0
[INFO] [stderr]    Compiling tower v0.5.1
[INFO] [stderr]    Compiling hyper-util v0.1.10
[INFO] [stderr]    Compiling serde_path_to_error v0.1.16
[INFO] [stderr]    Compiling serde_urlencoded v0.7.1
[INFO] [stderr]    Compiling chrono v0.4.38
[INFO] [stderr]    Compiling axum v0.7.7
[INFO] [stderr]    Compiling caden-blog v0.1.0 (/opt/rustwide/workdir)
[INFO] [stdout] warning: unnecessary trailing semicolon
[INFO] [stdout]    --> src/main.rs:146:52
[INFO] [stdout]     |
[INFO] [stdout] 146 |         .route("/favicon.ico", get(serve_favicon));;
[INFO] [stdout]     |                                                    ^ help: remove this semicolon
[INFO] [stdout]     |
[INFO] [stdout]     = note: `#[warn(redundant_semicolons)]` on by default
[INFO] [stdout] 
[INFO] [stdout] 
[INFO] [stdout] warning: variable does not need to be mutable
[INFO] [stdout]    --> src/main.rs:510:13
[INFO] [stdout]     |
[INFO] [stdout] 510 |         let mut post = deserialize_post(post_string.as_mut_str(),url_name.as_str());
[INFO] [stdout]     |             ----^^^^
[INFO] [stdout]     |             |
[INFO] [stdout]     |             help: remove this `mut`
[INFO] [stdout]     |
[INFO] [stdout]     = note: `#[warn(unused_mut)]` on by default
[INFO] [stdout] 
[INFO] [stdout] 
[INFO] [stdout] warning: function `markdown_to_html` is never used
[INFO] [stdout]   --> src/main.rs:67:4
[INFO] [stdout]    |
[INFO] [stdout] 67 | fn markdown_to_html(markdown_text: &str) -> Markup {
[INFO] [stdout]    |    ^^^^^^^^^^^^^^^^
[INFO] [stdout]    |
[INFO] [stdout]    = note: `#[warn(dead_code)]` on by default
[INFO] [stdout] 
[INFO] [stdout] 
[INFO] [stdout] warning: function `render_post` is never used
[INFO] [stdout]   --> src/main.rs:78:4
[INFO] [stdout]    |
[INFO] [stdout] 78 | fn render_post(post: &Post) -> Markup {
[INFO] [stdout]    |    ^^^^^^^^^^^
[INFO] [stdout] 
[INFO] [stdout] 
[INFO] [stdout] warning: function `serialize_post` is never used
[INFO] [stdout]    --> src/main.rs:101:4
[INFO] [stdout]     |
[INFO] [stdout] 101 | fn serialize_post(post: &Post) -> String {
[INFO] [stdout]     |    ^^^^^^^^^^^^^^
[INFO] [stdout] 
[INFO] [stdout] 
[INFO] [stderr]     Finished `dev` profile [unoptimized + debuginfo] target(s) in 29.05s
[INFO] running `Command { std: "docker" "inspect" "97ad2a6817cfa530fb5db7de86b2a29d199f71e975c35a9b317dfd3173a1aba7", kill_on_drop: false }`
[INFO] running `Command { std: "docker" "rm" "-f" "97ad2a6817cfa530fb5db7de86b2a29d199f71e975c35a9b317dfd3173a1aba7", kill_on_drop: false }`
[INFO] [stdout] 97ad2a6817cfa530fb5db7de86b2a29d199f71e975c35a9b317dfd3173a1aba7
[INFO] running `Command { std: "docker" "create" "-v" "/var/lib/crater-agent-workspace/builds/worker-4-tc1/target:/opt/rustwide/target:rw,Z" "-v" "/var/lib/crater-agent-workspace/builds/worker-4-tc1/source:/opt/rustwide/workdir:ro,Z" "-v" "/var/lib/crater-agent-workspace/cargo-home:/opt/rustwide/cargo-home:ro,Z" "-v" "/var/lib/crater-agent-workspace/rustup-home:/opt/rustwide/rustup-home:ro,Z" "-e" "SOURCE_DIR=/opt/rustwide/workdir" "-e" "CARGO_TARGET_DIR=/opt/rustwide/target" "-e" "CARGO_INCREMENTAL=0" "-e" "RUST_BACKTRACE=full" "-e" "RUSTFLAGS=--cap-lints=warn" "-e" "RUSTDOCFLAGS=--cap-lints=warn" "-e" "CARGO_HOME=/opt/rustwide/cargo-home" "-e" "RUSTUP_HOME=/opt/rustwide/rustup-home" "-w" "/opt/rustwide/workdir" "-m" "1610612736" "--user" "0:0" "--network" "none" "ghcr.io/rust-lang/crates-build-env/linux@sha256:f3a9d4ad9d972b27faf3965f35b62e55ba32bbce8f20bc8fe909558a86702fde" "/opt/rustwide/cargo-home/bin/cargo" "+1.83.0" "test" "--frozen" "--no-run" "--message-format=json", kill_on_drop: false }`
[INFO] [stdout] 7827d95dbf0d543fefd285582147516b507663d35e4f65b0258b2b65854b16b3
[INFO] running `Command { std: "docker" "start" "-a" "7827d95dbf0d543fefd285582147516b507663d35e4f65b0258b2b65854b16b3", kill_on_drop: false }`
[INFO] [stderr]    Compiling caden-blog v0.1.0 (/opt/rustwide/workdir)
[INFO] [stdout] warning: unnecessary trailing semicolon
[INFO] [stdout]    --> src/main.rs:146:52
[INFO] [stdout]     |
[INFO] [stdout] 146 |         .route("/favicon.ico", get(serve_favicon));;
[INFO] [stdout]     |                                                    ^ help: remove this semicolon
[INFO] [stdout]     |
[INFO] [stdout]     = note: `#[warn(redundant_semicolons)]` on by default
[INFO] [stdout] 
[INFO] [stdout] 
[INFO] [stdout] warning: variable does not need to be mutable
[INFO] [stdout]    --> src/main.rs:510:13
[INFO] [stdout]     |
[INFO] [stdout] 510 |         let mut post = deserialize_post(post_string.as_mut_str(),url_name.as_str());
[INFO] [stdout]     |             ----^^^^
[INFO] [stdout]     |             |
[INFO] [stdout]     |             help: remove this `mut`
[INFO] [stdout]     |
[INFO] [stdout]     = note: `#[warn(unused_mut)]` on by default
[INFO] [stdout] 
[INFO] [stdout] 
[INFO] [stdout] warning: function `markdown_to_html` is never used
[INFO] [stdout]   --> src/main.rs:67:4
[INFO] [stdout]    |
[INFO] [stdout] 67 | fn markdown_to_html(markdown_text: &str) -> Markup {
[INFO] [stdout]    |    ^^^^^^^^^^^^^^^^
[INFO] [stdout]    |
[INFO] [stdout]    = note: `#[warn(dead_code)]` on by default
[INFO] [stdout] 
[INFO] [stdout] 
[INFO] [stdout] warning: function `render_post` is never used
[INFO] [stdout]   --> src/main.rs:78:4
[INFO] [stdout]    |
[INFO] [stdout] 78 | fn render_post(post: &Post) -> Markup {
[INFO] [stdout]    |    ^^^^^^^^^^^
[INFO] [stdout] 
[INFO] [stdout] 
[INFO] [stdout] warning: function `serialize_post` is never used
[INFO] [stdout]    --> src/main.rs:101:4
[INFO] [stdout]     |
[INFO] [stdout] 101 | fn serialize_post(post: &Post) -> String {
[INFO] [stdout]     |    ^^^^^^^^^^^^^^
[INFO] [stdout] 
[INFO] [stdout] 
[INFO] [stderr]     Finished `test` profile [unoptimized + debuginfo] target(s) in 2.15s
[INFO] running `Command { std: "docker" "inspect" "7827d95dbf0d543fefd285582147516b507663d35e4f65b0258b2b65854b16b3", kill_on_drop: false }`
[INFO] running `Command { std: "docker" "rm" "-f" "7827d95dbf0d543fefd285582147516b507663d35e4f65b0258b2b65854b16b3", kill_on_drop: false }`
[INFO] [stdout] 7827d95dbf0d543fefd285582147516b507663d35e4f65b0258b2b65854b16b3
[INFO] running `Command { std: "docker" "create" "-v" "/var/lib/crater-agent-workspace/builds/worker-4-tc1/target:/opt/rustwide/target:rw,Z" "-v" "/var/lib/crater-agent-workspace/builds/worker-4-tc1/source:/opt/rustwide/workdir:ro,Z" "-v" "/var/lib/crater-agent-workspace/cargo-home:/opt/rustwide/cargo-home:ro,Z" "-v" "/var/lib/crater-agent-workspace/rustup-home:/opt/rustwide/rustup-home:ro,Z" "-e" "SOURCE_DIR=/opt/rustwide/workdir" "-e" "CARGO_TARGET_DIR=/opt/rustwide/target" "-e" "CARGO_INCREMENTAL=0" "-e" "RUST_BACKTRACE=full" "-e" "RUSTFLAGS=--cap-lints=warn" "-e" "RUSTDOCFLAGS=--cap-lints=warn" "-e" "CARGO_HOME=/opt/rustwide/cargo-home" "-e" "RUSTUP_HOME=/opt/rustwide/rustup-home" "-w" "/opt/rustwide/workdir" "-m" "1610612736" "--user" "0:0" "--network" "none" "ghcr.io/rust-lang/crates-build-env/linux@sha256:f3a9d4ad9d972b27faf3965f35b62e55ba32bbce8f20bc8fe909558a86702fde" "/opt/rustwide/cargo-home/bin/cargo" "+1.83.0" "test" "--frozen", kill_on_drop: false }`
[INFO] [stdout] b57c3a1a08848eb5ef27a3269a5fa08ce61f52b23ee8d46efafe95a9e89c1693
[INFO] running `Command { std: "docker" "start" "-a" "b57c3a1a08848eb5ef27a3269a5fa08ce61f52b23ee8d46efafe95a9e89c1693", kill_on_drop: false }`
[INFO] [stderr] warning: unnecessary trailing semicolon
[INFO] [stderr]    --> src/main.rs:146:52
[INFO] [stderr]     |
[INFO] [stderr] 146 |         .route("/favicon.ico", get(serve_favicon));;
[INFO] [stderr]     |                                                    ^ help: remove this semicolon
[INFO] [stderr]     |
[INFO] [stderr]     = note: `#[warn(redundant_semicolons)]` on by default
[INFO] [stderr] 
[INFO] [stderr] warning: variable does not need to be mutable
[INFO] [stderr]    --> src/main.rs:510:13
[INFO] [stderr]     |
[INFO] [stderr] 510 |         let mut post = deserialize_post(post_string.as_mut_str(),url_name.as_str());
[INFO] [stderr]     |             ----^^^^
[INFO] [stderr]     |             |
[INFO] [stderr]     |             help: remove this `mut`
[INFO] [stderr]     |
[INFO] [stderr]     = note: `#[warn(unused_mut)]` on by default
[INFO] [stderr] 
[INFO] [stderr] warning: function `markdown_to_html` is never used
[INFO] [stderr]   --> src/main.rs:67:4
[INFO] [stderr]    |
[INFO] [stderr] 67 | fn markdown_to_html(markdown_text: &str) -> Markup {
[INFO] [stderr]    |    ^^^^^^^^^^^^^^^^
[INFO] [stderr]    |
[INFO] [stderr]    = note: `#[warn(dead_code)]` on by default
[INFO] [stderr] 
[INFO] [stderr] warning: function `render_post` is never used
[INFO] [stderr]   --> src/main.rs:78:4
[INFO] [stderr]    |
[INFO] [stderr] 78 | fn render_post(post: &Post) -> Markup {
[INFO] [stderr]    |    ^^^^^^^^^^^
[INFO] [stderr] 
[INFO] [stderr] warning: function `serialize_post` is never used
[INFO] [stderr]    --> src/main.rs:101:4
[INFO] [stderr]     |
[INFO] [stderr] 101 | fn serialize_post(post: &Post) -> String {
[INFO] [stderr]     |    ^^^^^^^^^^^^^^
[INFO] [stderr] 
[INFO] [stderr] warning: `caden-blog` (bin "caden-blog" test) generated 5 warnings (run `cargo fix --bin "caden-blog" --tests` to apply 1 suggestion)
[INFO] [stderr]     Finished `test` profile [unoptimized + debuginfo] target(s) in 0.08s
[INFO] [stderr]      Running unittests src/main.rs (/opt/rustwide/target/debug/deps/caden_blog-4f58b9fd82184899)
[INFO] [stdout] 
[INFO] [stdout] running 1 test
[INFO] [stdout] test test ... FAILED
[INFO] [stdout] 
[INFO] [stdout] failures:
[INFO] [stdout] 
[INFO] [stdout] ---- test stdout ----
[INFO] [stdout] thread 'test' panicked at src/main.rs:715:5:
[INFO] [stdout] assertion `left == right` failed
[INFO] [stdout]   left: "<!DOCTYPE html><html lang=\"en\"><head><meta charset=\"UTF-8\"><meta name=\"viewport\" content=\"width=device-width, initial-scale=1.0\"><title>Fancy Blog</title><link rel=\"stylesheet\" href=\"https://cdn.jsdelivr.net/npm/bootstrap@5.3.0/dist/css/bootstrap.min.css\"><link rel=\"stylesheet\" href=\"https://cdn.jsdelivr.net/npm/unpoly@3.9.3/unpoly.min.css\"><link rel=\"stylesheet\" href=\"https://cdn.jsdelivr.net/npm/unpoly@3.9.3/unpoly-bootstrap5.min.css\"><style>\n                    body {\n                        font-family: Arial, sans-serif;\n                        background-color: #121212;\n                        color: #e0e0e0;\n                    }\n                    .header {\n                        background-image: url('https://external-content.duckduckgo.com/iu/?u=https%3A%2F%2Fpreview.redd.it%2Fi0h9ke187tk31.png%3Fwidth%3D960%26crop%3Dsmart%26auto%3Dwebp%26s%3Ddc294c8327d576f78d3cd0e08982cd6e3f619a21&amp;f=1&amp;nofb=1&amp;ipt=47a8aff3e3499390c872b22b77ba3ad02b9f28fc0c0f5b5d3d82c84dd16ed6a6&amp;ipo=images');\n                        background-position: center;\n                        color: #f0f0f0;\n                        padding: 20px;\n                        text-align: center;\n                        background-size: cover;\n                    }\n                    .post-card {\n                        background-color: #1e1e1e;\n                        color: #e0e0e0;\n                        border: none;\n                        margin-bottom: 20px;\n                        box-shadow: 0 4px 8px rgba(0, 0, 0, 0.3);\n                        transition: 0.3s;\n                    }\n                    .post-card:hover {\n                        box-shadow: 0 8px 16px rgba(0, 0, 0, 0.5);\n                    }\n                    .sidebar {\n                        background-color: #242424;\n                        color: #e0e0e0;\n                        padding: 20px;\n                        border-radius: 8px;\n                    }\n                    .footer {\n                        background-color: #1c1c1c;\n                        color: #f0f0f0;\n                        text-align: center;\n                        padding: 15px;\n                        margin-top: 20px;\n                    }\n                    .navbar-nav .nav-link {\n                        color: #e0e0e0 !important;\n                    }\n                    .btn-primary {\n                        background-color: #007bff;\n                        border-color: #007bff;\n                    }\n                    .btn-outline-primary {\n                        color: #007bff;\n                        border-color: #007bff;\n                    }\n                    .btn-outline-primary:hover {\n                        background-color: #007bff;\n                        color: #fff;\n                    }\n                </style></head><body><div class=\"header\"><h1>The Caden Times</h1><p>I don't know why you are here</p></div><nav class=\"navbar navbar-expand-lg navbar-dark bg-dark\"><div class=\"container\"><a class=\"navbar-brand\" href=\"#\">Fancy Blog</a><button class=\"navbar-toggler\" type=\"button\" data-bs-toggle=\"collapse\" data-bs-target=\"#navbarNav\" aria-controls=\"navbarNav\" aria-expanded=\"false\" aria-label=\"Toggle navigation\"><span class=\"navbar-toggler-icon\"></span></button><div class=\"collapse navbar-collapse\" id=\"navbarNav\"><ul class=\"navbar-nav ms-auto\"><li class=\"nav-item\"><a class=\"nav-link active\" href=\"#\">Home</a></li><li class=\"nav-item\"><a class=\"nav-link\" href=\"#\">About</a></li><li class=\"nav-item\"><a class=\"nav-link\" href=\"/contact\" up-layer=\"new\">Contact</a></li></ul></div></div></nav><div class=\"container my-4\"><div class=\"row\"><div class=\"col-lg-8\"><div class=\"card post-card\"><img src=\"/asset/maxresdefault.jpg\" class=\"card-img-top\" alt=\"Post Image\"><div class=\"card-body\"><h5 class=\"card-title\">Test</h5><p class=\"text-muted\">Posted on 2024-11-10 23:31:07</p><p class=\"card-text\">A test post</p><a href=\"/post/test\" class=\"btn btn-primary\" up-target=\".modal-content\" up-layer=\"new\">Read More</a></div></div></div><div class=\"col-lg-4\"><div class=\"sidebar\"><h4>About Me</h4><p>I'm an unmotivated nerd that is making this for absolutely no reason.</p><hr><h5>Categories</h5><ul class=\"list-unstyled\"><li><a href=\"#\">Tech</a></li><li><a href=\"#\">Programming</a></li><li><a href=\"#\">Computer Science</a></li><li><a href=\"#\">Software Engineering</a></li></ul><hr><h5>Follow Me</h5><a href=\"#\" class=\"btn btn-outline-primary btn-sm\">Twitter</a><a href=\"#\" class=\"btn btn-outline-primary btn-sm\">Facebook</a><a href=\"#\" class=\"btn btn-outline-primary btn-sm\">Instagram</a></div></div></div></div><div class=\"footer\"><p>©2024 The Caden Times | Designed by CadenTheCreator</p></div><script src=\"https://code.jquery.com/jquery-3.5.1.min.js\"></script><script src=\"https://cdn.jsdelivr.net/npm/bootstrap@5.3.0/dist/js/bootstrap.bundle.min.js\"></script><script src=\"https://cdn.jsdelivr.net/npm/unpoly@3.9.3/unpoly.min.js\"></script><script src=\"https://cdn.jsdelivr.net/npm/unpoly@3.9.3/unpoly-bootstrap5.min.js\"></script></body></html>"
[INFO] [stdout]  right: "html"
[INFO] [stdout] stack backtrace:
[INFO] [stdout]    0:     0x64462033b77a - std::backtrace_rs::backtrace::libunwind::trace::h5a5b8284f2d0c266
[INFO] [stdout]                                at /rustc/90b35a6239c3d8bdabc530a6a0816f7ff89a0aaf/library/std/src/../../backtrace/src/backtrace/libunwind.rs:116:5
[INFO] [stdout]    1:     0x64462033b77a - std::backtrace_rs::backtrace::trace_unsynchronized::h76d4f1c9b0b875e3
[INFO] [stdout]                                at /rustc/90b35a6239c3d8bdabc530a6a0816f7ff89a0aaf/library/std/src/../../backtrace/src/backtrace/mod.rs:66:5
[INFO] [stdout]    2:     0x64462033b77a - std::sys::backtrace::_print_fmt::hc4546b8364a537c6
[INFO] [stdout]                                at /rustc/90b35a6239c3d8bdabc530a6a0816f7ff89a0aaf/library/std/src/sys/backtrace.rs:66:9
[INFO] [stdout]    3:     0x64462033b77a - <std::sys::backtrace::BacktraceLock::print::DisplayBacktrace as core::fmt::Display>::fmt::h5b6bd5631a6d1f6b
[INFO] [stdout]                                at /rustc/90b35a6239c3d8bdabc530a6a0816f7ff89a0aaf/library/std/src/sys/backtrace.rs:39:26
[INFO] [stdout]    4:     0x6446203614f3 - core::fmt::rt::Argument::fmt::h270f6602a2b96f62
[INFO] [stdout]                                at /rustc/90b35a6239c3d8bdabc530a6a0816f7ff89a0aaf/library/core/src/fmt/rt.rs:177:76
[INFO] [stdout]    5:     0x6446203614f3 - core::fmt::write::h7550c97b06c86515
[INFO] [stdout]                                at /rustc/90b35a6239c3d8bdabc530a6a0816f7ff89a0aaf/library/core/src/fmt/mod.rs:1186:21
[INFO] [stdout]    6:     0x644620338813 - std::io::Write::write_fmt::h509ff860e5956e5e
[INFO] [stdout]                                at /rustc/90b35a6239c3d8bdabc530a6a0816f7ff89a0aaf/library/std/src/io/mod.rs:1839:15
[INFO] [stdout]    7:     0x64462033b5c2 - std::sys::backtrace::BacktraceLock::print::h2395ccd2c84ba3aa
[INFO] [stdout]                                at /rustc/90b35a6239c3d8bdabc530a6a0816f7ff89a0aaf/library/std/src/sys/backtrace.rs:42:9
[INFO] [stdout]    8:     0x64462033cbda - std::panicking::default_hook::{{closure}}::he19d4c7230e07961
[INFO] [stdout]                                at /rustc/90b35a6239c3d8bdabc530a6a0816f7ff89a0aaf/library/std/src/panicking.rs:268:22
[INFO] [stdout]    9:     0x64462033c9e4 - std::panicking::default_hook::hf614597d3c67bbdb
[INFO] [stdout]                                at /rustc/90b35a6239c3d8bdabc530a6a0816f7ff89a0aaf/library/std/src/panicking.rs:292:9
[INFO] [stdout]   10:     0x6446201fce49 - <alloc::boxed::Box<F,A> as core::ops::function::Fn<Args>>::call::h39b51ce4599c23d1
[INFO] [stdout]                                at /rustc/90b35a6239c3d8bdabc530a6a0816f7ff89a0aaf/library/alloc/src/boxed.rs:2468:9
[INFO] [stdout]   11:     0x6446201fce49 - test::test_main::{{closure}}::he977ae839a582784
[INFO] [stdout]                                at /rustc/90b35a6239c3d8bdabc530a6a0816f7ff89a0aaf/library/test/src/lib.rs:133:21
[INFO] [stdout]   12:     0x64462033d278 - <alloc::boxed::Box<F,A> as core::ops::function::Fn<Args>>::call::h9455091b6b06f9fb
[INFO] [stdout]                                at /rustc/90b35a6239c3d8bdabc530a6a0816f7ff89a0aaf/library/alloc/src/boxed.rs:2468:9
[INFO] [stdout]   13:     0x64462033d278 - std::panicking::rust_panic_with_hook::h8942133a8b252070
[INFO] [stdout]                                at /rustc/90b35a6239c3d8bdabc530a6a0816f7ff89a0aaf/library/std/src/panicking.rs:809:13
[INFO] [stdout]   14:     0x64462033d03a - std::panicking::begin_panic_handler::{{closure}}::hb5f5963570096b29
[INFO] [stdout]                                at /rustc/90b35a6239c3d8bdabc530a6a0816f7ff89a0aaf/library/std/src/panicking.rs:674:13
[INFO] [stdout]   15:     0x64462033bc59 - std::sys::backtrace::__rust_end_short_backtrace::h6208cedc1922feda
[INFO] [stdout]                                at /rustc/90b35a6239c3d8bdabc530a6a0816f7ff89a0aaf/library/std/src/sys/backtrace.rs:170:18
[INFO] [stdout]   16:     0x64462033cccc - rust_begin_unwind
[INFO] [stdout]                                at /rustc/90b35a6239c3d8bdabc530a6a0816f7ff89a0aaf/library/std/src/panicking.rs:665:5
[INFO] [stdout]   17:     0x644620187180 - core::panicking::panic_fmt::h0c3082644d1bf418
[INFO] [stdout]                                at /rustc/90b35a6239c3d8bdabc530a6a0816f7ff89a0aaf/library/core/src/panicking.rs:74:14
[INFO] [stdout]   18:     0x6446201875ac - core::panicking::assert_failed_inner::h2ddf1fcc067fa858
[INFO] [stdout]   19:     0x6446201ab845 - core::panicking::assert_failed::hada629a71c1c62d8
[INFO] [stdout]                                at /rustc/90b35a6239c3d8bdabc530a6a0816f7ff89a0aaf/library/core/src/panicking.rs:367:5
[INFO] [stdout]   20:     0x6446201bce5c - caden_blog::test::{{closure}}::h403a11cc663a502d
[INFO] [stdout]                                at /opt/rustwide/workdir/src/main.rs:715:5
[INFO] [stdout]   21:     0x644620191f92 - <core::pin::Pin<P> as core::future::future::Future>::poll::hea65ea1853d24cca
[INFO] [stdout]                                at /rustc/90b35a6239c3d8bdabc530a6a0816f7ff89a0aaf/library/core/src/future/future.rs:123:9
[INFO] [stdout]   22:     0x644620191ead - <core::pin::Pin<P> as core::future::future::Future>::poll::hd07fb0211eed81be
[INFO] [stdout]                                at /rustc/90b35a6239c3d8bdabc530a6a0816f7ff89a0aaf/library/core/src/future/future.rs:123:9
[INFO] [stdout]   23:     0x6446201af6ff - tokio::runtime::scheduler::current_thread::CoreGuard::block_on::{{closure}}::{{closure}}::{{closure}}::hd876cd2a80cc813b
[INFO] [stdout]                                at /opt/rustwide/cargo-home/registry/src/index.crates.io-6f17d22bba15001f/tokio-1.41.0/src/runtime/scheduler/current_thread/mod.rs:729:57
[INFO] [stdout]   24:     0x6446201af5f5 - tokio::runtime::coop::with_budget::h24e390d1261ebd5e
[INFO] [stdout]                                at /opt/rustwide/cargo-home/registry/src/index.crates.io-6f17d22bba15001f/tokio-1.41.0/src/runtime/coop.rs:107:5
[INFO] [stdout]   25:     0x6446201af5f5 - tokio::runtime::coop::budget::h0a1c301d2199dcbf
[INFO] [stdout]                                at /opt/rustwide/cargo-home/registry/src/index.crates.io-6f17d22bba15001f/tokio-1.41.0/src/runtime/coop.rs:73:5
[INFO] [stdout]   26:     0x6446201af5f5 - tokio::runtime::scheduler::current_thread::CoreGuard::block_on::{{closure}}::{{closure}}::hc63ff0fcc6b8832b
[INFO] [stdout]                                at /opt/rustwide/cargo-home/registry/src/index.crates.io-6f17d22bba15001f/tokio-1.41.0/src/runtime/scheduler/current_thread/mod.rs:729:25
[INFO] [stdout]   27:     0x6446201ad2a0 - tokio::runtime::scheduler::current_thread::Context::enter::he470273a8705aa80
[INFO] [stdout]                                at /opt/rustwide/cargo-home/registry/src/index.crates.io-6f17d22bba15001f/tokio-1.41.0/src/runtime/scheduler/current_thread/mod.rs:428:19
[INFO] [stdout]   28:     0x6446201aeccb - tokio::runtime::scheduler::current_thread::CoreGuard::block_on::{{closure}}::ha584a9b379b0e2d5
[INFO] [stdout]                                at /opt/rustwide/cargo-home/registry/src/index.crates.io-6f17d22bba15001f/tokio-1.41.0/src/runtime/scheduler/current_thread/mod.rs:728:36
[INFO] [stdout]   29:     0x6446201ae144 - tokio::runtime::scheduler::current_thread::CoreGuard::enter::{{closure}}::h748996fe2c141f6e
[INFO] [stdout]                                at /opt/rustwide/cargo-home/registry/src/index.crates.io-6f17d22bba15001f/tokio-1.41.0/src/runtime/scheduler/current_thread/mod.rs:807:68
[INFO] [stdout]   30:     0x6446201a783b - tokio::runtime::context::scoped::Scoped<T>::set::hdd455c466739f82d
[INFO] [stdout]                                at /opt/rustwide/cargo-home/registry/src/index.crates.io-6f17d22bba15001f/tokio-1.41.0/src/runtime/context/scoped.rs:40:9
[INFO] [stdout]   31:     0x6446201bf6c9 - tokio::runtime::context::set_scheduler::{{closure}}::h63a827265031715d
[INFO] [stdout]                                at /opt/rustwide/cargo-home/registry/src/index.crates.io-6f17d22bba15001f/tokio-1.41.0/src/runtime/context.rs:180:26
[INFO] [stdout]   32:     0x64462019adfd - std::thread::local::LocalKey<T>::try_with::h2284de3f6352e55c
[INFO] [stdout]                                at /rustc/90b35a6239c3d8bdabc530a6a0816f7ff89a0aaf/library/std/src/thread/local.rs:283:12
[INFO] [stdout]   33:     0x64462019a83a - std::thread::local::LocalKey<T>::with::h04c4628b5dc813f0
[INFO] [stdout]                                at /rustc/90b35a6239c3d8bdabc530a6a0816f7ff89a0aaf/library/std/src/thread/local.rs:260:9
[INFO] [stdout]   34:     0x6446201bf67d - tokio::runtime::context::set_scheduler::hcb17b4b3c5327c22
[INFO] [stdout]                                at /opt/rustwide/cargo-home/registry/src/index.crates.io-6f17d22bba15001f/tokio-1.41.0/src/runtime/context.rs:180:9
[INFO] [stdout]   35:     0x6446201adef0 - tokio::runtime::scheduler::current_thread::CoreGuard::enter::h4b050e5cd1c1555a
[INFO] [stdout]                                at /opt/rustwide/cargo-home/registry/src/index.crates.io-6f17d22bba15001f/tokio-1.41.0/src/runtime/scheduler/current_thread/mod.rs:807:27
[INFO] [stdout]   36:     0x6446201ae183 - tokio::runtime::scheduler::current_thread::CoreGuard::block_on::h16e3c2c1490088e1
[INFO] [stdout]                                at /opt/rustwide/cargo-home/registry/src/index.crates.io-6f17d22bba15001f/tokio-1.41.0/src/runtime/scheduler/current_thread/mod.rs:716:19
[INFO] [stdout]   37:     0x6446201abf8a - tokio::runtime::scheduler::current_thread::CurrentThread::block_on::{{closure}}::h57eecf66c5e8d4cf
[INFO] [stdout]                                at /opt/rustwide/cargo-home/registry/src/index.crates.io-6f17d22bba15001f/tokio-1.41.0/src/runtime/scheduler/current_thread/mod.rs:196:28
[INFO] [stdout]   38:     0x64462019fd16 - tokio::runtime::context::runtime::enter_runtime::he0100cb36f82190e
[INFO] [stdout]                                at /opt/rustwide/cargo-home/registry/src/index.crates.io-6f17d22bba15001f/tokio-1.41.0/src/runtime/context/runtime.rs:65:16
[INFO] [stdout]   39:     0x6446201abd41 - tokio::runtime::scheduler::current_thread::CurrentThread::block_on::hb657deda473b327f
[INFO] [stdout]                                at /opt/rustwide/cargo-home/registry/src/index.crates.io-6f17d22bba15001f/tokio-1.41.0/src/runtime/scheduler/current_thread/mod.rs:184:9
[INFO] [stdout]   40:     0x64462018e063 - tokio::runtime::runtime::Runtime::block_on_inner::hebde3f08a4bc10d1
[INFO] [stdout]                                at /opt/rustwide/cargo-home/registry/src/index.crates.io-6f17d22bba15001f/tokio-1.41.0/src/runtime/runtime.rs:368:47
[INFO] [stdout]   41:     0x64462018e257 - tokio::runtime::runtime::Runtime::block_on::hc742414eced17a31
[INFO] [stdout]                                at /opt/rustwide/cargo-home/registry/src/index.crates.io-6f17d22bba15001f/tokio-1.41.0/src/runtime/runtime.rs:342:13
[INFO] [stdout]   42:     0x6446201bc3ce - caden_blog::test::he5c747c28c0159c4
[INFO] [stdout]                                at /opt/rustwide/workdir/src/main.rs:715:5
[INFO] [stdout]   43:     0x6446201bc277 - caden_blog::test::{{closure}}::ha3f948265bf94d0e
[INFO] [stdout]                                at /opt/rustwide/workdir/src/main.rs:704:16
[INFO] [stdout]   44:     0x64462019c3a6 - core::ops::function::FnOnce::call_once::h44d8d9a18aa8edae
[INFO] [stdout]                                at /rustc/90b35a6239c3d8bdabc530a6a0816f7ff89a0aaf/library/core/src/ops/function.rs:250:5
[INFO] [stdout]   45:     0x64462020180b - core::ops::function::FnOnce::call_once::h109cf8051a59b34e
[INFO] [stdout]                                at /rustc/90b35a6239c3d8bdabc530a6a0816f7ff89a0aaf/library/core/src/ops/function.rs:250:5
[INFO] [stdout]   46:     0x64462020180b - test::__rust_begin_short_backtrace::hf4fff89d377446ba
[INFO] [stdout]                                at /rustc/90b35a6239c3d8bdabc530a6a0816f7ff89a0aaf/library/test/src/lib.rs:621:18
[INFO] [stdout]   47:     0x644620201047 - test::run_test_in_process::{{closure}}::h0e39181dd7ee5a43
[INFO] [stdout]                                at /rustc/90b35a6239c3d8bdabc530a6a0816f7ff89a0aaf/library/test/src/lib.rs:644:60
[INFO] [stdout]   48:     0x644620201047 - <core::panic::unwind_safe::AssertUnwindSafe<F> as core::ops::function::FnOnce<()>>::call_once::hc5a66a30f0bdfd1f
[INFO] [stdout]                                at /rustc/90b35a6239c3d8bdabc530a6a0816f7ff89a0aaf/library/core/src/panic/unwind_safe.rs:272:9
[INFO] [stdout]   49:     0x644620201047 - std::panicking::try::do_call::h873b7cf639554a5e
[INFO] [stdout]                                at /rustc/90b35a6239c3d8bdabc530a6a0816f7ff89a0aaf/library/std/src/panicking.rs:557:40
[INFO] [stdout]   50:     0x644620201047 - std::panicking::try::hdb19862fad9c8bd1
[INFO] [stdout]                                at /rustc/90b35a6239c3d8bdabc530a6a0816f7ff89a0aaf/library/std/src/panicking.rs:520:19
[INFO] [stdout]   51:     0x644620201047 - std::panic::catch_unwind::h281fe732d236d260
[INFO] [stdout]                                at /rustc/90b35a6239c3d8bdabc530a6a0816f7ff89a0aaf/library/std/src/panic.rs:358:14
[INFO] [stdout]   52:     0x644620201047 - test::run_test_in_process::h949b6df8457ed338
[INFO] [stdout]                                at /rustc/90b35a6239c3d8bdabc530a6a0816f7ff89a0aaf/library/test/src/lib.rs:644:27
[INFO] [stdout]   53:     0x644620201047 - test::run_test::{{closure}}::h52c556a6d4740e10
[INFO] [stdout]                                at /rustc/90b35a6239c3d8bdabc530a6a0816f7ff89a0aaf/library/test/src/lib.rs:565:43
[INFO] [stdout]   54:     0x6446201c6324 - test::run_test::{{closure}}::h4237f6381c45ccb9
[INFO] [stdout]                                at /rustc/90b35a6239c3d8bdabc530a6a0816f7ff89a0aaf/library/test/src/lib.rs:595:41
[INFO] [stdout]   55:     0x6446201c6324 - std::sys::backtrace::__rust_begin_short_backtrace::h505c97a579eca628
[INFO] [stdout]                                at /rustc/90b35a6239c3d8bdabc530a6a0816f7ff89a0aaf/library/std/src/sys/backtrace.rs:154:18
[INFO] [stdout]   56:     0x6446201c99ee - std::thread::Builder::spawn_unchecked_::{{closure}}::{{closure}}::h9e86b2e2bc107ea3
[INFO] [stdout]                                at /rustc/90b35a6239c3d8bdabc530a6a0816f7ff89a0aaf/library/std/src/thread/mod.rs:538:17
[INFO] [stdout]   57:     0x6446201c99ee - <core::panic::unwind_safe::AssertUnwindSafe<F> as core::ops::function::FnOnce<()>>::call_once::h8b06ddb275ff4a25
[INFO] [stdout]                                at /rustc/90b35a6239c3d8bdabc530a6a0816f7ff89a0aaf/library/core/src/panic/unwind_safe.rs:272:9
[INFO] [stdout]   58:     0x6446201c99ee - std::panicking::try::do_call::hb26ecd7cd9a9355d
[INFO] [stdout]                                at /rustc/90b35a6239c3d8bdabc530a6a0816f7ff89a0aaf/library/std/src/panicking.rs:557:40
[INFO] [stdout]   59:     0x6446201c99ee - std::panicking::try::h8ddeca9d705f9069
[INFO] [stdout]                                at /rustc/90b35a6239c3d8bdabc530a6a0816f7ff89a0aaf/library/std/src/panicking.rs:520:19
[INFO] [stdout]   60:     0x6446201c99ee - std::panic::catch_unwind::h49e1c33078844c46
[INFO] [stdout]                                at /rustc/90b35a6239c3d8bdabc530a6a0816f7ff89a0aaf/library/std/src/panic.rs:358:14
[INFO] [stdout]   61:     0x6446201c99ee - std::thread::Builder::spawn_unchecked_::{{closure}}::h6073db6ff56ad35d
[INFO] [stdout]                                at /rustc/90b35a6239c3d8bdabc530a6a0816f7ff89a0aaf/library/std/src/thread/mod.rs:537:30
[INFO] [stdout]   62:     0x6446201c99ee - core::ops::function::FnOnce::call_once{{vtable.shim}}::h2c5a5f3779c774f1
[INFO] [stdout]                                at /rustc/90b35a6239c3d8bdabc530a6a0816f7ff89a0aaf/library/core/src/ops/function.rs:250:5
[INFO] [stdout]   63:     0x64462034157b - <alloc::boxed::Box<F,A> as core::ops::function::FnOnce<Args>>::call_once::hf75717d9f28faebf
[INFO] [stdout]                                at /rustc/90b35a6239c3d8bdabc530a6a0816f7ff89a0aaf/library/alloc/src/boxed.rs:2454:9
[INFO] [stdout]   64:     0x64462034157b - <alloc::boxed::Box<F,A> as core::ops::function::FnOnce<Args>>::call_once::h7bd883a5f3c5f3c1
[INFO] [stdout]                                at /rustc/90b35a6239c3d8bdabc530a6a0816f7ff89a0aaf/library/alloc/src/boxed.rs:2454:9
[INFO] [stdout]   65:     0x64462034157b - std::sys::pal::unix::thread::Thread::new::thread_start::hcc78f3943333fa94
[INFO] [stdout]                                at /rustc/90b35a6239c3d8bdabc530a6a0816f7ff89a0aaf/library/std/src/sys/pal/unix/thread.rs:105:17
[INFO] [stdout]   66:     0x75fbeb31aac3 - <unknown>
[INFO] [stdout]   67:     0x75fbeb3aba04 - clone
[INFO] [stdout]   68:                0x0 - <unknown>
[INFO] [stdout] 
[INFO] [stdout] 
[INFO] [stdout] failures:
[INFO] [stdout]     test
[INFO] [stdout] 
[INFO] [stderr] error: test failed, to rerun pass `--bin caden-blog`
[INFO] [stdout] test result: FAILED. 0 passed; 1 failed; 0 ignored; 0 measured; 0 filtered out; finished in 0.04s
[INFO] [stdout] 
[INFO] running `Command { std: "docker" "inspect" "b57c3a1a08848eb5ef27a3269a5fa08ce61f52b23ee8d46efafe95a9e89c1693", kill_on_drop: false }`
[INFO] running `Command { std: "docker" "rm" "-f" "b57c3a1a08848eb5ef27a3269a5fa08ce61f52b23ee8d46efafe95a9e89c1693", kill_on_drop: false }`
[INFO] [stdout] b57c3a1a08848eb5ef27a3269a5fa08ce61f52b23ee8d46efafe95a9e89c1693
