[INFO] cloning repository https://github.com/cArchivist/AoC2022
[INFO] running `Command { std: "git" "-c" "credential.helper=" "-c" "credential.helper=/workspace/cargo-home/bin/git-credential-null" "clone" "--bare" "https://github.com/cArchivist/AoC2022" "/workspace/cache/git-repos/https%3A%2F%2Fgithub.com%2FcArchivist%2FAoC2022", kill_on_drop: false }`
[INFO] [stderr] Cloning into bare repository '/workspace/cache/git-repos/https%3A%2F%2Fgithub.com%2FcArchivist%2FAoC2022'...
[INFO] running `Command { std: "git" "rev-parse" "HEAD", kill_on_drop: false }`
[INFO] [stdout] 5f64cb353ecaf435766576edc536560bf2c0b45c
[INFO] testing cArchivist/AoC2022 against 1.83.0 for beta-1.84.0-4-retry
[INFO] running `Command { std: "git" "clone" "/workspace/cache/git-repos/https%3A%2F%2Fgithub.com%2FcArchivist%2FAoC2022" "/workspace/builds/worker-1-tc1/source", kill_on_drop: false }`
[INFO] [stderr] Cloning into '/workspace/builds/worker-1-tc1/source'...
[INFO] [stderr] done.
[INFO] validating manifest of git repo https://github.com/cArchivist/AoC2022 on toolchain 1.83.0
[INFO] running `Command { std: CARGO_HOME="/workspace/cargo-home" RUSTUP_HOME="/workspace/rustup-home" "/workspace/cargo-home/bin/cargo" "+1.83.0" "metadata" "--manifest-path" "Cargo.toml" "--no-deps", kill_on_drop: false }`
[INFO] started tweaking git repo https://github.com/cArchivist/AoC2022
[INFO] finished tweaking git repo https://github.com/cArchivist/AoC2022
[INFO] tweaked toml for git repo https://github.com/cArchivist/AoC2022 written to /workspace/builds/worker-1-tc1/source/Cargo.toml
[INFO] crate git repo https://github.com/cArchivist/AoC2022 already has a lockfile, it will not be regenerated
[INFO] running `Command { std: CARGO_HOME="/workspace/cargo-home" RUSTUP_HOME="/workspace/rustup-home" "/workspace/cargo-home/bin/cargo" "+1.83.0" "fetch" "--manifest-path" "Cargo.toml", kill_on_drop: false }`
[INFO] [stderr] warning: virtual workspace defaulting to `resolver = "1"` despite one or more workspace members being on edition 2021 which implies `resolver = "2"`
[INFO] [stderr] note: to keep the current resolver, specify `workspace.resolver = "1"` in the workspace root's manifest
[INFO] [stderr] note: to use the edition 2021 resolver, specify `workspace.resolver = "2"` in the workspace root's manifest
[INFO] [stderr] note: for more details see https://doc.rust-lang.org/cargo/reference/resolver.html#resolver-versions
[INFO] [stderr]  Downloading crates ...
[INFO] [stderr]   Downloaded ringbuffer v0.10.0
[INFO] [stderr]   Downloaded pathfinding v4.2.1
[INFO] running `Command { std: "docker" "create" "-v" "/var/lib/crater-agent-workspace/builds/worker-1-tc1/target:/opt/rustwide/target:rw,Z" "-v" "/var/lib/crater-agent-workspace/builds/worker-1-tc1/source:/opt/rustwide/workdir:ro,Z" "-v" "/var/lib/crater-agent-workspace/cargo-home:/opt/rustwide/cargo-home:ro,Z" "-v" "/var/lib/crater-agent-workspace/rustup-home:/opt/rustwide/rustup-home:ro,Z" "-e" "SOURCE_DIR=/opt/rustwide/workdir" "-e" "CARGO_TARGET_DIR=/opt/rustwide/target" "-e" "CARGO_HOME=/opt/rustwide/cargo-home" "-e" "RUSTUP_HOME=/opt/rustwide/rustup-home" "-w" "/opt/rustwide/workdir" "-m" "1610612736" "--user" "0:0" "--network" "none" "ghcr.io/rust-lang/crates-build-env/linux@sha256:f3a9d4ad9d972b27faf3965f35b62e55ba32bbce8f20bc8fe909558a86702fde" "/opt/rustwide/cargo-home/bin/cargo" "+1.83.0" "metadata" "--no-deps" "--format-version=1", kill_on_drop: false }`
[INFO] [stdout] e6cc0ef9714946a8a4872e0cb4badacd305fba4e8bf27bc762d8a4c494276553
[INFO] running `Command { std: "docker" "start" "-a" "e6cc0ef9714946a8a4872e0cb4badacd305fba4e8bf27bc762d8a4c494276553", kill_on_drop: false }`
[INFO] running `Command { std: "docker" "inspect" "e6cc0ef9714946a8a4872e0cb4badacd305fba4e8bf27bc762d8a4c494276553", kill_on_drop: false }`
[INFO] running `Command { std: "docker" "rm" "-f" "e6cc0ef9714946a8a4872e0cb4badacd305fba4e8bf27bc762d8a4c494276553", kill_on_drop: false }`
[INFO] [stdout] e6cc0ef9714946a8a4872e0cb4badacd305fba4e8bf27bc762d8a4c494276553
[INFO] running `Command { std: "docker" "create" "-v" "/var/lib/crater-agent-workspace/builds/worker-1-tc1/target:/opt/rustwide/target:rw,Z" "-v" "/var/lib/crater-agent-workspace/builds/worker-1-tc1/source:/opt/rustwide/workdir:ro,Z" "-v" "/var/lib/crater-agent-workspace/cargo-home:/opt/rustwide/cargo-home:ro,Z" "-v" "/var/lib/crater-agent-workspace/rustup-home:/opt/rustwide/rustup-home:ro,Z" "-e" "SOURCE_DIR=/opt/rustwide/workdir" "-e" "CARGO_TARGET_DIR=/opt/rustwide/target" "-e" "CARGO_INCREMENTAL=0" "-e" "RUST_BACKTRACE=full" "-e" "RUSTFLAGS=--cap-lints=warn" "-e" "RUSTDOCFLAGS=--cap-lints=warn" "-e" "CARGO_HOME=/opt/rustwide/cargo-home" "-e" "RUSTUP_HOME=/opt/rustwide/rustup-home" "-w" "/opt/rustwide/workdir" "-m" "1610612736" "--user" "0:0" "--network" "none" "ghcr.io/rust-lang/crates-build-env/linux@sha256:f3a9d4ad9d972b27faf3965f35b62e55ba32bbce8f20bc8fe909558a86702fde" "/opt/rustwide/cargo-home/bin/cargo" "+1.83.0" "build" "--frozen" "--message-format=json", kill_on_drop: false }`
[INFO] [stdout] 41d551530629ffc90bc804d4a47827eb34efa19c51f2cc0d3d3664e0866f6d06
[INFO] running `Command { std: "docker" "start" "-a" "41d551530629ffc90bc804d4a47827eb34efa19c51f2cc0d3d3664e0866f6d06", kill_on_drop: false }`
[INFO] [stderr] warning: virtual workspace defaulting to `resolver = "1"` despite one or more workspace members being on edition 2021 which implies `resolver = "2"`
[INFO] [stderr] note: to keep the current resolver, specify `workspace.resolver = "1"` in the workspace root's manifest
[INFO] [stderr] note: to use the edition 2021 resolver, specify `workspace.resolver = "2"` in the workspace root's manifest
[INFO] [stderr] note: for more details see https://doc.rust-lang.org/cargo/reference/resolver.html#resolver-versions
[INFO] [stderr]    Compiling proc-macro2 v1.0.47
[INFO] [stderr]    Compiling quote v1.0.21
[INFO] [stderr]    Compiling unicode-ident v1.0.5
[INFO] [stderr]    Compiling syn v1.0.105
[INFO] [stderr]    Compiling autocfg v1.1.0
[INFO] [stderr]    Compiling util v0.1.0 (/opt/rustwide/workdir/util)
[INFO] [stderr]    Compiling siphasher v0.3.10
[INFO] [stderr]    Compiling rand_core v0.6.4
[INFO] [stderr]    Compiling memchr v2.5.0
[INFO] [stderr]    Compiling thiserror v1.0.38
[INFO] [stderr]    Compiling hashbrown v0.12.3
[INFO] [stderr]    Compiling rustc-hash v1.1.0
[INFO] [stderr]    Compiling regex-syntax v0.6.28
[INFO] [stderr]    Compiling no-std-compat v0.4.1
[INFO] [stderr]    Compiling fixedbitset v0.4.2
[INFO] [stderr]    Compiling ringbuffer v0.10.0
[INFO] [stderr]    Compiling grid v0.9.0
[INFO] [stderr]    Compiling p9 v0.1.0 (/opt/rustwide/workdir/p9)
[INFO] [stderr]    Compiling p3 v0.1.0 (/opt/rustwide/workdir/p3)
[INFO] [stderr]    Compiling p5 v0.1.0 (/opt/rustwide/workdir/p5)
[INFO] [stdout] warning: unused import: `util::read_lines`
[INFO] [stdout]  --> p9/src/lib.rs:1:5
[INFO] [stdout]   |
[INFO] [stdout] 1 | use util::read_lines;
[INFO] [stdout]   |     ^^^^^^^^^^^^^^^^
[INFO] [stdout]   |
[INFO] [stdout]   = note: `#[warn(unused_imports)]` on by default
[INFO] [stdout] 
[INFO] [stdout] 
[INFO] [stderr]    Compiling rand v0.8.5
[INFO] [stdout] warning: method `move_crates` is never used
[INFO] [stdout]   --> p5/src/lib.rs:25:8
[INFO] [stdout]    |
[INFO] [stdout] 9  | impl Stacks {
[INFO] [stdout]    | ----------- method in this implementation
[INFO] [stdout] ...
[INFO] [stdout] 25 |     fn move_crates(&mut self, count: usize, start: usize, end: usize) {
[INFO] [stdout]    |        ^^^^^^^^^^^
[INFO] [stdout]    |
[INFO] [stdout]    = note: `#[warn(dead_code)]` on by default
[INFO] [stdout] 
[INFO] [stdout] 
[INFO] [stderr]    Compiling p8 v0.1.0 (/opt/rustwide/workdir/p8)
[INFO] [stdout] warning: associated function `from` is never used
[INFO] [stdout]   --> p9/src/lib.rs:19:8
[INFO] [stdout]    |
[INFO] [stdout] 12 | impl Point {
[INFO] [stdout]    | ---------- associated function in this implementation
[INFO] [stdout] ...
[INFO] [stdout] 19 |     fn from(t: (isize, isize)) -> Self {
[INFO] [stdout]    |        ^^^^
[INFO] [stdout]    |
[INFO] [stdout]    = note: `#[warn(dead_code)]` on by default
[INFO] [stdout] 
[INFO] [stdout] 
[INFO] [stderr]    Compiling p6 v0.1.0 (/opt/rustwide/workdir/p6)
[INFO] [stdout] warning: unused import: `grid::Grid`
[INFO] [stdout]  --> p8/src/lib.rs:2:5
[INFO] [stdout]   |
[INFO] [stdout] 2 | use grid::Grid;
[INFO] [stdout]   |     ^^^^^^^^^^
[INFO] [stdout]   |
[INFO] [stdout]   = note: `#[warn(unused_imports)]` on by default
[INFO] [stdout] 
[INFO] [stdout] 
[INFO] [stdout] warning: unused import: `std::cell::RefCell`
[INFO] [stdout]  --> p8/src/lib.rs:3:5
[INFO] [stdout]   |
[INFO] [stdout] 3 | use std::cell::RefCell;
[INFO] [stdout]   |     ^^^^^^^^^^^^^^^^^^
[INFO] [stdout] 
[INFO] [stdout] 
[INFO] [stdout] warning: unused import: `std::collections::HashSet`
[INFO] [stdout]  --> p6/src/lib.rs:3:5
[INFO] [stdout]   |
[INFO] [stdout] 3 | use std::collections::HashSet;
[INFO] [stdout]   |     ^^^^^^^^^^^^^^^^^^^^^^^^^
[INFO] [stdout]   |
[INFO] [stdout]   = note: `#[warn(unused_imports)]` on by default
[INFO] [stdout] 
[INFO] [stdout] 
[INFO] [stderr]    Compiling phf_shared v0.11.1
[INFO] [stderr]    Compiling p4 v0.1.0 (/opt/rustwide/workdir/p4)
[INFO] [stderr]    Compiling num-traits v0.2.15
[INFO] [stderr]    Compiling indexmap v1.9.2
[INFO] [stderr]    Compiling p11 v0.1.0 (/opt/rustwide/workdir/p11)
[INFO] [stderr]    Compiling p10 v0.1.0 (/opt/rustwide/workdir/p10)
[INFO] [stderr]    Compiling p14 v0.1.0 (/opt/rustwide/workdir/p14)
[INFO] [stderr]    Compiling p13 v0.1.0 (/opt/rustwide/workdir/p13)
[INFO] [stderr]    Compiling p1 v0.1.0 (/opt/rustwide/workdir/p1)
[INFO] [stdout] warning: unnecessary allocation, use `&` instead
[INFO] [stdout]   --> p13/src/lib.rs:39:64
[INFO] [stdout]    |
[INFO] [stdout] 39 |             (&Signal::Integer(ref a), &Signal::List(ref b)) => Box::new(List { items: vec![Signal::Integer(*a)] }).partial_cmp(b),
[INFO] [stdout]    |                                                                ^^^^^^^^^^^^^^^^^^^^^^^^^^^^^^^^^^^^^^^^^^^^^^^^^^^
[INFO] [stdout]    |
[INFO] [stdout]    = note: `#[warn(unused_allocation)]` on by default
[INFO] [stdout] 
[INFO] [stdout] 
[INFO] [stdout] warning: field `occupied` is never read
[INFO] [stdout]  --> p14/src/lib.rs:8:5
[INFO] [stdout]   |
[INFO] [stdout] 7 | struct Spot {
[INFO] [stdout]   |        ---- field in this struct
[INFO] [stdout] 8 |     occupied: bool,
[INFO] [stdout]   |     ^^^^^^^^
[INFO] [stdout]   |
[INFO] [stdout]   = note: `Spot` has derived impls for the traits `Debug` and `Clone`, but these are intentionally ignored during dead code analysis
[INFO] [stdout]   = note: `#[warn(dead_code)]` on by default
[INFO] [stdout] 
[INFO] [stdout] 
[INFO] [stdout] warning: methods `get` and `set` are never used
[INFO] [stdout]   --> p14/src/lib.rs:68:8
[INFO] [stdout]    |
[INFO] [stdout] 59 | impl CaveGrid {
[INFO] [stdout]    | ------------- methods in this implementation
[INFO] [stdout] ...
[INFO] [stdout] 68 |     fn get(&self, a: &isize, b: &isize) -> Spot {
[INFO] [stdout]    |        ^^^
[INFO] [stdout] ...
[INFO] [stdout] 72 |     fn set(&mut self, a: isize, b: isize, v: Spot) {
[INFO] [stdout]    |        ^^^
[INFO] [stdout] 
[INFO] [stdout] 
[INFO] [stderr]    Compiling phf_generator v0.11.1
[INFO] [stderr]    Compiling aho-corasick v0.7.20
[INFO] [stderr]    Compiling integer-sqrt v0.1.5
[INFO] [stderr]    Compiling regex v1.7.0
[INFO] [stderr]    Compiling p7 v0.1.0 (/opt/rustwide/workdir/p7)
[INFO] [stdout] warning: constant `MAX_SIZE` is never used
[INFO] [stdout]  --> p7/src/lib.rs:5:7
[INFO] [stdout]   |
[INFO] [stdout] 5 | const MAX_SIZE: u32 = 100000;
[INFO] [stdout]   |       ^^^^^^^^
[INFO] [stdout]   |
[INFO] [stdout]   = note: `#[warn(dead_code)]` on by default
[INFO] [stdout] 
[INFO] [stdout] 
[INFO] [stderr]    Compiling thiserror-impl v1.0.38
[INFO] [stderr]    Compiling phf_macros v0.11.1
[INFO] [stderr]    Compiling phf v0.11.1
[INFO] [stderr]    Compiling p2 v0.1.0 (/opt/rustwide/workdir/p2)
[INFO] [stderr]    Compiling pathfinding v4.2.1
[INFO] [stderr]    Compiling p12 v0.1.0 (/opt/rustwide/workdir/p12)
[INFO] [stdout] warning: variable does not need to be mutable
[INFO] [stdout]    --> p12/src/lib.rs:203:9
[INFO] [stdout]     |
[INFO] [stdout] 203 |     let mut start: (usize, usize) = (0, 0);
[INFO] [stdout]     |         ----^^^^^
[INFO] [stdout]     |         |
[INFO] [stdout]     |         help: remove this `mut`
[INFO] [stdout]     |
[INFO] [stdout]     = note: `#[warn(unused_mut)]` on by default
[INFO] [stdout] 
[INFO] [stdout] 
[INFO] [stderr]    Compiling runner v0.1.0 (/opt/rustwide/workdir/runner)
[INFO] [stderr]     Finished `dev` profile [unoptimized + debuginfo] target(s) in 9.85s
[INFO] running `Command { std: "docker" "inspect" "41d551530629ffc90bc804d4a47827eb34efa19c51f2cc0d3d3664e0866f6d06", kill_on_drop: false }`
[INFO] running `Command { std: "docker" "rm" "-f" "41d551530629ffc90bc804d4a47827eb34efa19c51f2cc0d3d3664e0866f6d06", kill_on_drop: false }`
[INFO] [stdout] 41d551530629ffc90bc804d4a47827eb34efa19c51f2cc0d3d3664e0866f6d06
[INFO] running `Command { std: "docker" "create" "-v" "/var/lib/crater-agent-workspace/builds/worker-1-tc1/target:/opt/rustwide/target:rw,Z" "-v" "/var/lib/crater-agent-workspace/builds/worker-1-tc1/source:/opt/rustwide/workdir:ro,Z" "-v" "/var/lib/crater-agent-workspace/cargo-home:/opt/rustwide/cargo-home:ro,Z" "-v" "/var/lib/crater-agent-workspace/rustup-home:/opt/rustwide/rustup-home:ro,Z" "-e" "SOURCE_DIR=/opt/rustwide/workdir" "-e" "CARGO_TARGET_DIR=/opt/rustwide/target" "-e" "CARGO_INCREMENTAL=0" "-e" "RUST_BACKTRACE=full" "-e" "RUSTFLAGS=--cap-lints=warn" "-e" "RUSTDOCFLAGS=--cap-lints=warn" "-e" "CARGO_HOME=/opt/rustwide/cargo-home" "-e" "RUSTUP_HOME=/opt/rustwide/rustup-home" "-w" "/opt/rustwide/workdir" "-m" "1610612736" "--user" "0:0" "--network" "none" "ghcr.io/rust-lang/crates-build-env/linux@sha256:f3a9d4ad9d972b27faf3965f35b62e55ba32bbce8f20bc8fe909558a86702fde" "/opt/rustwide/cargo-home/bin/cargo" "+1.83.0" "test" "--frozen" "--no-run" "--message-format=json", kill_on_drop: false }`
[INFO] [stdout] d13c7e5dc2ee94f54dcb103b45df1c116d32c968beab0ee78d949fab0ff8e942
[INFO] running `Command { std: "docker" "start" "-a" "d13c7e5dc2ee94f54dcb103b45df1c116d32c968beab0ee78d949fab0ff8e942", kill_on_drop: false }`
[INFO] [stderr] warning: virtual workspace defaulting to `resolver = "1"` despite one or more workspace members being on edition 2021 which implies `resolver = "2"`
[INFO] [stderr] note: to keep the current resolver, specify `workspace.resolver = "1"` in the workspace root's manifest
[INFO] [stderr] note: to use the edition 2021 resolver, specify `workspace.resolver = "2"` in the workspace root's manifest
[INFO] [stderr] note: for more details see https://doc.rust-lang.org/cargo/reference/resolver.html#resolver-versions
[INFO] [stderr]    Compiling p8 v0.1.0 (/opt/rustwide/workdir/p8)
[INFO] [stderr]    Compiling p6 v0.1.0 (/opt/rustwide/workdir/p6)
[INFO] [stderr]    Compiling p9 v0.1.0 (/opt/rustwide/workdir/p9)
[INFO] [stderr]    Compiling p3 v0.1.0 (/opt/rustwide/workdir/p3)
[INFO] [stdout] warning: method `move_crates` is never used
[INFO] [stdout]   --> p5/src/lib.rs:25:8
[INFO] [stdout]    |
[INFO] [stdout] 9  | impl Stacks {
[INFO] [stdout]    | ----------- method in this implementation
[INFO] [stdout] ...
[INFO] [stdout] 25 |     fn move_crates(&mut self, count: usize, start: usize, end: usize) {
[INFO] [stdout]    |        ^^^^^^^^^^^
[INFO] [stdout]    |
[INFO] [stdout]    = note: `#[warn(dead_code)]` on by default
[INFO] [stdout] 
[INFO] [stdout] 
[INFO] [stdout] warning: unused import: `std::collections::HashSet`
[INFO] [stdout]  --> p6/src/lib.rs:3:5
[INFO] [stdout]   |
[INFO] [stdout] 3 | use std::collections::HashSet;
[INFO] [stdout]   |     ^^^^^^^^^^^^^^^^^^^^^^^^^
[INFO] [stdout]   |
[INFO] [stdout]   = note: `#[warn(unused_imports)]` on by default
[INFO] [stdout] 
[INFO] [stdout] 
[INFO] [stdout] warning: unused import: `util::read_lines`
[INFO] [stdout]  --> p9/src/lib.rs:1:5
[INFO] [stdout]   |
[INFO] [stdout] 1 | use util::read_lines;
[INFO] [stdout]   |     ^^^^^^^^^^^^^^^^
[INFO] [stdout]   |
[INFO] [stdout]   = note: `#[warn(unused_imports)]` on by default
[INFO] [stdout] 
[INFO] [stdout] 
[INFO] [stdout] warning: associated function `from` is never used
[INFO] [stdout]   --> p9/src/lib.rs:19:8
[INFO] [stdout]    |
[INFO] [stdout] 12 | impl Point {
[INFO] [stdout]    | ---------- associated function in this implementation
[INFO] [stdout] ...
[INFO] [stdout] 19 |     fn from(t: (isize, isize)) -> Self {
[INFO] [stdout]    |        ^^^^
[INFO] [stdout]    |
[INFO] [stdout]    = note: `#[warn(dead_code)]` on by default
[INFO] [stdout] 
[INFO] [stdout] 
[INFO] [stdout] warning: field `occupied` is never read
[INFO] [stdout]  --> p14/src/lib.rs:8:5
[INFO] [stdout]   |
[INFO] [stdout] 7 | struct Spot {
[INFO] [stdout]   |        ---- field in this struct
[INFO] [stdout] 8 |     occupied: bool,
[INFO] [stdout]   |     ^^^^^^^^
[INFO] [stdout]   |
[INFO] [stdout]   = note: `Spot` has derived impls for the traits `Debug` and `Clone`, but these are intentionally ignored during dead code analysis
[INFO] [stdout]   = note: `#[warn(dead_code)]` on by default
[INFO] [stdout] 
[INFO] [stdout] 
[INFO] [stdout] warning: methods `get` and `set` are never used
[INFO] [stdout]   --> p14/src/lib.rs:68:8
[INFO] [stdout]    |
[INFO] [stdout] 59 | impl CaveGrid {
[INFO] [stdout]    | ------------- methods in this implementation
[INFO] [stdout] ...
[INFO] [stdout] 68 |     fn get(&self, a: &isize, b: &isize) -> Spot {
[INFO] [stdout]    |        ^^^
[INFO] [stdout] ...
[INFO] [stdout] 72 |     fn set(&mut self, a: isize, b: isize, v: Spot) {
[INFO] [stdout]    |        ^^^
[INFO] [stdout] 
[INFO] [stdout] 
[INFO] [stdout] warning: unnecessary allocation, use `&` instead
[INFO] [stdout]   --> p13/src/lib.rs:39:64
[INFO] [stdout]    |
[INFO] [stdout] 39 |             (&Signal::Integer(ref a), &Signal::List(ref b)) => Box::new(List { items: vec![Signal::Integer(*a)] }).partial_cmp(b),
[INFO] [stdout]    |                                                                ^^^^^^^^^^^^^^^^^^^^^^^^^^^^^^^^^^^^^^^^^^^^^^^^^^^
[INFO] [stdout]    |
[INFO] [stdout]    = note: `#[warn(unused_allocation)]` on by default
[INFO] [stdout] 
[INFO] [stdout] 
[INFO] [stdout] warning: unused import: `grid::Grid`
[INFO] [stdout]  --> p8/src/lib.rs:2:5
[INFO] [stdout]   |
[INFO] [stdout] 2 | use grid::Grid;
[INFO] [stdout]   |     ^^^^^^^^^^
[INFO] [stdout]   |
[INFO] [stdout]   = note: `#[warn(unused_imports)]` on by default
[INFO] [stdout] 
[INFO] [stdout] 
[INFO] [stdout] warning: unused import: `std::cell::RefCell`
[INFO] [stdout]  --> p8/src/lib.rs:3:5
[INFO] [stdout]   |
[INFO] [stdout] 3 | use std::cell::RefCell;
[INFO] [stdout]   |     ^^^^^^^^^^^^^^^^^^
[INFO] [stdout] 
[INFO] [stdout] 
[INFO] [stderr]    Compiling p5 v0.1.0 (/opt/rustwide/workdir/p5)
[INFO] [stderr]    Compiling p4 v0.1.0 (/opt/rustwide/workdir/p4)
[INFO] [stderr]    Compiling p14 v0.1.0 (/opt/rustwide/workdir/p14)
[INFO] [stderr]    Compiling p11 v0.1.0 (/opt/rustwide/workdir/p11)
[INFO] [stdout] warning: constant `MAX_SIZE` is never used
[INFO] [stdout]  --> p7/src/lib.rs:5:7
[INFO] [stdout]   |
[INFO] [stdout] 5 | const MAX_SIZE: u32 = 100000;
[INFO] [stdout]   |       ^^^^^^^^
[INFO] [stdout]   |
[INFO] [stdout]   = note: `#[warn(dead_code)]` on by default
[INFO] [stdout] 
[INFO] [stdout] 
[INFO] [stderr]    Compiling p13 v0.1.0 (/opt/rustwide/workdir/p13)
[INFO] [stderr]    Compiling p1 v0.1.0 (/opt/rustwide/workdir/p1)
[INFO] [stderr]    Compiling util v0.1.0 (/opt/rustwide/workdir/util)
[INFO] [stderr]    Compiling p10 v0.1.0 (/opt/rustwide/workdir/p10)
[INFO] [stdout] warning: variable does not need to be mutable
[INFO] [stdout]    --> p12/src/lib.rs:203:9
[INFO] [stdout]     |
[INFO] [stdout] 203 |     let mut start: (usize, usize) = (0, 0);
[INFO] [stdout]     |         ----^^^^^
[INFO] [stdout]     |         |
[INFO] [stdout]     |         help: remove this `mut`
[INFO] [stdout]     |
[INFO] [stdout]     = note: `#[warn(unused_mut)]` on by default
[INFO] [stdout] 
[INFO] [stdout] 
[INFO] [stderr]    Compiling p7 v0.1.0 (/opt/rustwide/workdir/p7)
[INFO] [stderr]    Compiling p12 v0.1.0 (/opt/rustwide/workdir/p12)
[INFO] [stderr]    Compiling runner v0.1.0 (/opt/rustwide/workdir/runner)
[INFO] [stderr]    Compiling p2 v0.1.0 (/opt/rustwide/workdir/p2)
[INFO] [stdout] warning: unused import: `util::read_lines`
[INFO] [stdout]  --> p9/src/lib.rs:1:5
[INFO] [stdout]   |
[INFO] [stdout] 1 | use util::read_lines;
[INFO] [stdout]   |     ^^^^^^^^^^^^^^^^
[INFO] [stdout]   |
[INFO] [stdout]   = note: `#[warn(unused_imports)]` on by default
[INFO] [stdout] 
[INFO] [stdout] 
[INFO] [stdout] warning: associated function `from` is never used
[INFO] [stdout]   --> p9/src/lib.rs:19:8
[INFO] [stdout]    |
[INFO] [stdout] 12 | impl Point {
[INFO] [stdout]    | ---------- associated function in this implementation
[INFO] [stdout] ...
[INFO] [stdout] 19 |     fn from(t: (isize, isize)) -> Self {
[INFO] [stdout]    |        ^^^^
[INFO] [stdout]    |
[INFO] [stdout]    = note: `#[warn(dead_code)]` on by default
[INFO] [stdout] 
[INFO] [stdout] 
[INFO] [stdout] warning: method `move_crates` is never used
[INFO] [stdout]   --> p5/src/lib.rs:25:8
[INFO] [stdout]    |
[INFO] [stdout] 9  | impl Stacks {
[INFO] [stdout]    | ----------- method in this implementation
[INFO] [stdout] ...
[INFO] [stdout] 25 |     fn move_crates(&mut self, count: usize, start: usize, end: usize) {
[INFO] [stdout]    |        ^^^^^^^^^^^
[INFO] [stdout]    |
[INFO] [stdout]    = note: `#[warn(dead_code)]` on by default
[INFO] [stdout] 
[INFO] [stdout] 
[INFO] [stdout] warning: unused import: `grid::Grid`
[INFO] [stdout]  --> p8/src/lib.rs:2:5
[INFO] [stdout]   |
[INFO] [stdout] 2 | use grid::Grid;
[INFO] [stdout]   |     ^^^^^^^^^^
[INFO] [stdout]   |
[INFO] [stdout]   = note: `#[warn(unused_imports)]` on by default
[INFO] [stdout] 
[INFO] [stdout] 
[INFO] [stdout] warning: unused import: `std::cell::RefCell`
[INFO] [stdout]  --> p8/src/lib.rs:3:5
[INFO] [stdout]   |
[INFO] [stdout] 3 | use std::cell::RefCell;
[INFO] [stdout]   |     ^^^^^^^^^^^^^^^^^^
[INFO] [stdout] 
[INFO] [stdout] 
[INFO] [stdout] warning: unused import: `std::collections::HashSet`
[INFO] [stdout]  --> p6/src/lib.rs:3:5
[INFO] [stdout]   |
[INFO] [stdout] 3 | use std::collections::HashSet;
[INFO] [stdout]   |     ^^^^^^^^^^^^^^^^^^^^^^^^^
[INFO] [stdout]   |
[INFO] [stdout]   = note: `#[warn(unused_imports)]` on by default
[INFO] [stdout] 
[INFO] [stdout] 
[INFO] [stdout] warning: constant `MAX_SIZE` is never used
[INFO] [stdout]  --> p7/src/lib.rs:5:7
[INFO] [stdout]   |
[INFO] [stdout] 5 | const MAX_SIZE: u32 = 100000;
[INFO] [stdout]   |       ^^^^^^^^
[INFO] [stdout]   |
[INFO] [stdout]   = note: `#[warn(dead_code)]` on by default
[INFO] [stdout] 
[INFO] [stdout] 
[INFO] [stdout] warning: variable does not need to be mutable
[INFO] [stdout]    --> p12/src/lib.rs:203:9
[INFO] [stdout]     |
[INFO] [stdout] 203 |     let mut start: (usize, usize) = (0, 0);
[INFO] [stdout]     |         ----^^^^^
[INFO] [stdout]     |         |
[INFO] [stdout]     |         help: remove this `mut`
[INFO] [stdout]     |
[INFO] [stdout]     = note: `#[warn(unused_mut)]` on by default
[INFO] [stdout] 
[INFO] [stdout] 
[INFO] [stdout] warning: field `occupied` is never read
[INFO] [stdout]  --> p14/src/lib.rs:8:5
[INFO] [stdout]   |
[INFO] [stdout] 7 | struct Spot {
[INFO] [stdout]   |        ---- field in this struct
[INFO] [stdout] 8 |     occupied: bool,
[INFO] [stdout]   |     ^^^^^^^^
[INFO] [stdout]   |
[INFO] [stdout]   = note: `Spot` has derived impls for the traits `Debug` and `Clone`, but these are intentionally ignored during dead code analysis
[INFO] [stdout]   = note: `#[warn(dead_code)]` on by default
[INFO] [stdout] 
[INFO] [stdout] 
[INFO] [stdout] warning: methods `get` and `set` are never used
[INFO] [stdout]   --> p14/src/lib.rs:68:8
[INFO] [stdout]    |
[INFO] [stdout] 59 | impl CaveGrid {
[INFO] [stdout]    | ------------- methods in this implementation
[INFO] [stdout] ...
[INFO] [stdout] 68 |     fn get(&self, a: &isize, b: &isize) -> Spot {
[INFO] [stdout]    |        ^^^
[INFO] [stdout] ...
[INFO] [stdout] 72 |     fn set(&mut self, a: isize, b: isize, v: Spot) {
[INFO] [stdout]    |        ^^^
[INFO] [stdout] 
[INFO] [stdout] 
[INFO] [stdout] warning: unnecessary allocation, use `&` instead
[INFO] [stdout]   --> p13/src/lib.rs:39:64
[INFO] [stdout]    |
[INFO] [stdout] 39 |             (&Signal::Integer(ref a), &Signal::List(ref b)) => Box::new(List { items: vec![Signal::Integer(*a)] }).partial_cmp(b),
[INFO] [stdout]    |                                                                ^^^^^^^^^^^^^^^^^^^^^^^^^^^^^^^^^^^^^^^^^^^^^^^^^^^
[INFO] [stdout]    |
[INFO] [stdout]    = note: `#[warn(unused_allocation)]` on by default
[INFO] [stdout] 
[INFO] [stdout] 
[INFO] [stderr]     Finished `test` profile [unoptimized + debuginfo] target(s) in 1.16s
[INFO] running `Command { std: "docker" "inspect" "d13c7e5dc2ee94f54dcb103b45df1c116d32c968beab0ee78d949fab0ff8e942", kill_on_drop: false }`
[INFO] running `Command { std: "docker" "rm" "-f" "d13c7e5dc2ee94f54dcb103b45df1c116d32c968beab0ee78d949fab0ff8e942", kill_on_drop: false }`
[INFO] [stdout] d13c7e5dc2ee94f54dcb103b45df1c116d32c968beab0ee78d949fab0ff8e942
[INFO] running `Command { std: "docker" "create" "-v" "/var/lib/crater-agent-workspace/builds/worker-1-tc1/target:/opt/rustwide/target:rw,Z" "-v" "/var/lib/crater-agent-workspace/builds/worker-1-tc1/source:/opt/rustwide/workdir:ro,Z" "-v" "/var/lib/crater-agent-workspace/cargo-home:/opt/rustwide/cargo-home:ro,Z" "-v" "/var/lib/crater-agent-workspace/rustup-home:/opt/rustwide/rustup-home:ro,Z" "-e" "SOURCE_DIR=/opt/rustwide/workdir" "-e" "CARGO_TARGET_DIR=/opt/rustwide/target" "-e" "CARGO_INCREMENTAL=0" "-e" "RUST_BACKTRACE=full" "-e" "RUSTFLAGS=--cap-lints=warn" "-e" "RUSTDOCFLAGS=--cap-lints=warn" "-e" "CARGO_HOME=/opt/rustwide/cargo-home" "-e" "RUSTUP_HOME=/opt/rustwide/rustup-home" "-w" "/opt/rustwide/workdir" "-m" "1610612736" "--user" "0:0" "--network" "none" "ghcr.io/rust-lang/crates-build-env/linux@sha256:f3a9d4ad9d972b27faf3965f35b62e55ba32bbce8f20bc8fe909558a86702fde" "/opt/rustwide/cargo-home/bin/cargo" "+1.83.0" "test" "--frozen", kill_on_drop: false }`
[INFO] [stdout] e336a8e5c1b41c67910effda04069abe482d8b84e774fdc7e4211529ee60b6ad
[INFO] running `Command { std: "docker" "start" "-a" "e336a8e5c1b41c67910effda04069abe482d8b84e774fdc7e4211529ee60b6ad", kill_on_drop: false }`
[INFO] [stderr] warning: virtual workspace defaulting to `resolver = "1"` despite one or more workspace members being on edition 2021 which implies `resolver = "2"`
[INFO] [stderr] note: to keep the current resolver, specify `workspace.resolver = "1"` in the workspace root's manifest
[INFO] [stderr] note: to use the edition 2021 resolver, specify `workspace.resolver = "2"` in the workspace root's manifest
[INFO] [stderr] note: for more details see https://doc.rust-lang.org/cargo/reference/resolver.html#resolver-versions
[INFO] [stderr] warning: unused import: `std::collections::HashSet`
[INFO] [stderr]  --> p6/src/lib.rs:3:5
[INFO] [stderr]   |
[INFO] [stderr] 3 | use std::collections::HashSet;
[INFO] [stderr]   |     ^^^^^^^^^^^^^^^^^^^^^^^^^
[INFO] [stderr]   |
[INFO] [stderr]   = note: `#[warn(unused_imports)]` on by default
[INFO] [stderr] 
[INFO] [stderr] warning: method `move_crates` is never used
[INFO] [stderr]   --> p5/src/lib.rs:25:8
[INFO] [stderr]    |
[INFO] [stderr] 9  | impl Stacks {
[INFO] [stderr]    | ----------- method in this implementation
[INFO] [stderr] ...
[INFO] [stderr] 25 |     fn move_crates(&mut self, count: usize, start: usize, end: usize) {
[INFO] [stderr]    |        ^^^^^^^^^^^
[INFO] [stderr]    |
[INFO] [stderr]    = note: `#[warn(dead_code)]` on by default
[INFO] [stderr] 
[INFO] [stderr] warning: unused import: `util::read_lines`
[INFO] [stderr]  --> p9/src/lib.rs:1:5
[INFO] [stderr]   |
[INFO] [stderr] 1 | use util::read_lines;
[INFO] [stderr]   |     ^^^^^^^^^^^^^^^^
[INFO] [stderr]   |
[INFO] [stderr]   = note: `#[warn(unused_imports)]` on by default
[INFO] [stderr] 
[INFO] [stderr] warning: associated function `from` is never used
[INFO] [stderr]   --> p9/src/lib.rs:19:8
[INFO] [stderr]    |
[INFO] [stderr] 12 | impl Point {
[INFO] [stderr]    | ---------- associated function in this implementation
[INFO] [stderr] ...
[INFO] [stderr] 19 |     fn from(t: (isize, isize)) -> Self {
[INFO] [stderr]    |        ^^^^
[INFO] [stderr]    |
[INFO] [stderr]    = note: `#[warn(dead_code)]` on by default
[INFO] [stderr] 
[INFO] [stderr] warning: field `occupied` is never read
[INFO] [stderr]  --> p14/src/lib.rs:8:5
[INFO] [stderr]   |
[INFO] [stderr] 7 | struct Spot {
[INFO] [stderr]   |        ---- field in this struct
[INFO] [stderr] 8 |     occupied: bool,
[INFO] [stderr]   |     ^^^^^^^^
[INFO] [stderr]   |
[INFO] [stderr]   = note: `Spot` has derived impls for the traits `Debug` and `Clone`, but these are intentionally ignored during dead code analysis
[INFO] [stderr]   = note: `#[warn(dead_code)]` on by default
[INFO] [stderr] 
[INFO] [stderr] warning: methods `get` and `set` are never used
[INFO] [stderr]   --> p14/src/lib.rs:68:8
[INFO] [stderr]    |
[INFO] [stderr] 59 | impl CaveGrid {
[INFO] [stderr]    | ------------- methods in this implementation
[INFO] [stderr] ...
[INFO] [stderr] 68 |     fn get(&self, a: &isize, b: &isize) -> Spot {
[INFO] [stderr]    |        ^^^
[INFO] [stderr] ...
[INFO] [stderr] 72 |     fn set(&mut self, a: isize, b: isize, v: Spot) {
[INFO] [stderr]    |        ^^^
[INFO] [stderr] 
[INFO] [stderr] warning: `p6` (lib) generated 1 warning (run `cargo fix --lib -p p6` to apply 1 suggestion)
[INFO] [stderr] warning: `p5` (lib) generated 1 warning
[INFO] [stderr] warning: `p9` (lib) generated 2 warnings (run `cargo fix --lib -p p9` to apply 1 suggestion)
[INFO] [stderr] warning: `p14` (lib) generated 2 warnings
[INFO] [stderr] warning: unused import: `grid::Grid`
[INFO] [stderr]  --> p8/src/lib.rs:2:5
[INFO] [stderr]   |
[INFO] [stderr] 2 | use grid::Grid;
[INFO] [stderr]   |     ^^^^^^^^^^
[INFO] [stderr]   |
[INFO] [stderr]   = note: `#[warn(unused_imports)]` on by default
[INFO] [stderr] 
[INFO] [stderr] warning: unused import: `std::cell::RefCell`
[INFO] [stderr]  --> p8/src/lib.rs:3:5
[INFO] [stderr]   |
[INFO] [stderr] 3 | use std::cell::RefCell;
[INFO] [stderr]   |     ^^^^^^^^^^^^^^^^^^
[INFO] [stderr] 
[INFO] [stderr] warning: unnecessary allocation, use `&` instead
[INFO] [stderr]   --> p13/src/lib.rs:39:64
[INFO] [stderr]    |
[INFO] [stderr] 39 |             (&Signal::Integer(ref a), &Signal::List(ref b)) => Box::new(List { items: vec![Signal::Integer(*a)] }).partial_cmp(b),
[INFO] [stderr]    |                                                                ^^^^^^^^^^^^^^^^^^^^^^^^^^^^^^^^^^^^^^^^^^^^^^^^^^^
[INFO] [stderr]    |
[INFO] [stderr]    = note: `#[warn(unused_allocation)]` on by default
[INFO] [stderr] 
[INFO] [stderr] warning: `p8` (lib) generated 2 warnings (run `cargo fix --lib -p p8` to apply 2 suggestions)
[INFO] [stderr] warning: `p13` (lib) generated 1 warning
[INFO] [stderr] warning: `p8` (lib test) generated 2 warnings (2 duplicates)
[INFO] [stderr] warning: `p6` (lib test) generated 1 warning (1 duplicate)
[INFO] [stderr] warning: `p5` (lib test) generated 1 warning (1 duplicate)
[INFO] [stderr] warning: `p9` (lib test) generated 2 warnings (2 duplicates)
[INFO] [stderr] warning: `p13` (lib test) generated 1 warning (1 duplicate)
[INFO] [stderr] warning: `p14` (lib test) generated 2 warnings (2 duplicates)
[INFO] [stderr] warning: constant `MAX_SIZE` is never used
[INFO] [stderr]  --> p7/src/lib.rs:5:7
[INFO] [stderr]   |
[INFO] [stderr] 5 | const MAX_SIZE: u32 = 100000;
[INFO] [stderr]   |       ^^^^^^^^
[INFO] [stderr]   |
[INFO] [stderr]   = note: `#[warn(dead_code)]` on by default
[INFO] [stderr] 
[INFO] [stderr] warning: `p7` (lib) generated 1 warning
[INFO] [stderr] warning: `p7` (lib test) generated 1 warning (1 duplicate)
[INFO] [stderr] warning: variable does not need to be mutable
[INFO] [stderr]    --> p12/src/lib.rs:203:9
[INFO] [stderr]     |
[INFO] [stderr] 203 |     let mut start: (usize, usize) = (0, 0);
[INFO] [stderr]     |         ----^^^^^
[INFO] [stderr]     |         |
[INFO] [stderr]     |         help: remove this `mut`
[INFO] [stderr]     |
[INFO] [stderr]     = note: `#[warn(unused_mut)]` on by default
[INFO] [stderr] 
[INFO] [stderr] warning: `p12` (lib) generated 1 warning (run `cargo fix --lib -p p12` to apply 1 suggestion)
[INFO] [stderr] warning: `p12` (lib test) generated 1 warning (1 duplicate)
[INFO] [stderr]     Finished `test` profile [unoptimized + debuginfo] target(s) in 0.04s
[INFO] [stderr]      Running unittests src/lib.rs (/opt/rustwide/target/debug/deps/p1-7a30046c3390418b)
[INFO] [stdout] 
[INFO] [stderr]      Running unittests src/lib.rs (/opt/rustwide/target/debug/deps/p10-1894b232421b0588)
[INFO] [stdout] running 0 tests
[INFO] [stdout] 
[INFO] [stdout] test result: ok. 0 passed; 0 failed; 0 ignored; 0 measured; 0 filtered out; finished in 0.00s
[INFO] [stdout] 
[INFO] [stdout] 
[INFO] [stdout] running 0 tests
[INFO] [stdout] 
[INFO] [stdout] test result: ok. 0 passed; 0 failed; 0 ignored; 0 measured; 0 filtered out; finished in 0.00s
[INFO] [stdout] 
[INFO] [stderr]      Running unittests src/lib.rs (/opt/rustwide/target/debug/deps/p11-4af84b85304c892d)
[INFO] [stdout] 
[INFO] [stdout] running 0 tests
[INFO] [stdout] 
[INFO] [stdout] test result: ok. 0 passed; 0 failed; 0 ignored; 0 measured; 0 filtered out; finished in 0.00s
[INFO] [stdout] 
[INFO] [stdout] 
[INFO] [stdout] running 1 test
[INFO] [stderr]      Running unittests src/lib.rs (/opt/rustwide/target/debug/deps/p12-472731dbdb5f86e0)
[INFO] [stderr] error: test failed, to rerun pass `-p p12 --lib`
[INFO] [stdout] test tests::t_inv_succ ... FAILED
[INFO] [stdout] 
[INFO] [stdout] failures:
[INFO] [stdout] 
[INFO] [stdout] ---- tests::t_inv_succ stdout ----
[INFO] [stdout] New valid successor: 0 7 Point { elevation: 24, dist: Some(1) }
[INFO] [stdout] New valid successor: 2 7 Point { elevation: 4, dist: Some(1) }
[INFO] [stdout] New valid successor: 1 6 Point { elevation: 10, dist: Some(1) }
[INFO] [stdout] New valid successor: 1 8 Point { elevation: 4, dist: Some(1) }
[INFO] [stdout] [(0, 7), (2, 7), (1, 6), (1, 8)]
[INFO] [stdout] New valid successor: 0 7 Point { elevation: 24, dist: Some(1) }
[INFO] [stdout] New valid successor: 2 7 Point { elevation: 4, dist: Some(1) }
[INFO] [stdout] New valid successor: 1 6 Point { elevation: 10, dist: Some(1) }
[INFO] [stdout] New valid successor: 1 8 Point { elevation: 4, dist: Some(1) }
[INFO] [stdout] [(0, 7), (2, 7), (1, 6), (1, 8)]
[INFO] [stdout] thread 'tests::t_inv_succ' panicked at p12/src/lib.rs:158:9:
[INFO] [stdout] assertion failed: succ.len() == 3
[INFO] [stdout] stack backtrace:
[INFO] [stdout]    0:     0x5eeffaf3c49a - std::backtrace_rs::backtrace::libunwind::trace::h5a5b8284f2d0c266
[INFO] [stdout]                                at /rustc/90b35a6239c3d8bdabc530a6a0816f7ff89a0aaf/library/std/src/../../backtrace/src/backtrace/libunwind.rs:116:5
[INFO] [stdout]    1:     0x5eeffaf3c49a - std::backtrace_rs::backtrace::trace_unsynchronized::h76d4f1c9b0b875e3
[INFO] [stdout]                                at /rustc/90b35a6239c3d8bdabc530a6a0816f7ff89a0aaf/library/std/src/../../backtrace/src/backtrace/mod.rs:66:5
[INFO] [stdout]    2:     0x5eeffaf3c49a - std::sys::backtrace::_print_fmt::hc4546b8364a537c6
[INFO] [stdout]                                at /rustc/90b35a6239c3d8bdabc530a6a0816f7ff89a0aaf/library/std/src/sys/backtrace.rs:66:9
[INFO] [stdout]    3:     0x5eeffaf3c49a - <std::sys::backtrace::BacktraceLock::print::DisplayBacktrace as core::fmt::Display>::fmt::h5b6bd5631a6d1f6b
[INFO] [stdout]                                at /rustc/90b35a6239c3d8bdabc530a6a0816f7ff89a0aaf/library/std/src/sys/backtrace.rs:39:26
[INFO] [stdout]    4:     0x5eeffaf61963 - core::fmt::rt::Argument::fmt::h270f6602a2b96f62
[INFO] [stdout]                                at /rustc/90b35a6239c3d8bdabc530a6a0816f7ff89a0aaf/library/core/src/fmt/rt.rs:177:76
[INFO] [stdout]    5:     0x5eeffaf61963 - core::fmt::write::h7550c97b06c86515
[INFO] [stdout]                                at /rustc/90b35a6239c3d8bdabc530a6a0816f7ff89a0aaf/library/core/src/fmt/mod.rs:1186:21
[INFO] [stdout]    6:     0x5eeffaf39663 - std::io::Write::write_fmt::h509ff860e5956e5e
[INFO] [stdout]                                at /rustc/90b35a6239c3d8bdabc530a6a0816f7ff89a0aaf/library/std/src/io/mod.rs:1839:15
[INFO] [stdout]    7:     0x5eeffaf3c2e2 - std::sys::backtrace::BacktraceLock::print::h2395ccd2c84ba3aa
[INFO] [stdout]                                at /rustc/90b35a6239c3d8bdabc530a6a0816f7ff89a0aaf/library/std/src/sys/backtrace.rs:42:9
[INFO] [stdout]    8:     0x5eeffaf3d8fa - std::panicking::default_hook::{{closure}}::he19d4c7230e07961
[INFO] [stdout]                                at /rustc/90b35a6239c3d8bdabc530a6a0816f7ff89a0aaf/library/std/src/panicking.rs:268:22
[INFO] [stdout]    9:     0x5eeffaf3d704 - std::panicking::default_hook::hf614597d3c67bbdb
[INFO] [stdout]                                at /rustc/90b35a6239c3d8bdabc530a6a0816f7ff89a0aaf/library/std/src/panicking.rs:292:9
[INFO] [stdout]   10:     0x5eeffaf07d09 - <alloc::boxed::Box<F,A> as core::ops::function::Fn<Args>>::call::h39b51ce4599c23d1
[INFO] [stdout]                                at /rustc/90b35a6239c3d8bdabc530a6a0816f7ff89a0aaf/library/alloc/src/boxed.rs:2468:9
[INFO] [stdout]   11:     0x5eeffaf07d09 - test::test_main::{{closure}}::he977ae839a582784
[INFO] [stdout]                                at /rustc/90b35a6239c3d8bdabc530a6a0816f7ff89a0aaf/library/test/src/lib.rs:133:21
[INFO] [stdout]   12:     0x5eeffaf3df98 - <alloc::boxed::Box<F,A> as core::ops::function::Fn<Args>>::call::h9455091b6b06f9fb
[INFO] [stdout]                                at /rustc/90b35a6239c3d8bdabc530a6a0816f7ff89a0aaf/library/alloc/src/boxed.rs:2468:9
[INFO] [stdout]   13:     0x5eeffaf3df98 - std::panicking::rust_panic_with_hook::h8942133a8b252070
[INFO] [stdout]                                at /rustc/90b35a6239c3d8bdabc530a6a0816f7ff89a0aaf/library/std/src/panicking.rs:809:13
[INFO] [stdout]   14:     0x5eeffaf3dd26 - std::panicking::begin_panic_handler::{{closure}}::hb5f5963570096b29
[INFO] [stdout]                                at /rustc/90b35a6239c3d8bdabc530a6a0816f7ff89a0aaf/library/std/src/panicking.rs:667:13
[INFO] [stdout]   15:     0x5eeffaf3c979 - std::sys::backtrace::__rust_end_short_backtrace::h6208cedc1922feda
[INFO] [stdout]                                at /rustc/90b35a6239c3d8bdabc530a6a0816f7ff89a0aaf/library/std/src/sys/backtrace.rs:170:18
[INFO] [stdout]   16:     0x5eeffaf3d9ec - rust_begin_unwind
[INFO] [stdout]                                at /rustc/90b35a6239c3d8bdabc530a6a0816f7ff89a0aaf/library/std/src/panicking.rs:665:5
[INFO] [stdout]   17:     0x5eeffaec8a60 - core::panicking::panic_fmt::h0c3082644d1bf418
[INFO] [stdout]                                at /rustc/90b35a6239c3d8bdabc530a6a0816f7ff89a0aaf/library/core/src/panicking.rs:74:14
[INFO] [stdout]   18:     0x5eeffaec8aec - core::panicking::panic::h957f98c65a3b3074
[INFO] [stdout]                                at /rustc/90b35a6239c3d8bdabc530a6a0816f7ff89a0aaf/library/core/src/panicking.rs:148:5
[INFO] [stdout]   19:     0x5eeffaecf5ea - p12::tests::t_inv_succ::hc8cefdf448e3f784
[INFO] [stdout]                                at /opt/rustwide/workdir/p12/src/lib.rs:158:9
[INFO] [stdout]   20:     0x5eeffaecf097 - p12::tests::t_inv_succ::{{closure}}::hac929302e25511d1
[INFO] [stdout]                                at /opt/rustwide/workdir/p12/src/lib.rs:130:20
[INFO] [stdout]   21:     0x5eeffaecab56 - core::ops::function::FnOnce::call_once::h1a2ebd71e0d72163
[INFO] [stdout]                                at /rustc/90b35a6239c3d8bdabc530a6a0816f7ff89a0aaf/library/core/src/ops/function.rs:250:5
[INFO] [stdout]   22:     0x5eeffaf0c6cb - core::ops::function::FnOnce::call_once::h109cf8051a59b34e
[INFO] [stdout]                                at /rustc/90b35a6239c3d8bdabc530a6a0816f7ff89a0aaf/library/core/src/ops/function.rs:250:5
[INFO] [stdout]   23:     0x5eeffaf0c6cb - test::__rust_begin_short_backtrace::hf4fff89d377446ba
[INFO] [stdout]                                at /rustc/90b35a6239c3d8bdabc530a6a0816f7ff89a0aaf/library/test/src/lib.rs:621:18
[INFO] [stdout]   24:     0x5eeffaf0bf07 - test::run_test_in_process::{{closure}}::h0e39181dd7ee5a43
[INFO] [stdout]                                at /rustc/90b35a6239c3d8bdabc530a6a0816f7ff89a0aaf/library/test/src/lib.rs:644:60
[INFO] [stdout]   25:     0x5eeffaf0bf07 - <core::panic::unwind_safe::AssertUnwindSafe<F> as core::ops::function::FnOnce<()>>::call_once::hc5a66a30f0bdfd1f
[INFO] [stdout]                                at /rustc/90b35a6239c3d8bdabc530a6a0816f7ff89a0aaf/library/core/src/panic/unwind_safe.rs:272:9
[INFO] [stdout]   26:     0x5eeffaf0bf07 - std::panicking::try::do_call::h873b7cf639554a5e
[INFO] [stdout]                                at /rustc/90b35a6239c3d8bdabc530a6a0816f7ff89a0aaf/library/std/src/panicking.rs:557:40
[INFO] [stdout]   27:     0x5eeffaf0bf07 - std::panicking::try::hdb19862fad9c8bd1
[INFO] [stdout]                                at /rustc/90b35a6239c3d8bdabc530a6a0816f7ff89a0aaf/library/std/src/panicking.rs:520:19
[INFO] [stdout]   28:     0x5eeffaf0bf07 - std::panic::catch_unwind::h281fe732d236d260
[INFO] [stdout]                                at /rustc/90b35a6239c3d8bdabc530a6a0816f7ff89a0aaf/library/std/src/panic.rs:358:14
[INFO] [stdout]   29:     0x5eeffaf0bf07 - test::run_test_in_process::h949b6df8457ed338
[INFO] [stdout]                                at /rustc/90b35a6239c3d8bdabc530a6a0816f7ff89a0aaf/library/test/src/lib.rs:644:27
[INFO] [stdout]   30:     0x5eeffaf0bf07 - test::run_test::{{closure}}::h52c556a6d4740e10
[INFO] [stdout]                                at /rustc/90b35a6239c3d8bdabc530a6a0816f7ff89a0aaf/library/test/src/lib.rs:565:43
[INFO] [stdout]   31:     0x5eeffaed11e4 - test::run_test::{{closure}}::h4237f6381c45ccb9
[INFO] [stdout]                                at /rustc/90b35a6239c3d8bdabc530a6a0816f7ff89a0aaf/library/test/src/lib.rs:595:41
[INFO] [stdout]   32:     0x5eeffaed11e4 - std::sys::backtrace::__rust_begin_short_backtrace::h505c97a579eca628
[INFO] [stdout]                                at /rustc/90b35a6239c3d8bdabc530a6a0816f7ff89a0aaf/library/std/src/sys/backtrace.rs:154:18
[INFO] [stdout]   33:     0x5eeffaed48ae - std::thread::Builder::spawn_unchecked_::{{closure}}::{{closure}}::h9e86b2e2bc107ea3
[INFO] [stdout]                                at /rustc/90b35a6239c3d8bdabc530a6a0816f7ff89a0aaf/library/std/src/thread/mod.rs:538:17
[INFO] [stdout]   34:     0x5eeffaed48ae - <core::panic::unwind_safe::AssertUnwindSafe<F> as core::ops::function::FnOnce<()>>::call_once::h8b06ddb275ff4a25
[INFO] [stdout]                                at /rustc/90b35a6239c3d8bdabc530a6a0816f7ff89a0aaf/library/core/src/panic/unwind_safe.rs:272:9
[INFO] [stdout]   35:     0x5eeffaed48ae - std::panicking::try::do_call::hb26ecd7cd9a9355d
[INFO] [stdout]                                at /rustc/90b35a6239c3d8bdabc530a6a0816f7ff89a0aaf/library/std/src/panicking.rs:557:40
[INFO] [stdout]   36:     0x5eeffaed48ae - std::panicking::try::h8ddeca9d705f9069
[INFO] [stdout]                                at /rustc/90b35a6239c3d8bdabc530a6a0816f7ff89a0aaf/library/std/src/panicking.rs:520:19
[INFO] [stdout]   37:     0x5eeffaed48ae - std::panic::catch_unwind::h49e1c33078844c46
[INFO] [stdout]                                at /rustc/90b35a6239c3d8bdabc530a6a0816f7ff89a0aaf/library/std/src/panic.rs:358:14
[INFO] [stdout]   38:     0x5eeffaed48ae - std::thread::Builder::spawn_unchecked_::{{closure}}::h6073db6ff56ad35d
[INFO] [stdout]                                at /rustc/90b35a6239c3d8bdabc530a6a0816f7ff89a0aaf/library/std/src/thread/mod.rs:537:30
[INFO] [stdout]   39:     0x5eeffaed48ae - core::ops::function::FnOnce::call_once{{vtable.shim}}::h2c5a5f3779c774f1
[INFO] [stdout]                                at /rustc/90b35a6239c3d8bdabc530a6a0816f7ff89a0aaf/library/core/src/ops/function.rs:250:5
[INFO] [stdout]   40:     0x5eeffaf41ceb - <alloc::boxed::Box<F,A> as core::ops::function::FnOnce<Args>>::call_once::hf75717d9f28faebf
[INFO] [stdout]                                at /rustc/90b35a6239c3d8bdabc530a6a0816f7ff89a0aaf/library/alloc/src/boxed.rs:2454:9
[INFO] [stdout]   41:     0x5eeffaf41ceb - <alloc::boxed::Box<F,A> as core::ops::function::FnOnce<Args>>::call_once::h7bd883a5f3c5f3c1
[INFO] [stdout]                                at /rustc/90b35a6239c3d8bdabc530a6a0816f7ff89a0aaf/library/alloc/src/boxed.rs:2454:9
[INFO] [stdout]   42:     0x5eeffaf41ceb - std::sys::pal::unix::thread::Thread::new::thread_start::hcc78f3943333fa94
[INFO] [stdout]                                at /rustc/90b35a6239c3d8bdabc530a6a0816f7ff89a0aaf/library/std/src/sys/pal/unix/thread.rs:105:17
[INFO] [stdout]   43:     0x71c2aa945ac3 - <unknown>
[INFO] [stdout]   44:     0x71c2aa9d6a04 - clone
[INFO] [stdout]   45:                0x0 - <unknown>
[INFO] [stdout] 
[INFO] [stdout] 
[INFO] [stdout] failures:
[INFO] [stdout]     tests::t_inv_succ
[INFO] [stdout] 
[INFO] [stdout] test result: FAILED. 0 passed; 1 failed; 0 ignored; 0 measured; 0 filtered out; finished in 0.02s
[INFO] [stdout] 
[INFO] running `Command { std: "docker" "inspect" "e336a8e5c1b41c67910effda04069abe482d8b84e774fdc7e4211529ee60b6ad", kill_on_drop: false }`
[INFO] running `Command { std: "docker" "rm" "-f" "e336a8e5c1b41c67910effda04069abe482d8b84e774fdc7e4211529ee60b6ad", kill_on_drop: false }`
[INFO] [stdout] e336a8e5c1b41c67910effda04069abe482d8b84e774fdc7e4211529ee60b6ad
