[INFO] cloning repository https://github.com/c0d3-dump/oi
[INFO] running `Command { std: "git" "-c" "credential.helper=" "-c" "credential.helper=/workspace/cargo-home/bin/git-credential-null" "clone" "--bare" "https://github.com/c0d3-dump/oi" "/workspace/cache/git-repos/https%3A%2F%2Fgithub.com%2Fc0d3-dump%2Foi", kill_on_drop: false }`
[INFO] [stderr] Cloning into bare repository '/workspace/cache/git-repos/https%3A%2F%2Fgithub.com%2Fc0d3-dump%2Foi'...
[INFO] running `Command { std: "git" "rev-parse" "HEAD", kill_on_drop: false }`
[INFO] [stdout] a4f71c49686b97f450d28d731922fc4016c508ad
[INFO] testing c0d3-dump/oi against beta-2024-12-08 for beta-1.84.0-4-retry
[INFO] running `Command { std: "git" "clone" "/workspace/cache/git-repos/https%3A%2F%2Fgithub.com%2Fc0d3-dump%2Foi" "/workspace/builds/worker-7-tc2/source", kill_on_drop: false }`
[INFO] [stderr] Cloning into '/workspace/builds/worker-7-tc2/source'...
[INFO] [stderr] done.
[INFO] validating manifest of git repo https://github.com/c0d3-dump/oi on toolchain beta-2024-12-08
[INFO] running `Command { std: CARGO_HOME="/workspace/cargo-home" RUSTUP_HOME="/workspace/rustup-home" "/workspace/cargo-home/bin/cargo" "+beta-2024-12-08" "metadata" "--manifest-path" "Cargo.toml" "--no-deps", kill_on_drop: false }`
[INFO] started tweaking git repo https://github.com/c0d3-dump/oi
[INFO] finished tweaking git repo https://github.com/c0d3-dump/oi
[INFO] tweaked toml for git repo https://github.com/c0d3-dump/oi written to /workspace/builds/worker-7-tc2/source/Cargo.toml
[INFO] crate git repo https://github.com/c0d3-dump/oi already has a lockfile, it will not be regenerated
[INFO] running `Command { std: CARGO_HOME="/workspace/cargo-home" RUSTUP_HOME="/workspace/rustup-home" "/workspace/cargo-home/bin/cargo" "+beta-2024-12-08" "fetch" "--manifest-path" "Cargo.toml", kill_on_drop: false }`
[INFO] [stderr] warning: virtual workspace defaulting to `resolver = "1"` despite one or more workspace members being on edition 2021 which implies `resolver = "2"`
[INFO] [stderr] note: to keep the current resolver, specify `workspace.resolver = "1"` in the workspace root's manifest
[INFO] [stderr] note: to use the edition 2021 resolver, specify `workspace.resolver = "2"` in the workspace root's manifest
[INFO] [stderr] note: for more details see https://doc.rust-lang.org/cargo/reference/resolver.html#resolver-versions
[INFO] [stderr]     Blocking waiting for file lock on package cache
[INFO] running `Command { std: "docker" "create" "-v" "/var/lib/crater-agent-workspace/builds/worker-7-tc2/target:/opt/rustwide/target:rw,Z" "-v" "/var/lib/crater-agent-workspace/builds/worker-7-tc2/source:/opt/rustwide/workdir:ro,Z" "-v" "/var/lib/crater-agent-workspace/cargo-home:/opt/rustwide/cargo-home:ro,Z" "-v" "/var/lib/crater-agent-workspace/rustup-home:/opt/rustwide/rustup-home:ro,Z" "-e" "SOURCE_DIR=/opt/rustwide/workdir" "-e" "CARGO_TARGET_DIR=/opt/rustwide/target" "-e" "CARGO_HOME=/opt/rustwide/cargo-home" "-e" "RUSTUP_HOME=/opt/rustwide/rustup-home" "-w" "/opt/rustwide/workdir" "-m" "1610612736" "--user" "0:0" "--network" "none" "ghcr.io/rust-lang/crates-build-env/linux@sha256:f3a9d4ad9d972b27faf3965f35b62e55ba32bbce8f20bc8fe909558a86702fde" "/opt/rustwide/cargo-home/bin/cargo" "+beta-2024-12-08" "metadata" "--no-deps" "--format-version=1", kill_on_drop: false }`
[INFO] [stdout] 1d5fe76958dd75b4e42b155a4b3af1a5aba82e926e764ee3b84a25017c6886f7
[INFO] running `Command { std: "docker" "start" "-a" "1d5fe76958dd75b4e42b155a4b3af1a5aba82e926e764ee3b84a25017c6886f7", kill_on_drop: false }`
[INFO] running `Command { std: "docker" "inspect" "1d5fe76958dd75b4e42b155a4b3af1a5aba82e926e764ee3b84a25017c6886f7", kill_on_drop: false }`
[INFO] running `Command { std: "docker" "rm" "-f" "1d5fe76958dd75b4e42b155a4b3af1a5aba82e926e764ee3b84a25017c6886f7", kill_on_drop: false }`
[INFO] [stdout] 1d5fe76958dd75b4e42b155a4b3af1a5aba82e926e764ee3b84a25017c6886f7
[INFO] running `Command { std: "docker" "create" "-v" "/var/lib/crater-agent-workspace/builds/worker-7-tc2/target:/opt/rustwide/target:rw,Z" "-v" "/var/lib/crater-agent-workspace/builds/worker-7-tc2/source:/opt/rustwide/workdir:ro,Z" "-v" "/var/lib/crater-agent-workspace/cargo-home:/opt/rustwide/cargo-home:ro,Z" "-v" "/var/lib/crater-agent-workspace/rustup-home:/opt/rustwide/rustup-home:ro,Z" "-e" "SOURCE_DIR=/opt/rustwide/workdir" "-e" "CARGO_TARGET_DIR=/opt/rustwide/target" "-e" "CARGO_INCREMENTAL=0" "-e" "RUST_BACKTRACE=full" "-e" "RUSTFLAGS=--cap-lints=warn" "-e" "RUSTDOCFLAGS=--cap-lints=warn" "-e" "CARGO_HOME=/opt/rustwide/cargo-home" "-e" "RUSTUP_HOME=/opt/rustwide/rustup-home" "-w" "/opt/rustwide/workdir" "-m" "1610612736" "--user" "0:0" "--network" "none" "ghcr.io/rust-lang/crates-build-env/linux@sha256:f3a9d4ad9d972b27faf3965f35b62e55ba32bbce8f20bc8fe909558a86702fde" "/opt/rustwide/cargo-home/bin/cargo" "+beta-2024-12-08" "build" "--frozen" "--message-format=json", kill_on_drop: false }`
[INFO] [stdout] b6b3c1226a94255b1e3fd0991477219173d6c0437a39ee0b619efcee7fc313b9
[INFO] running `Command { std: "docker" "start" "-a" "b6b3c1226a94255b1e3fd0991477219173d6c0437a39ee0b619efcee7fc313b9", kill_on_drop: false }`
[INFO] [stderr] warning: virtual workspace defaulting to `resolver = "1"` despite one or more workspace members being on edition 2021 which implies `resolver = "2"`
[INFO] [stderr] note: to keep the current resolver, specify `workspace.resolver = "1"` in the workspace root's manifest
[INFO] [stderr] note: to use the edition 2021 resolver, specify `workspace.resolver = "2"` in the workspace root's manifest
[INFO] [stderr] note: for more details see https://doc.rust-lang.org/cargo/reference/resolver.html#resolver-versions
[INFO] [stderr]    Compiling libc v0.2.146
[INFO] [stderr]    Compiling proc-macro2 v1.0.60
[INFO] [stderr]    Compiling quote v1.0.28
[INFO] [stderr]    Compiling unicode-ident v1.0.9
[INFO] [stderr]    Compiling version_check v0.9.4
[INFO] [stderr]    Compiling memchr v2.5.0
[INFO] [stderr]    Compiling cfg-if v1.0.0
[INFO] [stderr]    Compiling io-lifetimes v1.0.11
[INFO] [stderr]    Compiling autocfg v1.1.0
[INFO] [stderr]    Compiling rustix v0.37.20
[INFO] [stderr]    Compiling bitflags v1.3.2
[INFO] [stderr]    Compiling linux-raw-sys v0.3.8
[INFO] [stderr]    Compiling syn v1.0.109
[INFO] [stderr]    Compiling once_cell v1.18.0
[INFO] [stderr]    Compiling regex-syntax v0.7.2
[INFO] [stderr]    Compiling unicode-width v0.1.10
[INFO] [stderr]    Compiling cc v1.0.79
[INFO] [stderr]    Compiling adler v1.0.2
[INFO] [stderr]    Compiling gimli v0.27.3
[INFO] [stderr]    Compiling rustc-demangle v0.1.23
[INFO] [stderr]    Compiling miniz_oxide v0.6.2
[INFO] [stderr]    Compiling minimal-lexical v0.2.1
[INFO] [stderr]    Compiling thiserror v1.0.40
[INFO] [stderr]    Compiling ahash v0.7.6
[INFO] [stderr]    Compiling num-traits v0.2.15
[INFO] [stderr]    Compiling num-integer v0.1.45
[INFO] [stderr]    Compiling num-bigint v0.4.3
[INFO] [stderr]    Compiling proc-macro-error-attr v1.0.4
[INFO] [stderr]    Compiling bytecount v0.6.3
[INFO] [stderr]    Compiling serde v1.0.164
[INFO] [stderr]    Compiling proc-macro-error v1.0.4
[INFO] [stderr]    Compiling is_ci v1.1.1
[INFO] [stderr]    Compiling smawk v0.3.1
[INFO] [stderr]    Compiling arrayvec v0.7.4
[INFO] [stderr]    Compiling aho-corasick v1.0.2
[INFO] [stderr]    Compiling object v0.30.4
[INFO] [stderr]    Compiling nom v7.1.3
[INFO] [stderr]    Compiling owo-colors v3.5.0
[INFO] [stderr]    Compiling brownstone v3.0.0
[INFO] [stderr]    Compiling convert_case v0.4.0
[INFO] [stderr]    Compiling smallvec v1.10.0
[INFO] [stderr]    Compiling indent_write v2.2.0
[INFO] [stderr]    Compiling joinery v2.1.0
[INFO] [stderr]    Compiling syn v2.0.18
[INFO] [stderr]    Compiling static_assertions v1.1.0
[INFO] [stderr]    Compiling heck v0.4.1
[INFO] [stderr]    Compiling nibble_vec v0.1.0
[INFO] [stderr]    Compiling fnv v1.0.7
[INFO] [stderr]    Compiling endian-type v0.1.2
[INFO] [stderr]    Compiling papergrid v0.7.1
[INFO] [stderr]    Compiling radix_trie v0.2.1
[INFO] [stderr]    Compiling unicode-segmentation v1.10.1
[INFO] [stderr]    Compiling utf8parse v0.2.1
[INFO] [stderr]    Compiling log v0.4.19
[INFO] [stderr]    Compiling backtrace v0.3.67
[INFO] [stderr]    Compiling getrandom v0.2.10
[INFO] [stderr]    Compiling terminal_size v0.1.17
[INFO] [stderr]    Compiling dirs-sys-next v0.1.2
[INFO] [stderr]    Compiling nix v0.26.2
[INFO] [stderr]    Compiling dirs-next v2.0.0
[INFO] [stderr]    Compiling hashbrown v0.12.3
[INFO] [stderr]    Compiling nom_locate v4.1.0
[INFO] [stderr]    Compiling nom-supreme v0.8.0
[INFO] [stderr]    Compiling addr2line v0.19.0
[INFO] [stderr]    Compiling regex v1.8.4
[INFO] [stderr]    Compiling thiserror-impl v1.0.40
[INFO] [stderr]    Compiling serde_derive v1.0.164
[INFO] [stderr]    Compiling miette-derive v5.9.0
[INFO] [stderr]    Compiling derive_more v0.99.17
[INFO] [stderr]    Compiling rustyline-derive v0.8.0
[INFO] [stderr]    Compiling tabled_derive v0.5.0
[INFO] [stderr]    Compiling backtrace-ext v0.2.1
[INFO] [stderr]    Compiling is-terminal v0.4.7
[INFO] [stderr]    Compiling supports-unicode v2.0.0
[INFO] [stderr]    Compiling supports-color v2.0.0
[INFO] [stderr]    Compiling supports-hyperlinks v2.1.0
[INFO] [stderr]    Compiling fd-lock v3.0.12
[INFO] [stderr]    Compiling rustyline v11.0.0
[INFO] [stderr]    Compiling unicode-linebreak v0.1.4
[INFO] [stderr]    Compiling tabled v0.10.0
[INFO] [stderr]    Compiling textwrap v0.15.2
[INFO] [stderr]    Compiling miette v5.9.0
[INFO] [stderr]    Compiling bigdecimal v0.3.1
[INFO] [stderr]    Compiling parser v0.1.0 (/opt/rustwide/workdir/crates/parser)
[INFO] [stderr]    Compiling execution v0.1.0 (/opt/rustwide/workdir/crates/execution)
[INFO] [stdout] warning: elided lifetime has a name
[INFO] [stdout]   --> crates/execution/src/lib.rs:77:17
[INFO] [stdout]    |
[INFO] [stdout] 74 |     pub fn parse_multiple_and_run<'a>(
[INFO] [stdout]    |                                   -- lifetime `'a` declared here
[INFO] [stdout] ...
[INFO] [stdout] 77 |     ) -> Result<ExecResponse, SQLError<'a>> {
[INFO] [stdout]    |                 ^^^^^^^^^^^^ this elided lifetime gets resolved as `'a`
[INFO] [stdout]    |
[INFO] [stdout]    = note: `#[warn(elided_named_lifetimes)]` on by default
[INFO] [stdout] 
[INFO] [stdout] 
[INFO] [stdout] warning: struct `SelectResponse` is never constructed
[INFO] [stdout]   --> crates/execution/src/table.rs:46:12
[INFO] [stdout]    |
[INFO] [stdout] 46 | pub struct SelectResponse<'a> {
[INFO] [stdout]    |            ^^^^^^^^^^^^^^
[INFO] [stdout]    |
[INFO] [stdout]    = note: `SelectResponse` has a derived impl for the trait `Debug`, but this is intentionally ignored during dead code analysis
[INFO] [stdout]    = note: `#[warn(dead_code)]` on by default
[INFO] [stdout] 
[INFO] [stdout] 
[INFO] [stderr]    Compiling repl v0.1.0 (/opt/rustwide/workdir/crates/repl)
[INFO] [stderr]     Finished `dev` profile [unoptimized + debuginfo] target(s) in 45.82s
[INFO] running `Command { std: "docker" "inspect" "b6b3c1226a94255b1e3fd0991477219173d6c0437a39ee0b619efcee7fc313b9", kill_on_drop: false }`
[INFO] running `Command { std: "docker" "rm" "-f" "b6b3c1226a94255b1e3fd0991477219173d6c0437a39ee0b619efcee7fc313b9", kill_on_drop: false }`
[INFO] [stdout] b6b3c1226a94255b1e3fd0991477219173d6c0437a39ee0b619efcee7fc313b9
[INFO] running `Command { std: "docker" "create" "-v" "/var/lib/crater-agent-workspace/builds/worker-7-tc2/target:/opt/rustwide/target:rw,Z" "-v" "/var/lib/crater-agent-workspace/builds/worker-7-tc2/source:/opt/rustwide/workdir:ro,Z" "-v" "/var/lib/crater-agent-workspace/cargo-home:/opt/rustwide/cargo-home:ro,Z" "-v" "/var/lib/crater-agent-workspace/rustup-home:/opt/rustwide/rustup-home:ro,Z" "-e" "SOURCE_DIR=/opt/rustwide/workdir" "-e" "CARGO_TARGET_DIR=/opt/rustwide/target" "-e" "CARGO_INCREMENTAL=0" "-e" "RUST_BACKTRACE=full" "-e" "RUSTFLAGS=--cap-lints=warn" "-e" "RUSTDOCFLAGS=--cap-lints=warn" "-e" "CARGO_HOME=/opt/rustwide/cargo-home" "-e" "RUSTUP_HOME=/opt/rustwide/rustup-home" "-w" "/opt/rustwide/workdir" "-m" "1610612736" "--user" "0:0" "--network" "none" "ghcr.io/rust-lang/crates-build-env/linux@sha256:f3a9d4ad9d972b27faf3965f35b62e55ba32bbce8f20bc8fe909558a86702fde" "/opt/rustwide/cargo-home/bin/cargo" "+beta-2024-12-08" "test" "--frozen" "--no-run" "--message-format=json", kill_on_drop: false }`
[INFO] [stdout] eb4904e452bb9eed74e38842733817b2b3f90363a33d829c722aa8776dbdc352
[INFO] running `Command { std: "docker" "start" "-a" "eb4904e452bb9eed74e38842733817b2b3f90363a33d829c722aa8776dbdc352", kill_on_drop: false }`
[INFO] [stderr] warning: virtual workspace defaulting to `resolver = "1"` despite one or more workspace members being on edition 2021 which implies `resolver = "2"`
[INFO] [stderr] note: to keep the current resolver, specify `workspace.resolver = "1"` in the workspace root's manifest
[INFO] [stderr] note: to use the edition 2021 resolver, specify `workspace.resolver = "2"` in the workspace root's manifest
[INFO] [stderr] note: for more details see https://doc.rust-lang.org/cargo/reference/resolver.html#resolver-versions
[INFO] [stderr]    Compiling parser v0.1.0 (/opt/rustwide/workdir/crates/parser)
[INFO] [stdout] warning: elided lifetime has a name
[INFO] [stdout]   --> crates/execution/src/lib.rs:77:17
[INFO] [stdout]    |
[INFO] [stdout] 74 |     pub fn parse_multiple_and_run<'a>(
[INFO] [stdout]    |                                   -- lifetime `'a` declared here
[INFO] [stdout] ...
[INFO] [stdout] 77 |     ) -> Result<ExecResponse, SQLError<'a>> {
[INFO] [stdout]    |                 ^^^^^^^^^^^^ this elided lifetime gets resolved as `'a`
[INFO] [stdout]    |
[INFO] [stdout]    = note: `#[warn(elided_named_lifetimes)]` on by default
[INFO] [stdout] 
[INFO] [stdout] 
[INFO] [stderr]    Compiling execution v0.1.0 (/opt/rustwide/workdir/crates/execution)
[INFO] [stdout] warning: struct `SelectResponse` is never constructed
[INFO] [stdout]   --> crates/execution/src/table.rs:46:12
[INFO] [stdout]    |
[INFO] [stdout] 46 | pub struct SelectResponse<'a> {
[INFO] [stdout]    |            ^^^^^^^^^^^^^^
[INFO] [stdout]    |
[INFO] [stdout]    = note: `SelectResponse` has a derived impl for the trait `Debug`, but this is intentionally ignored during dead code analysis
[INFO] [stdout]    = note: `#[warn(dead_code)]` on by default
[INFO] [stdout] 
[INFO] [stdout] 
[INFO] [stderr]    Compiling repl v0.1.0 (/opt/rustwide/workdir/crates/repl)
[INFO] [stdout] warning: elided lifetime has a name
[INFO] [stdout]   --> crates/execution/src/lib.rs:77:17
[INFO] [stdout]    |
[INFO] [stdout] 74 |     pub fn parse_multiple_and_run<'a>(
[INFO] [stdout]    |                                   -- lifetime `'a` declared here
[INFO] [stdout] ...
[INFO] [stdout] 77 |     ) -> Result<ExecResponse, SQLError<'a>> {
[INFO] [stdout]    |                 ^^^^^^^^^^^^ this elided lifetime gets resolved as `'a`
[INFO] [stdout]    |
[INFO] [stdout]    = note: `#[warn(elided_named_lifetimes)]` on by default
[INFO] [stdout] 
[INFO] [stdout] 
[INFO] [stdout] warning: struct `SelectResponse` is never constructed
[INFO] [stdout]   --> crates/execution/src/table.rs:46:12
[INFO] [stdout]    |
[INFO] [stdout] 46 | pub struct SelectResponse<'a> {
[INFO] [stdout]    |            ^^^^^^^^^^^^^^
[INFO] [stdout]    |
[INFO] [stdout]    = note: `SelectResponse` has a derived impl for the trait `Debug`, but this is intentionally ignored during dead code analysis
[INFO] [stdout]    = note: `#[warn(dead_code)]` on by default
[INFO] [stdout] 
[INFO] [stdout] 
[INFO] [stderr]     Finished `test` profile [unoptimized + debuginfo] target(s) in 2.23s
[INFO] running `Command { std: "docker" "inspect" "eb4904e452bb9eed74e38842733817b2b3f90363a33d829c722aa8776dbdc352", kill_on_drop: false }`
[INFO] running `Command { std: "docker" "rm" "-f" "eb4904e452bb9eed74e38842733817b2b3f90363a33d829c722aa8776dbdc352", kill_on_drop: false }`
[INFO] [stdout] eb4904e452bb9eed74e38842733817b2b3f90363a33d829c722aa8776dbdc352
[INFO] running `Command { std: "docker" "create" "-v" "/var/lib/crater-agent-workspace/builds/worker-7-tc2/target:/opt/rustwide/target:rw,Z" "-v" "/var/lib/crater-agent-workspace/builds/worker-7-tc2/source:/opt/rustwide/workdir:ro,Z" "-v" "/var/lib/crater-agent-workspace/cargo-home:/opt/rustwide/cargo-home:ro,Z" "-v" "/var/lib/crater-agent-workspace/rustup-home:/opt/rustwide/rustup-home:ro,Z" "-e" "SOURCE_DIR=/opt/rustwide/workdir" "-e" "CARGO_TARGET_DIR=/opt/rustwide/target" "-e" "CARGO_INCREMENTAL=0" "-e" "RUST_BACKTRACE=full" "-e" "RUSTFLAGS=--cap-lints=warn" "-e" "RUSTDOCFLAGS=--cap-lints=warn" "-e" "CARGO_HOME=/opt/rustwide/cargo-home" "-e" "RUSTUP_HOME=/opt/rustwide/rustup-home" "-w" "/opt/rustwide/workdir" "-m" "1610612736" "--user" "0:0" "--network" "none" "ghcr.io/rust-lang/crates-build-env/linux@sha256:f3a9d4ad9d972b27faf3965f35b62e55ba32bbce8f20bc8fe909558a86702fde" "/opt/rustwide/cargo-home/bin/cargo" "+beta-2024-12-08" "test" "--frozen", kill_on_drop: false }`
[INFO] [stdout] b0787eb4a61f0c94b3ae377b30dac739848ce0eef859e671c6d6996ad72f243b
[INFO] running `Command { std: "docker" "start" "-a" "b0787eb4a61f0c94b3ae377b30dac739848ce0eef859e671c6d6996ad72f243b", kill_on_drop: false }`
[INFO] [stderr] warning: virtual workspace defaulting to `resolver = "1"` despite one or more workspace members being on edition 2021 which implies `resolver = "2"`
[INFO] [stderr] note: to keep the current resolver, specify `workspace.resolver = "1"` in the workspace root's manifest
[INFO] [stderr] note: to use the edition 2021 resolver, specify `workspace.resolver = "2"` in the workspace root's manifest
[INFO] [stderr] note: for more details see https://doc.rust-lang.org/cargo/reference/resolver.html#resolver-versions
[INFO] [stderr] warning: elided lifetime has a name
[INFO] [stderr]   --> crates/execution/src/lib.rs:77:17
[INFO] [stderr]    |
[INFO] [stderr] 74 |     pub fn parse_multiple_and_run<'a>(
[INFO] [stderr]    |                                   -- lifetime `'a` declared here
[INFO] [stderr] ...
[INFO] [stderr] 77 |     ) -> Result<ExecResponse, SQLError<'a>> {
[INFO] [stderr]    |                 ^^^^^^^^^^^^ this elided lifetime gets resolved as `'a`
[INFO] [stderr]    |
[INFO] [stderr]    = note: `#[warn(elided_named_lifetimes)]` on by default
[INFO] [stderr] 
[INFO] [stderr] warning: struct `SelectResponse` is never constructed
[INFO] [stderr]   --> crates/execution/src/table.rs:46:12
[INFO] [stderr]    |
[INFO] [stderr] 46 | pub struct SelectResponse<'a> {
[INFO] [stderr]    |            ^^^^^^^^^^^^^^
[INFO] [stderr]    |
[INFO] [stderr]    = note: `SelectResponse` has a derived impl for the trait `Debug`, but this is intentionally ignored during dead code analysis
[INFO] [stderr]    = note: `#[warn(dead_code)]` on by default
[INFO] [stderr] 
[INFO] [stderr] warning: `execution` (lib) generated 2 warnings
[INFO] [stderr] warning: `execution` (lib test) generated 2 warnings (2 duplicates)
[INFO] [stderr]     Finished `test` profile [unoptimized + debuginfo] target(s) in 0.14s
[INFO] [stderr]      Running unittests src/lib.rs (/opt/rustwide/target/debug/deps/execution-10dd6dbef1e8a8a9)
[INFO] [stdout] 
[INFO] [stdout] running 0 tests
[INFO] [stdout] 
[INFO] [stdout] test result: ok. 0 passed; 0 failed; 0 ignored; 0 measured; 0 filtered out; finished in 0.00s
[INFO] [stdout] 
[INFO] [stderr]      Running unittests src/lib.rs (/opt/rustwide/target/debug/deps/parser-cfb2762a4256985c)
[INFO] [stdout] 
[INFO] [stdout] running 7 tests
[INFO] [stdout] test value::tests::test_string ... ok
[INFO] [stdout] test commands::create::tests::test_create ... ok
[INFO] [stdout] test value::tests::test_number ... ok
[INFO] [stdout] test commands::select::tests::test_select ... ok
[INFO] [stdout] test ast::tests::test_select ... ok
[INFO] [stdout] test ast::tests::test_error ... ok
[INFO] [stdout] test ast::tests::test_insert ... FAILED
[INFO] [stderr] error: test failed, to rerun pass `-p parser --lib`
[INFO] [stdout] 
[INFO] [stdout] failures:
[INFO] [stdout] 
[INFO] [stdout] ---- ast::tests::test_insert stdout ----
[INFO] [stdout] thread 'ast::tests::test_insert' panicked at crates/parser/src/value.rs:49:52:
[INFO] [stdout] called `Result::unwrap()` on an `Err` value: Empty
[INFO] [stdout] stack backtrace:
[INFO] [stdout]    0:     0x5979365f29aa - std::backtrace_rs::backtrace::libunwind::trace::h8810477743020387
[INFO] [stdout]                                at /rustc/202008a1b8de96d2e5b6bc02d379db03a877d34d/library/std/src/../../backtrace/src/backtrace/libunwind.rs:116:5
[INFO] [stdout]    1:     0x5979365f29aa - std::backtrace_rs::backtrace::trace_unsynchronized::h3aa55355dd6c54a6
[INFO] [stdout]                                at /rustc/202008a1b8de96d2e5b6bc02d379db03a877d34d/library/std/src/../../backtrace/src/backtrace/mod.rs:66:5
[INFO] [stdout]    2:     0x5979365f29aa - std::sys::backtrace::_print_fmt::h8588b0f62410823f
[INFO] [stdout]                                at /rustc/202008a1b8de96d2e5b6bc02d379db03a877d34d/library/std/src/sys/backtrace.rs:66:9
[INFO] [stdout]    3:     0x5979365f29aa - <std::sys::backtrace::BacktraceLock::print::DisplayBacktrace as core::fmt::Display>::fmt::h98c26ac25ffe89bb
[INFO] [stdout]                                at /rustc/202008a1b8de96d2e5b6bc02d379db03a877d34d/library/std/src/sys/backtrace.rs:39:26
[INFO] [stdout]    4:     0x597936618473 - core::fmt::rt::Argument::fmt::hf95377f4aebd453b
[INFO] [stdout]                                at /rustc/202008a1b8de96d2e5b6bc02d379db03a877d34d/library/core/src/fmt/rt.rs:177:76
[INFO] [stdout]    5:     0x597936618473 - core::fmt::write::h0dd5f6e2238c7982
[INFO] [stdout]                                at /rustc/202008a1b8de96d2e5b6bc02d379db03a877d34d/library/core/src/fmt/mod.rs:1189:21
[INFO] [stdout]    6:     0x5979365efb43 - std::io::Write::write_fmt::h03bb0ca26e6faf8c
[INFO] [stdout]                                at /rustc/202008a1b8de96d2e5b6bc02d379db03a877d34d/library/std/src/io/mod.rs:1884:15
[INFO] [stdout]    7:     0x5979365f27f2 - std::sys::backtrace::BacktraceLock::print::h5c19c1c038ee186d
[INFO] [stdout]                                at /rustc/202008a1b8de96d2e5b6bc02d379db03a877d34d/library/std/src/sys/backtrace.rs:42:9
[INFO] [stdout]    8:     0x5979365f3e2d - std::panicking::default_hook::{{closure}}::h77172f079a1fcb13
[INFO] [stdout]                                at /rustc/202008a1b8de96d2e5b6bc02d379db03a877d34d/library/std/src/panicking.rs:268:22
[INFO] [stdout]    9:     0x5979365f3c37 - std::panicking::default_hook::he5f8e3b203ccddba
[INFO] [stdout]                                at /rustc/202008a1b8de96d2e5b6bc02d379db03a877d34d/library/std/src/panicking.rs:292:9
[INFO] [stdout]   10:     0x597936591a87 - <alloc::boxed::Box<F,A> as core::ops::function::Fn<Args>>::call::h7a3c7b4a1ae77f2f
[INFO] [stdout]                                at /rustc/202008a1b8de96d2e5b6bc02d379db03a877d34d/library/alloc/src/boxed.rs:1986:9
[INFO] [stdout]   11:     0x597936591a87 - test::test_main::{{closure}}::hf0d3b69ae9b353d1
[INFO] [stdout]                                at /rustc/202008a1b8de96d2e5b6bc02d379db03a877d34d/library/test/src/lib.rs:134:21
[INFO] [stdout]   12:     0x5979365f44d8 - <alloc::boxed::Box<F,A> as core::ops::function::Fn<Args>>::call::h6332e82e7b189abd
[INFO] [stdout]                                at /rustc/202008a1b8de96d2e5b6bc02d379db03a877d34d/library/alloc/src/boxed.rs:1986:9
[INFO] [stdout]   13:     0x5979365f44d8 - std::panicking::rust_panic_with_hook::h53863d4e9018df39
[INFO] [stdout]                                at /rustc/202008a1b8de96d2e5b6bc02d379db03a877d34d/library/std/src/panicking.rs:809:13
[INFO] [stdout]   14:     0x5979365f429a - std::panicking::begin_panic_handler::{{closure}}::h67280e6fa0757873
[INFO] [stdout]                                at /rustc/202008a1b8de96d2e5b6bc02d379db03a877d34d/library/std/src/panicking.rs:674:13
[INFO] [stdout]   15:     0x5979365f2e89 - std::sys::backtrace::__rust_end_short_backtrace::h1dac3f54d6fbbeb2
[INFO] [stdout]                                at /rustc/202008a1b8de96d2e5b6bc02d379db03a877d34d/library/std/src/sys/backtrace.rs:170:18
[INFO] [stdout]   16:     0x5979365f3f2c - rust_begin_unwind
[INFO] [stdout]                                at /rustc/202008a1b8de96d2e5b6bc02d379db03a877d34d/library/std/src/panicking.rs:665:5
[INFO] [stdout]   17:     0x597936532080 - core::panicking::panic_fmt::h6792bd1b2bf01041
[INFO] [stdout]                                at /rustc/202008a1b8de96d2e5b6bc02d379db03a877d34d/library/core/src/panicking.rs:76:14
[INFO] [stdout]   18:     0x5979365324c6 - core::result::unwrap_failed::h05e0602ed34287c5
[INFO] [stdout]                                at /rustc/202008a1b8de96d2e5b6bc02d379db03a877d34d/library/core/src/result.rs:1699:5
[INFO] [stdout]   19:     0x597936557335 - core::result::Result<T,E>::unwrap::h33c57baf82ab41fa
[INFO] [stdout]                                at /rustc/202008a1b8de96d2e5b6bc02d379db03a877d34d/library/core/src/result.rs:1104:23
[INFO] [stdout]   20:     0x597936557335 - parser::value::parse_number_value::h1967306a21a732f6
[INFO] [stdout]                                at /opt/rustwide/workdir/crates/parser/src/value.rs:49:23
[INFO] [stdout]   21:     0x59793653930e - core::ops::function::FnMut::call_mut::h8c4744b81ac5c843
[INFO] [stdout]                                at /rustc/202008a1b8de96d2e5b6bc02d379db03a877d34d/library/core/src/ops/function.rs:166:5
[INFO] [stdout]   22:     0x59793655511e - <F as nom::internal::Parser<I,O,E>>::parse::h6cd67ac7ea03ac9c
[INFO] [stdout]                                at /opt/rustwide/cargo-home/registry/src/index.crates.io-6f17d22bba15001f/nom-7.1.3/src/internal.rs:325:5
[INFO] [stdout]   23:     0x59793653ca28 - <(A,B) as nom::branch::Alt<Input,Output,Error>>::choice::h37ffc8ba45cccc56
[INFO] [stdout]                                at /opt/rustwide/cargo-home/registry/src/index.crates.io-6f17d22bba15001f/nom-7.1.3/src/branch/mod.rs:146:11
[INFO] [stdout]   24:     0x597936552996 - nom::branch::alt::{{closure}}::hecf82c4fbba13cc9
[INFO] [stdout]                                at /opt/rustwide/cargo-home/registry/src/index.crates.io-6f17d22bba15001f/nom-7.1.3/src/branch/mod.rs:50:15
[INFO] [stdout]   25:     0x59793655534e - <F as nom::internal::Parser<I,O,E>>::parse::he6c2994fed76f91f
[INFO] [stdout]                                at /opt/rustwide/cargo-home/registry/src/index.crates.io-6f17d22bba15001f/nom-7.1.3/src/internal.rs:325:5
[INFO] [stdout]   26:     0x597936542f0b - nom::sequence::terminated::{{closure}}::hda96817e5d4ddd32
[INFO] [stdout]                                at /opt/rustwide/cargo-home/registry/src/index.crates.io-6f17d22bba15001f/nom-7.1.3/src/sequence/mod.rs:106:23
[INFO] [stdout]   27:     0x59793654744e - <F as nom::internal::Parser<I,O,E>>::parse::hf993600e38e4a7e1
[INFO] [stdout]                                at /opt/rustwide/cargo-home/registry/src/index.crates.io-6f17d22bba15001f/nom-7.1.3/src/internal.rs:325:5
[INFO] [stdout]   28:     0x597936544c30 - nom::sequence::preceded::{{closure}}::h39cac406db2d1a52
[INFO] [stdout]                                at /opt/rustwide/cargo-home/registry/src/index.crates.io-6f17d22bba15001f/nom-7.1.3/src/sequence/mod.rs:73:5
[INFO] [stdout]   29:     0x597936546e5e - <F as nom::internal::Parser<I,O,E>>::parse::h2a9e3aa4c161d438
[INFO] [stdout]                                at /opt/rustwide/cargo-home/registry/src/index.crates.io-6f17d22bba15001f/nom-7.1.3/src/internal.rs:325:5
[INFO] [stdout]   30:     0x597936537304 - nom::error::context::{{closure}}::h477407c9c21f2366
[INFO] [stdout]                                at /opt/rustwide/cargo-home/registry/src/index.crates.io-6f17d22bba15001f/nom-7.1.3/src/error.rs:240:21
[INFO] [stdout]   31:     0x59793655752b - <parser::value::Value as parser::parse::Parse>::parse::h4e9711bc7e7930ce
[INFO] [stdout]                                at /opt/rustwide/workdir/crates/parser/src/value.rs:55:9
[INFO] [stdout]   32:     0x59793653903e - core::ops::function::FnMut::call_mut::h14444804d16d01cf
[INFO] [stdout]                                at /rustc/202008a1b8de96d2e5b6bc02d379db03a877d34d/library/core/src/ops/function.rs:166:5
[INFO] [stdout]   33:     0x59793655539e - <F as nom::internal::Parser<I,O,E>>::parse::hf9bdd5b8a58239ce
[INFO] [stdout]                                at /opt/rustwide/cargo-home/registry/src/index.crates.io-6f17d22bba15001f/nom-7.1.3/src/internal.rs:325:5
[INFO] [stdout]   34:     0x59793654b547 - nom::multi::separated_list1::{{closure}}::h796eb8b7fec52d1d
[INFO] [stdout]                                at /opt/rustwide/cargo-home/registry/src/index.crates.io-6f17d22bba15001f/nom-7.1.3/src/multi/mod.rs:316:11
[INFO] [stdout]   35:     0x59793654e7de - <F as nom::internal::Parser<I,O,E>>::parse::h28a10ce852682b26
[INFO] [stdout]                                at /opt/rustwide/cargo-home/registry/src/index.crates.io-6f17d22bba15001f/nom-7.1.3/src/internal.rs:325:5
[INFO] [stdout]   36:     0x5979365492ed - <nom_supreme::parser_ext::Context<P,C> as nom::internal::Parser<I,O,E>>::parse::hb45f899b1faa4812
[INFO] [stdout]                                at /opt/rustwide/cargo-home/registry/src/index.crates.io-6f17d22bba15001f/nom-supreme-0.8.0/src/parser_ext.rs:1287:9
[INFO] [stdout]   37:     0x597936544db0 - nom::sequence::preceded::{{closure}}::h6068d6f08b05a0e0
[INFO] [stdout]                                at /opt/rustwide/cargo-home/registry/src/index.crates.io-6f17d22bba15001f/nom-7.1.3/src/sequence/mod.rs:73:5
[INFO] [stdout]   38:     0x597936546dbe - <F as nom::internal::Parser<I,O,E>>::parse::h01e86e3a8455e947
[INFO] [stdout]                                at /opt/rustwide/cargo-home/registry/src/index.crates.io-6f17d22bba15001f/nom-7.1.3/src/internal.rs:325:5
[INFO] [stdout]   39:     0x5979365416a8 - <(FnA,FnB,FnC,FnD,FnE) as nom::sequence::Tuple<Input,(A,B,C,D,E),Error>>::parse::he14858c609e032c6
[INFO] [stdout]                                at /opt/rustwide/cargo-home/registry/src/index.crates.io-6f17d22bba15001f/nom-7.1.3/src/sequence/mod.rs:246:18
[INFO] [stdout]   40:     0x5979365449d6 - nom::sequence::tuple::{{closure}}::ha5695302c9c8a590
[INFO] [stdout]                                at /opt/rustwide/cargo-home/registry/src/index.crates.io-6f17d22bba15001f/nom-7.1.3/src/sequence/mod.rs:278:15
[INFO] [stdout]   41:     0x5979365471ce - <F as nom::internal::Parser<I,O,E>>::parse::h90e24355e93489be
[INFO] [stdout]                                at /opt/rustwide/cargo-home/registry/src/index.crates.io-6f17d22bba15001f/nom-7.1.3/src/internal.rs:325:5
[INFO] [stdout]   42:     0x597936537663 - nom::error::context::{{closure}}::h5ede2721c4317a04
[INFO] [stdout]                                at /opt/rustwide/cargo-home/registry/src/index.crates.io-6f17d22bba15001f/nom-7.1.3/src/error.rs:240:21
[INFO] [stdout]   43:     0x597936556517 - <parser::commands::insert::InsertStatement as parser::parse::Parse>::parse::h428735f7f5bcc432
[INFO] [stdout]                                at /opt/rustwide/workdir/crates/parser/src/commands/insert.rs:22:59
[INFO] [stdout]   44:     0x5979365393fe - core::ops::function::FnMut::call_mut::hbb56b59b781771a4
[INFO] [stdout]                                at /rustc/202008a1b8de96d2e5b6bc02d379db03a877d34d/library/core/src/ops/function.rs:166:5
[INFO] [stdout]   45:     0x59793655516e - <F as nom::internal::Parser<I,O,E>>::parse::h795eb06c760d8346
[INFO] [stdout]                                at /opt/rustwide/cargo-home/registry/src/index.crates.io-6f17d22bba15001f/nom-7.1.3/src/internal.rs:325:5
[INFO] [stdout]   46:     0x597936535e7b - nom::combinator::map::{{closure}}::he1b9b2976ff1096b
[INFO] [stdout]                                at /opt/rustwide/cargo-home/registry/src/index.crates.io-6f17d22bba15001f/nom-7.1.3/src/combinator/mod.rs:79:23
[INFO] [stdout]   47:     0x59793653c07e - <F as nom::internal::Parser<I,O,E>>::parse::hc919ec2b21e0b3c1
[INFO] [stdout]                                at /opt/rustwide/cargo-home/registry/src/index.crates.io-6f17d22bba15001f/nom-7.1.3/src/internal.rs:325:5
[INFO] [stdout]   48:     0x597936543cd7 - nom::sequence::pair::{{closure}}::h2b009faea5cf81d7
[INFO] [stdout]                                at /opt/rustwide/cargo-home/registry/src/index.crates.io-6f17d22bba15001f/nom-7.1.3/src/sequence/mod.rs:39:5
[INFO] [stdout]   49:     0x597936546efe - <F as nom::internal::Parser<I,O,E>>::parse::h47860714cd5a9443
[INFO] [stdout]                                at /opt/rustwide/cargo-home/registry/src/index.crates.io-6f17d22bba15001f/nom-7.1.3/src/internal.rs:325:5
[INFO] [stdout]   50:     0x59793653586b - nom::combinator::map::{{closure}}::hba1ceb3fa6f20ed3
[INFO] [stdout]                                at /opt/rustwide/cargo-home/registry/src/index.crates.io-6f17d22bba15001f/nom-7.1.3/src/combinator/mod.rs:79:23
[INFO] [stdout]   51:     0x59793653c02e - <F as nom::internal::Parser<I,O,E>>::parse::hc248775c2542e9b1
[INFO] [stdout]                                at /opt/rustwide/cargo-home/registry/src/index.crates.io-6f17d22bba15001f/nom-7.1.3/src/internal.rs:325:5
[INFO] [stdout]   52:     0x59793653d6c0 - <(A,B,C) as nom::branch::Alt<Input,Output,Error>>::choice::had3fb7892440fd9f
[INFO] [stdout]                                at /opt/rustwide/cargo-home/registry/src/index.crates.io-6f17d22bba15001f/nom-7.1.3/src/branch/mod.rs:146:11
[INFO] [stdout]   53:     0x597936552976 - nom::branch::alt::{{closure}}::hccb95e73275b859d
[INFO] [stdout]                                at /opt/rustwide/cargo-home/registry/src/index.crates.io-6f17d22bba15001f/nom-7.1.3/src/branch/mod.rs:50:15
[INFO] [stdout]   54:     0x59793655525e - <F as nom::internal::Parser<I,O,E>>::parse::ha27a70c0c643fe9d
[INFO] [stdout]                                at /opt/rustwide/cargo-home/registry/src/index.crates.io-6f17d22bba15001f/nom-7.1.3/src/internal.rs:325:5
[INFO] [stdout]   55:     0x597936552087 - <(FnA,FnB,FnC,FnD) as nom::sequence::Tuple<Input,(A,B,C,D),Error>>::parse::h2b44ddacee18e8a3
[INFO] [stdout]                                at /opt/rustwide/cargo-home/registry/src/index.crates.io-6f17d22bba15001f/nom-7.1.3/src/sequence/mod.rs:236:18
[INFO] [stdout]   56:     0x5979365449b6 - nom::sequence::tuple::{{closure}}::h63af625008f60dbd
[INFO] [stdout]                                at /opt/rustwide/cargo-home/registry/src/index.crates.io-6f17d22bba15001f/nom-7.1.3/src/sequence/mod.rs:278:15
[INFO] [stdout]   57:     0x597936546f4e - <F as nom::internal::Parser<I,O,E>>::parse::h4db6fbd4a4b908b2
[INFO] [stdout]                                at /opt/rustwide/cargo-home/registry/src/index.crates.io-6f17d22bba15001f/nom-7.1.3/src/internal.rs:325:5
[INFO] [stdout]   58:     0x597936545230 - nom::sequence::preceded::{{closure}}::hdba0e178d198ed0c
[INFO] [stdout]                                at /opt/rustwide/cargo-home/registry/src/index.crates.io-6f17d22bba15001f/nom-7.1.3/src/sequence/mod.rs:73:5
[INFO] [stdout]   59:     0x597936546f9e - <F as nom::internal::Parser<I,O,E>>::parse::h60a9dc6cfc979cd8
[INFO] [stdout]                                at /opt/rustwide/cargo-home/registry/src/index.crates.io-6f17d22bba15001f/nom-7.1.3/src/internal.rs:325:5
[INFO] [stdout]   60:     0x597936537a03 - nom::error::context::{{closure}}::h8ee4d46cdd2ef27c
[INFO] [stdout]                                at /opt/rustwide/cargo-home/registry/src/index.crates.io-6f17d22bba15001f/nom-7.1.3/src/error.rs:240:21
[INFO] [stdout]   61:     0x597936551904 - <parser::ast::SqlQuery as parser::parse::Parse>::parse::he2c5dd41565dbe29
[INFO] [stdout]                                at /opt/rustwide/workdir/crates/parser/src/ast.rs:28:40
[INFO] [stdout]   62:     0x597936551ab9 - parser::parse::Parse::parse_from_raw::he98e61453496533f
[INFO] [stdout]                                at /opt/rustwide/workdir/crates/parser/src/parse.rs:28:9
[INFO] [stdout]   63:     0x597936548743 - parser::ast::tests::test_insert::h362695c341233fdb
[INFO] [stdout]                                at /opt/rustwide/workdir/crates/parser/src/ast.rs:117:13
[INFO] [stdout]   64:     0x5979365484e7 - parser::ast::tests::test_insert::{{closure}}::hf32d3103f38981a2
[INFO] [stdout]                                at /opt/rustwide/workdir/crates/parser/src/ast.rs:108:21
[INFO] [stdout]   65:     0x597936539636 - core::ops::function::FnOnce::call_once::ha92a0a01c4cf84bb
[INFO] [stdout]                                at /rustc/202008a1b8de96d2e5b6bc02d379db03a877d34d/library/core/src/ops/function.rs:250:5
[INFO] [stdout]   66:     0x5979365965ab - core::ops::function::FnOnce::call_once::h871bf86719ec9aa4
[INFO] [stdout]                                at /rustc/202008a1b8de96d2e5b6bc02d379db03a877d34d/library/core/src/ops/function.rs:250:5
[INFO] [stdout]   67:     0x5979365965ab - test::__rust_begin_short_backtrace::h2167df1e2b7d76fd
[INFO] [stdout]                                at /rustc/202008a1b8de96d2e5b6bc02d379db03a877d34d/library/test/src/lib.rs:632:18
[INFO] [stdout]   68:     0x597936595f98 - test::run_test_in_process::{{closure}}::h15d92f75a3adfb79
[INFO] [stdout]                                at /rustc/202008a1b8de96d2e5b6bc02d379db03a877d34d/library/test/src/lib.rs:655:60
[INFO] [stdout]   69:     0x597936595f98 - <core::panic::unwind_safe::AssertUnwindSafe<F> as core::ops::function::FnOnce<()>>::call_once::hb6c8955835a8dbbb
[INFO] [stdout]                                at /rustc/202008a1b8de96d2e5b6bc02d379db03a877d34d/library/core/src/panic/unwind_safe.rs:272:9
[INFO] [stdout]   70:     0x597936595f98 - std::panicking::try::do_call::hc79d0fc888a0bd30
[INFO] [stdout]                                at /rustc/202008a1b8de96d2e5b6bc02d379db03a877d34d/library/std/src/panicking.rs:557:40
[INFO] [stdout]   71:     0x597936595f98 - std::panicking::try::hb8a7878e3a8589d6
[INFO] [stdout]                                at /rustc/202008a1b8de96d2e5b6bc02d379db03a877d34d/library/std/src/panicking.rs:520:19
[INFO] [stdout]   72:     0x597936595f98 - std::panic::catch_unwind::hb8e4600ff0ff5cfa
[INFO] [stdout]                                at /rustc/202008a1b8de96d2e5b6bc02d379db03a877d34d/library/std/src/panic.rs:358:14
[INFO] [stdout]   73:     0x597936595f98 - test::run_test_in_process::hc2900b0b18688dd6
[INFO] [stdout]                                at /rustc/202008a1b8de96d2e5b6bc02d379db03a877d34d/library/test/src/lib.rs:655:27
[INFO] [stdout]   74:     0x597936595f98 - test::run_test::{{closure}}::hac2a9cb07be3d48d
[INFO] [stdout]                                at /rustc/202008a1b8de96d2e5b6bc02d379db03a877d34d/library/test/src/lib.rs:576:43
[INFO] [stdout]   75:     0x597936559a3a - test::run_test::{{closure}}::h4a5b729e66a38cd8
[INFO] [stdout]                                at /rustc/202008a1b8de96d2e5b6bc02d379db03a877d34d/library/test/src/lib.rs:606:41
[INFO] [stdout]   76:     0x597936559a3a - std::sys::backtrace::__rust_begin_short_backtrace::h0496fb742492f573
[INFO] [stdout]                                at /rustc/202008a1b8de96d2e5b6bc02d379db03a877d34d/library/std/src/sys/backtrace.rs:154:18
[INFO] [stdout]   77:     0x59793655d3b4 - std::thread::Builder::spawn_unchecked_::{{closure}}::{{closure}}::hbb6d257c550a54bd
[INFO] [stdout]                                at /rustc/202008a1b8de96d2e5b6bc02d379db03a877d34d/library/std/src/thread/mod.rs:561:17
[INFO] [stdout]   78:     0x59793655d3b4 - <core::panic::unwind_safe::AssertUnwindSafe<F> as core::ops::function::FnOnce<()>>::call_once::h46696fe4a6832328
[INFO] [stdout]                                at /rustc/202008a1b8de96d2e5b6bc02d379db03a877d34d/library/core/src/panic/unwind_safe.rs:272:9
[INFO] [stdout]   79:     0x59793655d3b4 - std::panicking::try::do_call::h2625a51b667bfb64
[INFO] [stdout]                                at /rustc/202008a1b8de96d2e5b6bc02d379db03a877d34d/library/std/src/panicking.rs:557:40
[INFO] [stdout]   80:     0x59793655d3b4 - std::panicking::try::hb956a59a1973aa4c
[INFO] [stdout]                                at /rustc/202008a1b8de96d2e5b6bc02d379db03a877d34d/library/std/src/panicking.rs:520:19
[INFO] [stdout]   81:     0x59793655d3b4 - std::panic::catch_unwind::h64f3b9d1067ef6a0
[INFO] [stdout]                                at /rustc/202008a1b8de96d2e5b6bc02d379db03a877d34d/library/std/src/panic.rs:358:14
[INFO] [stdout]   82:     0x59793655d3b4 - std::thread::Builder::spawn_unchecked_::{{closure}}::h42b2841295b6c0b2
[INFO] [stdout]                                at /rustc/202008a1b8de96d2e5b6bc02d379db03a877d34d/library/std/src/thread/mod.rs:559:30
[INFO] [stdout]   83:     0x59793655d3b4 - core::ops::function::FnOnce::call_once{{vtable.shim}}::h6127de71b8124639
[INFO] [stdout]                                at /rustc/202008a1b8de96d2e5b6bc02d379db03a877d34d/library/core/src/ops/function.rs:250:5
[INFO] [stdout]   84:     0x5979365f841b - <alloc::boxed::Box<F,A> as core::ops::function::FnOnce<Args>>::call_once::h42f0ba71002a1b2c
[INFO] [stdout]                                at /rustc/202008a1b8de96d2e5b6bc02d379db03a877d34d/library/alloc/src/boxed.rs:1972:9
[INFO] [stdout]   85:     0x5979365f841b - <alloc::boxed::Box<F,A> as core::ops::function::FnOnce<Args>>::call_once::had9e47d7a3dcecb8
[INFO] [stdout]                                at /rustc/202008a1b8de96d2e5b6bc02d379db03a877d34d/library/alloc/src/boxed.rs:1972:9
[INFO] [stdout]   86:     0x5979365f841b - std::sys::pal::unix::thread::Thread::new::thread_start::h48cf765408f6f5f2
[INFO] [stdout]                                at /rustc/202008a1b8de96d2e5b6bc02d379db03a877d34d/library/std/src/sys/pal/unix/thread.rs:105:17
[INFO] [stdout]   87:     0x7b3d21a3eac3 - <unknown>
[INFO] [stdout]   88:     0x7b3d21acfa04 - clone
[INFO] [stdout]   89:                0x0 - <unknown>
[INFO] [stdout] 
[INFO] [stdout] 
[INFO] [stdout] failures:
[INFO] [stdout]     ast::tests::test_insert
[INFO] [stdout] 
[INFO] [stdout] test result: FAILED. 6 passed; 1 failed; 0 ignored; 0 measured; 0 filtered out; finished in 0.07s
[INFO] [stdout] 
[INFO] running `Command { std: "docker" "inspect" "b0787eb4a61f0c94b3ae377b30dac739848ce0eef859e671c6d6996ad72f243b", kill_on_drop: false }`
[INFO] running `Command { std: "docker" "rm" "-f" "b0787eb4a61f0c94b3ae377b30dac739848ce0eef859e671c6d6996ad72f243b", kill_on_drop: false }`
[INFO] [stdout] b0787eb4a61f0c94b3ae377b30dac739848ce0eef859e671c6d6996ad72f243b
