[INFO] cloning repository https://github.com/brxken128/dexios
[INFO] running `Command { std: "git" "-c" "credential.helper=" "-c" "credential.helper=/workspace/cargo-home/bin/git-credential-null" "clone" "--bare" "https://github.com/brxken128/dexios" "/workspace/cache/git-repos/https%3A%2F%2Fgithub.com%2Fbrxken128%2Fdexios", kill_on_drop: false }`
[INFO] [stderr] Cloning into bare repository '/workspace/cache/git-repos/https%3A%2F%2Fgithub.com%2Fbrxken128%2Fdexios'...
[INFO] running `Command { std: "git" "rev-parse" "HEAD", kill_on_drop: false }`
[INFO] [stdout] 5bb93ba13ab13043b01f9dc8edf4f8c483a223c2
[INFO] testing brxken128/dexios against 1.83.0 for beta-1.84.0-4-retry
[INFO] running `Command { std: "git" "clone" "/workspace/cache/git-repos/https%3A%2F%2Fgithub.com%2Fbrxken128%2Fdexios" "/workspace/builds/worker-5-tc1/source", kill_on_drop: false }`
[INFO] [stderr] Cloning into '/workspace/builds/worker-5-tc1/source'...
[INFO] [stderr] done.
[INFO] validating manifest of git repo https://github.com/brxken128/dexios on toolchain 1.83.0
[INFO] running `Command { std: CARGO_HOME="/workspace/cargo-home" RUSTUP_HOME="/workspace/rustup-home" "/workspace/cargo-home/bin/cargo" "+1.83.0" "metadata" "--manifest-path" "Cargo.toml" "--no-deps", kill_on_drop: false }`
[INFO] started tweaking git repo https://github.com/brxken128/dexios
[INFO] finished tweaking git repo https://github.com/brxken128/dexios
[INFO] tweaked toml for git repo https://github.com/brxken128/dexios written to /workspace/builds/worker-5-tc1/source/Cargo.toml
[INFO] crate git repo https://github.com/brxken128/dexios already has a lockfile, it will not be regenerated
[INFO] running `Command { std: CARGO_HOME="/workspace/cargo-home" RUSTUP_HOME="/workspace/rustup-home" "/workspace/cargo-home/bin/cargo" "+1.83.0" "fetch" "--manifest-path" "Cargo.toml", kill_on_drop: false }`
[INFO] [stderr] warning: virtual workspace defaulting to `resolver = "1"` despite one or more workspace members being on edition 2021 which implies `resolver = "2"`
[INFO] [stderr] note: to keep the current resolver, specify `workspace.resolver = "1"` in the workspace root's manifest
[INFO] [stderr] note: to use the edition 2021 resolver, specify `workspace.resolver = "2"` in the workspace root's manifest
[INFO] [stderr] note: for more details see https://doc.rust-lang.org/cargo/reference/resolver.html#resolver-versions
[INFO] [stderr]     Updating crates.io index
[INFO] [stderr]  Downloading crates ...
[INFO] [stderr]   Downloaded deoxys v0.1.0
[INFO] [stderr]   Downloaded balloon-hash v0.3.0
[INFO] [stderr]   Downloaded chacha20 v0.9.0
[INFO] [stderr]   Downloaded base64ct v1.5.1
[INFO] [stderr]   Downloaded clap v3.2.21
[INFO] running `Command { std: "docker" "create" "-v" "/var/lib/crater-agent-workspace/builds/worker-5-tc1/target:/opt/rustwide/target:rw,Z" "-v" "/var/lib/crater-agent-workspace/builds/worker-5-tc1/source:/opt/rustwide/workdir:ro,Z" "-v" "/var/lib/crater-agent-workspace/cargo-home:/opt/rustwide/cargo-home:ro,Z" "-v" "/var/lib/crater-agent-workspace/rustup-home:/opt/rustwide/rustup-home:ro,Z" "-e" "SOURCE_DIR=/opt/rustwide/workdir" "-e" "CARGO_TARGET_DIR=/opt/rustwide/target" "-e" "CARGO_HOME=/opt/rustwide/cargo-home" "-e" "RUSTUP_HOME=/opt/rustwide/rustup-home" "-w" "/opt/rustwide/workdir" "-m" "1610612736" "--user" "0:0" "--network" "none" "ghcr.io/rust-lang/crates-build-env/linux@sha256:f3a9d4ad9d972b27faf3965f35b62e55ba32bbce8f20bc8fe909558a86702fde" "/opt/rustwide/cargo-home/bin/cargo" "+1.83.0" "metadata" "--no-deps" "--format-version=1", kill_on_drop: false }`
[INFO] [stdout] 89bdaeefecdcd3e82367c31038ef2af69abf7c06c37ce9145148e8ac157ec449
[INFO] running `Command { std: "docker" "start" "-a" "89bdaeefecdcd3e82367c31038ef2af69abf7c06c37ce9145148e8ac157ec449", kill_on_drop: false }`
[INFO] running `Command { std: "docker" "inspect" "89bdaeefecdcd3e82367c31038ef2af69abf7c06c37ce9145148e8ac157ec449", kill_on_drop: false }`
[INFO] running `Command { std: "docker" "rm" "-f" "89bdaeefecdcd3e82367c31038ef2af69abf7c06c37ce9145148e8ac157ec449", kill_on_drop: false }`
[INFO] [stdout] 89bdaeefecdcd3e82367c31038ef2af69abf7c06c37ce9145148e8ac157ec449
[INFO] running `Command { std: "docker" "create" "-v" "/var/lib/crater-agent-workspace/builds/worker-5-tc1/target:/opt/rustwide/target:rw,Z" "-v" "/var/lib/crater-agent-workspace/builds/worker-5-tc1/source:/opt/rustwide/workdir:ro,Z" "-v" "/var/lib/crater-agent-workspace/cargo-home:/opt/rustwide/cargo-home:ro,Z" "-v" "/var/lib/crater-agent-workspace/rustup-home:/opt/rustwide/rustup-home:ro,Z" "-e" "SOURCE_DIR=/opt/rustwide/workdir" "-e" "CARGO_TARGET_DIR=/opt/rustwide/target" "-e" "CARGO_INCREMENTAL=0" "-e" "RUST_BACKTRACE=full" "-e" "RUSTFLAGS=--cap-lints=warn" "-e" "RUSTDOCFLAGS=--cap-lints=warn" "-e" "CARGO_HOME=/opt/rustwide/cargo-home" "-e" "RUSTUP_HOME=/opt/rustwide/rustup-home" "-w" "/opt/rustwide/workdir" "-m" "1610612736" "--user" "0:0" "--network" "none" "ghcr.io/rust-lang/crates-build-env/linux@sha256:f3a9d4ad9d972b27faf3965f35b62e55ba32bbce8f20bc8fe909558a86702fde" "/opt/rustwide/cargo-home/bin/cargo" "+1.83.0" "build" "--frozen" "--message-format=json", kill_on_drop: false }`
[INFO] [stdout] f5b99b333060f1ee670e82372ccb0e2bdf1453685dfb5e8bd6600b827739c1c9
[INFO] running `Command { std: "docker" "start" "-a" "f5b99b333060f1ee670e82372ccb0e2bdf1453685dfb5e8bd6600b827739c1c9", kill_on_drop: false }`
[INFO] [stderr] warning: virtual workspace defaulting to `resolver = "1"` despite one or more workspace members being on edition 2021 which implies `resolver = "2"`
[INFO] [stderr] note: to keep the current resolver, specify `workspace.resolver = "1"` in the workspace root's manifest
[INFO] [stderr] note: to use the edition 2021 resolver, specify `workspace.resolver = "2"` in the workspace root's manifest
[INFO] [stderr] note: for more details see https://doc.rust-lang.org/cargo/reference/resolver.html#resolver-versions
[INFO] [stderr]    Compiling libc v0.2.126
[INFO] [stderr]    Compiling cfg-if v1.0.0
[INFO] [stderr]    Compiling version_check v0.9.4
[INFO] [stderr]    Compiling typenum v1.15.0
[INFO] [stderr]    Compiling subtle v2.4.1
[INFO] [stderr]    Compiling cpufeatures v0.2.2
[INFO] [stderr]    Compiling zeroize v1.5.7
[INFO] [stderr]    Compiling opaque-debug v0.3.0
[INFO] [stderr]    Compiling zstd-safe v5.0.2+zstd.1.5.2
[INFO] [stderr]    Compiling base64ct v1.5.1
[INFO] [stderr]    Compiling anyhow v1.0.65
[INFO] [stderr]    Compiling autocfg v1.1.0
[INFO] [stderr]    Compiling ppv-lite86 v0.2.16
[INFO] [stderr]    Compiling crc32fast v1.3.2
[INFO] [stderr]    Compiling arrayref v0.3.6
[INFO] [stderr]    Compiling arrayvec v0.7.2
[INFO] [stderr]    Compiling constant_time_eq v0.2.4
[INFO] [stderr]    Compiling byteorder v1.4.3
[INFO] [stderr]    Compiling os_str_bytes v6.2.0
[INFO] [stderr]    Compiling same-file v1.0.6
[INFO] [stderr]    Compiling hashbrown v0.12.3
[INFO] [stderr]    Compiling walkdir v2.3.2
[INFO] [stderr]    Compiling textwrap v0.15.0
[INFO] [stderr]    Compiling strsim v0.10.0
[INFO] [stderr]    Compiling once_cell v1.13.0
[INFO] [stderr]    Compiling bitflags v1.3.2
[INFO] [stderr]    Compiling clap_lex v0.2.4
[INFO] [stderr]    Compiling termcolor v1.1.3
[INFO] [stderr]    Compiling dexios-gui v0.0.0 (/opt/rustwide/workdir/dexios-gui)
[INFO] [stderr]    Compiling generic-array v0.14.5
[INFO] [stderr]    Compiling indexmap v1.9.1
[INFO] [stderr]    Compiling getrandom v0.2.7
[INFO] [stderr]    Compiling jobserver v0.1.24
[INFO] [stderr]    Compiling atty v0.2.14
[INFO] [stderr]    Compiling rtoolbox v0.0.1
[INFO] [stderr]    Compiling rpassword v7.2.0
[INFO] [stderr]    Compiling rand_core v0.6.3
[INFO] [stderr]    Compiling cc v1.0.73
[INFO] [stderr]    Compiling clap v3.2.21
[INFO] [stderr]    Compiling password-hash v0.4.2
[INFO] [stderr]    Compiling rand_chacha v0.3.1
[INFO] [stderr]    Compiling rand v0.8.5
[INFO] [stderr]    Compiling zstd-sys v2.0.1+zstd.1.5.2
[INFO] [stderr]    Compiling blake3 v1.3.3
[INFO] [stderr]    Compiling crypto-common v0.1.6
[INFO] [stderr]    Compiling inout v0.1.3
[INFO] [stderr]    Compiling block-buffer v0.10.2
[INFO] [stderr]    Compiling crypto-bigint v0.4.8
[INFO] [stderr]    Compiling cipher v0.4.3
[INFO] [stderr]    Compiling universal-hash v0.5.0
[INFO] [stderr]    Compiling digest v0.10.3
[INFO] [stderr]    Compiling aead v0.5.1
[INFO] [stderr]    Compiling polyval v0.6.0
[INFO] [stderr]    Compiling poly1305 v0.8.0
[INFO] [stderr]    Compiling blake2 v0.10.4
[INFO] [stderr]    Compiling ghash v0.5.0
[INFO] [stderr]    Compiling aes v0.8.1
[INFO] [stderr]    Compiling ctr v0.9.1
[INFO] [stderr]    Compiling chacha20 v0.9.0
[INFO] [stderr]    Compiling argon2 v0.4.1
[INFO] [stderr]    Compiling balloon-hash v0.3.0
[INFO] [stderr]    Compiling chacha20poly1305 v0.10.1
[INFO] [stderr]    Compiling deoxys v0.1.0
[INFO] [stderr]    Compiling aes-gcm v0.10.1
[INFO] [stderr]    Compiling dexios-core v1.2.0 (/opt/rustwide/workdir/dexios-core)
[INFO] [stderr]    Compiling zstd v0.11.2+zstd.1.5.2
[INFO] [stderr]    Compiling zip v0.6.3
[INFO] [stderr]    Compiling dexios-domain v1.0.1 (/opt/rustwide/workdir/dexios-domain)
[INFO] [stdout] warning: unnecessary qualification
[INFO] [stdout]   --> dexios-domain/src/key/add.rs:30:23
[INFO] [stdout]    |
[INFO] [stdout] 30 |     let (header, _) = core::header::Header::deserialize(&mut *req.handle.borrow_mut())
[INFO] [stdout]    |                       ^^^^^^^^^^^^^^^^^^^^^^^^^^^^^^^^^
[INFO] [stdout]    |
[INFO] [stdout] note: the lint level is defined here
[INFO] [stdout]   --> dexios-domain/src/lib.rs:42:5
[INFO] [stdout]    |
[INFO] [stdout] 42 |     unused_qualifications,
[INFO] [stdout]    |     ^^^^^^^^^^^^^^^^^^^^^
[INFO] [stdout] help: remove the unnecessary path segments
[INFO] [stdout]    |
[INFO] [stdout] 30 -     let (header, _) = core::header::Header::deserialize(&mut *req.handle.borrow_mut())
[INFO] [stdout] 30 +     let (header, _) = Header::deserialize(&mut *req.handle.borrow_mut())
[INFO] [stdout]    |
[INFO] [stdout] 
[INFO] [stdout] 
[INFO] [stdout] warning: unnecessary qualification
[INFO] [stdout]   --> dexios-domain/src/key/change.rs:30:23
[INFO] [stdout]    |
[INFO] [stdout] 30 |     let (header, _) = core::header::Header::deserialize(&mut *req.handle.borrow_mut())
[INFO] [stdout]    |                       ^^^^^^^^^^^^^^^^^^^^^^^^^^^^^^^^^
[INFO] [stdout]    |
[INFO] [stdout] help: remove the unnecessary path segments
[INFO] [stdout]    |
[INFO] [stdout] 30 -     let (header, _) = core::header::Header::deserialize(&mut *req.handle.borrow_mut())
[INFO] [stdout] 30 +     let (header, _) = Header::deserialize(&mut *req.handle.borrow_mut())
[INFO] [stdout]    |
[INFO] [stdout] 
[INFO] [stdout] 
[INFO] [stdout] warning: unnecessary qualification
[INFO] [stdout]   --> dexios-domain/src/key/delete.rs:22:23
[INFO] [stdout]    |
[INFO] [stdout] 22 |     let (header, _) = core::header::Header::deserialize(&mut *req.handle.borrow_mut())
[INFO] [stdout]    |                       ^^^^^^^^^^^^^^^^^^^^^^^^^^^^^^^^^
[INFO] [stdout]    |
[INFO] [stdout] help: remove the unnecessary path segments
[INFO] [stdout]    |
[INFO] [stdout] 22 -     let (header, _) = core::header::Header::deserialize(&mut *req.handle.borrow_mut())
[INFO] [stdout] 22 +     let (header, _) = Header::deserialize(&mut *req.handle.borrow_mut())
[INFO] [stdout]    |
[INFO] [stdout] 
[INFO] [stdout] 
[INFO] [stderr]    Compiling dexios v8.8.1 (/opt/rustwide/workdir/dexios)
[INFO] [stdout] warning: fields `dir_mode` and `print_mode` are never read
[INFO] [stdout]   --> dexios/src/global/structs.rs:19:9
[INFO] [stdout]    |
[INFO] [stdout] 18 | pub struct PackParams {
[INFO] [stdout]    |            ---------- fields in this struct
[INFO] [stdout] 19 |     pub dir_mode: DirectoryMode,
[INFO] [stdout]    |         ^^^^^^^^
[INFO] [stdout] 20 |     pub print_mode: PrintMode,
[INFO] [stdout]    |         ^^^^^^^^^^
[INFO] [stdout]    |
[INFO] [stdout]    = note: `#[warn(dead_code)]` on by default
[INFO] [stdout] 
[INFO] [stdout] 
[INFO] [stderr]     Finished `dev` profile [unoptimized + debuginfo] target(s) in 35.95s
[INFO] running `Command { std: "docker" "inspect" "f5b99b333060f1ee670e82372ccb0e2bdf1453685dfb5e8bd6600b827739c1c9", kill_on_drop: false }`
[INFO] running `Command { std: "docker" "rm" "-f" "f5b99b333060f1ee670e82372ccb0e2bdf1453685dfb5e8bd6600b827739c1c9", kill_on_drop: false }`
[INFO] [stdout] f5b99b333060f1ee670e82372ccb0e2bdf1453685dfb5e8bd6600b827739c1c9
[INFO] running `Command { std: "docker" "create" "-v" "/var/lib/crater-agent-workspace/builds/worker-5-tc1/target:/opt/rustwide/target:rw,Z" "-v" "/var/lib/crater-agent-workspace/builds/worker-5-tc1/source:/opt/rustwide/workdir:ro,Z" "-v" "/var/lib/crater-agent-workspace/cargo-home:/opt/rustwide/cargo-home:ro,Z" "-v" "/var/lib/crater-agent-workspace/rustup-home:/opt/rustwide/rustup-home:ro,Z" "-e" "SOURCE_DIR=/opt/rustwide/workdir" "-e" "CARGO_TARGET_DIR=/opt/rustwide/target" "-e" "CARGO_INCREMENTAL=0" "-e" "RUST_BACKTRACE=full" "-e" "RUSTFLAGS=--cap-lints=warn" "-e" "RUSTDOCFLAGS=--cap-lints=warn" "-e" "CARGO_HOME=/opt/rustwide/cargo-home" "-e" "RUSTUP_HOME=/opt/rustwide/rustup-home" "-w" "/opt/rustwide/workdir" "-m" "1610612736" "--user" "0:0" "--network" "none" "ghcr.io/rust-lang/crates-build-env/linux@sha256:f3a9d4ad9d972b27faf3965f35b62e55ba32bbce8f20bc8fe909558a86702fde" "/opt/rustwide/cargo-home/bin/cargo" "+1.83.0" "test" "--frozen" "--no-run" "--message-format=json", kill_on_drop: false }`
[INFO] [stdout] 2b1e0e318bc730fea3f63ba1dc1f04e77ac4287e7634e10f1e1102f1b9cb3664
[INFO] running `Command { std: "docker" "start" "-a" "2b1e0e318bc730fea3f63ba1dc1f04e77ac4287e7634e10f1e1102f1b9cb3664", kill_on_drop: false }`
[INFO] [stderr] warning: virtual workspace defaulting to `resolver = "1"` despite one or more workspace members being on edition 2021 which implies `resolver = "2"`
[INFO] [stderr] note: to keep the current resolver, specify `workspace.resolver = "1"` in the workspace root's manifest
[INFO] [stderr] note: to use the edition 2021 resolver, specify `workspace.resolver = "2"` in the workspace root's manifest
[INFO] [stderr] note: for more details see https://doc.rust-lang.org/cargo/reference/resolver.html#resolver-versions
[INFO] [stderr]    Compiling dexios-gui v0.0.0 (/opt/rustwide/workdir/dexios-gui)
[INFO] [stderr]    Compiling dexios-core v1.2.0 (/opt/rustwide/workdir/dexios-core)
[INFO] [stderr]    Compiling dexios-domain v1.0.1 (/opt/rustwide/workdir/dexios-domain)
[INFO] [stderr]    Compiling dexios v8.8.1 (/opt/rustwide/workdir/dexios)
[INFO] [stdout] warning: unnecessary qualification
[INFO] [stdout]   --> dexios-domain/src/key/add.rs:30:23
[INFO] [stdout]    |
[INFO] [stdout] 30 |     let (header, _) = core::header::Header::deserialize(&mut *req.handle.borrow_mut())
[INFO] [stdout]    |                       ^^^^^^^^^^^^^^^^^^^^^^^^^^^^^^^^^
[INFO] [stdout]    |
[INFO] [stdout] note: the lint level is defined here
[INFO] [stdout]   --> dexios-domain/src/lib.rs:42:5
[INFO] [stdout]    |
[INFO] [stdout] 42 |     unused_qualifications,
[INFO] [stdout]    |     ^^^^^^^^^^^^^^^^^^^^^
[INFO] [stdout] help: remove the unnecessary path segments
[INFO] [stdout]    |
[INFO] [stdout] 30 -     let (header, _) = core::header::Header::deserialize(&mut *req.handle.borrow_mut())
[INFO] [stdout] 30 +     let (header, _) = Header::deserialize(&mut *req.handle.borrow_mut())
[INFO] [stdout]    |
[INFO] [stdout] 
[INFO] [stdout] 
[INFO] [stdout] warning: unnecessary qualification
[INFO] [stdout]   --> dexios-domain/src/key/change.rs:30:23
[INFO] [stdout]    |
[INFO] [stdout] 30 |     let (header, _) = core::header::Header::deserialize(&mut *req.handle.borrow_mut())
[INFO] [stdout]    |                       ^^^^^^^^^^^^^^^^^^^^^^^^^^^^^^^^^
[INFO] [stdout]    |
[INFO] [stdout] help: remove the unnecessary path segments
[INFO] [stdout]    |
[INFO] [stdout] 30 -     let (header, _) = core::header::Header::deserialize(&mut *req.handle.borrow_mut())
[INFO] [stdout] 30 +     let (header, _) = Header::deserialize(&mut *req.handle.borrow_mut())
[INFO] [stdout]    |
[INFO] [stdout] 
[INFO] [stdout] 
[INFO] [stdout] warning: unnecessary qualification
[INFO] [stdout]   --> dexios-domain/src/key/delete.rs:22:23
[INFO] [stdout]    |
[INFO] [stdout] 22 |     let (header, _) = core::header::Header::deserialize(&mut *req.handle.borrow_mut())
[INFO] [stdout]    |                       ^^^^^^^^^^^^^^^^^^^^^^^^^^^^^^^^^
[INFO] [stdout]    |
[INFO] [stdout] help: remove the unnecessary path segments
[INFO] [stdout]    |
[INFO] [stdout] 22 -     let (header, _) = core::header::Header::deserialize(&mut *req.handle.borrow_mut())
[INFO] [stdout] 22 +     let (header, _) = Header::deserialize(&mut *req.handle.borrow_mut())
[INFO] [stdout]    |
[INFO] [stdout] 
[INFO] [stdout] 
[INFO] [stdout] warning: unnecessary qualification
[INFO] [stdout]   --> dexios-domain/src/key/add.rs:30:23
[INFO] [stdout]    |
[INFO] [stdout] 30 |     let (header, _) = core::header::Header::deserialize(&mut *req.handle.borrow_mut())
[INFO] [stdout]    |                       ^^^^^^^^^^^^^^^^^^^^^^^^^^^^^^^^^
[INFO] [stdout]    |
[INFO] [stdout] note: the lint level is defined here
[INFO] [stdout]   --> dexios-domain/src/lib.rs:42:5
[INFO] [stdout]    |
[INFO] [stdout] 42 |     unused_qualifications,
[INFO] [stdout]    |     ^^^^^^^^^^^^^^^^^^^^^
[INFO] [stdout] help: remove the unnecessary path segments
[INFO] [stdout]    |
[INFO] [stdout] 30 -     let (header, _) = core::header::Header::deserialize(&mut *req.handle.borrow_mut())
[INFO] [stdout] 30 +     let (header, _) = Header::deserialize(&mut *req.handle.borrow_mut())
[INFO] [stdout]    |
[INFO] [stdout] 
[INFO] [stdout] 
[INFO] [stdout] warning: unnecessary qualification
[INFO] [stdout]   --> dexios-domain/src/key/change.rs:30:23
[INFO] [stdout]    |
[INFO] [stdout] 30 |     let (header, _) = core::header::Header::deserialize(&mut *req.handle.borrow_mut())
[INFO] [stdout]    |                       ^^^^^^^^^^^^^^^^^^^^^^^^^^^^^^^^^
[INFO] [stdout]    |
[INFO] [stdout] help: remove the unnecessary path segments
[INFO] [stdout]    |
[INFO] [stdout] 30 -     let (header, _) = core::header::Header::deserialize(&mut *req.handle.borrow_mut())
[INFO] [stdout] 30 +     let (header, _) = Header::deserialize(&mut *req.handle.borrow_mut())
[INFO] [stdout]    |
[INFO] [stdout] 
[INFO] [stdout] 
[INFO] [stdout] warning: unnecessary qualification
[INFO] [stdout]   --> dexios-domain/src/key/delete.rs:22:23
[INFO] [stdout]    |
[INFO] [stdout] 22 |     let (header, _) = core::header::Header::deserialize(&mut *req.handle.borrow_mut())
[INFO] [stdout]    |                       ^^^^^^^^^^^^^^^^^^^^^^^^^^^^^^^^^
[INFO] [stdout]    |
[INFO] [stdout] help: remove the unnecessary path segments
[INFO] [stdout]    |
[INFO] [stdout] 22 -     let (header, _) = core::header::Header::deserialize(&mut *req.handle.borrow_mut())
[INFO] [stdout] 22 +     let (header, _) = Header::deserialize(&mut *req.handle.borrow_mut())
[INFO] [stdout]    |
[INFO] [stdout] 
[INFO] [stdout] 
[INFO] [stdout] warning: fields `dir_mode` and `print_mode` are never read
[INFO] [stdout]   --> dexios/src/global/structs.rs:19:9
[INFO] [stdout]    |
[INFO] [stdout] 18 | pub struct PackParams {
[INFO] [stdout]    |            ---------- fields in this struct
[INFO] [stdout] 19 |     pub dir_mode: DirectoryMode,
[INFO] [stdout]    |         ^^^^^^^^
[INFO] [stdout] 20 |     pub print_mode: PrintMode,
[INFO] [stdout]    |         ^^^^^^^^^^
[INFO] [stdout]    |
[INFO] [stdout]    = note: `#[warn(dead_code)]` on by default
[INFO] [stdout] 
[INFO] [stdout] 
[INFO] [stderr]     Finished `test` profile [unoptimized + debuginfo] target(s) in 3.37s
[INFO] running `Command { std: "docker" "inspect" "2b1e0e318bc730fea3f63ba1dc1f04e77ac4287e7634e10f1e1102f1b9cb3664", kill_on_drop: false }`
[INFO] running `Command { std: "docker" "rm" "-f" "2b1e0e318bc730fea3f63ba1dc1f04e77ac4287e7634e10f1e1102f1b9cb3664", kill_on_drop: false }`
[INFO] [stdout] 2b1e0e318bc730fea3f63ba1dc1f04e77ac4287e7634e10f1e1102f1b9cb3664
[INFO] running `Command { std: "docker" "create" "-v" "/var/lib/crater-agent-workspace/builds/worker-5-tc1/target:/opt/rustwide/target:rw,Z" "-v" "/var/lib/crater-agent-workspace/builds/worker-5-tc1/source:/opt/rustwide/workdir:ro,Z" "-v" "/var/lib/crater-agent-workspace/cargo-home:/opt/rustwide/cargo-home:ro,Z" "-v" "/var/lib/crater-agent-workspace/rustup-home:/opt/rustwide/rustup-home:ro,Z" "-e" "SOURCE_DIR=/opt/rustwide/workdir" "-e" "CARGO_TARGET_DIR=/opt/rustwide/target" "-e" "CARGO_INCREMENTAL=0" "-e" "RUST_BACKTRACE=full" "-e" "RUSTFLAGS=--cap-lints=warn" "-e" "RUSTDOCFLAGS=--cap-lints=warn" "-e" "CARGO_HOME=/opt/rustwide/cargo-home" "-e" "RUSTUP_HOME=/opt/rustwide/rustup-home" "-w" "/opt/rustwide/workdir" "-m" "1610612736" "--user" "0:0" "--network" "none" "ghcr.io/rust-lang/crates-build-env/linux@sha256:f3a9d4ad9d972b27faf3965f35b62e55ba32bbce8f20bc8fe909558a86702fde" "/opt/rustwide/cargo-home/bin/cargo" "+1.83.0" "test" "--frozen", kill_on_drop: false }`
[INFO] [stdout] da2ed39edcc43271d9b69571773069382d30fe6b08a4e691dde2e65093ca1560
[INFO] running `Command { std: "docker" "start" "-a" "da2ed39edcc43271d9b69571773069382d30fe6b08a4e691dde2e65093ca1560", kill_on_drop: false }`
[INFO] [stderr] warning: virtual workspace defaulting to `resolver = "1"` despite one or more workspace members being on edition 2021 which implies `resolver = "2"`
[INFO] [stderr] note: to keep the current resolver, specify `workspace.resolver = "1"` in the workspace root's manifest
[INFO] [stderr] note: to use the edition 2021 resolver, specify `workspace.resolver = "2"` in the workspace root's manifest
[INFO] [stderr] note: for more details see https://doc.rust-lang.org/cargo/reference/resolver.html#resolver-versions
[INFO] [stderr] warning: unnecessary qualification
[INFO] [stderr]   --> dexios-domain/src/key/add.rs:30:23
[INFO] [stderr]    |
[INFO] [stderr] 30 |     let (header, _) = core::header::Header::deserialize(&mut *req.handle.borrow_mut())
[INFO] [stderr]    |                       ^^^^^^^^^^^^^^^^^^^^^^^^^^^^^^^^^
[INFO] [stderr]    |
[INFO] [stderr] note: the lint level is defined here
[INFO] [stderr]   --> dexios-domain/src/lib.rs:42:5
[INFO] [stderr]    |
[INFO] [stderr] 42 |     unused_qualifications,
[INFO] [stderr]    |     ^^^^^^^^^^^^^^^^^^^^^
[INFO] [stderr] help: remove the unnecessary path segments
[INFO] [stderr]    |
[INFO] [stderr] 30 -     let (header, _) = core::header::Header::deserialize(&mut *req.handle.borrow_mut())
[INFO] [stderr] 30 +     let (header, _) = Header::deserialize(&mut *req.handle.borrow_mut())
[INFO] [stderr]    |
[INFO] [stderr] 
[INFO] [stderr] warning: unnecessary qualification
[INFO] [stderr]   --> dexios-domain/src/key/change.rs:30:23
[INFO] [stderr]    |
[INFO] [stderr] 30 |     let (header, _) = core::header::Header::deserialize(&mut *req.handle.borrow_mut())
[INFO] [stderr]    |                       ^^^^^^^^^^^^^^^^^^^^^^^^^^^^^^^^^
[INFO] [stderr]    |
[INFO] [stderr] help: remove the unnecessary path segments
[INFO] [stderr]    |
[INFO] [stderr] 30 -     let (header, _) = core::header::Header::deserialize(&mut *req.handle.borrow_mut())
[INFO] [stderr] 30 +     let (header, _) = Header::deserialize(&mut *req.handle.borrow_mut())
[INFO] [stderr]    |
[INFO] [stderr] 
[INFO] [stderr] warning: unnecessary qualification
[INFO] [stderr]   --> dexios-domain/src/key/delete.rs:22:23
[INFO] [stderr]    |
[INFO] [stderr] 22 |     let (header, _) = core::header::Header::deserialize(&mut *req.handle.borrow_mut())
[INFO] [stderr]    |                       ^^^^^^^^^^^^^^^^^^^^^^^^^^^^^^^^^
[INFO] [stderr]    |
[INFO] [stderr] help: remove the unnecessary path segments
[INFO] [stderr]    |
[INFO] [stderr] 22 -     let (header, _) = core::header::Header::deserialize(&mut *req.handle.borrow_mut())
[INFO] [stderr] 22 +     let (header, _) = Header::deserialize(&mut *req.handle.borrow_mut())
[INFO] [stderr]    |
[INFO] [stderr] 
[INFO] [stderr] warning: `dexios-domain` (lib) generated 3 warnings (run `cargo fix --lib -p dexios-domain` to apply 3 suggestions)
[INFO] [stderr] warning: `dexios-domain` (lib test) generated 3 warnings (3 duplicates)
[INFO] [stderr] warning: fields `dir_mode` and `print_mode` are never read
[INFO] [stderr]   --> dexios/src/global/structs.rs:19:9
[INFO] [stderr]    |
[INFO] [stderr] 18 | pub struct PackParams {
[INFO] [stderr]    |            ---------- fields in this struct
[INFO] [stderr] 19 |     pub dir_mode: DirectoryMode,
[INFO] [stderr]    |         ^^^^^^^^
[INFO] [stderr] 20 |     pub print_mode: PrintMode,
[INFO] [stderr]    |         ^^^^^^^^^^
[INFO] [stderr]    |
[INFO] [stderr]    = note: `#[warn(dead_code)]` on by default
[INFO] [stderr] 
[INFO] [stderr] warning: `dexios` (bin "dexios" test) generated 1 warning
[INFO] [stderr]     Finished `test` profile [unoptimized + debuginfo] target(s) in 0.08s
[INFO] [stderr]      Running unittests src/main.rs (/opt/rustwide/target/debug/deps/dexios-160b1595de1606e3)
[INFO] [stderr]      Running unittests src/lib.rs (/opt/rustwide/target/debug/deps/dexios_core-5c1caaf80df4ad8f)
[INFO] [stdout] 
[INFO] [stdout] running 0 tests
[INFO] [stdout] 
[INFO] [stdout] test result: ok. 0 passed; 0 failed; 0 ignored; 0 measured; 0 filtered out; finished in 0.00s
[INFO] [stdout] 
[INFO] [stdout] 
[INFO] [stderr]      Running unittests src/lib.rs (/opt/rustwide/target/debug/deps/dexios_domain-8133ed8d159458d4)
[INFO] [stdout] running 0 tests
[INFO] [stdout] 
[INFO] [stdout] test result: ok. 0 passed; 0 failed; 0 ignored; 0 measured; 0 filtered out; finished in 0.00s
[INFO] [stdout] 
[INFO] [stdout] 
[INFO] [stdout] running 37 tests
[INFO] [stdout] test erase::tests::should_erase_file ... ok
[INFO] [stdout] test overwrite::tests::should_erase_fill_random_bytes_zero_times ... ok
[INFO] [stdout] test overwrite::tests::should_erase_fill_random_bytes_one_hundred_times ... ok
[INFO] [stdout] test erase::tests::should_not_open_file ... ok
[INFO] [stdout] test hash::tests::should_hash_string ... ok
[INFO] [stdout] test overwrite::tests::should_overwrite_perfectly_divisible_content ... ok
[INFO] [stdout] test hash::tests::should_reset_position_and_make_hash ... ok
[INFO] [stdout] test storage::tests::should_get_file_length ... ok
[INFO] [stdout] test storage::tests::should_create_a_new_file ... ok
[INFO] [stdout] test hash::tests::should_hash_big_string ... ok
[INFO] [stdout] test overwrite::tests::should_overwrite_small_content ... ok
[INFO] [stdout] test storage::tests::should_include_hidden_files_names ... ok
[INFO] [stdout] test storage::tests::should_not_open_file_to_write ... ok
[INFO] [stdout] test storage::tests::should_open_dir ... ok
[INFO] [stdout] test storage::tests::should_open_exist_file_in_read_mode ... ok
[INFO] [stdout] test storage::tests::should_remove_a_file_in_read_mode ... ok
[INFO] [stdout] test storage::tests::should_remove_a_file_in_write_mode ... ok
[INFO] [stdout] test overwrite::tests::should_overwrite_empty_content ... ok
[INFO] [stdout] test overwrite::tests::should_overwrite_not_perfectly_divisible_content ... ok
[INFO] [stdout] test storage::tests::should_open_exist_file_in_write_mode ... ok
[INFO] [stdout] test storage::tests::should_write_content_to_file ... ok
[INFO] [stdout] test storage::tests::should_return_file_names_of_dir_subfiles ... ok
[INFO] [stdout] test unpack::tests::should_unpack_encrypted_archive ... ignored, not yet implemented
[INFO] [stdout] test storage::tests::should_throw_an_error_if_file_already_exist ... ok
[INFO] [stdout] test overwrite::tests::should_overwrite_large_content ... ok
[INFO] [stdout] test storage::tests::should_remove_dir_recursively_with_subfiles ... ok
[INFO] [stdout] test storage::tests::should_remove_dir_with_subfiles ... ok
[INFO] [stdout] test storage::tests::should_not_open_file_to_read ... ok
[INFO] [stdout] test erase_dir::tests::should_erase_dir_recursively_with_subfiles ... ok
[INFO] [stdout] test decrypt::tests::should_decrypt_encrypted_content_with_v4_version has been running for over 60 seconds
[INFO] [stdout] test decrypt::tests::should_decrypt_encrypted_content_with_v5_version has been running for over 60 seconds
[INFO] [stdout] test decrypt::tests::should_decrypt_encrypted_detached_header_and_content_with_v5_version has been running for over 60 seconds
[INFO] [stdout] test decrypt::tests::should_decrypt_encrypted_full_detached_header_and_content_with_v5_version has been running for over 60 seconds
[INFO] [stdout] test encrypt::tests::should_encrypt_content_with_v4_version has been running for over 60 seconds
[INFO] [stdout] test encrypt::tests::should_encrypt_content_with_v5_version has been running for over 60 seconds
[INFO] [stdout] test encrypt::tests::should_save_header_separately has been running for over 60 seconds
[INFO] [stdout] test pack::tests::should_pack_bar_directory has been running for over 60 seconds
[INFO] [stdout] test encrypt::tests::should_encrypt_content_with_v4_version ... ok
[INFO] [stdout] test encrypt::tests::should_save_header_separately ... ok
[INFO] [stdout] test encrypt::tests::should_encrypt_content_with_v5_version ... ok
[INFO] [stdout] test decrypt::tests::should_decrypt_encrypted_content_with_v4_version ... ok
[INFO] [stdout] test decrypt::tests::should_decrypt_encrypted_full_detached_header_and_content_with_v5_version ... FAILED
[INFO] [stdout] test pack::tests::should_pack_bar_directory ... ok
[INFO] [stdout] test decrypt::tests::should_decrypt_encrypted_detached_header_and_content_with_v5_version ... ok
[INFO] [stdout] test decrypt::tests::should_decrypt_encrypted_content_with_v5_version ... ok
[INFO] [stdout] 
[INFO] [stdout] failures:
[INFO] [stdout] 
[INFO] [stdout] ---- decrypt::tests::should_decrypt_encrypted_full_detached_header_and_content_with_v5_version stdout ----
[INFO] [stdout] thread 'decrypt::tests::should_decrypt_encrypted_full_detached_header_and_content_with_v5_version' panicked at dexios-domain/src/decrypt.rs:260:18:
[INFO] [stdout] internal error: entered unreachable code
[INFO] [stdout] stack backtrace:
[INFO] [stdout]    0:     0x5643e3fdc2da - std::backtrace_rs::backtrace::libunwind::trace::h5a5b8284f2d0c266
[INFO] [stdout]                                at /rustc/90b35a6239c3d8bdabc530a6a0816f7ff89a0aaf/library/std/src/../../backtrace/src/backtrace/libunwind.rs:116:5
[INFO] [stdout]    1:     0x5643e3fdc2da - std::backtrace_rs::backtrace::trace_unsynchronized::h76d4f1c9b0b875e3
[INFO] [stdout]                                at /rustc/90b35a6239c3d8bdabc530a6a0816f7ff89a0aaf/library/std/src/../../backtrace/src/backtrace/mod.rs:66:5
[INFO] [stdout]    2:     0x5643e3fdc2da - std::sys::backtrace::_print_fmt::hc4546b8364a537c6
[INFO] [stdout]                                at /rustc/90b35a6239c3d8bdabc530a6a0816f7ff89a0aaf/library/std/src/sys/backtrace.rs:66:9
[INFO] [stdout]    3:     0x5643e3fdc2da - <std::sys::backtrace::BacktraceLock::print::DisplayBacktrace as core::fmt::Display>::fmt::h5b6bd5631a6d1f6b
[INFO] [stdout]                                at /rustc/90b35a6239c3d8bdabc530a6a0816f7ff89a0aaf/library/std/src/sys/backtrace.rs:39:26
[INFO] [stdout]    4:     0x5643e4001803 - core::fmt::rt::Argument::fmt::h270f6602a2b96f62
[INFO] [stdout]                                at /rustc/90b35a6239c3d8bdabc530a6a0816f7ff89a0aaf/library/core/src/fmt/rt.rs:177:76
[INFO] [stdout]    5:     0x5643e4001803 - core::fmt::write::h7550c97b06c86515
[INFO] [stdout]                                at /rustc/90b35a6239c3d8bdabc530a6a0816f7ff89a0aaf/library/core/src/fmt/mod.rs:1186:21
[INFO] [stdout]    6:     0x5643e3fd90b3 - std::io::Write::write_fmt::h509ff860e5956e5e
[INFO] [stdout]                                at /rustc/90b35a6239c3d8bdabc530a6a0816f7ff89a0aaf/library/std/src/io/mod.rs:1839:15
[INFO] [stdout]    7:     0x5643e3fdc122 - std::sys::backtrace::BacktraceLock::print::h2395ccd2c84ba3aa
[INFO] [stdout]                                at /rustc/90b35a6239c3d8bdabc530a6a0816f7ff89a0aaf/library/std/src/sys/backtrace.rs:42:9
[INFO] [stdout]    8:     0x5643e3fdd73a - std::panicking::default_hook::{{closure}}::he19d4c7230e07961
[INFO] [stdout]                                at /rustc/90b35a6239c3d8bdabc530a6a0816f7ff89a0aaf/library/std/src/panicking.rs:268:22
[INFO] [stdout]    9:     0x5643e3fdd544 - std::panicking::default_hook::hf614597d3c67bbdb
[INFO] [stdout]                                at /rustc/90b35a6239c3d8bdabc530a6a0816f7ff89a0aaf/library/std/src/panicking.rs:292:9
[INFO] [stdout]   10:     0x5643e3e0b279 - <alloc::boxed::Box<F,A> as core::ops::function::Fn<Args>>::call::h39b51ce4599c23d1
[INFO] [stdout]                                at /rustc/90b35a6239c3d8bdabc530a6a0816f7ff89a0aaf/library/alloc/src/boxed.rs:2468:9
[INFO] [stdout]   11:     0x5643e3e0b279 - test::test_main::{{closure}}::he977ae839a582784
[INFO] [stdout]                                at /rustc/90b35a6239c3d8bdabc530a6a0816f7ff89a0aaf/library/test/src/lib.rs:133:21
[INFO] [stdout]   12:     0x5643e3fdddd8 - <alloc::boxed::Box<F,A> as core::ops::function::Fn<Args>>::call::h9455091b6b06f9fb
[INFO] [stdout]                                at /rustc/90b35a6239c3d8bdabc530a6a0816f7ff89a0aaf/library/alloc/src/boxed.rs:2468:9
[INFO] [stdout]   13:     0x5643e3fdddd8 - std::panicking::rust_panic_with_hook::h8942133a8b252070
[INFO] [stdout]                                at /rustc/90b35a6239c3d8bdabc530a6a0816f7ff89a0aaf/library/std/src/panicking.rs:809:13
[INFO] [stdout]   14:     0x5643e3fddb66 - std::panicking::begin_panic_handler::{{closure}}::hb5f5963570096b29
[INFO] [stdout]                                at /rustc/90b35a6239c3d8bdabc530a6a0816f7ff89a0aaf/library/std/src/panicking.rs:667:13
[INFO] [stdout]   15:     0x5643e3fdc7b9 - std::sys::backtrace::__rust_end_short_backtrace::h6208cedc1922feda
[INFO] [stdout]                                at /rustc/90b35a6239c3d8bdabc530a6a0816f7ff89a0aaf/library/std/src/sys/backtrace.rs:170:18
[INFO] [stdout]   16:     0x5643e3fdd82c - rust_begin_unwind
[INFO] [stdout]                                at /rustc/90b35a6239c3d8bdabc530a6a0816f7ff89a0aaf/library/std/src/panicking.rs:665:5
[INFO] [stdout]   17:     0x5643e3d72100 - core::panicking::panic_fmt::h0c3082644d1bf418
[INFO] [stdout]                                at /rustc/90b35a6239c3d8bdabc530a6a0816f7ff89a0aaf/library/core/src/panicking.rs:74:14
[INFO] [stdout]   18:     0x5643e3d7218c - core::panicking::panic::h957f98c65a3b3074
[INFO] [stdout]                                at /rustc/90b35a6239c3d8bdabc530a6a0816f7ff89a0aaf/library/core/src/panicking.rs:148:5
[INFO] [stdout]   19:     0x5643e3d887bd - dexios_domain::decrypt::tests::should_decrypt_encrypted_full_detached_header_and_content_with_v5_version::hc7847e28a20f4a1d
[INFO] [stdout]                                at /opt/rustwide/workdir/dexios-domain/src/decrypt.rs:260:18
[INFO] [stdout]   20:     0x5643e3d88527 - dexios_domain::decrypt::tests::should_decrypt_encrypted_full_detached_header_and_content_with_v5_version::{{closure}}::hc620ce30669a34c9
[INFO] [stdout]                                at /opt/rustwide/workdir/dexios-domain/src/decrypt.rs:238:83
[INFO] [stdout]   21:     0x5643e3d7dbd6 - core::ops::function::FnOnce::call_once::h6adc889d79f86f0f
[INFO] [stdout]                                at /rustc/90b35a6239c3d8bdabc530a6a0816f7ff89a0aaf/library/core/src/ops/function.rs:250:5
[INFO] [stdout]   22:     0x5643e3e0fc3b - core::ops::function::FnOnce::call_once::h109cf8051a59b34e
[INFO] [stdout]                                at /rustc/90b35a6239c3d8bdabc530a6a0816f7ff89a0aaf/library/core/src/ops/function.rs:250:5
[INFO] [stdout]   23:     0x5643e3e0fc3b - test::__rust_begin_short_backtrace::hf4fff89d377446ba
[INFO] [stdout]                                at /rustc/90b35a6239c3d8bdabc530a6a0816f7ff89a0aaf/library/test/src/lib.rs:621:18
[INFO] [stdout]   24:     0x5643e3e0f477 - test::run_test_in_process::{{closure}}::h0e39181dd7ee5a43
[INFO] [stdout]                                at /rustc/90b35a6239c3d8bdabc530a6a0816f7ff89a0aaf/library/test/src/lib.rs:644:60
[INFO] [stdout]   25:     0x5643e3e0f477 - <core::panic::unwind_safe::AssertUnwindSafe<F> as core::ops::function::FnOnce<()>>::call_once::hc5a66a30f0bdfd1f
[INFO] [stdout]                                at /rustc/90b35a6239c3d8bdabc530a6a0816f7ff89a0aaf/library/core/src/panic/unwind_safe.rs:272:9
[INFO] [stdout]   26:     0x5643e3e0f477 - std::panicking::try::do_call::h873b7cf639554a5e
[INFO] [stdout]                                at /rustc/90b35a6239c3d8bdabc530a6a0816f7ff89a0aaf/library/std/src/panicking.rs:557:40
[INFO] [stdout]   27:     0x5643e3e0f477 - std::panicking::try::hdb19862fad9c8bd1
[INFO] [stdout]                                at /rustc/90b35a6239c3d8bdabc530a6a0816f7ff89a0aaf/library/std/src/panicking.rs:520:19
[INFO] [stdout]   28:     0x5643e3e0f477 - std::panic::catch_unwind::h281fe732d236d260
[INFO] [stdout]                                at /rustc/90b35a6239c3d8bdabc530a6a0816f7ff89a0aaf/library/std/src/panic.rs:358:14
[INFO] [stdout]   29:     0x5643e3e0f477 - test::run_test_in_process::h949b6df8457ed338
[INFO] [stdout]                                at /rustc/90b35a6239c3d8bdabc530a6a0816f7ff89a0aaf/library/test/src/lib.rs:644:27
[INFO] [stdout]   30:     0x5643e3e0f477 - test::run_test::{{closure}}::h52c556a6d4740e10
[INFO] [stdout]                                at /rustc/90b35a6239c3d8bdabc530a6a0816f7ff89a0aaf/library/test/src/lib.rs:565:43
[INFO] [stdout]   31:     0x5643e3dd4754 - test::run_test::{{closure}}::h4237f6381c45ccb9
[INFO] [stdout]                                at /rustc/90b35a6239c3d8bdabc530a6a0816f7ff89a0aaf/library/test/src/lib.rs:595:41
[INFO] [stdout]   32:     0x5643e3dd4754 - std::sys::backtrace::__rust_begin_short_backtrace::h505c97a579eca628
[INFO] [stdout]                                at /rustc/90b35a6239c3d8bdabc530a6a0816f7ff89a0aaf/library/std/src/sys/backtrace.rs:154:18
[INFO] [stdout]   33:     0x5643e3dd7e1e - std::thread::Builder::spawn_unchecked_::{{closure}}::{{closure}}::h9e86b2e2bc107ea3
[INFO] [stdout]                                at /rustc/90b35a6239c3d8bdabc530a6a0816f7ff89a0aaf/library/std/src/thread/mod.rs:538:17
[INFO] [stdout]   34:     0x5643e3dd7e1e - <core::panic::unwind_safe::AssertUnwindSafe<F> as core::ops::function::FnOnce<()>>::call_once::h8b06ddb275ff4a25
[INFO] [stdout]                                at /rustc/90b35a6239c3d8bdabc530a6a0816f7ff89a0aaf/library/core/src/panic/unwind_safe.rs:272:9
[INFO] [stdout]   35:     0x5643e3dd7e1e - std::panicking::try::do_call::hb26ecd7cd9a9355d
[INFO] [stdout]                                at /rustc/90b35a6239c3d8bdabc530a6a0816f7ff89a0aaf/library/std/src/panicking.rs:557:40
[INFO] [stdout]   36:     0x5643e3dd7e1e - std::panicking::try::h8ddeca9d705f9069
[INFO] [stdout]                                at /rustc/90b35a6239c3d8bdabc530a6a0816f7ff89a0aaf/library/std/src/panicking.rs:520:19
[INFO] [stdout]   37:     0x5643e3dd7e1e - std::panic::catch_unwind::h49e1c33078844c46
[INFO] [stdout]                                at /rustc/90b35a6239c3d8bdabc530a6a0816f7ff89a0aaf/library/std/src/panic.rs:358:14
[INFO] [stdout]   38:     0x5643e3dd7e1e - std::thread::Builder::spawn_unchecked_::{{closure}}::h6073db6ff56ad35d
[INFO] [stdout]                                at /rustc/90b35a6239c3d8bdabc530a6a0816f7ff89a0aaf/library/std/src/thread/mod.rs:537:30
[INFO] [stdout]   39:     0x5643e3dd7e1e - core::ops::function::FnOnce::call_once{{vtable.shim}}::h2c5a5f3779c774f1
[INFO] [stdout]                                at /rustc/90b35a6239c3d8bdabc530a6a0816f7ff89a0aaf/library/core/src/ops/function.rs:250:5
[INFO] [stdout]   40:     0x5643e3fe1bab - <alloc::boxed::Box<F,A> as core::ops::function::FnOnce<Args>>::call_once::hf75717d9f28faebf
[INFO] [stdout]                                at /rustc/90b35a6239c3d8bdabc530a6a0816f7ff89a0aaf/library/alloc/src/boxed.rs:2454:9
[INFO] [stdout]   41:     0x5643e3fe1bab - <alloc::boxed::Box<F,A> as core::ops::function::FnOnce<Args>>::call_once::h7bd883a5f3c5f3c1
[INFO] [stdout]                                at /rustc/90b35a6239c3d8bdabc530a6a0816f7ff89a0aaf/library/alloc/src/boxed.rs:2454:9
[INFO] [stdout]   42:     0x5643e3fe1bab - std::sys::pal::unix::thread::Thread::new::thread_start::hcc78f3943333fa94
[INFO] [stdout]                                at /rustc/90b35a6239c3d8bdabc530a6a0816f7ff89a0aaf/library/std/src/sys/pal/unix/thread.rs:105:17
[INFO] [stdout]   43:     0x795faccbfac3 - <unknown>
[INFO] [stdout]   44:     0x795facd50a04 - clone
[INFO] [stdout]   45:                0x0 - <unknown>
[INFO] [stdout] 
[INFO] [stdout] 
[INFO] [stdout] failures:
[INFO] [stdout]     decrypt::tests::should_decrypt_encrypted_full_detached_header_and_content_with_v5_version
[INFO] [stdout] 
[INFO] [stdout] test result: FAILED. 35 passed; 1 failed; 1 ignored; 0 measured; 0 filtered out; finished in 118.39s
[INFO] [stdout] 
[INFO] [stderr] error: test failed, to rerun pass `-p dexios-domain --lib`
[INFO] running `Command { std: "docker" "inspect" "da2ed39edcc43271d9b69571773069382d30fe6b08a4e691dde2e65093ca1560", kill_on_drop: false }`
[INFO] running `Command { std: "docker" "rm" "-f" "da2ed39edcc43271d9b69571773069382d30fe6b08a4e691dde2e65093ca1560", kill_on_drop: false }`
[INFO] [stdout] da2ed39edcc43271d9b69571773069382d30fe6b08a4e691dde2e65093ca1560
