[INFO] cloning repository https://github.com/brooks-builds/axum_assessment_web_server
[INFO] running `Command { std: "git" "-c" "credential.helper=" "-c" "credential.helper=/workspace/cargo-home/bin/git-credential-null" "clone" "--bare" "https://github.com/brooks-builds/axum_assessment_web_server" "/workspace/cache/git-repos/https%3A%2F%2Fgithub.com%2Fbrooks-builds%2Faxum_assessment_web_server", kill_on_drop: false }`
[INFO] [stderr] Cloning into bare repository '/workspace/cache/git-repos/https%3A%2F%2Fgithub.com%2Fbrooks-builds%2Faxum_assessment_web_server'...
[INFO] running `Command { std: "git" "rev-parse" "HEAD", kill_on_drop: false }`
[INFO] [stdout] dcc0b10e0b6e9d338ad4f88de71edec0f8372631
[INFO] testing brooks-builds/axum_assessment_web_server against beta-2024-12-08 for beta-1.84.0-4-retry
[INFO] running `Command { std: "git" "clone" "/workspace/cache/git-repos/https%3A%2F%2Fgithub.com%2Fbrooks-builds%2Faxum_assessment_web_server" "/workspace/builds/worker-1-tc2/source", kill_on_drop: false }`
[INFO] [stderr] Cloning into '/workspace/builds/worker-1-tc2/source'...
[INFO] [stderr] done.
[INFO] validating manifest of git repo https://github.com/brooks-builds/axum_assessment_web_server on toolchain beta-2024-12-08
[INFO] running `Command { std: CARGO_HOME="/workspace/cargo-home" RUSTUP_HOME="/workspace/rustup-home" "/workspace/cargo-home/bin/cargo" "+beta-2024-12-08" "metadata" "--manifest-path" "Cargo.toml" "--no-deps", kill_on_drop: false }`
[INFO] started tweaking git repo https://github.com/brooks-builds/axum_assessment_web_server
[INFO] finished tweaking git repo https://github.com/brooks-builds/axum_assessment_web_server
[INFO] tweaked toml for git repo https://github.com/brooks-builds/axum_assessment_web_server written to /workspace/builds/worker-1-tc2/source/Cargo.toml
[INFO] crate git repo https://github.com/brooks-builds/axum_assessment_web_server already has a lockfile, it will not be regenerated
[INFO] running `Command { std: CARGO_HOME="/workspace/cargo-home" RUSTUP_HOME="/workspace/rustup-home" "/workspace/cargo-home/bin/cargo" "+beta-2024-12-08" "fetch" "--manifest-path" "Cargo.toml", kill_on_drop: false }`
[INFO] running `Command { std: "docker" "create" "-v" "/var/lib/crater-agent-workspace/builds/worker-1-tc2/target:/opt/rustwide/target:rw,Z" "-v" "/var/lib/crater-agent-workspace/builds/worker-1-tc2/source:/opt/rustwide/workdir:ro,Z" "-v" "/var/lib/crater-agent-workspace/cargo-home:/opt/rustwide/cargo-home:ro,Z" "-v" "/var/lib/crater-agent-workspace/rustup-home:/opt/rustwide/rustup-home:ro,Z" "-e" "SOURCE_DIR=/opt/rustwide/workdir" "-e" "CARGO_TARGET_DIR=/opt/rustwide/target" "-e" "CARGO_HOME=/opt/rustwide/cargo-home" "-e" "RUSTUP_HOME=/opt/rustwide/rustup-home" "-w" "/opt/rustwide/workdir" "-m" "1610612736" "--user" "0:0" "--network" "none" "ghcr.io/rust-lang/crates-build-env/linux@sha256:f3a9d4ad9d972b27faf3965f35b62e55ba32bbce8f20bc8fe909558a86702fde" "/opt/rustwide/cargo-home/bin/cargo" "+beta-2024-12-08" "metadata" "--no-deps" "--format-version=1", kill_on_drop: false }`
[INFO] [stdout] e45c46013a7f797a4e6b366eb375fcd380c035fc427a81fc1a4f6ce5f0abd5c9
[INFO] running `Command { std: "docker" "start" "-a" "e45c46013a7f797a4e6b366eb375fcd380c035fc427a81fc1a4f6ce5f0abd5c9", kill_on_drop: false }`
[INFO] running `Command { std: "docker" "inspect" "e45c46013a7f797a4e6b366eb375fcd380c035fc427a81fc1a4f6ce5f0abd5c9", kill_on_drop: false }`
[INFO] running `Command { std: "docker" "rm" "-f" "e45c46013a7f797a4e6b366eb375fcd380c035fc427a81fc1a4f6ce5f0abd5c9", kill_on_drop: false }`
[INFO] [stdout] e45c46013a7f797a4e6b366eb375fcd380c035fc427a81fc1a4f6ce5f0abd5c9
[INFO] running `Command { std: "docker" "create" "-v" "/var/lib/crater-agent-workspace/builds/worker-1-tc2/target:/opt/rustwide/target:rw,Z" "-v" "/var/lib/crater-agent-workspace/builds/worker-1-tc2/source:/opt/rustwide/workdir:ro,Z" "-v" "/var/lib/crater-agent-workspace/cargo-home:/opt/rustwide/cargo-home:ro,Z" "-v" "/var/lib/crater-agent-workspace/rustup-home:/opt/rustwide/rustup-home:ro,Z" "-e" "SOURCE_DIR=/opt/rustwide/workdir" "-e" "CARGO_TARGET_DIR=/opt/rustwide/target" "-e" "CARGO_INCREMENTAL=0" "-e" "RUST_BACKTRACE=full" "-e" "RUSTFLAGS=--cap-lints=warn" "-e" "RUSTDOCFLAGS=--cap-lints=warn" "-e" "CARGO_HOME=/opt/rustwide/cargo-home" "-e" "RUSTUP_HOME=/opt/rustwide/rustup-home" "-w" "/opt/rustwide/workdir" "-m" "1610612736" "--user" "0:0" "--network" "none" "ghcr.io/rust-lang/crates-build-env/linux@sha256:f3a9d4ad9d972b27faf3965f35b62e55ba32bbce8f20bc8fe909558a86702fde" "/opt/rustwide/cargo-home/bin/cargo" "+beta-2024-12-08" "build" "--frozen" "--message-format=json", kill_on_drop: false }`
[INFO] [stdout] 649dd52511a2cf7b7bdc71982401f9eb653c2d14e8e4ac89a7c922e1b43b0e44
[INFO] running `Command { std: "docker" "start" "-a" "649dd52511a2cf7b7bdc71982401f9eb653c2d14e8e4ac89a7c922e1b43b0e44", kill_on_drop: false }`
[INFO] [stderr]    Compiling proc-macro2 v1.0.66
[INFO] [stderr]    Compiling unicode-ident v1.0.11
[INFO] [stderr]    Compiling version_check v0.9.4
[INFO] [stderr]    Compiling log v0.4.20
[INFO] [stderr]    Compiling pin-project-lite v0.2.12
[INFO] [stderr]    Compiling itoa v1.0.9
[INFO] [stderr]    Compiling num_cpus v1.16.0
[INFO] [stderr]    Compiling siphasher v0.3.10
[INFO] [stderr]    Compiling socket2 v0.5.3
[INFO] [stderr]    Compiling cc v1.0.82
[INFO] [stderr]    Compiling pkg-config v0.3.27
[INFO] [stderr]    Compiling vcpkg v0.2.15
[INFO] [stderr]    Compiling futures-util v0.3.28
[INFO] [stderr]    Compiling uncased v0.9.9
[INFO] [stderr]    Compiling http v0.2.9
[INFO] [stderr]    Compiling phf_shared v0.10.0
[INFO] [stderr]    Compiling serde v1.0.183
[INFO] [stderr]    Compiling rustversion v1.0.14
[INFO] [stderr]    Compiling regex-syntax v0.7.4
[INFO] [stderr]    Compiling quote v1.0.32
[INFO] [stderr]    Compiling rand v0.8.5
[INFO] [stderr]    Compiling indexmap v1.9.3
[INFO] [stderr]    Compiling syn v2.0.28
[INFO] [stderr]    Compiling thiserror v1.0.47
[INFO] [stderr]    Compiling serde_derive v1.0.183
[INFO] [stderr]    Compiling openssl-sys v0.9.91
[INFO] [stderr]    Compiling regex-automata v0.3.6
[INFO] [stderr]    Compiling phf_generator v0.10.0
[INFO] [stderr]    Compiling http-body v0.4.5
[INFO] [stderr]    Compiling unicase v2.6.0
[INFO] [stderr]    Compiling aho-corasick v1.0.4
[INFO] [stderr]    Compiling foreign-types-shared v0.1.1
[INFO] [stderr]    Compiling openssl v0.10.56
[INFO] [stderr]    Compiling foreign-types v0.3.2
[INFO] [stderr]    Compiling phf_codegen v0.10.0
[INFO] [stderr]    Compiling phf v0.10.1
[INFO] [stderr]    Compiling num-traits v0.2.16
[INFO] [stderr]    Compiling native-tls v0.2.11
[INFO] [stderr]    Compiling ucd-trie v0.1.6
[INFO] [stderr]    Compiling httpdate v1.0.3
[INFO] [stderr]    Compiling ryu v1.0.15
[INFO] [stderr]    Compiling tinyvec_macros v0.1.1
[INFO] [stderr]    Compiling tinyvec v1.6.0
[INFO] [stderr]    Compiling bstr v1.6.0
[INFO] [stderr]    Compiling thread_local v1.1.4
[INFO] [stderr]    Compiling regex v1.9.3
[INFO] [stderr]    Compiling libm v0.2.7
[INFO] [stderr]    Compiling async-trait v0.1.73
[INFO] [stderr]    Compiling unic-char-range v0.9.0
[INFO] [stderr]    Compiling serde_json v1.0.105
[INFO] [stderr]    Compiling same-file v1.0.6
[INFO] [stderr]    Compiling parse-zoneinfo v0.3.0
[INFO] [stderr]    Compiling unic-common v0.9.0
[INFO] [stderr]    Compiling openssl-probe v0.1.5
[INFO] [stderr]    Compiling unic-ucd-version v0.9.0
[INFO] [stderr]    Compiling walkdir v2.3.3
[INFO] [stderr]    Compiling unic-char-property v0.9.0
[INFO] [stderr]    Compiling unicode-normalization v0.1.22
[INFO] [stderr]    Compiling mime_guess v2.0.4
[INFO] [stderr]    Compiling chrono-tz-build v0.0.2
[INFO] [stderr]    Compiling axum-core v0.3.4
[INFO] [stderr]    Compiling iana-time-zone v0.1.57
[INFO] [stderr]    Compiling unicode-bidi v0.3.13
[INFO] [stderr]    Compiling chrono-tz v0.6.1
[INFO] [stderr]    Compiling unic-ucd-segment v0.9.0
[INFO] [stderr]    Compiling chrono v0.4.26
[INFO] [stderr]    Compiling idna v0.4.0
[INFO] [stderr]    Compiling globset v0.4.13
[INFO] [stderr]    Compiling serde_urlencoded v0.7.1
[INFO] [stderr]    Compiling axum v0.6.20
[INFO] [stderr]    Compiling iovec v0.1.4
[INFO] [stderr]    Compiling ignore v0.4.20
[INFO] [stderr]    Compiling futures v0.1.31
[INFO] [stderr]    Compiling eyre v0.6.8
[INFO] [stderr]    Compiling deunicode v0.4.4
[INFO] [stderr]    Compiling tokio-macros v2.1.0
[INFO] [stderr]    Compiling tracing-attributes v0.1.26
[INFO] [stderr]    Compiling thiserror-impl v1.0.47
[INFO] [stderr]    Compiling openssl-macros v0.1.1
[INFO] [stderr]    Compiling pin-project-internal v1.1.3
[INFO] [stderr]    Compiling tokio v1.31.0
[INFO] [stderr]    Compiling futures-cpupool v0.1.8
[INFO] [stderr]    Compiling globwalk v0.8.1
[INFO] [stderr]    Compiling slug v0.1.4
[INFO] [stderr]    Compiling pest v2.7.2
[INFO] [stderr]    Compiling tracing v0.1.37
[INFO] [stderr]    Compiling bytes v0.4.12
[INFO] [stderr]    Compiling url v2.4.0
[INFO] [stderr]    Compiling pin-project v1.1.3
[INFO] [stderr]    Compiling humansize v2.1.3
[INFO] [stderr]    Compiling unic-segment v0.9.0
[INFO] [stderr]    Compiling serde_path_to_error v0.1.14
[INFO] [stderr]    Compiling tracing-log v0.1.3
[INFO] [stderr]    Compiling encoding_rs v0.8.32
[INFO] [stderr]    Compiling pest_meta v2.7.2
[INFO] [stderr]    Compiling http-range-header v0.3.1
[INFO] [stderr]    Compiling matchit v0.7.2
[INFO] [stderr]    Compiling base64 v0.21.2
[INFO] [stderr]    Compiling indenter v0.3.3
[INFO] [stderr]    Compiling smallvec v1.11.0
[INFO] [stderr]    Compiling bitflags v2.4.0
[INFO] [stderr]    Compiling ipnet v2.8.0
[INFO] [stderr]    Compiling tracing-subscriber v0.3.17
[INFO] [stderr]    Compiling pest_generator v2.7.2
[INFO] [stderr]    Compiling fs v0.0.5
[INFO] [stderr]    Compiling pest_derive v2.7.2
[INFO] [stderr]    Compiling tokio-util v0.7.8
[INFO] [stderr]    Compiling tokio-native-tls v0.3.1
[INFO] [stderr]    Compiling tower v0.4.13
[INFO] [stderr]    Compiling h2 v0.3.20
[INFO] [stderr]    Compiling tower-http v0.4.3
[INFO] [stderr]    Compiling tera v1.19.0
[INFO] [stderr]    Compiling hyper v0.14.27
[INFO] [stderr]    Compiling hyper-tls v0.5.0
[INFO] [stderr]    Compiling reqwest v0.11.18
[INFO] [stderr]    Compiling axum_assessment_web_server v0.1.0 (/opt/rustwide/workdir)
[INFO] [stderr]     Finished `dev` profile [unoptimized + debuginfo] target(s) in 2m 19s
[INFO] running `Command { std: "docker" "inspect" "649dd52511a2cf7b7bdc71982401f9eb653c2d14e8e4ac89a7c922e1b43b0e44", kill_on_drop: false }`
[INFO] running `Command { std: "docker" "rm" "-f" "649dd52511a2cf7b7bdc71982401f9eb653c2d14e8e4ac89a7c922e1b43b0e44", kill_on_drop: false }`
[INFO] [stdout] 649dd52511a2cf7b7bdc71982401f9eb653c2d14e8e4ac89a7c922e1b43b0e44
[INFO] running `Command { std: "docker" "create" "-v" "/var/lib/crater-agent-workspace/builds/worker-1-tc2/target:/opt/rustwide/target:rw,Z" "-v" "/var/lib/crater-agent-workspace/builds/worker-1-tc2/source:/opt/rustwide/workdir:ro,Z" "-v" "/var/lib/crater-agent-workspace/cargo-home:/opt/rustwide/cargo-home:ro,Z" "-v" "/var/lib/crater-agent-workspace/rustup-home:/opt/rustwide/rustup-home:ro,Z" "-e" "SOURCE_DIR=/opt/rustwide/workdir" "-e" "CARGO_TARGET_DIR=/opt/rustwide/target" "-e" "CARGO_INCREMENTAL=0" "-e" "RUST_BACKTRACE=full" "-e" "RUSTFLAGS=--cap-lints=warn" "-e" "RUSTDOCFLAGS=--cap-lints=warn" "-e" "CARGO_HOME=/opt/rustwide/cargo-home" "-e" "RUSTUP_HOME=/opt/rustwide/rustup-home" "-w" "/opt/rustwide/workdir" "-m" "1610612736" "--user" "0:0" "--network" "none" "ghcr.io/rust-lang/crates-build-env/linux@sha256:f3a9d4ad9d972b27faf3965f35b62e55ba32bbce8f20bc8fe909558a86702fde" "/opt/rustwide/cargo-home/bin/cargo" "+beta-2024-12-08" "test" "--frozen" "--no-run" "--message-format=json", kill_on_drop: false }`
[INFO] [stdout] 701b358562f89740197cca0fcf984501e657e33d0d2246385cabf24449bc931d
[INFO] running `Command { std: "docker" "start" "-a" "701b358562f89740197cca0fcf984501e657e33d0d2246385cabf24449bc931d", kill_on_drop: false }`
[INFO] [stderr]    Compiling axum_assessment_web_server v0.1.0 (/opt/rustwide/workdir)
[INFO] [stderr]     Finished `test` profile [unoptimized + debuginfo] target(s) in 4.55s
[INFO] running `Command { std: "docker" "inspect" "701b358562f89740197cca0fcf984501e657e33d0d2246385cabf24449bc931d", kill_on_drop: false }`
[INFO] running `Command { std: "docker" "rm" "-f" "701b358562f89740197cca0fcf984501e657e33d0d2246385cabf24449bc931d", kill_on_drop: false }`
[INFO] [stdout] 701b358562f89740197cca0fcf984501e657e33d0d2246385cabf24449bc931d
[INFO] running `Command { std: "docker" "create" "-v" "/var/lib/crater-agent-workspace/builds/worker-1-tc2/target:/opt/rustwide/target:rw,Z" "-v" "/var/lib/crater-agent-workspace/builds/worker-1-tc2/source:/opt/rustwide/workdir:ro,Z" "-v" "/var/lib/crater-agent-workspace/cargo-home:/opt/rustwide/cargo-home:ro,Z" "-v" "/var/lib/crater-agent-workspace/rustup-home:/opt/rustwide/rustup-home:ro,Z" "-e" "SOURCE_DIR=/opt/rustwide/workdir" "-e" "CARGO_TARGET_DIR=/opt/rustwide/target" "-e" "CARGO_INCREMENTAL=0" "-e" "RUST_BACKTRACE=full" "-e" "RUSTFLAGS=--cap-lints=warn" "-e" "RUSTDOCFLAGS=--cap-lints=warn" "-e" "CARGO_HOME=/opt/rustwide/cargo-home" "-e" "RUSTUP_HOME=/opt/rustwide/rustup-home" "-w" "/opt/rustwide/workdir" "-m" "1610612736" "--user" "0:0" "--network" "none" "ghcr.io/rust-lang/crates-build-env/linux@sha256:f3a9d4ad9d972b27faf3965f35b62e55ba32bbce8f20bc8fe909558a86702fde" "/opt/rustwide/cargo-home/bin/cargo" "+beta-2024-12-08" "test" "--frozen", kill_on_drop: false }`
[INFO] [stdout] 27a91a1571c395874c5cb12183baed51300149212ad7b8dbfae561b2a0696e0c
[INFO] running `Command { std: "docker" "start" "-a" "27a91a1571c395874c5cb12183baed51300149212ad7b8dbfae561b2a0696e0c", kill_on_drop: false }`
[INFO] [stderr]     Finished `test` profile [unoptimized + debuginfo] target(s) in 0.27s
[INFO] [stderr]      Running unittests src/lib.rs (/opt/rustwide/target/debug/deps/axum_assessment_web_server-3c4befd1ddf8fe4b)
[INFO] [stdout] 
[INFO] [stdout] running 0 tests
[INFO] [stdout] 
[INFO] [stdout] test result: ok. 0 passed; 0 failed; 0 ignored; 0 measured; 0 filtered out; finished in 0.00s
[INFO] [stdout] 
[INFO] [stderr]      Running unittests src/main.rs (/opt/rustwide/target/debug/deps/axum_assessment_web_server-40813ec7152846d0)
[INFO] [stdout] 
[INFO] [stderr]      Running tests/assessment.rs (/opt/rustwide/target/debug/deps/assessment-89aaaa9ea1b7624a)
[INFO] [stdout] running 0 tests
[INFO] [stdout] 
[INFO] [stdout] test result: ok. 0 passed; 0 failed; 0 ignored; 0 measured; 0 filtered out; finished in 0.00s
[INFO] [stdout] 
[INFO] [stdout] 
[INFO] [stdout] running 4 tests
[INFO] [stdout] test should_get_rendered_index ... FAILED
[INFO] [stdout] test should_get_a_nested_static_file ... FAILED
[INFO] [stdout] test should_get_rendered_index_instead_of_404 ... FAILED
[INFO] [stdout] test should_get_a_static_file ... FAILED
[INFO] [stdout] 
[INFO] [stdout] failures:
[INFO] [stdout] 
[INFO] [stdout] ---- should_get_rendered_index stdout ----
[INFO] [stdout] Error: error sending request for url (http://localhost:3000/?name=PPUTmVwh): error trying to connect: tcp connect error: Connection refused (os error 111)
[INFO] [stdout] 
[INFO] [stdout] Caused by:
[INFO] [stdout]    0: error trying to connect: tcp connect error: Connection refused (os error 111)
[INFO] [stdout]    1: tcp connect error: Connection refused (os error 111)
[INFO] [stdout]    2: Connection refused (os error 111)
[INFO] [stdout] 
[INFO] [stdout] Location:
[INFO] [stdout]     tests/assessment.rs:38:20
[INFO] [stdout] 
[INFO] [stdout] ---- should_get_a_nested_static_file stdout ----
[INFO] [stdout] Error: error sending request for url (http://localhost:3000/public/nested/sample.json): error trying to connect: tcp connect error: Connection refused (os error 111)
[INFO] [stdout] 
[INFO] [stdout] Caused by:
[INFO] [stdout]    0: error trying to connect: tcp connect error: Connection refused (os error 111)
[INFO] [stdout]    1: tcp connect error: Connection refused (os error 111)
[INFO] [stdout]    2: Connection refused (os error 111)
[INFO] [stdout] 
[INFO] [stdout] Location:
[INFO] [stdout]     tests/assessment.rs:25:20
[INFO] [stdout] 
[INFO] [stdout] ---- should_get_rendered_index_instead_of_404 stdout ----
[INFO] [stdout] Error: error sending request for url (http://localhost:3000/34u8gjlph): error trying to connect: tcp connect error: Connection refused (os error 111)
[INFO] [stdout] 
[INFO] [stdout] Caused by:
[INFO] [stdout]    0: error trying to connect: tcp connect error: Connection refused (os error 111)
[INFO] [stdout]    1: tcp connect error: Connection refused (os error 111)
[INFO] [stdout]    2: Connection refused (os error 111)
[INFO] [stdout] 
[INFO] [stdout] Location:
[INFO] [stdout]     tests/assessment.rs:52:20
[INFO] [stdout] 
[INFO] [stdout] ---- should_get_a_static_file stdout ----
[INFO] [stdout] Error: error sending request for url (http://localhost:3000/public/sample.json): error trying to connect: tcp connect error: Connection refused (os error 111)
[INFO] [stdout] 
[INFO] [stdout] Caused by:
[INFO] [stdout]    0: error trying to connect: tcp connect error: Connection refused (os error 111)
[INFO] [stdout]    1: tcp connect error: Connection refused (os error 111)
[INFO] [stdout]    2: Connection refused (os error 111)
[INFO] [stdout] 
[INFO] [stdout] Location:
[INFO] [stdout]     tests/assessment.rs:13:20
[INFO] [stdout] 
[INFO] [stdout] 
[INFO] [stdout] failures:
[INFO] [stdout]     should_get_a_nested_static_file
[INFO] [stdout]     should_get_a_static_file
[INFO] [stdout]     should_get_rendered_index
[INFO] [stdout]     should_get_rendered_index_instead_of_404
[INFO] [stdout] 
[INFO] [stdout] test result: FAILED. 0 passed; 4 failed; 0 ignored; 0 measured; 0 filtered out; finished in 0.29s
[INFO] [stdout] 
[INFO] [stderr] error: test failed, to rerun pass `--test assessment`
[INFO] running `Command { std: "docker" "inspect" "27a91a1571c395874c5cb12183baed51300149212ad7b8dbfae561b2a0696e0c", kill_on_drop: false }`
[INFO] running `Command { std: "docker" "rm" "-f" "27a91a1571c395874c5cb12183baed51300149212ad7b8dbfae561b2a0696e0c", kill_on_drop: false }`
[INFO] [stdout] 27a91a1571c395874c5cb12183baed51300149212ad7b8dbfae561b2a0696e0c
