[INFO] cloning repository https://github.com/brettporter/advent-of-code-2024
[INFO] running `Command { std: "git" "-c" "credential.helper=" "-c" "credential.helper=/workspace/cargo-home/bin/git-credential-null" "clone" "--bare" "https://github.com/brettporter/advent-of-code-2024" "/workspace/cache/git-repos/https%3A%2F%2Fgithub.com%2Fbrettporter%2Fadvent-of-code-2024", kill_on_drop: false }`
[INFO] [stderr] Cloning into bare repository '/workspace/cache/git-repos/https%3A%2F%2Fgithub.com%2Fbrettporter%2Fadvent-of-code-2024'...
[INFO] running `Command { std: "git" "rev-parse" "HEAD", kill_on_drop: false }`
[INFO] [stdout] 47a13309b5c7072bcaf8279752b88ad37041b09b
[INFO] testing brettporter/advent-of-code-2024 against 1.83.0 for beta-1.84.0-4-retry
[INFO] running `Command { std: "git" "clone" "/workspace/cache/git-repos/https%3A%2F%2Fgithub.com%2Fbrettporter%2Fadvent-of-code-2024" "/workspace/builds/worker-4-tc1/source", kill_on_drop: false }`
[INFO] [stderr] Cloning into '/workspace/builds/worker-4-tc1/source'...
[INFO] [stderr] done.
[INFO] validating manifest of git repo https://github.com/brettporter/advent-of-code-2024 on toolchain 1.83.0
[INFO] running `Command { std: CARGO_HOME="/workspace/cargo-home" RUSTUP_HOME="/workspace/rustup-home" "/workspace/cargo-home/bin/cargo" "+1.83.0" "metadata" "--manifest-path" "Cargo.toml" "--no-deps", kill_on_drop: false }`
[INFO] removed /workspace/builds/worker-4-tc1/source/.cargo/config.toml
[INFO] started tweaking git repo https://github.com/brettporter/advent-of-code-2024
[INFO] finished tweaking git repo https://github.com/brettporter/advent-of-code-2024
[INFO] tweaked toml for git repo https://github.com/brettporter/advent-of-code-2024 written to /workspace/builds/worker-4-tc1/source/Cargo.toml
[INFO] crate git repo https://github.com/brettporter/advent-of-code-2024 already has a lockfile, it will not be regenerated
[INFO] running `Command { std: CARGO_HOME="/workspace/cargo-home" RUSTUP_HOME="/workspace/rustup-home" "/workspace/cargo-home/bin/cargo" "+1.83.0" "fetch" "--manifest-path" "Cargo.toml", kill_on_drop: false }`
[INFO] [stderr]     Blocking waiting for file lock on package cache
[INFO] [stderr]     Blocking waiting for file lock on package cache
[INFO] running `Command { std: "docker" "create" "-v" "/var/lib/crater-agent-workspace/builds/worker-4-tc1/target:/opt/rustwide/target:rw,Z" "-v" "/var/lib/crater-agent-workspace/builds/worker-4-tc1/source:/opt/rustwide/workdir:ro,Z" "-v" "/var/lib/crater-agent-workspace/cargo-home:/opt/rustwide/cargo-home:ro,Z" "-v" "/var/lib/crater-agent-workspace/rustup-home:/opt/rustwide/rustup-home:ro,Z" "-e" "SOURCE_DIR=/opt/rustwide/workdir" "-e" "CARGO_TARGET_DIR=/opt/rustwide/target" "-e" "CARGO_HOME=/opt/rustwide/cargo-home" "-e" "RUSTUP_HOME=/opt/rustwide/rustup-home" "-w" "/opt/rustwide/workdir" "-m" "1610612736" "--user" "0:0" "--network" "none" "ghcr.io/rust-lang/crates-build-env/linux@sha256:f3a9d4ad9d972b27faf3965f35b62e55ba32bbce8f20bc8fe909558a86702fde" "/opt/rustwide/cargo-home/bin/cargo" "+1.83.0" "metadata" "--no-deps" "--format-version=1", kill_on_drop: false }`
[INFO] [stdout] cffd2326be5179c979406554f91168578a4a2f0b3aadad69b31b368298b8d29f
[INFO] running `Command { std: "docker" "start" "-a" "cffd2326be5179c979406554f91168578a4a2f0b3aadad69b31b368298b8d29f", kill_on_drop: false }`
[INFO] running `Command { std: "docker" "inspect" "cffd2326be5179c979406554f91168578a4a2f0b3aadad69b31b368298b8d29f", kill_on_drop: false }`
[INFO] running `Command { std: "docker" "rm" "-f" "cffd2326be5179c979406554f91168578a4a2f0b3aadad69b31b368298b8d29f", kill_on_drop: false }`
[INFO] [stdout] cffd2326be5179c979406554f91168578a4a2f0b3aadad69b31b368298b8d29f
[INFO] running `Command { std: "docker" "create" "-v" "/var/lib/crater-agent-workspace/builds/worker-4-tc1/target:/opt/rustwide/target:rw,Z" "-v" "/var/lib/crater-agent-workspace/builds/worker-4-tc1/source:/opt/rustwide/workdir:ro,Z" "-v" "/var/lib/crater-agent-workspace/cargo-home:/opt/rustwide/cargo-home:ro,Z" "-v" "/var/lib/crater-agent-workspace/rustup-home:/opt/rustwide/rustup-home:ro,Z" "-e" "SOURCE_DIR=/opt/rustwide/workdir" "-e" "CARGO_TARGET_DIR=/opt/rustwide/target" "-e" "CARGO_INCREMENTAL=0" "-e" "RUST_BACKTRACE=full" "-e" "RUSTFLAGS=--cap-lints=warn" "-e" "RUSTDOCFLAGS=--cap-lints=warn" "-e" "CARGO_HOME=/opt/rustwide/cargo-home" "-e" "RUSTUP_HOME=/opt/rustwide/rustup-home" "-w" "/opt/rustwide/workdir" "-m" "1610612736" "--user" "0:0" "--network" "none" "ghcr.io/rust-lang/crates-build-env/linux@sha256:f3a9d4ad9d972b27faf3965f35b62e55ba32bbce8f20bc8fe909558a86702fde" "/opt/rustwide/cargo-home/bin/cargo" "+1.83.0" "build" "--frozen" "--message-format=json", kill_on_drop: false }`
[INFO] [stdout] 66c515755c9e354bbd343c74c955ad242d797a2bb03fd13a476bd132ae37b501
[INFO] running `Command { std: "docker" "start" "-a" "66c515755c9e354bbd343c74c955ad242d797a2bb03fd13a476bd132ae37b501", kill_on_drop: false }`
[INFO] [stderr]    Compiling memchr v2.6.4
[INFO] [stderr]    Compiling regex-syntax v0.8.5
[INFO] [stderr]    Compiling either v1.13.0
[INFO] [stderr]    Compiling byteorder v1.5.0
[INFO] [stderr]    Compiling minimal-lexical v0.2.1
[INFO] [stderr]    Compiling pico-args v0.5.0
[INFO] [stderr]    Compiling tinyjson v2.5.1
[INFO] [stderr]    Compiling itertools v0.13.0
[INFO] [stderr]    Compiling fxhash v0.2.1
[INFO] [stderr]    Compiling aho-corasick v1.1.3
[INFO] [stderr]    Compiling nom v7.1.3
[INFO] [stderr]    Compiling regex-automata v0.4.9
[INFO] [stderr]    Compiling regex v1.11.1
[INFO] [stderr]    Compiling advent_of_code v0.11.0 (/opt/rustwide/workdir)
[INFO] [stderr]     Finished `dev` profile [unoptimized + debuginfo] target(s) in 12.90s
[INFO] running `Command { std: "docker" "inspect" "66c515755c9e354bbd343c74c955ad242d797a2bb03fd13a476bd132ae37b501", kill_on_drop: false }`
[INFO] running `Command { std: "docker" "rm" "-f" "66c515755c9e354bbd343c74c955ad242d797a2bb03fd13a476bd132ae37b501", kill_on_drop: false }`
[INFO] [stdout] 66c515755c9e354bbd343c74c955ad242d797a2bb03fd13a476bd132ae37b501
[INFO] running `Command { std: "docker" "create" "-v" "/var/lib/crater-agent-workspace/builds/worker-4-tc1/target:/opt/rustwide/target:rw,Z" "-v" "/var/lib/crater-agent-workspace/builds/worker-4-tc1/source:/opt/rustwide/workdir:ro,Z" "-v" "/var/lib/crater-agent-workspace/cargo-home:/opt/rustwide/cargo-home:ro,Z" "-v" "/var/lib/crater-agent-workspace/rustup-home:/opt/rustwide/rustup-home:ro,Z" "-e" "SOURCE_DIR=/opt/rustwide/workdir" "-e" "CARGO_TARGET_DIR=/opt/rustwide/target" "-e" "CARGO_INCREMENTAL=0" "-e" "RUST_BACKTRACE=full" "-e" "RUSTFLAGS=--cap-lints=warn" "-e" "RUSTDOCFLAGS=--cap-lints=warn" "-e" "CARGO_HOME=/opt/rustwide/cargo-home" "-e" "RUSTUP_HOME=/opt/rustwide/rustup-home" "-w" "/opt/rustwide/workdir" "-m" "1610612736" "--user" "0:0" "--network" "none" "ghcr.io/rust-lang/crates-build-env/linux@sha256:f3a9d4ad9d972b27faf3965f35b62e55ba32bbce8f20bc8fe909558a86702fde" "/opt/rustwide/cargo-home/bin/cargo" "+1.83.0" "test" "--frozen" "--no-run" "--message-format=json", kill_on_drop: false }`
[INFO] [stdout] 41a39b465fde941b676abeb26728c7def96658b49fe3fc977f8004d6365c6bdb
[INFO] running `Command { std: "docker" "start" "-a" "41a39b465fde941b676abeb26728c7def96658b49fe3fc977f8004d6365c6bdb", kill_on_drop: false }`
[INFO] [stderr]    Compiling advent_of_code v0.11.0 (/opt/rustwide/workdir)
[INFO] [stderr]     Finished `test` profile [unoptimized + debuginfo] target(s) in 3.79s
[INFO] running `Command { std: "docker" "inspect" "41a39b465fde941b676abeb26728c7def96658b49fe3fc977f8004d6365c6bdb", kill_on_drop: false }`
[INFO] running `Command { std: "docker" "rm" "-f" "41a39b465fde941b676abeb26728c7def96658b49fe3fc977f8004d6365c6bdb", kill_on_drop: false }`
[INFO] [stdout] 41a39b465fde941b676abeb26728c7def96658b49fe3fc977f8004d6365c6bdb
[INFO] running `Command { std: "docker" "create" "-v" "/var/lib/crater-agent-workspace/builds/worker-4-tc1/target:/opt/rustwide/target:rw,Z" "-v" "/var/lib/crater-agent-workspace/builds/worker-4-tc1/source:/opt/rustwide/workdir:ro,Z" "-v" "/var/lib/crater-agent-workspace/cargo-home:/opt/rustwide/cargo-home:ro,Z" "-v" "/var/lib/crater-agent-workspace/rustup-home:/opt/rustwide/rustup-home:ro,Z" "-e" "SOURCE_DIR=/opt/rustwide/workdir" "-e" "CARGO_TARGET_DIR=/opt/rustwide/target" "-e" "CARGO_INCREMENTAL=0" "-e" "RUST_BACKTRACE=full" "-e" "RUSTFLAGS=--cap-lints=warn" "-e" "RUSTDOCFLAGS=--cap-lints=warn" "-e" "CARGO_HOME=/opt/rustwide/cargo-home" "-e" "RUSTUP_HOME=/opt/rustwide/rustup-home" "-w" "/opt/rustwide/workdir" "-m" "1610612736" "--user" "0:0" "--network" "none" "ghcr.io/rust-lang/crates-build-env/linux@sha256:f3a9d4ad9d972b27faf3965f35b62e55ba32bbce8f20bc8fe909558a86702fde" "/opt/rustwide/cargo-home/bin/cargo" "+1.83.0" "test" "--frozen", kill_on_drop: false }`
[INFO] [stdout] cd04c73cc412ea1ae61f85633f256cebbbe72258c497733eb51e0c3fdf95556e
[INFO] running `Command { std: "docker" "start" "-a" "cd04c73cc412ea1ae61f85633f256cebbbe72258c497733eb51e0c3fdf95556e", kill_on_drop: false }`
[INFO] [stderr]     Finished `test` profile [unoptimized + debuginfo] target(s) in 0.05s
[INFO] [stderr]      Running unittests src/lib.rs (/opt/rustwide/target/debug/deps/advent_of_code-ec1afce0154b5f1a)
[INFO] [stdout] 
[INFO] [stdout] running 0 tests
[INFO] [stdout] 
[INFO] [stdout] test result: ok. 0 passed; 0 failed; 0 ignored; 0 measured; 0 filtered out; finished in 0.00s
[INFO] [stdout] 
[INFO] [stderr]      Running unittests src/bin/01.rs (/opt/rustwide/target/debug/deps/01-9a57aaa3f3ed7074)
[INFO] [stdout] 
[INFO] [stdout] running 2 tests
[INFO] [stdout] test tests::test_part_two ... ok
[INFO] [stderr]      Running unittests src/bin/02.rs (/opt/rustwide/target/debug/deps/02-dbbd0bf830831f3b)
[INFO] [stdout] test tests::test_part_one ... ok
[INFO] [stdout] 
[INFO] [stdout] test result: ok. 2 passed; 0 failed; 0 ignored; 0 measured; 0 filtered out; finished in 0.00s
[INFO] [stdout] 
[INFO] [stdout] 
[INFO] [stdout] running 4 tests
[INFO] [stdout] test tests::test_safe ... ok
[INFO] [stdout] test tests::test_part_two ... ok
[INFO] [stderr]      Running unittests src/bin/03.rs (/opt/rustwide/target/debug/deps/03-d0125267c702547e)
[INFO] [stdout] test tests::test_safe_with_dampener ... ok
[INFO] [stdout] test tests::test_part_one ... ok
[INFO] [stdout] 
[INFO] [stdout] test result: ok. 4 passed; 0 failed; 0 ignored; 0 measured; 0 filtered out; finished in 0.00s
[INFO] [stdout] 
[INFO] [stdout] 
[INFO] [stdout] running 2 tests
[INFO] [stdout] test tests::test_part_one ... ok
[INFO] [stdout] test tests::test_part_two ... ok
[INFO] [stdout] 
[INFO] [stdout] test result: ok. 2 passed; 0 failed; 0 ignored; 0 measured; 0 filtered out; finished in 0.01s
[INFO] [stdout] 
[INFO] [stderr]      Running unittests src/bin/04.rs (/opt/rustwide/target/debug/deps/04-7577f0be9f940367)
[INFO] [stdout] 
[INFO] [stdout] running 2 tests
[INFO] [stdout] test tests::test_part_two ... ok
[INFO] [stdout] test tests::test_part_one ... ok
[INFO] [stdout] 
[INFO] [stdout] test result: ok. 2 passed; 0 failed; 0 ignored; 0 measured; 0 filtered out; finished in 0.00s
[INFO] [stdout] 
[INFO] [stderr]      Running unittests src/bin/05.rs (/opt/rustwide/target/debug/deps/05-b306634ab6ae39bc)
[INFO] [stdout] 
[INFO] [stdout] running 2 tests
[INFO] [stdout] test tests::test_part_one ... ok
[INFO] [stdout] test tests::test_part_two ... ok
[INFO] [stdout] 
[INFO] [stdout] test result: ok. 2 passed; 0 failed; 0 ignored; 0 measured; 0 filtered out; finished in 0.00s
[INFO] [stdout] 
[INFO] [stderr]      Running unittests src/bin/06.rs (/opt/rustwide/target/debug/deps/06-b54a4806678ede67)
[INFO] [stdout] 
[INFO] [stdout] running 2 tests
[INFO] [stdout] test tests::test_part_one ... ok
[INFO] [stdout] test tests::test_part_two ... ok
[INFO] [stdout] 
[INFO] [stdout] test result: ok. 2 passed; 0 failed; 0 ignored; 0 measured; 0 filtered out; finished in 0.01s
[INFO] [stdout] 
[INFO] [stderr]      Running unittests src/bin/07.rs (/opt/rustwide/target/debug/deps/07-e3c88b86b8d365ca)
[INFO] [stdout] 
[INFO] [stdout] running 2 tests
[INFO] [stdout] test tests::test_part_two ... ok
[INFO] [stdout] test tests::test_part_one ... ok
[INFO] [stdout] 
[INFO] [stdout] test result: ok. 2 passed; 0 failed; 0 ignored; 0 measured; 0 filtered out; finished in 0.00s
[INFO] [stdout] 
[INFO] [stderr]      Running unittests src/bin/08.rs (/opt/rustwide/target/debug/deps/08-c0466da60b44430e)
[INFO] [stdout] 
[INFO] [stdout] running 2 tests
[INFO] [stdout] test tests::test_part_one ... ok
[INFO] [stdout] test tests::test_part_two ... ok
[INFO] [stdout] 
[INFO] [stdout] test result: ok. 2 passed; 0 failed; 0 ignored; 0 measured; 0 filtered out; finished in 0.00s
[INFO] [stdout] 
[INFO] [stderr]      Running unittests src/bin/09.rs (/opt/rustwide/target/debug/deps/09-f458521a91b064a8)
[INFO] [stdout] 
[INFO] [stdout] running 2 tests
[INFO] [stdout] test tests::test_part_two ... ok
[INFO] [stdout] test tests::test_part_one ... ok
[INFO] [stdout] 
[INFO] [stdout] test result: ok. 2 passed; 0 failed; 0 ignored; 0 measured; 0 filtered out; finished in 0.01s
[INFO] [stdout] 
[INFO] [stderr]      Running unittests src/bin/10.rs (/opt/rustwide/target/debug/deps/10-16145cfa6d12048b)
[INFO] [stdout] 
[INFO] [stdout] running 2 tests
[INFO] [stdout] test tests::test_part_one ... ok
[INFO] [stdout] test tests::test_part_two ... ok
[INFO] [stdout] 
[INFO] [stdout] test result: ok. 2 passed; 0 failed; 0 ignored; 0 measured; 0 filtered out; finished in 0.00s
[INFO] [stdout] 
[INFO] [stderr]      Running unittests src/bin/11.rs (/opt/rustwide/target/debug/deps/11-51188a62a4f72315)
[INFO] [stdout] 
[INFO] [stdout] running 3 tests
[INFO] [stdout] test tests::test_count_stones ... ok
[INFO] [stdout] test tests::test_part_one ... ok
[INFO] [stdout] test tests::test_part_two ... ok
[INFO] [stdout] 
[INFO] [stdout] test result: ok. 3 passed; 0 failed; 0 ignored; 0 measured; 0 filtered out; finished in 0.02s
[INFO] [stdout] 
[INFO] [stderr]      Running unittests src/bin/12.rs (/opt/rustwide/target/debug/deps/12-a39cfa7462d6c6fb)
[INFO] [stdout] 
[INFO] [stdout] running 2 tests
[INFO] [stdout] test tests::test_part_one ... ok
[INFO] [stdout] test tests::test_part_two ... FAILED
[INFO] [stdout] 
[INFO] [stdout] failures:
[INFO] [stdout] 
[INFO] [stdout] ---- tests::test_part_two stdout ----
[INFO] [stdout] Vert Side: 0 0 1000000
[INFO] [stdout] Vert Side: 2 2 1000000
[INFO] [stdout] Vert Side: 2 3 3
[INFO] [stdout] Vert Side: 4 2 1000000
[INFO] [stdout] Vert Side: 3 0 1000000
[INFO] [stdout] Horiz Side: 0 0 1000000
[INFO] [stdout] Horiz Side: 2 3 1000000
[INFO] [stdout] Horiz Side: 2 4 4
[INFO] [stdout] Horiz Side: 1 0 1000000
[INFO] [stdout] Horiz Side: 3 2 1000000
[INFO] [stdout] From (0, 0) region 12 18 10 {0: [1, 0], 2: [3, 3, 2], 4: [2], 3: [0, 1]} {0: [0, 1, 2, 3], 2: [3, 4, 4], 1: [0, 1], 3: [2]}
[INFO] [stdout] Vert Side: 4 0 1000000
[INFO] [stdout] Vert Side: 5 0 1000000
[INFO] [stdout] Horiz Side: 0 4 1000000
[INFO] [stdout] Horiz Side: 1 4 1000000
[INFO] [stdout] From (4, 0) region 4 8 4 {4: [1, 0], 5: [0, 1]} {0: [4, 5], 1: [4, 5]}
[INFO] [stdout] Vert Side: 8 1 1000000
[INFO] [stdout] Vert Side: 5 2 1000000
[INFO] [stdout] Vert Side: 5 5 3
[INFO] [stdout] Vert Side: 5 6 6
[INFO] [stdout] Vert Side: 7 0 1000000
[INFO] [stdout] Vert Side: 4 4 1000000
[INFO] [stdout] Vert Side: 4 4 4
[INFO] [stdout] Vert Side: 6 0 1000000
[INFO] [stdout] Vert Side: 3 3 1000000
[INFO] [stdout] Horiz Side: 0 6 1000000
[INFO] [stdout] Horiz Side: 5 4 1000000
[INFO] [stdout] Horiz Side: 2 5 1000000
[INFO] [stdout] Horiz Side: 1 7 1000000
[INFO] [stdout] Horiz Side: 1 8 8
[INFO] [stdout] Horiz Side: 6 5 1000000
[INFO] [stdout] Horiz Side: 3 3 1000000
[INFO] [stdout] Horiz Side: 3 3 3
[INFO] [stdout] From (6, 0) region 14 28 17 {8: [1], 5: [6, 6, 5, 3, 2], 7: [0], 4: [5, 4, 4], 6: [2, 1, 0], 3: [3]} {0: [6, 7], 5: [4, 5], 2: [6, 5], 1: [7, 8, 8], 6: [5], 3: [5, 4, 3, 3]}
[INFO] [stdout] Vert Side: 8 0 1000000
[INFO] [stdout] Vert Side: 8 4 0
[INFO] [stdout] Vert Side: 8 4 4
[INFO] [stdout] Vert Side: 9 0 1000000
[INFO] [stdout] Vert Side: 9 1 1
[INFO] [stdout] Vert Side: 7 2 1000000
[INFO] [stdout] Horiz Side: 0 8 1000000
[INFO] [stdout] Horiz Side: 0 8 8
[INFO] [stdout] Horiz Side: 2 7 1000000
[INFO] [stdout] Horiz Side: 4 8 1000000
[INFO] [stdout] Horiz Side: 3 7 1000000
[INFO] [stdout] Horiz Side: 3 9 7
[INFO] [stdout] From (8, 0) region 10 18 12 {8: [0, 4, 4], 9: [3, 2, 1, 1, 0], 7: [3, 2]} {0: [8, 8, 9], 2: [8, 7], 4: [8], 3: [9, 7]}
[INFO] [stdout] Vert Side: 0 2 1000000
[INFO] [stdout] Vert Side: 1 2 1000000
[INFO] [stdout] Vert Side: 1 5 3
[INFO] [stdout] Vert Side: 3 4 1000000
[INFO] [stdout] Vert Side: 3 5 5
[INFO] [stdout] Horiz Side: 5 3 1000000
[INFO] [stdout] Horiz Side: 2 0 1000000
[INFO] [stdout] Horiz Side: 4 2 1000000
[INFO] [stdout] Horiz Side: 4 2 2
[INFO] [stdout] Horiz Side: 6 0 1000000
[INFO] [stdout] From (0, 2) region 13 20 10 {0: [6, 5, 4, 3, 2], 1: [2, 3, 5, 6], 3: [5, 5, 4]} {5: [3], 2: [0, 1], 4: [2, 2, 3], 6: [0, 1]}
[INFO] [stdout] Vert Side: 5 4 1000000
[INFO] [stdout] Vert Side: 6 3 1000000
[INFO] [stdout] Vert Side: 6 3 3
[INFO] [stdout] Vert Side: 6 8 8
[INFO] [stdout] Vert Side: 6 9 9
[INFO] [stdout] Vert Side: 7 5 1000000
[INFO] [stdout] Horiz Side: 5 7 1000000
[INFO] [stdout] Horiz Side: 7 7 1000000
[INFO] [stdout] Horiz Side: 4 5 1000000
[INFO] [stdout] Horiz Side: 4 5 5
[INFO] [stdout] Horiz Side: 9 6 1000000
[INFO] [stdout] Horiz Side: 3 6 1000000
[INFO] [stdout] From (6, 3) region 11 20 12 {5: [4], 6: [9, 9, 8, 8, 7, 6, 5, 4, 3, 3], 7: [5, 6, 7]} {5: [7], 7: [7], 4: [5, 5], 9: [6], 3: [6]}
[INFO] [stdout] Vert Side: 7 4 1000000
[INFO] [stdout] Vert Side: 7 4 4
[INFO] [stdout] Horiz Side: 4 7 1000000
[INFO] [stdout] Horiz Side: 4 7 7
[INFO] [stdout] From (7, 4) region 1 4 4 {7: [4, 4]} {4: [7, 7]}
[INFO] [stdout] Vert Side: 8 5 1000000
[INFO] [stdout] Vert Side: 9 4 1000000
[INFO] [stdout] Vert Side: 9 4 4
[INFO] [stdout] Vert Side: 7 8 1000000
[INFO] [stdout] Horiz Side: 8 7 1000000
[INFO] [stdout] Horiz Side: 5 8 1000000
[INFO] [stdout] Horiz Side: 4 9 1000000
[INFO] [stdout] Horiz Side: 9 7 1000000
[INFO] [stdout] From (9, 4) region 13 18 8 {8: [5, 6, 7], 9: [9, 8, 7, 6, 5, 4, 4], 7: [9, 8]} {8: [7], 5: [8], 4: [9], 9: [9, 7, 8]}
[INFO] [stdout] Vert Side: 5 7 1000000
[INFO] [stdout] Vert Side: 5 8 8
[INFO] [stdout] Vert Side: 2 5 1000000
[INFO] [stdout] Vert Side: 2 5 5
[INFO] [stdout] Vert Side: 4 6 1000000
[INFO] [stdout] Vert Side: 1 7 1000000
[INFO] [stdout] Vert Side: 3 8 1000000
[INFO] [stdout] Vert Side: 3 9 9
[INFO] [stdout] Horiz Side: 8 1 1000000
[INFO] [stdout] Horiz Side: 8 5 2
[INFO] [stdout] Horiz Side: 5 2 1000000
[INFO] [stdout] Horiz Side: 7 1 1000000
[INFO] [stdout] Horiz Side: 7 4 1
[INFO] [stdout] Horiz Side: 9 3 1000000
[INFO] [stdout] Horiz Side: 6 3 1000000
[INFO] [stdout] From (2, 5) region 14 22 15 {5: [8, 8, 7], 2: [6, 5, 5], 4: [6], 1: [7, 8], 3: [9, 9, 8]} {8: [2, 1, 5], 5: [2], 7: [1, 4, 5], 9: [3], 6: [3, 4]}
[INFO] [stdout] Vert Side: 0 7 1000000
[INFO] [stdout] Vert Side: 0 7 7
[INFO] [stdout] Vert Side: 0 8 8
[INFO] [stdout] Vert Side: 2 9 1000000
[INFO] [stdout] Horiz Side: 9 0 1000000
[INFO] [stdout] Horiz Side: 9 1 1
[INFO] [stdout] Horiz Side: 9 2 2
[INFO] [stdout] Horiz Side: 7 0 1000000
[INFO] [stdout] From (0, 7) region 5 12 8 {0: [9, 8, 8, 7, 7], 2: [9]} {9: [0, 1, 1, 2, 2], 7: [0]}
[INFO] [stdout] Vert Side: 4 8 1000000
[INFO] [stdout] Vert Side: 4 8 8
[INFO] [stdout] Vert Side: 5 9 1000000
[INFO] [stdout] Horiz Side: 8 4 1000000
[INFO] [stdout] Horiz Side: 9 4 1000000
[INFO] [stdout] Horiz Side: 9 5 5
[INFO] [stdout] From (4, 8) region 3 8 6 {4: [9, 8, 8], 5: [9]} {8: [4], 9: [4, 5, 5]}
[INFO] [stdout] thread 'tests::test_part_two' panicked at src/bin/12.rs:204:9:
[INFO] [stdout] assertion `left == right` failed
[INFO] [stdout]   left: Some(1132)
[INFO] [stdout]  right: Some(1206)
[INFO] [stdout] stack backtrace:
[INFO] [stdout]    0:     0x5a93273755da - std::backtrace_rs::backtrace::libunwind::trace::h5a5b8284f2d0c266
[INFO] [stdout]                                at /rustc/90b35a6239c3d8bdabc530a6a0816f7ff89a0aaf/library/std/src/../../backtrace/src/backtrace/libunwind.rs:116:5
[INFO] [stdout]    1:     0x5a93273755da - std::backtrace_rs::backtrace::trace_unsynchronized::h76d4f1c9b0b875e3
[INFO] [stdout]                                at /rustc/90b35a6239c3d8bdabc530a6a0816f7ff89a0aaf/library/std/src/../../backtrace/src/backtrace/mod.rs:66:5
[INFO] [stdout]    2:     0x5a93273755da - std::sys::backtrace::_print_fmt::hc4546b8364a537c6
[INFO] [stdout]                                at /rustc/90b35a6239c3d8bdabc530a6a0816f7ff89a0aaf/library/std/src/sys/backtrace.rs:66:9
[INFO] [stdout]    3:     0x5a93273755da - <std::sys::backtrace::BacktraceLock::print::DisplayBacktrace as core::fmt::Display>::fmt::h5b6bd5631a6d1f6b
[INFO] [stdout]                                at /rustc/90b35a6239c3d8bdabc530a6a0816f7ff89a0aaf/library/std/src/sys/backtrace.rs:39:26
[INFO] [stdout]    4:     0x5a932739ac93 - core::fmt::rt::Argument::fmt::h270f6602a2b96f62
[INFO] [stdout]                                at /rustc/90b35a6239c3d8bdabc530a6a0816f7ff89a0aaf/library/core/src/fmt/rt.rs:177:76
[INFO] [stdout]    5:     0x5a932739ac93 - core::fmt::write::h7550c97b06c86515
[INFO] [stdout]                                at /rustc/90b35a6239c3d8bdabc530a6a0816f7ff89a0aaf/library/core/src/fmt/mod.rs:1186:21
[INFO] [stdout]    6:     0x5a9327372603 - std::io::Write::write_fmt::h509ff860e5956e5e
[INFO] [stdout]                                at /rustc/90b35a6239c3d8bdabc530a6a0816f7ff89a0aaf/library/std/src/io/mod.rs:1839:15
[INFO] [stdout]    7:     0x5a9327375422 - std::sys::backtrace::BacktraceLock::print::h2395ccd2c84ba3aa
[INFO] [stdout]                                at /rustc/90b35a6239c3d8bdabc530a6a0816f7ff89a0aaf/library/std/src/sys/backtrace.rs:42:9
[INFO] [stdout]    8:     0x5a9327376a3a - std::panicking::default_hook::{{closure}}::he19d4c7230e07961
[INFO] [stdout]                                at /rustc/90b35a6239c3d8bdabc530a6a0816f7ff89a0aaf/library/std/src/panicking.rs:268:22
[INFO] [stdout]    9:     0x5a9327376844 - std::panicking::default_hook::hf614597d3c67bbdb
[INFO] [stdout]                                at /rustc/90b35a6239c3d8bdabc530a6a0816f7ff89a0aaf/library/std/src/panicking.rs:292:9
[INFO] [stdout]   10:     0x5a932733b4b9 - <alloc::boxed::Box<F,A> as core::ops::function::Fn<Args>>::call::h39b51ce4599c23d1
[INFO] [stdout]                                at /rustc/90b35a6239c3d8bdabc530a6a0816f7ff89a0aaf/library/alloc/src/boxed.rs:2468:9
[INFO] [stdout]   11:     0x5a932733b4b9 - test::test_main::{{closure}}::he977ae839a582784
[INFO] [stdout]                                at /rustc/90b35a6239c3d8bdabc530a6a0816f7ff89a0aaf/library/test/src/lib.rs:133:21
[INFO] [stdout]   12:     0x5a93273770d8 - <alloc::boxed::Box<F,A> as core::ops::function::Fn<Args>>::call::h9455091b6b06f9fb
[INFO] [stdout]                                at /rustc/90b35a6239c3d8bdabc530a6a0816f7ff89a0aaf/library/alloc/src/boxed.rs:2468:9
[INFO] [stdout]   13:     0x5a93273770d8 - std::panicking::rust_panic_with_hook::h8942133a8b252070
[INFO] [stdout]                                at /rustc/90b35a6239c3d8bdabc530a6a0816f7ff89a0aaf/library/std/src/panicking.rs:809:13
[INFO] [stdout]   14:     0x5a9327376e9a - std::panicking::begin_panic_handler::{{closure}}::hb5f5963570096b29
[INFO] [stdout]                                at /rustc/90b35a6239c3d8bdabc530a6a0816f7ff89a0aaf/library/std/src/panicking.rs:674:13
[INFO] [stdout]   15:     0x5a9327375ab9 - std::sys::backtrace::__rust_end_short_backtrace::h6208cedc1922feda
[INFO] [stdout]                                at /rustc/90b35a6239c3d8bdabc530a6a0816f7ff89a0aaf/library/std/src/sys/backtrace.rs:170:18
[INFO] [stdout]   16:     0x5a9327376b2c - rust_begin_unwind
[INFO] [stdout]                                at /rustc/90b35a6239c3d8bdabc530a6a0816f7ff89a0aaf/library/std/src/panicking.rs:665:5
[INFO] [stdout]   17:     0x5a93272ecaa0 - core::panicking::panic_fmt::h0c3082644d1bf418
[INFO] [stdout]                                at /rustc/90b35a6239c3d8bdabc530a6a0816f7ff89a0aaf/library/core/src/panicking.rs:74:14
[INFO] [stdout]   18:     0x5a93272ece6b - core::panicking::assert_failed_inner::h2ddf1fcc067fa858
[INFO] [stdout]   19:     0x5a9327301a8a - core::panicking::assert_failed::he71a15eedbc24523
[INFO] [stdout]                                at /rustc/90b35a6239c3d8bdabc530a6a0816f7ff89a0aaf/library/core/src/panicking.rs:367:5
[INFO] [stdout]   20:     0x5a9327302d41 - _12::tests::test_part_two::h45ede923eef1f4f8
[INFO] [stdout]                                at /opt/rustwide/workdir/src/bin/12.rs:204:9
[INFO] [stdout]   21:     0x5a9327302be7 - _12::tests::test_part_two::{{closure}}::h878c24e360777a2b
[INFO] [stdout]                                at /opt/rustwide/workdir/src/bin/12.rs:202:23
[INFO] [stdout]   22:     0x5a93273004b6 - core::ops::function::FnOnce::call_once::h805234119c3c8f4b
[INFO] [stdout]                                at /rustc/90b35a6239c3d8bdabc530a6a0816f7ff89a0aaf/library/core/src/ops/function.rs:250:5
[INFO] [stdout]   23:     0x5a932733fe7b - core::ops::function::FnOnce::call_once::h109cf8051a59b34e
[INFO] [stdout]                                at /rustc/90b35a6239c3d8bdabc530a6a0816f7ff89a0aaf/library/core/src/ops/function.rs:250:5
[INFO] [stdout]   24:     0x5a932733fe7b - test::__rust_begin_short_backtrace::hf4fff89d377446ba
[INFO] [stdout]                                at /rustc/90b35a6239c3d8bdabc530a6a0816f7ff89a0aaf/library/test/src/lib.rs:621:18
[INFO] [stdout]   25:     0x5a932733f6b7 - test::run_test_in_process::{{closure}}::h0e39181dd7ee5a43
[INFO] [stdout]                                at /rustc/90b35a6239c3d8bdabc530a6a0816f7ff89a0aaf/library/test/src/lib.rs:644:60
[INFO] [stdout]   26:     0x5a932733f6b7 - <core::panic::unwind_safe::AssertUnwindSafe<F> as core::ops::function::FnOnce<()>>::call_once::hc5a66a30f0bdfd1f
[INFO] [stdout]                                at /rustc/90b35a6239c3d8bdabc530a6a0816f7ff89a0aaf/library/core/src/panic/unwind_safe.rs:272:9
[INFO] [stdout]   27:     0x5a932733f6b7 - std::panicking::try::do_call::h873b7cf639554a5e
[INFO] [stdout]                                at /rustc/90b35a6239c3d8bdabc530a6a0816f7ff89a0aaf/library/std/src/panicking.rs:557:40
[INFO] [stdout]   28:     0x5a932733f6b7 - std::panicking::try::hdb19862fad9c8bd1
[INFO] [stdout]                                at /rustc/90b35a6239c3d8bdabc530a6a0816f7ff89a0aaf/library/std/src/panicking.rs:520:19
[INFO] [stdout]   29:     0x5a932733f6b7 - std::panic::catch_unwind::h281fe732d236d260
[INFO] [stdout]                                at /rustc/90b35a6239c3d8bdabc530a6a0816f7ff89a0aaf/library/std/src/panic.rs:358:14
[INFO] [stdout]   30:     0x5a932733f6b7 - test::run_test_in_process::h949b6df8457ed338
[INFO] [stdout]                                at /rustc/90b35a6239c3d8bdabc530a6a0816f7ff89a0aaf/library/test/src/lib.rs:644:27
[INFO] [stdout]   31:     0x5a932733f6b7 - test::run_test::{{closure}}::h52c556a6d4740e10
[INFO] [stdout]                                at /rustc/90b35a6239c3d8bdabc530a6a0816f7ff89a0aaf/library/test/src/lib.rs:565:43
[INFO] [stdout]   32:     0x5a9327304994 - test::run_test::{{closure}}::h4237f6381c45ccb9
[INFO] [stdout]                                at /rustc/90b35a6239c3d8bdabc530a6a0816f7ff89a0aaf/library/test/src/lib.rs:595:41
[INFO] [stdout]   33:     0x5a9327304994 - std::sys::backtrace::__rust_begin_short_backtrace::h505c97a579eca628
[INFO] [stdout]                                at /rustc/90b35a6239c3d8bdabc530a6a0816f7ff89a0aaf/library/std/src/sys/backtrace.rs:154:18
[INFO] [stdout]   34:     0x5a932730805e - std::thread::Builder::spawn_unchecked_::{{closure}}::{{closure}}::h9e86b2e2bc107ea3
[INFO] [stdout]                                at /rustc/90b35a6239c3d8bdabc530a6a0816f7ff89a0aaf/library/std/src/thread/mod.rs:538:17
[INFO] [stdout]   35:     0x5a932730805e - <core::panic::unwind_safe::AssertUnwindSafe<F> as core::ops::function::FnOnce<()>>::call_once::h8b06ddb275ff4a25
[INFO] [stdout]                                at /rustc/90b35a6239c3d8bdabc530a6a0816f7ff89a0aaf/library/core/src/panic/unwind_safe.rs:272:9
[INFO] [stdout]   36:     0x5a932730805e - std::panicking::try::do_call::hb26ecd7cd9a9355d
[INFO] [stdout]                                at /rustc/90b35a6239c3d8bdabc530a6a0816f7ff89a0aaf/library/std/src/panicking.rs:557:40
[INFO] [stdout]   37:     0x5a932730805e - std::panicking::try::h8ddeca9d705f9069
[INFO] [stdout]                                at /rustc/90b35a6239c3d8bdabc530a6a0816f7ff89a0aaf/library/std/src/panicking.rs:520:19
[INFO] [stdout]   38:     0x5a932730805e - std::panic::catch_unwind::h49e1c33078844c46
[INFO] [stdout]                                at /rustc/90b35a6239c3d8bdabc530a6a0816f7ff89a0aaf/library/std/src/panic.rs:358:14
[INFO] [stdout]   39:     0x5a932730805e - std::thread::Builder::spawn_unchecked_::{{closure}}::h6073db6ff56ad35d
[INFO] [stdout]                                at /rustc/90b35a6239c3d8bdabc530a6a0816f7ff89a0aaf/library/std/src/thread/mod.rs:537:30
[INFO] [stdout]   40:     0x5a932730805e - core::ops::function::FnOnce::call_once{{vtable.shim}}::h2c5a5f3779c774f1
[INFO] [stdout]                                at /rustc/90b35a6239c3d8bdabc530a6a0816f7ff89a0aaf/library/core/src/ops/function.rs:250:5
[INFO] [stdout]   41:     0x5a932737ae2b - <alloc::boxed::Box<F,A> as core::ops::function::FnOnce<Args>>::call_once::hf75717d9f28faebf
[INFO] [stdout]                                at /rustc/90b35a6239c3d8bdabc530a6a0816f7ff89a0aaf/library/alloc/src/boxed.rs:2454:9
[INFO] [stdout]   42:     0x5a932737ae2b - <alloc::boxed::Box<F,A> as core::ops::function::FnOnce<Args>>::call_once::h7bd883a5f3c5f3c1
[INFO] [stdout]                                at /rustc/90b35a6239c3d8bdabc530a6a0816f7ff89a0aaf/library/alloc/src/boxed.rs:2454:9
[INFO] [stdout]   43:     0x5a932737ae2b - std::sys::pal::unix::thread::Thread::new::thread_start::hcc78f3943333fa94
[INFO] [stdout]                                at /rustc/90b35a6239c3d8bdabc530a6a0816f7ff89a0aaf/library/std/src/sys/pal/unix/thread.rs:105:17
[INFO] [stdout]   44:     0x70c4a2062ac3 - <unknown>
[INFO] [stdout]   45:     0x70c4a20f3a04 - clone
[INFO] [stdout]   46:                0x0 - <unknown>
[INFO] [stdout] 
[INFO] [stdout] 
[INFO] [stdout] failures:
[INFO] [stdout]     tests::test_part_two
[INFO] [stdout] 
[INFO] [stdout] test result: FAILED. 1 passed; 1 failed; 0 ignored; 0 measured; 0 filtered out; finished in 0.04s
[INFO] [stdout] 
[INFO] [stderr] error: test failed, to rerun pass `--bin 12`
[INFO] running `Command { std: "docker" "inspect" "cd04c73cc412ea1ae61f85633f256cebbbe72258c497733eb51e0c3fdf95556e", kill_on_drop: false }`
[INFO] running `Command { std: "docker" "rm" "-f" "cd04c73cc412ea1ae61f85633f256cebbbe72258c497733eb51e0c3fdf95556e", kill_on_drop: false }`
[INFO] [stdout] cd04c73cc412ea1ae61f85633f256cebbbe72258c497733eb51e0c3fdf95556e
