[INFO] cloning repository https://github.com/brayanjuls/toy-olap-db
[INFO] running `Command { std: "git" "-c" "credential.helper=" "-c" "credential.helper=/workspace/cargo-home/bin/git-credential-null" "clone" "--bare" "https://github.com/brayanjuls/toy-olap-db" "/workspace/cache/git-repos/https%3A%2F%2Fgithub.com%2Fbrayanjuls%2Ftoy-olap-db", kill_on_drop: false }`
[INFO] [stderr] Cloning into bare repository '/workspace/cache/git-repos/https%3A%2F%2Fgithub.com%2Fbrayanjuls%2Ftoy-olap-db'...
[INFO] running `Command { std: "git" "rev-parse" "HEAD", kill_on_drop: false }`
[INFO] [stdout] 3cb2d6050c158655c5f8e842000678e04ae867fe
[INFO] testing brayanjuls/toy-olap-db against 1.83.0 for beta-1.84.0-4-retry
[INFO] running `Command { std: "git" "clone" "/workspace/cache/git-repos/https%3A%2F%2Fgithub.com%2Fbrayanjuls%2Ftoy-olap-db" "/workspace/builds/worker-7-tc1/source", kill_on_drop: false }`
[INFO] [stderr] Cloning into '/workspace/builds/worker-7-tc1/source'...
[INFO] [stderr] done.
[INFO] validating manifest of git repo https://github.com/brayanjuls/toy-olap-db on toolchain 1.83.0
[INFO] running `Command { std: CARGO_HOME="/workspace/cargo-home" RUSTUP_HOME="/workspace/rustup-home" "/workspace/cargo-home/bin/cargo" "+1.83.0" "metadata" "--manifest-path" "Cargo.toml" "--no-deps", kill_on_drop: false }`
[INFO] started tweaking git repo https://github.com/brayanjuls/toy-olap-db
[INFO] finished tweaking git repo https://github.com/brayanjuls/toy-olap-db
[INFO] tweaked toml for git repo https://github.com/brayanjuls/toy-olap-db written to /workspace/builds/worker-7-tc1/source/Cargo.toml
[INFO] crate git repo https://github.com/brayanjuls/toy-olap-db already has a lockfile, it will not be regenerated
[INFO] running `Command { std: CARGO_HOME="/workspace/cargo-home" RUSTUP_HOME="/workspace/rustup-home" "/workspace/cargo-home/bin/cargo" "+1.83.0" "fetch" "--manifest-path" "Cargo.toml", kill_on_drop: false }`
[INFO] [stderr]     Updating crates.io index
[INFO] [stderr]  Downloading crates ...
[INFO] [stderr]   Downloaded sqllogictest v0.20.4
[INFO] [stderr]   Downloaded owo-colors v4.0.0
[INFO] [stderr]   Downloaded sqlparser v0.45.0
[INFO] [stderr]   Downloaded subst v0.3.1
[INFO] running `Command { std: "docker" "create" "-v" "/var/lib/crater-agent-workspace/builds/worker-7-tc1/target:/opt/rustwide/target:rw,Z" "-v" "/var/lib/crater-agent-workspace/builds/worker-7-tc1/source:/opt/rustwide/workdir:ro,Z" "-v" "/var/lib/crater-agent-workspace/cargo-home:/opt/rustwide/cargo-home:ro,Z" "-v" "/var/lib/crater-agent-workspace/rustup-home:/opt/rustwide/rustup-home:ro,Z" "-e" "SOURCE_DIR=/opt/rustwide/workdir" "-e" "CARGO_TARGET_DIR=/opt/rustwide/target" "-e" "CARGO_HOME=/opt/rustwide/cargo-home" "-e" "RUSTUP_HOME=/opt/rustwide/rustup-home" "-w" "/opt/rustwide/workdir" "-m" "1610612736" "--user" "0:0" "--network" "none" "ghcr.io/rust-lang/crates-build-env/linux@sha256:f3a9d4ad9d972b27faf3965f35b62e55ba32bbce8f20bc8fe909558a86702fde" "/opt/rustwide/cargo-home/bin/cargo" "+1.83.0" "metadata" "--no-deps" "--format-version=1", kill_on_drop: false }`
[INFO] [stdout] d18c2c494e3ff56d29d5e256820ecc5210d7774496aee8b444023e5e64479819
[INFO] running `Command { std: "docker" "start" "-a" "d18c2c494e3ff56d29d5e256820ecc5210d7774496aee8b444023e5e64479819", kill_on_drop: false }`
[INFO] running `Command { std: "docker" "inspect" "d18c2c494e3ff56d29d5e256820ecc5210d7774496aee8b444023e5e64479819", kill_on_drop: false }`
[INFO] running `Command { std: "docker" "rm" "-f" "d18c2c494e3ff56d29d5e256820ecc5210d7774496aee8b444023e5e64479819", kill_on_drop: false }`
[INFO] [stdout] d18c2c494e3ff56d29d5e256820ecc5210d7774496aee8b444023e5e64479819
[INFO] running `Command { std: "docker" "create" "-v" "/var/lib/crater-agent-workspace/builds/worker-7-tc1/target:/opt/rustwide/target:rw,Z" "-v" "/var/lib/crater-agent-workspace/builds/worker-7-tc1/source:/opt/rustwide/workdir:ro,Z" "-v" "/var/lib/crater-agent-workspace/cargo-home:/opt/rustwide/cargo-home:ro,Z" "-v" "/var/lib/crater-agent-workspace/rustup-home:/opt/rustwide/rustup-home:ro,Z" "-e" "SOURCE_DIR=/opt/rustwide/workdir" "-e" "CARGO_TARGET_DIR=/opt/rustwide/target" "-e" "CARGO_INCREMENTAL=0" "-e" "RUST_BACKTRACE=full" "-e" "RUSTFLAGS=--cap-lints=warn" "-e" "RUSTDOCFLAGS=--cap-lints=warn" "-e" "CARGO_HOME=/opt/rustwide/cargo-home" "-e" "RUSTUP_HOME=/opt/rustwide/rustup-home" "-w" "/opt/rustwide/workdir" "-m" "1610612736" "--user" "0:0" "--network" "none" "ghcr.io/rust-lang/crates-build-env/linux@sha256:f3a9d4ad9d972b27faf3965f35b62e55ba32bbce8f20bc8fe909558a86702fde" "/opt/rustwide/cargo-home/bin/cargo" "+1.83.0" "build" "--frozen" "--message-format=json", kill_on_drop: false }`
[INFO] [stdout] 4317bf3b72eaee7b2b767e54e793152344acf265461b917375ddde6d4d45b1ec
[INFO] running `Command { std: "docker" "start" "-a" "4317bf3b72eaee7b2b767e54e793152344acf265461b917375ddde6d4d45b1ec", kill_on_drop: false }`
[INFO] [stderr]    Compiling proc-macro2 v1.0.85
[INFO] [stderr]    Compiling unicode-ident v1.0.12
[INFO] [stderr]    Compiling libc v0.2.155
[INFO] [stderr]    Compiling autocfg v1.3.0
[INFO] [stderr]    Compiling memchr v2.7.2
[INFO] [stderr]    Compiling version_check v0.9.4
[INFO] [stderr]    Compiling cfg-if v1.0.0
[INFO] [stderr]    Compiling typenum v1.17.0
[INFO] [stderr]    Compiling utf8parse v0.2.2
[INFO] [stderr]    Compiling rustix v0.38.34
[INFO] [stderr]    Compiling bitflags v2.5.0
[INFO] [stderr]    Compiling anstyle-query v1.1.0
[INFO] [stderr]    Compiling is_terminal_polyfill v1.70.0
[INFO] [stderr]    Compiling anstyle v1.0.7
[INFO] [stderr]    Compiling pin-project-lite v0.2.14
[INFO] [stderr]    Compiling colorchoice v1.0.1
[INFO] [stderr]    Compiling futures-sink v0.3.30
[INFO] [stderr]    Compiling linux-raw-sys v0.4.14
[INFO] [stderr]    Compiling futures-core v0.3.30
[INFO] [stderr]    Compiling futures-task v0.3.30
[INFO] [stderr]    Compiling clap_lex v0.7.1
[INFO] [stderr]    Compiling anstyle-parse v0.2.4
[INFO] [stderr]    Compiling futures-io v0.3.30
[INFO] [stderr]    Compiling heck v0.5.0
[INFO] [stderr]    Compiling futures-channel v0.3.30
[INFO] [stderr]    Compiling strsim v0.11.1
[INFO] [stderr]    Compiling pin-utils v0.1.0
[INFO] [stderr]    Compiling anstream v0.6.14
[INFO] [stderr]    Compiling cfg_aliases v0.1.1
[INFO] [stderr]    Compiling thiserror v1.0.61
[INFO] [stderr]    Compiling regex-syntax v0.8.4
[INFO] [stderr]    Compiling nix v0.28.0
[INFO] [stderr]    Compiling unicode-width v0.1.13
[INFO] [stderr]    Compiling smallvec v1.13.2
[INFO] [stderr]    Compiling generic-array v0.14.7
[INFO] [stderr]    Compiling slab v0.4.9
[INFO] [stderr]    Compiling fs-err v2.11.0
[INFO] [stderr]    Compiling clap_builder v4.5.7
[INFO] [stderr]    Compiling once_cell v1.19.0
[INFO] [stderr]    Compiling nibble_vec v0.1.0
[INFO] [stderr]    Compiling aho-corasick v1.1.3
[INFO] [stderr]    Compiling escape8259 v0.5.3
[INFO] [stderr]    Compiling termcolor v1.4.1
[INFO] [stderr]    Compiling log v0.4.21
[INFO] [stderr]    Compiling tracing-core v0.1.32
[INFO] [stderr]    Compiling endian-type v0.1.2
[INFO] [stderr]    Compiling anyhow v1.0.86
[INFO] [stderr]    Compiling either v1.12.0
[INFO] [stderr]    Compiling fastrand v2.1.0
[INFO] [stderr]    Compiling radix_trie v0.2.1
[INFO] [stderr]    Compiling subst v0.3.1
[INFO] [stderr]    Compiling quote v1.0.36
[INFO] [stderr]    Compiling itertools v0.13.0
[INFO] [stderr]    Compiling unicode-segmentation v1.11.0
[INFO] [stderr]    Compiling humantime v2.1.0
[INFO] [stderr]    Compiling home v0.5.9
[INFO] [stderr]    Compiling owo-colors v4.0.0
[INFO] [stderr]    Compiling similar v2.5.0
[INFO] [stderr]    Compiling glob v0.3.1
[INFO] [stderr]    Compiling sqlparser v0.45.0
[INFO] [stderr]    Compiling syn v2.0.66
[INFO] [stderr]    Compiling num_cpus v1.16.0
[INFO] [stderr]    Compiling getrandom v0.2.15
[INFO] [stderr]    Compiling fd-lock v4.0.2
[INFO] [stderr]    Compiling tempfile v3.10.1
[INFO] [stderr]    Compiling crypto-common v0.1.6
[INFO] [stderr]    Compiling block-buffer v0.10.4
[INFO] [stderr]    Compiling uuid v1.8.0
[INFO] [stderr]    Compiling threadpool v1.8.1
[INFO] [stderr]    Compiling digest v0.10.7
[INFO] [stderr]    Compiling regex-automata v0.4.7
[INFO] [stderr]    Compiling md-5 v0.10.6
[INFO] [stderr]    Compiling rustyline v14.0.0
[INFO] [stderr]    Compiling regex v1.10.5
[INFO] [stderr]    Compiling futures-macro v0.3.30
[INFO] [stderr]    Compiling clap_derive v4.5.5
[INFO] [stderr]    Compiling enum-ordinalize-derive v4.3.1
[INFO] [stderr]    Compiling tracing-attributes v0.1.27
[INFO] [stderr]    Compiling thiserror-impl v1.0.61
[INFO] [stderr]    Compiling async-trait v0.1.80
[INFO] [stderr]    Compiling futures-util v0.3.30
[INFO] [stderr]    Compiling enum-ordinalize v4.3.0
[INFO] [stderr]    Compiling educe v0.6.0
[INFO] [stderr]    Compiling tracing v0.1.40
[INFO] [stderr]    Compiling clap v4.5.7
[INFO] [stderr]    Compiling libtest-mimic v0.7.3
[INFO] [stderr]    Compiling futures-executor v0.3.30
[INFO] [stderr]    Compiling futures v0.3.30
[INFO] [stderr]    Compiling sqllogictest v0.20.4
[INFO] [stderr]    Compiling toy-olap-db v0.1.0 (/opt/rustwide/workdir)
[INFO] [stdout] warning: unused import: `self`
[INFO] [stdout]  --> src/database.rs:3:100
[INFO] [stdout]   |
[INFO] [stdout] 3 | use crate::{binder::statement::{BindError, Binder}, catalog::database::DatabaseCatalog, executor::{self, ExecuteError, Executor}, parser};
[INFO] [stdout]   |                                                                                                    ^^^^
[INFO] [stdout]   |
[INFO] [stdout]   = note: `#[warn(unused_imports)]` on by default
[INFO] [stdout] 
[INFO] [stdout] 
[INFO] [stdout] warning: unused import: `sqlparser::ast::DataType`
[INFO] [stdout]  --> src/catalog/table.rs:4:5
[INFO] [stdout]   |
[INFO] [stdout] 4 | use sqlparser::ast::DataType;
[INFO] [stdout]   |     ^^^^^^^^^^^^^^^^^^^^^^^^
[INFO] [stdout] 
[INFO] [stdout] 
[INFO] [stdout] warning: unused import: `DataType`
[INFO] [stdout]  --> src/binder/statement/create.rs:2:22
[INFO] [stdout]   |
[INFO] [stdout] 2 | use sqlparser::ast::{DataType, Statement,Statement::CreateTable};
[INFO] [stdout]   |                      ^^^^^^^^
[INFO] [stdout] 
[INFO] [stdout] 
[INFO] [stdout] warning: unreachable pattern
[INFO] [stdout]   --> src/executor.rs:28:13
[INFO] [stdout]    |
[INFO] [stdout] 28 |             _ => todo!("Unsupported statement")
[INFO] [stdout]    |             ^ no value can reach this
[INFO] [stdout]    |
[INFO] [stdout] note: multiple earlier patterns match some of the same values
[INFO] [stdout]   --> src/executor.rs:28:13
[INFO] [stdout]    |
[INFO] [stdout] 18 |             BoundStatement::Select(select) => {
[INFO] [stdout]    |             ------------------------------ matches some of the same values
[INFO] [stdout] ...
[INFO] [stdout] 23 |             BoundStatement::CreateTable(table) => {
[INFO] [stdout]    |             ---------------------------------- matches some of the same values
[INFO] [stdout] ...
[INFO] [stdout] 28 |             _ => todo!("Unsupported statement")
[INFO] [stdout]    |             ^ collectively making this unreachable
[INFO] [stdout]    = note: `#[warn(unreachable_patterns)]` on by default
[INFO] [stdout] 
[INFO] [stdout] 
[INFO] [stdout] warning: unused variable: `table_name`
[INFO] [stdout]   --> src/binder/statement/create.rs:48:34
[INFO] [stdout]    |
[INFO] [stdout] 48 |         if let Some((schema_name,table_name)) = name.split_once('.'){
[INFO] [stdout]    |                                  ^^^^^^^^^^ help: if this is intentional, prefix it with an underscore: `_table_name`
[INFO] [stdout]    |
[INFO] [stdout]    = note: `#[warn(unused_variables)]` on by default
[INFO] [stdout] 
[INFO] [stdout] 
[INFO] [stdout] warning: unused variable: `table`
[INFO] [stdout]   --> src/binder/statement/create.rs:62:21
[INFO] [stdout]    |
[INFO] [stdout] 62 |         if let Some(table) = schema_catalog.get_table_by_name(name){
[INFO] [stdout]    |                     ^^^^^ help: if this is intentional, prefix it with an underscore: `_table`
[INFO] [stdout] 
[INFO] [stdout] 
[INFO] [stdout] warning: methods `text`, `is_nullable`, and `is_primary` are never used
[INFO] [stdout]   --> src/catalog/column.rs:53:12
[INFO] [stdout]    |
[INFO] [stdout] 43 | impl ColumnDescBuilder {
[INFO] [stdout]    | ---------------------- methods in this implementation
[INFO] [stdout] ...
[INFO] [stdout] 53 |     pub fn text(mut self, text:String) -> Self{
[INFO] [stdout]    |            ^^^^
[INFO] [stdout] ...
[INFO] [stdout] 58 |     pub fn is_nullable(mut self, is_nullable:bool) -> Self{
[INFO] [stdout]    |            ^^^^^^^^^^^
[INFO] [stdout] ...
[INFO] [stdout] 63 |     pub fn is_primary(mut self, is_primary:bool) -> Self{
[INFO] [stdout]    |            ^^^^^^^^^^
[INFO] [stdout]    |
[INFO] [stdout]    = note: `#[warn(dead_code)]` on by default
[INFO] [stdout] 
[INFO] [stdout] 
[INFO] [stderr]     Finished `dev` profile [unoptimized + debuginfo] target(s) in 35.97s
[INFO] running `Command { std: "docker" "inspect" "4317bf3b72eaee7b2b767e54e793152344acf265461b917375ddde6d4d45b1ec", kill_on_drop: false }`
[INFO] running `Command { std: "docker" "rm" "-f" "4317bf3b72eaee7b2b767e54e793152344acf265461b917375ddde6d4d45b1ec", kill_on_drop: false }`
[INFO] [stdout] 4317bf3b72eaee7b2b767e54e793152344acf265461b917375ddde6d4d45b1ec
[INFO] running `Command { std: "docker" "create" "-v" "/var/lib/crater-agent-workspace/builds/worker-7-tc1/target:/opt/rustwide/target:rw,Z" "-v" "/var/lib/crater-agent-workspace/builds/worker-7-tc1/source:/opt/rustwide/workdir:ro,Z" "-v" "/var/lib/crater-agent-workspace/cargo-home:/opt/rustwide/cargo-home:ro,Z" "-v" "/var/lib/crater-agent-workspace/rustup-home:/opt/rustwide/rustup-home:ro,Z" "-e" "SOURCE_DIR=/opt/rustwide/workdir" "-e" "CARGO_TARGET_DIR=/opt/rustwide/target" "-e" "CARGO_INCREMENTAL=0" "-e" "RUST_BACKTRACE=full" "-e" "RUSTFLAGS=--cap-lints=warn" "-e" "RUSTDOCFLAGS=--cap-lints=warn" "-e" "CARGO_HOME=/opt/rustwide/cargo-home" "-e" "RUSTUP_HOME=/opt/rustwide/rustup-home" "-w" "/opt/rustwide/workdir" "-m" "1610612736" "--user" "0:0" "--network" "none" "ghcr.io/rust-lang/crates-build-env/linux@sha256:f3a9d4ad9d972b27faf3965f35b62e55ba32bbce8f20bc8fe909558a86702fde" "/opt/rustwide/cargo-home/bin/cargo" "+1.83.0" "test" "--frozen" "--no-run" "--message-format=json", kill_on_drop: false }`
[INFO] [stdout] 7a2baf8c42a96531a798b8121994b2f8634ebf6a8e80dca3783de8ddfbe5a585
[INFO] running `Command { std: "docker" "start" "-a" "7a2baf8c42a96531a798b8121994b2f8634ebf6a8e80dca3783de8ddfbe5a585", kill_on_drop: false }`
[INFO] [stdout] warning: unused import: `self`
[INFO] [stdout]  --> src/database.rs:3:100
[INFO] [stdout]   |
[INFO] [stdout] 3 | use crate::{binder::statement::{BindError, Binder}, catalog::database::DatabaseCatalog, executor::{self, ExecuteError, Executor}, parser};
[INFO] [stdout]   |                                                                                                    ^^^^
[INFO] [stdout]   |
[INFO] [stdout]   = note: `#[warn(unused_imports)]` on by default
[INFO] [stdout] 
[INFO] [stdout] 
[INFO] [stdout] warning: unused import: `sqlparser::ast::DataType`
[INFO] [stdout]  --> src/catalog/table.rs:4:5
[INFO] [stdout]   |
[INFO] [stdout] 4 | use sqlparser::ast::DataType;
[INFO] [stdout]   |     ^^^^^^^^^^^^^^^^^^^^^^^^
[INFO] [stdout] 
[INFO] [stdout] 
[INFO] [stdout] warning: unused import: `DataType`
[INFO] [stdout]  --> src/binder/statement/create.rs:2:22
[INFO] [stdout]   |
[INFO] [stdout] 2 | use sqlparser::ast::{DataType, Statement,Statement::CreateTable};
[INFO] [stdout]   |                      ^^^^^^^^
[INFO] [stdout] 
[INFO] [stdout] 
[INFO] [stdout] warning: unreachable pattern
[INFO] [stdout]   --> src/executor.rs:28:13
[INFO] [stdout]    |
[INFO] [stdout] 28 |             _ => todo!("Unsupported statement")
[INFO] [stdout]    |             ^ no value can reach this
[INFO] [stdout]    |
[INFO] [stdout] note: multiple earlier patterns match some of the same values
[INFO] [stdout]   --> src/executor.rs:28:13
[INFO] [stdout]    |
[INFO] [stdout] 18 |             BoundStatement::Select(select) => {
[INFO] [stdout]    |             ------------------------------ matches some of the same values
[INFO] [stdout] ...
[INFO] [stdout] 23 |             BoundStatement::CreateTable(table) => {
[INFO] [stdout]    |             ---------------------------------- matches some of the same values
[INFO] [stdout] ...
[INFO] [stdout] 28 |             _ => todo!("Unsupported statement")
[INFO] [stdout]    |             ^ collectively making this unreachable
[INFO] [stdout]    = note: `#[warn(unreachable_patterns)]` on by default
[INFO] [stdout] 
[INFO] [stdout] 
[INFO] [stdout] warning: unused variable: `table_name`
[INFO] [stdout]   --> src/binder/statement/create.rs:48:34
[INFO] [stdout]    |
[INFO] [stdout] 48 |         if let Some((schema_name,table_name)) = name.split_once('.'){
[INFO] [stdout]    |                                  ^^^^^^^^^^ help: if this is intentional, prefix it with an underscore: `_table_name`
[INFO] [stdout]    |
[INFO] [stdout]    = note: `#[warn(unused_variables)]` on by default
[INFO] [stdout] 
[INFO] [stdout] 
[INFO] [stdout] warning: unused variable: `table`
[INFO] [stdout]   --> src/binder/statement/create.rs:62:21
[INFO] [stdout]    |
[INFO] [stdout] 62 |         if let Some(table) = schema_catalog.get_table_by_name(name){
[INFO] [stdout]    |                     ^^^^^ help: if this is intentional, prefix it with an underscore: `_table`
[INFO] [stdout] 
[INFO] [stdout] 
[INFO] [stderr]    Compiling toy-olap-db v0.1.0 (/opt/rustwide/workdir)
[INFO] [stdout] warning: methods `text`, `is_nullable`, and `is_primary` are never used
[INFO] [stdout]   --> src/catalog/column.rs:53:12
[INFO] [stdout]    |
[INFO] [stdout] 43 | impl ColumnDescBuilder {
[INFO] [stdout]    | ---------------------- methods in this implementation
[INFO] [stdout] ...
[INFO] [stdout] 53 |     pub fn text(mut self, text:String) -> Self{
[INFO] [stdout]    |            ^^^^
[INFO] [stdout] ...
[INFO] [stdout] 58 |     pub fn is_nullable(mut self, is_nullable:bool) -> Self{
[INFO] [stdout]    |            ^^^^^^^^^^^
[INFO] [stdout] ...
[INFO] [stdout] 63 |     pub fn is_primary(mut self, is_primary:bool) -> Self{
[INFO] [stdout]    |            ^^^^^^^^^^
[INFO] [stdout]    |
[INFO] [stdout]    = note: `#[warn(dead_code)]` on by default
[INFO] [stdout] 
[INFO] [stdout] 
[INFO] [stdout] warning: unused import: `self`
[INFO] [stdout]  --> src/database.rs:3:100
[INFO] [stdout]   |
[INFO] [stdout] 3 | use crate::{binder::statement::{BindError, Binder}, catalog::database::DatabaseCatalog, executor::{self, ExecuteError, Executor}, parser};
[INFO] [stdout]   |                                                                                                    ^^^^
[INFO] [stdout]   |
[INFO] [stdout]   = note: `#[warn(unused_imports)]` on by default
[INFO] [stdout] 
[INFO] [stdout] 
[INFO] [stdout] warning: unused import: `sqlparser::ast::DataType`
[INFO] [stdout]  --> src/catalog/table.rs:4:5
[INFO] [stdout]   |
[INFO] [stdout] 4 | use sqlparser::ast::DataType;
[INFO] [stdout]   |     ^^^^^^^^^^^^^^^^^^^^^^^^
[INFO] [stdout] 
[INFO] [stdout] 
[INFO] [stdout] warning: unused import: `DataType`
[INFO] [stdout]  --> src/binder/statement/create.rs:2:22
[INFO] [stdout]   |
[INFO] [stdout] 2 | use sqlparser::ast::{DataType, Statement,Statement::CreateTable};
[INFO] [stdout]   |                      ^^^^^^^^
[INFO] [stdout] 
[INFO] [stdout] 
[INFO] [stdout] warning: unreachable pattern
[INFO] [stdout]   --> src/executor.rs:28:13
[INFO] [stdout]    |
[INFO] [stdout] 28 |             _ => todo!("Unsupported statement")
[INFO] [stdout]    |             ^ no value can reach this
[INFO] [stdout]    |
[INFO] [stdout] note: multiple earlier patterns match some of the same values
[INFO] [stdout]   --> src/executor.rs:28:13
[INFO] [stdout]    |
[INFO] [stdout] 18 |             BoundStatement::Select(select) => {
[INFO] [stdout]    |             ------------------------------ matches some of the same values
[INFO] [stdout] ...
[INFO] [stdout] 23 |             BoundStatement::CreateTable(table) => {
[INFO] [stdout]    |             ---------------------------------- matches some of the same values
[INFO] [stdout] ...
[INFO] [stdout] 28 |             _ => todo!("Unsupported statement")
[INFO] [stdout]    |             ^ collectively making this unreachable
[INFO] [stdout]    = note: `#[warn(unreachable_patterns)]` on by default
[INFO] [stdout] 
[INFO] [stdout] 
[INFO] [stdout] warning: unused variable: `table_name`
[INFO] [stdout]   --> src/binder/statement/create.rs:48:34
[INFO] [stdout]    |
[INFO] [stdout] 48 |         if let Some((schema_name,table_name)) = name.split_once('.'){
[INFO] [stdout]    |                                  ^^^^^^^^^^ help: if this is intentional, prefix it with an underscore: `_table_name`
[INFO] [stdout]    |
[INFO] [stdout]    = note: `#[warn(unused_variables)]` on by default
[INFO] [stdout] 
[INFO] [stdout] 
[INFO] [stdout] warning: unused variable: `table`
[INFO] [stdout]   --> src/binder/statement/create.rs:62:21
[INFO] [stdout]    |
[INFO] [stdout] 62 |         if let Some(table) = schema_catalog.get_table_by_name(name){
[INFO] [stdout]    |                     ^^^^^ help: if this is intentional, prefix it with an underscore: `_table`
[INFO] [stdout] 
[INFO] [stdout] 
[INFO] [stdout] warning: methods `text`, `is_nullable`, and `is_primary` are never used
[INFO] [stdout]   --> src/catalog/column.rs:53:12
[INFO] [stdout]    |
[INFO] [stdout] 43 | impl ColumnDescBuilder {
[INFO] [stdout]    | ---------------------- methods in this implementation
[INFO] [stdout] ...
[INFO] [stdout] 53 |     pub fn text(mut self, text:String) -> Self{
[INFO] [stdout]    |            ^^^^
[INFO] [stdout] ...
[INFO] [stdout] 58 |     pub fn is_nullable(mut self, is_nullable:bool) -> Self{
[INFO] [stdout]    |            ^^^^^^^^^^^
[INFO] [stdout] ...
[INFO] [stdout] 63 |     pub fn is_primary(mut self, is_primary:bool) -> Self{
[INFO] [stdout]    |            ^^^^^^^^^^
[INFO] [stdout]    |
[INFO] [stdout]    = note: `#[warn(dead_code)]` on by default
[INFO] [stdout] 
[INFO] [stdout] 
[INFO] [stderr]     Finished `test` profile [unoptimized + debuginfo] target(s) in 3.81s
[INFO] running `Command { std: "docker" "inspect" "7a2baf8c42a96531a798b8121994b2f8634ebf6a8e80dca3783de8ddfbe5a585", kill_on_drop: false }`
[INFO] running `Command { std: "docker" "rm" "-f" "7a2baf8c42a96531a798b8121994b2f8634ebf6a8e80dca3783de8ddfbe5a585", kill_on_drop: false }`
[INFO] [stdout] 7a2baf8c42a96531a798b8121994b2f8634ebf6a8e80dca3783de8ddfbe5a585
[INFO] running `Command { std: "docker" "create" "-v" "/var/lib/crater-agent-workspace/builds/worker-7-tc1/target:/opt/rustwide/target:rw,Z" "-v" "/var/lib/crater-agent-workspace/builds/worker-7-tc1/source:/opt/rustwide/workdir:ro,Z" "-v" "/var/lib/crater-agent-workspace/cargo-home:/opt/rustwide/cargo-home:ro,Z" "-v" "/var/lib/crater-agent-workspace/rustup-home:/opt/rustwide/rustup-home:ro,Z" "-e" "SOURCE_DIR=/opt/rustwide/workdir" "-e" "CARGO_TARGET_DIR=/opt/rustwide/target" "-e" "CARGO_INCREMENTAL=0" "-e" "RUST_BACKTRACE=full" "-e" "RUSTFLAGS=--cap-lints=warn" "-e" "RUSTDOCFLAGS=--cap-lints=warn" "-e" "CARGO_HOME=/opt/rustwide/cargo-home" "-e" "RUSTUP_HOME=/opt/rustwide/rustup-home" "-w" "/opt/rustwide/workdir" "-m" "1610612736" "--user" "0:0" "--network" "none" "ghcr.io/rust-lang/crates-build-env/linux@sha256:f3a9d4ad9d972b27faf3965f35b62e55ba32bbce8f20bc8fe909558a86702fde" "/opt/rustwide/cargo-home/bin/cargo" "+1.83.0" "test" "--frozen", kill_on_drop: false }`
[INFO] [stdout] 446fb4279f04fe16739ff12298e510ca241a2a233207faafffeb87cc9b0fed52
[INFO] running `Command { std: "docker" "start" "-a" "446fb4279f04fe16739ff12298e510ca241a2a233207faafffeb87cc9b0fed52", kill_on_drop: false }`
[INFO] [stderr] warning: unused import: `self`
[INFO] [stderr]  --> src/database.rs:3:100
[INFO] [stderr]   |
[INFO] [stderr] 3 | use crate::{binder::statement::{BindError, Binder}, catalog::database::DatabaseCatalog, executor::{self, ExecuteError, Executor}, parser};
[INFO] [stderr]   |                                                                                                    ^^^^
[INFO] [stderr]   |
[INFO] [stderr]   = note: `#[warn(unused_imports)]` on by default
[INFO] [stderr] 
[INFO] [stderr] warning: unused import: `sqlparser::ast::DataType`
[INFO] [stderr]  --> src/catalog/table.rs:4:5
[INFO] [stderr]   |
[INFO] [stderr] 4 | use sqlparser::ast::DataType;
[INFO] [stderr]   |     ^^^^^^^^^^^^^^^^^^^^^^^^
[INFO] [stderr] 
[INFO] [stderr] warning: unused import: `DataType`
[INFO] [stderr]  --> src/binder/statement/create.rs:2:22
[INFO] [stderr]   |
[INFO] [stderr] 2 | use sqlparser::ast::{DataType, Statement,Statement::CreateTable};
[INFO] [stderr]   |                      ^^^^^^^^
[INFO] [stderr] 
[INFO] [stderr] warning: unreachable pattern
[INFO] [stderr]   --> src/executor.rs:28:13
[INFO] [stderr]    |
[INFO] [stderr] 28 |             _ => todo!("Unsupported statement")
[INFO] [stderr]    |             ^ no value can reach this
[INFO] [stderr]    |
[INFO] [stderr] note: multiple earlier patterns match some of the same values
[INFO] [stderr]   --> src/executor.rs:28:13
[INFO] [stderr]    |
[INFO] [stderr] 18 |             BoundStatement::Select(select) => {
[INFO] [stderr]    |             ------------------------------ matches some of the same values
[INFO] [stderr] ...
[INFO] [stderr] 23 |             BoundStatement::CreateTable(table) => {
[INFO] [stderr]    |             ---------------------------------- matches some of the same values
[INFO] [stderr] ...
[INFO] [stderr] 28 |             _ => todo!("Unsupported statement")
[INFO] [stderr]    |             ^ collectively making this unreachable
[INFO] [stderr]    = note: `#[warn(unreachable_patterns)]` on by default
[INFO] [stderr] 
[INFO] [stderr] warning: unused variable: `table_name`
[INFO] [stderr]   --> src/binder/statement/create.rs:48:34
[INFO] [stderr]    |
[INFO] [stderr] 48 |         if let Some((schema_name,table_name)) = name.split_once('.'){
[INFO] [stderr]    |                                  ^^^^^^^^^^ help: if this is intentional, prefix it with an underscore: `_table_name`
[INFO] [stderr]    |
[INFO] [stderr]    = note: `#[warn(unused_variables)]` on by default
[INFO] [stderr] 
[INFO] [stderr] warning: unused variable: `table`
[INFO] [stderr]   --> src/binder/statement/create.rs:62:21
[INFO] [stderr]    |
[INFO] [stderr] 62 |         if let Some(table) = schema_catalog.get_table_by_name(name){
[INFO] [stderr]    |                     ^^^^^ help: if this is intentional, prefix it with an underscore: `_table`
[INFO] [stderr] 
[INFO] [stderr] warning: methods `text`, `is_nullable`, and `is_primary` are never used
[INFO] [stderr]   --> src/catalog/column.rs:53:12
[INFO] [stderr]    |
[INFO] [stderr] 43 | impl ColumnDescBuilder {
[INFO] [stderr]    | ---------------------- methods in this implementation
[INFO] [stderr] ...
[INFO] [stderr] 53 |     pub fn text(mut self, text:String) -> Self{
[INFO] [stderr]    |            ^^^^
[INFO] [stderr] ...
[INFO] [stderr] 58 |     pub fn is_nullable(mut self, is_nullable:bool) -> Self{
[INFO] [stderr]    |            ^^^^^^^^^^^
[INFO] [stderr] ...
[INFO] [stderr] 63 |     pub fn is_primary(mut self, is_primary:bool) -> Self{
[INFO] [stderr]    |            ^^^^^^^^^^
[INFO] [stderr]    |
[INFO] [stderr]    = note: `#[warn(dead_code)]` on by default
[INFO] [stderr] 
[INFO] [stderr] warning: `toy-olap-db` (lib) generated 7 warnings (run `cargo fix --lib -p toy-olap-db` to apply 3 suggestions)
[INFO] [stderr] warning: `toy-olap-db` (lib test) generated 7 warnings (7 duplicates)
[INFO] [stderr]     Finished `test` profile [unoptimized + debuginfo] target(s) in 0.11s
[INFO] [stderr]      Running unittests src/lib.rs (/opt/rustwide/target/debug/deps/toy_olap_db-d47e265afa496ccd)
[INFO] [stdout] 
[INFO] [stdout] running 6 tests
[INFO] [stdout] test catalog::table::tests::test_empty_table_creation ... ok
[INFO] [stdout] test catalog::database::test::test_add_new_schema ... ok
[INFO] [stdout] test catalog::table::tests::test_table_catalog_creation ... ok
[INFO] [stdout] test catalog::database::test::test_create_db ... ok
[INFO] [stdout] test catalog::table::tests::test_duplicate_column_names ... ok
[INFO] [stdout] test test::test ... FAILED
[INFO] [stdout] 
[INFO] [stdout] failures:
[INFO] [stdout] 
[INFO] [stdout] ---- test::test stdout ----
[INFO] [stdout] thread 'test::test' panicked at src/test.rs:23:32:
[INFO] [stdout] called `Result::unwrap()` on an `Err` value: query result mismatch:
[INFO] [stdout] [SQL] SELECT 'Hello, world!'
[INFO] [stdout] [Diff] (-expected|+actual)
[INFO] [stdout] -   Hello, world!
[INFO] [stdout] +   'Hello, world!'
[INFO] [stdout] at <unknown>:11
[INFO] [stdout] 
[INFO] [stdout] stack backtrace:
[INFO] [stdout]    0:     0x5a20e114718a - std::backtrace_rs::backtrace::libunwind::trace::h5a5b8284f2d0c266
[INFO] [stdout]                                at /rustc/90b35a6239c3d8bdabc530a6a0816f7ff89a0aaf/library/std/src/../../backtrace/src/backtrace/libunwind.rs:116:5
[INFO] [stdout]    1:     0x5a20e114718a - std::backtrace_rs::backtrace::trace_unsynchronized::h76d4f1c9b0b875e3
[INFO] [stdout]                                at /rustc/90b35a6239c3d8bdabc530a6a0816f7ff89a0aaf/library/std/src/../../backtrace/src/backtrace/mod.rs:66:5
[INFO] [stdout]    2:     0x5a20e114718a - std::sys::backtrace::_print_fmt::hc4546b8364a537c6
[INFO] [stdout]                                at /rustc/90b35a6239c3d8bdabc530a6a0816f7ff89a0aaf/library/std/src/sys/backtrace.rs:66:9
[INFO] [stdout]    3:     0x5a20e114718a - <std::sys::backtrace::BacktraceLock::print::DisplayBacktrace as core::fmt::Display>::fmt::h5b6bd5631a6d1f6b
[INFO] [stdout]                                at /rustc/90b35a6239c3d8bdabc530a6a0816f7ff89a0aaf/library/std/src/sys/backtrace.rs:39:26
[INFO] [stdout]    4:     0x5a20e116ef53 - core::fmt::rt::Argument::fmt::h270f6602a2b96f62
[INFO] [stdout]                                at /rustc/90b35a6239c3d8bdabc530a6a0816f7ff89a0aaf/library/core/src/fmt/rt.rs:177:76
[INFO] [stdout]    5:     0x5a20e116ef53 - core::fmt::write::h7550c97b06c86515
[INFO] [stdout]                                at /rustc/90b35a6239c3d8bdabc530a6a0816f7ff89a0aaf/library/core/src/fmt/mod.rs:1186:21
[INFO] [stdout]    6:     0x5a20e1143f53 - std::io::Write::write_fmt::h509ff860e5956e5e
[INFO] [stdout]                                at /rustc/90b35a6239c3d8bdabc530a6a0816f7ff89a0aaf/library/std/src/io/mod.rs:1839:15
[INFO] [stdout]    7:     0x5a20e1146fd2 - std::sys::backtrace::BacktraceLock::print::h2395ccd2c84ba3aa
[INFO] [stdout]                                at /rustc/90b35a6239c3d8bdabc530a6a0816f7ff89a0aaf/library/std/src/sys/backtrace.rs:42:9
[INFO] [stdout]    8:     0x5a20e11485ea - std::panicking::default_hook::{{closure}}::he19d4c7230e07961
[INFO] [stdout]                                at /rustc/90b35a6239c3d8bdabc530a6a0816f7ff89a0aaf/library/std/src/panicking.rs:268:22
[INFO] [stdout]    9:     0x5a20e11483f4 - std::panicking::default_hook::hf614597d3c67bbdb
[INFO] [stdout]                                at /rustc/90b35a6239c3d8bdabc530a6a0816f7ff89a0aaf/library/std/src/panicking.rs:292:9
[INFO] [stdout]   10:     0x5a20e0c39ce9 - <alloc::boxed::Box<F,A> as core::ops::function::Fn<Args>>::call::h39b51ce4599c23d1
[INFO] [stdout]                                at /rustc/90b35a6239c3d8bdabc530a6a0816f7ff89a0aaf/library/alloc/src/boxed.rs:2468:9
[INFO] [stdout]   11:     0x5a20e0c39ce9 - test::test_main::{{closure}}::he977ae839a582784
[INFO] [stdout]                                at /rustc/90b35a6239c3d8bdabc530a6a0816f7ff89a0aaf/library/test/src/lib.rs:133:21
[INFO] [stdout]   12:     0x5a20e1148c88 - <alloc::boxed::Box<F,A> as core::ops::function::Fn<Args>>::call::h9455091b6b06f9fb
[INFO] [stdout]                                at /rustc/90b35a6239c3d8bdabc530a6a0816f7ff89a0aaf/library/alloc/src/boxed.rs:2468:9
[INFO] [stdout]   13:     0x5a20e1148c88 - std::panicking::rust_panic_with_hook::h8942133a8b252070
[INFO] [stdout]                                at /rustc/90b35a6239c3d8bdabc530a6a0816f7ff89a0aaf/library/std/src/panicking.rs:809:13
[INFO] [stdout]   14:     0x5a20e1148a4a - std::panicking::begin_panic_handler::{{closure}}::hb5f5963570096b29
[INFO] [stdout]                                at /rustc/90b35a6239c3d8bdabc530a6a0816f7ff89a0aaf/library/std/src/panicking.rs:674:13
[INFO] [stdout]   15:     0x5a20e1147669 - std::sys::backtrace::__rust_end_short_backtrace::h6208cedc1922feda
[INFO] [stdout]                                at /rustc/90b35a6239c3d8bdabc530a6a0816f7ff89a0aaf/library/std/src/sys/backtrace.rs:170:18
[INFO] [stdout]   16:     0x5a20e11486dc - rust_begin_unwind
[INFO] [stdout]                                at /rustc/90b35a6239c3d8bdabc530a6a0816f7ff89a0aaf/library/std/src/panicking.rs:665:5
[INFO] [stdout]   17:     0x5a20e0ba41e0 - core::panicking::panic_fmt::h0c3082644d1bf418
[INFO] [stdout]                                at /rustc/90b35a6239c3d8bdabc530a6a0816f7ff89a0aaf/library/core/src/panicking.rs:74:14
[INFO] [stdout]   18:     0x5a20e0ba4666 - core::result::unwrap_failed::hd20b4aa073bda1e2
[INFO] [stdout]                                at /rustc/90b35a6239c3d8bdabc530a6a0816f7ff89a0aaf/library/core/src/result.rs:1700:5
[INFO] [stdout]   19:     0x5a20e0bf4141 - core::result::Result<T,E>::unwrap::h4add9454998a2ce2
[INFO] [stdout]                                at /rustc/90b35a6239c3d8bdabc530a6a0816f7ff89a0aaf/library/core/src/result.rs:1104:23
[INFO] [stdout]   20:     0x5a20e0bf4141 - toy_olap_db::test::test::he821d9de249f7759
[INFO] [stdout]                                at /opt/rustwide/workdir/src/test.rs:23:5
[INFO] [stdout]   21:     0x5a20e0bf3cd7 - toy_olap_db::test::test::{{closure}}::ha4ca37fed682ea8b
[INFO] [stdout]                                at /opt/rustwide/workdir/src/test.rs:19:10
[INFO] [stdout]   22:     0x5a20e0becd76 - core::ops::function::FnOnce::call_once::h49e8df295c60d1f5
[INFO] [stdout]                                at /rustc/90b35a6239c3d8bdabc530a6a0816f7ff89a0aaf/library/core/src/ops/function.rs:250:5
[INFO] [stdout]   23:     0x5a20e0c3e6ab - core::ops::function::FnOnce::call_once::h109cf8051a59b34e
[INFO] [stdout]                                at /rustc/90b35a6239c3d8bdabc530a6a0816f7ff89a0aaf/library/core/src/ops/function.rs:250:5
[INFO] [stdout]   24:     0x5a20e0c3e6ab - test::__rust_begin_short_backtrace::hf4fff89d377446ba
[INFO] [stdout]                                at /rustc/90b35a6239c3d8bdabc530a6a0816f7ff89a0aaf/library/test/src/lib.rs:621:18
[INFO] [stdout]   25:     0x5a20e0c3dee7 - test::run_test_in_process::{{closure}}::h0e39181dd7ee5a43
[INFO] [stdout]                                at /rustc/90b35a6239c3d8bdabc530a6a0816f7ff89a0aaf/library/test/src/lib.rs:644:60
[INFO] [stdout]   26:     0x5a20e0c3dee7 - <core::panic::unwind_safe::AssertUnwindSafe<F> as core::ops::function::FnOnce<()>>::call_once::hc5a66a30f0bdfd1f
[INFO] [stdout]                                at /rustc/90b35a6239c3d8bdabc530a6a0816f7ff89a0aaf/library/core/src/panic/unwind_safe.rs:272:9
[INFO] [stdout]   27:     0x5a20e0c3dee7 - std::panicking::try::do_call::h873b7cf639554a5e
[INFO] [stdout]                                at /rustc/90b35a6239c3d8bdabc530a6a0816f7ff89a0aaf/library/std/src/panicking.rs:557:40
[INFO] [stdout]   28:     0x5a20e0c3dee7 - std::panicking::try::hdb19862fad9c8bd1
[INFO] [stdout]                                at /rustc/90b35a6239c3d8bdabc530a6a0816f7ff89a0aaf/library/std/src/panicking.rs:520:19
[INFO] [stdout]   29:     0x5a20e0c3dee7 - std::panic::catch_unwind::h281fe732d236d260
[INFO] [stdout]                                at /rustc/90b35a6239c3d8bdabc530a6a0816f7ff89a0aaf/library/std/src/panic.rs:358:14
[INFO] [stdout]   30:     0x5a20e0c3dee7 - test::run_test_in_process::h949b6df8457ed338
[INFO] [stdout]                                at /rustc/90b35a6239c3d8bdabc530a6a0816f7ff89a0aaf/library/test/src/lib.rs:644:27
[INFO] [stdout]   31:     0x5a20e0c3dee7 - test::run_test::{{closure}}::h52c556a6d4740e10
[INFO] [stdout]                                at /rustc/90b35a6239c3d8bdabc530a6a0816f7ff89a0aaf/library/test/src/lib.rs:565:43
[INFO] [stdout]   32:     0x5a20e0c031c4 - test::run_test::{{closure}}::h4237f6381c45ccb9
[INFO] [stdout]                                at /rustc/90b35a6239c3d8bdabc530a6a0816f7ff89a0aaf/library/test/src/lib.rs:595:41
[INFO] [stdout]   33:     0x5a20e0c031c4 - std::sys::backtrace::__rust_begin_short_backtrace::h505c97a579eca628
[INFO] [stdout]                                at /rustc/90b35a6239c3d8bdabc530a6a0816f7ff89a0aaf/library/std/src/sys/backtrace.rs:154:18
[INFO] [stdout]   34:     0x5a20e0c0688e - std::thread::Builder::spawn_unchecked_::{{closure}}::{{closure}}::h9e86b2e2bc107ea3
[INFO] [stdout]                                at /rustc/90b35a6239c3d8bdabc530a6a0816f7ff89a0aaf/library/std/src/thread/mod.rs:538:17
[INFO] [stdout]   35:     0x5a20e0c0688e - <core::panic::unwind_safe::AssertUnwindSafe<F> as core::ops::function::FnOnce<()>>::call_once::h8b06ddb275ff4a25
[INFO] [stdout]                                at /rustc/90b35a6239c3d8bdabc530a6a0816f7ff89a0aaf/library/core/src/panic/unwind_safe.rs:272:9
[INFO] [stdout]   36:     0x5a20e0c0688e - std::panicking::try::do_call::hb26ecd7cd9a9355d
[INFO] [stdout]                                at /rustc/90b35a6239c3d8bdabc530a6a0816f7ff89a0aaf/library/std/src/panicking.rs:557:40
[INFO] [stdout]   37:     0x5a20e0c0688e - std::panicking::try::h8ddeca9d705f9069
[INFO] [stdout]                                at /rustc/90b35a6239c3d8bdabc530a6a0816f7ff89a0aaf/library/std/src/panicking.rs:520:19
[INFO] [stdout]   38:     0x5a20e0c0688e - std::panic::catch_unwind::h49e1c33078844c46
[INFO] [stdout]                                at /rustc/90b35a6239c3d8bdabc530a6a0816f7ff89a0aaf/library/std/src/panic.rs:358:14
[INFO] [stdout]   39:     0x5a20e0c0688e - std::thread::Builder::spawn_unchecked_::{{closure}}::h6073db6ff56ad35d
[INFO] [stdout]                                at /rustc/90b35a6239c3d8bdabc530a6a0816f7ff89a0aaf/library/std/src/thread/mod.rs:537:30
[INFO] [stdout]   40:     0x5a20e0c0688e - core::ops::function::FnOnce::call_once{{vtable.shim}}::h2c5a5f3779c774f1
[INFO] [stdout]                                at /rustc/90b35a6239c3d8bdabc530a6a0816f7ff89a0aaf/library/core/src/ops/function.rs:250:5
[INFO] [stdout]   41:     0x5a20e114d4cb - <alloc::boxed::Box<F,A> as core::ops::function::FnOnce<Args>>::call_once::hf75717d9f28faebf
[INFO] [stdout]                                at /rustc/90b35a6239c3d8bdabc530a6a0816f7ff89a0aaf/library/alloc/src/boxed.rs:2454:9
[INFO] [stdout]   42:     0x5a20e114d4cb - <alloc::boxed::Box<F,A> as core::ops::function::FnOnce<Args>>::call_once::h7bd883a5f3c5f3c1
[INFO] [stdout]                                at /rustc/90b35a6239c3d8bdabc530a6a0816f7ff89a0aaf/library/alloc/src/boxed.rs:2454:9
[INFO] [stdout]   43:     0x5a20e114d4cb - std::sys::pal::unix::thread::Thread::new::thread_start::hcc78f3943333fa94
[INFO] [stdout]                                at /rustc/90b35a6239c3d8bdabc530a6a0816f7ff89a0aaf/library/std/src/sys/pal/unix/thread.rs:105:17
[INFO] [stdout]   44:     0x7727d3f8cac3 - <unknown>
[INFO] [stdout]   45:     0x7727d401da04 - clone
[INFO] [stdout]   46:                0x0 - <unknown>
[INFO] [stdout] 
[INFO] [stdout] 
[INFO] [stdout] failures:
[INFO] [stdout]     test::test
[INFO] [stdout] 
[INFO] [stdout] test result: FAILED. 5 passed; 1 failed; 0 ignored; 0 measured; 0 filtered out; finished in 0.10s
[INFO] [stdout] 
[INFO] [stderr] error: test failed, to rerun pass `--lib`
[INFO] running `Command { std: "docker" "inspect" "446fb4279f04fe16739ff12298e510ca241a2a233207faafffeb87cc9b0fed52", kill_on_drop: false }`
[INFO] running `Command { std: "docker" "rm" "-f" "446fb4279f04fe16739ff12298e510ca241a2a233207faafffeb87cc9b0fed52", kill_on_drop: false }`
[INFO] [stdout] 446fb4279f04fe16739ff12298e510ca241a2a233207faafffeb87cc9b0fed52
