[INFO] cloning repository https://github.com/branchseer/esloop
[INFO] running `Command { std: "git" "-c" "credential.helper=" "-c" "credential.helper=/workspace/cargo-home/bin/git-credential-null" "clone" "--bare" "https://github.com/branchseer/esloop" "/workspace/cache/git-repos/https%3A%2F%2Fgithub.com%2Fbranchseer%2Fesloop", kill_on_drop: false }`
[INFO] [stderr] Cloning into bare repository '/workspace/cache/git-repos/https%3A%2F%2Fgithub.com%2Fbranchseer%2Fesloop'...
[INFO] running `Command { std: "git" "rev-parse" "HEAD", kill_on_drop: false }`
[INFO] [stdout] 63ec293d740b7386c3f579310cf00f7ffbb6a6ea
[INFO] testing branchseer/esloop against 1.83.0 for beta-1.84.0-4-retry
[INFO] running `Command { std: "git" "clone" "/workspace/cache/git-repos/https%3A%2F%2Fgithub.com%2Fbranchseer%2Fesloop" "/workspace/builds/worker-0-tc1/source", kill_on_drop: false }`
[INFO] [stderr] Cloning into '/workspace/builds/worker-0-tc1/source'...
[INFO] [stderr] done.
[INFO] validating manifest of git repo https://github.com/branchseer/esloop on toolchain 1.83.0
[INFO] running `Command { std: CARGO_HOME="/workspace/cargo-home" RUSTUP_HOME="/workspace/rustup-home" "/workspace/cargo-home/bin/cargo" "+1.83.0" "metadata" "--manifest-path" "Cargo.toml" "--no-deps", kill_on_drop: false }`
[INFO] started tweaking git repo https://github.com/branchseer/esloop
[INFO] finished tweaking git repo https://github.com/branchseer/esloop
[INFO] tweaked toml for git repo https://github.com/branchseer/esloop written to /workspace/builds/worker-0-tc1/source/Cargo.toml
[INFO] crate git repo https://github.com/branchseer/esloop already has a lockfile, it will not be regenerated
[INFO] running `Command { std: CARGO_HOME="/workspace/cargo-home" RUSTUP_HOME="/workspace/rustup-home" "/workspace/cargo-home/bin/cargo" "+1.83.0" "fetch" "--manifest-path" "Cargo.toml", kill_on_drop: false }`
[INFO] [stderr]     Blocking waiting for file lock on package cache
[INFO] [stderr]     Updating crates.io index
[INFO] [stderr]     Blocking waiting for file lock on package cache
[INFO] [stderr]  Downloading crates ...
[INFO] [stderr]   Downloaded typescript_tsconfig_json v0.1.4
[INFO] [stderr]   Downloaded json-strip-comments v1.0.2
[INFO] [stderr]   Downloaded oxc_allocator v0.14.0
[INFO] [stderr]   Downloaded oxc_parser v0.14.0
[INFO] [stderr]   Downloaded oxc_index v0.14.0
[INFO] [stderr]   Downloaded clean-path v0.2.1
[INFO] [stderr]   Downloaded rustworkx-core v0.14.2
[INFO] [stderr]   Downloaded oxc_syntax v0.14.0
[INFO] [stderr]   Downloaded oxc_resolver v1.8.1
[INFO] [stderr]   Downloaded oxc_ast_macros v0.14.0
[INFO] [stderr]   Downloaded oxc_span v0.14.0
[INFO] [stderr]   Downloaded oxc_diagnostics v0.14.0
[INFO] [stderr]   Downloaded oxc_ast v0.14.0
[INFO] running `Command { std: "docker" "create" "-v" "/var/lib/crater-agent-workspace/builds/worker-0-tc1/target:/opt/rustwide/target:rw,Z" "-v" "/var/lib/crater-agent-workspace/builds/worker-0-tc1/source:/opt/rustwide/workdir:ro,Z" "-v" "/var/lib/crater-agent-workspace/cargo-home:/opt/rustwide/cargo-home:ro,Z" "-v" "/var/lib/crater-agent-workspace/rustup-home:/opt/rustwide/rustup-home:ro,Z" "-e" "SOURCE_DIR=/opt/rustwide/workdir" "-e" "CARGO_TARGET_DIR=/opt/rustwide/target" "-e" "CARGO_HOME=/opt/rustwide/cargo-home" "-e" "RUSTUP_HOME=/opt/rustwide/rustup-home" "-w" "/opt/rustwide/workdir" "-m" "1610612736" "--user" "0:0" "--network" "none" "ghcr.io/rust-lang/crates-build-env/linux@sha256:f3a9d4ad9d972b27faf3965f35b62e55ba32bbce8f20bc8fe909558a86702fde" "/opt/rustwide/cargo-home/bin/cargo" "+1.83.0" "metadata" "--no-deps" "--format-version=1", kill_on_drop: false }`
[INFO] [stdout] 88b8a1e7ebddf065209a1f9c52f5587b4c4f88cecc8111e7c5d2b5e027d85589
[INFO] running `Command { std: "docker" "start" "-a" "88b8a1e7ebddf065209a1f9c52f5587b4c4f88cecc8111e7c5d2b5e027d85589", kill_on_drop: false }`
[INFO] running `Command { std: "docker" "inspect" "88b8a1e7ebddf065209a1f9c52f5587b4c4f88cecc8111e7c5d2b5e027d85589", kill_on_drop: false }`
[INFO] running `Command { std: "docker" "rm" "-f" "88b8a1e7ebddf065209a1f9c52f5587b4c4f88cecc8111e7c5d2b5e027d85589", kill_on_drop: false }`
[INFO] [stdout] 88b8a1e7ebddf065209a1f9c52f5587b4c4f88cecc8111e7c5d2b5e027d85589
[INFO] running `Command { std: "docker" "create" "-v" "/var/lib/crater-agent-workspace/builds/worker-0-tc1/target:/opt/rustwide/target:rw,Z" "-v" "/var/lib/crater-agent-workspace/builds/worker-0-tc1/source:/opt/rustwide/workdir:ro,Z" "-v" "/var/lib/crater-agent-workspace/cargo-home:/opt/rustwide/cargo-home:ro,Z" "-v" "/var/lib/crater-agent-workspace/rustup-home:/opt/rustwide/rustup-home:ro,Z" "-e" "SOURCE_DIR=/opt/rustwide/workdir" "-e" "CARGO_TARGET_DIR=/opt/rustwide/target" "-e" "CARGO_INCREMENTAL=0" "-e" "RUST_BACKTRACE=full" "-e" "RUSTFLAGS=--cap-lints=warn" "-e" "RUSTDOCFLAGS=--cap-lints=warn" "-e" "CARGO_HOME=/opt/rustwide/cargo-home" "-e" "RUSTUP_HOME=/opt/rustwide/rustup-home" "-w" "/opt/rustwide/workdir" "-m" "1610612736" "--user" "0:0" "--network" "none" "ghcr.io/rust-lang/crates-build-env/linux@sha256:f3a9d4ad9d972b27faf3965f35b62e55ba32bbce8f20bc8fe909558a86702fde" "/opt/rustwide/cargo-home/bin/cargo" "+1.83.0" "build" "--frozen" "--message-format=json", kill_on_drop: false }`
[INFO] [stdout] 3c3cee96e3c209bd8d7954497600f80d7b5a355003491eaeb72034e2c44ca13f
[INFO] running `Command { std: "docker" "start" "-a" "3c3cee96e3c209bd8d7954497600f80d7b5a355003491eaeb72034e2c44ca13f", kill_on_drop: false }`
[INFO] [stderr]    Compiling proc-macro2 v1.0.85
[INFO] [stderr]    Compiling unicode-ident v1.0.12
[INFO] [stderr]    Compiling version_check v0.9.4
[INFO] [stderr]    Compiling once_cell v1.19.0
[INFO] [stderr]    Compiling autocfg v1.3.0
[INFO] [stderr]    Compiling allocator-api2 v0.2.18
[INFO] [stderr]    Compiling zerocopy v0.7.34
[INFO] [stderr]    Compiling thiserror v1.0.61
[INFO] [stderr]    Compiling serde v1.0.203
[INFO] [stderr]    Compiling siphasher v0.3.11
[INFO] [stderr]    Compiling ryu v1.0.18
[INFO] [stderr]    Compiling itoa v1.0.11
[INFO] [stderr]    Compiling rustversion v1.0.17
[INFO] [stderr]    Compiling libc v0.2.155
[INFO] [stderr]    Compiling unicode-width v0.1.13
[INFO] [stderr]    Compiling unicode-linebreak v0.1.5
[INFO] [stderr]    Compiling smawk v0.3.2
[INFO] [stderr]    Compiling rand_core v0.6.4
[INFO] [stderr]    Compiling smallvec v1.13.2
[INFO] [stderr]    Compiling phf_shared v0.11.2
[INFO] [stderr]    Compiling static_assertions v1.1.0
[INFO] [stderr]    Compiling crossbeam-utils v0.8.20
[INFO] [stderr]    Compiling textwrap v0.16.1
[INFO] [stderr]    Compiling owo-colors v4.0.0
[INFO] [stderr]    Compiling rand v0.8.5
[INFO] [stderr]    Compiling serde_json v1.0.117
[INFO] [stderr]    Compiling ahash v0.8.11
[INFO] [stderr]    Compiling lock_api v0.4.12
[INFO] [stderr]    Compiling num-traits v0.2.19
[INFO] [stderr]    Compiling proc-macro2-diagnostics v0.10.1
[INFO] [stderr]    Compiling anstyle-parse v0.2.4
[INFO] [stderr]    Compiling oxc_index v0.14.0
[INFO] [stderr]    Compiling unicode-id-start v1.1.2
[INFO] [stderr]    Compiling bumpalo v3.16.0
[INFO] [stderr]    Compiling colorchoice v1.0.1
[INFO] [stderr]    Compiling rayon-core v1.12.1
[INFO] [stderr]    Compiling anstyle-query v1.1.0
[INFO] [stderr]    Compiling is_terminal_polyfill v1.70.0
[INFO] [stderr]    Compiling anstyle v1.0.7
[INFO] [stderr]    Compiling yansi v1.0.1
[INFO] [stderr]    Compiling bitflags v2.5.0
[INFO] [stderr]    Compiling either v1.12.0
[INFO] [stderr]    Compiling hashbrown v0.14.5
[INFO] [stderr]    Compiling anstream v0.6.14
[INFO] [stderr]    Compiling tracing-core v0.1.32
[INFO] [stderr]    Compiling clean-path v0.2.1
[INFO] [stderr]    Compiling strsim v0.11.1
[INFO] [stderr]    Compiling heck v0.4.1
[INFO] [stderr]    Compiling itertools v0.12.1
[INFO] [stderr]    Compiling pin-project-lite v0.2.14
[INFO] [stderr]    Compiling phf_generator v0.11.2
[INFO] [stderr]    Compiling crossbeam-epoch v0.9.18
[INFO] [stderr]    Compiling clap_lex v0.7.1
[INFO] [stderr]    Compiling oxc_ast_macros v0.14.0
[INFO] [stderr]    Compiling quote v1.0.36
[INFO] [stderr]    Compiling crossbeam-deque v0.8.5
[INFO] [stderr]    Compiling castaway v0.2.2
[INFO] [stderr]    Compiling syn v2.0.66
[INFO] [stderr]    Compiling compact_str v0.7.1
[INFO] [stderr]    Compiling oxc_allocator v0.14.0
[INFO] [stderr]    Compiling camino v1.1.7
[INFO] [stderr]    Compiling clap_builder v4.5.7
[INFO] [stderr]    Compiling aliasable v0.1.3
[INFO] [stderr]    Compiling fixedbitset v0.4.2
[INFO] [stderr]    Compiling assert-unchecked v0.1.2
[INFO] [stderr]    Compiling dunce v1.0.4
[INFO] [stderr]    Compiling parking_lot_core v0.9.10
[INFO] [stderr]    Compiling num-integer v0.1.46
[INFO] [stderr]    Compiling memchr v2.7.2
[INFO] [stderr]    Compiling json-strip-comments v1.0.2
[INFO] [stderr]    Compiling seq-macro v0.3.5
[INFO] [stderr]    Compiling thread_local v1.1.8
[INFO] [stderr]    Compiling rustc-hash v2.0.0
[INFO] [stderr]    Compiling pathdiff v0.2.1
[INFO] [stderr]    Compiling rayon v1.10.0
[INFO] [stderr]    Compiling num-bigint v0.4.5
[INFO] [stderr]    Compiling dashmap v5.5.3
[INFO] [stderr]    Compiling thiserror-impl v1.0.61
[INFO] [stderr]    Compiling serde_derive v1.0.203
[INFO] [stderr]    Compiling miette-derive v7.2.0
[INFO] [stderr]    Compiling phf_macros v0.11.2
[INFO] [stderr]    Compiling tracing-attributes v0.1.27
[INFO] [stderr]    Compiling clap_derive v4.5.5
[INFO] [stderr]    Compiling ouroboros_macro v0.18.4
[INFO] [stderr]    Compiling derive-where v1.2.7
[INFO] [stderr]    Compiling phf v0.11.2
[INFO] [stderr]    Compiling tracing v0.1.40
[INFO] [stderr]    Compiling miette v7.2.0
[INFO] [stderr]    Compiling ouroboros v0.18.4
[INFO] [stderr]    Compiling clap v4.5.7
[INFO] [stderr]    Compiling oxc_span v0.14.0
[INFO] [stderr]    Compiling oxc_diagnostics v0.14.0
[INFO] [stderr]    Compiling oxc_syntax v0.14.0
[INFO] [stderr]    Compiling oxc_ast v0.14.0
[INFO] [stderr]    Compiling indexmap v2.2.6
[INFO] [stderr]    Compiling oxc_parser v0.14.0
[INFO] [stderr]    Compiling petgraph v0.6.5
[INFO] [stderr]    Compiling typescript_tsconfig_json v0.1.4
[INFO] [stderr]    Compiling oxc_resolver v1.8.1
[INFO] [stderr]    Compiling decycle v0.1.0 (/opt/rustwide/workdir)
[INFO] [stdout] warning: unused import: `ImportOrExportKind`
[INFO] [stdout]  --> src/js_resolver/parse_imports.rs:3:33
[INFO] [stdout]   |
[INFO] [stdout] 3 |     ast::{Argument, Expression, ImportOrExportKind},
[INFO] [stdout]   |                                 ^^^^^^^^^^^^^^^^^^
[INFO] [stdout]   |
[INFO] [stdout]   = note: `#[warn(unused_imports)]` on by default
[INFO] [stdout] 
[INFO] [stdout] 
[INFO] [stdout] warning: unused import: `sync::Arc`
[INFO] [stdout]  --> src/js_resolver/mod.rs:7:5
[INFO] [stdout]   |
[INFO] [stdout] 7 |     sync::Arc,
[INFO] [stdout]   |     ^^^^^^^^^
[INFO] [stdout] 
[INFO] [stdout] 
[INFO] [stdout] warning: unused imports: `ResolveOptions` and `ResolverGeneric`
[INFO] [stdout]  --> src/lib.rs:9:46
[INFO] [stdout]   |
[INFO] [stdout] 9 | use oxc_resolver::{FileMetadata, FileSystem, ResolveOptions, ResolverGeneric};
[INFO] [stdout]   |                                              ^^^^^^^^^^^^^^  ^^^^^^^^^^^^^^^
[INFO] [stdout] 
[INFO] [stdout] 
[INFO] [stdout] warning: unused import: `clap::Parser`
[INFO] [stdout]   --> src/lib.rs:11:5
[INFO] [stdout]    |
[INFO] [stdout] 11 | use clap::Parser;
[INFO] [stdout]    |     ^^^^^^^^^^^^
[INFO] [stdout] 
[INFO] [stdout] 
[INFO] [stdout] warning: unused import: `ParallelBridge`
[INFO] [stdout]   --> src/lib.rs:12:19
[INFO] [stdout]    |
[INFO] [stdout] 12 | use rayon::iter::{ParallelBridge, ParallelIterator};
[INFO] [stdout]    |                   ^^^^^^^^^^^^^^
[INFO] [stdout] 
[INFO] [stdout] 
[INFO] [stdout] warning: unused imports: `Arc` and `mpsc`
[INFO] [stdout]   --> src/lib.rs:16:12
[INFO] [stdout]    |
[INFO] [stdout] 16 |     sync::{mpsc, Arc},
[INFO] [stdout]    |            ^^^^  ^^^
[INFO] [stdout] 
[INFO] [stdout] 
[INFO] [stdout] warning: unused import: `ParallelIterator`
[INFO] [stdout]   --> src/lib.rs:12:35
[INFO] [stdout]    |
[INFO] [stdout] 12 | use rayon::iter::{ParallelBridge, ParallelIterator};
[INFO] [stdout]    |                                   ^^^^^^^^^^^^^^^^
[INFO] [stdout] 
[INFO] [stdout] 
[INFO] [stdout] warning: unused variable: `args`
[INFO] [stdout]   --> src/lib.rs:41:12
[INFO] [stdout]    |
[INFO] [stdout] 41 | pub fn run(args: &[&str], cwd: &Path) {}
[INFO] [stdout]    |            ^^^^ help: if this is intentional, prefix it with an underscore: `_args`
[INFO] [stdout]    |
[INFO] [stdout]    = note: `#[warn(unused_variables)]` on by default
[INFO] [stdout] 
[INFO] [stdout] 
[INFO] [stdout] warning: unused variable: `cwd`
[INFO] [stdout]   --> src/lib.rs:41:27
[INFO] [stdout]    |
[INFO] [stdout] 41 | pub fn run(args: &[&str], cwd: &Path) {}
[INFO] [stdout]    |                           ^^^ help: if this is intentional, prefix it with an underscore: `_cwd`
[INFO] [stdout] 
[INFO] [stdout] 
[INFO] [stdout] warning: unused imports: `algorithms::johnson_simple_cycles::find_simple_cycles` and `hash::HashSet`
[INFO] [stdout]  --> src/main.rs:4:5
[INFO] [stdout]   |
[INFO] [stdout] 4 |     algorithms::johnson_simple_cycles::find_simple_cycles, algorithms::path_edges::TraversalSpace,
[INFO] [stdout]   |     ^^^^^^^^^^^^^^^^^^^^^^^^^^^^^^^^^^^^^^^^^^^^^^^^^^^^^
[INFO] [stdout] 5 |     collect_dependencies, hash::HashSet, JsDiscoverDependency, OsFileSystem,
[INFO] [stdout]   |                           ^^^^^^^^^^^^^
[INFO] [stdout]   |
[INFO] [stdout]   = note: `#[warn(unused_imports)]` on by default
[INFO] [stdout] 
[INFO] [stdout] 
[INFO] [stdout] warning: unused variable: `cwd`
[INFO] [stdout]   --> src/main.rs:14:9
[INFO] [stdout]    |
[INFO] [stdout] 14 |     let cwd = std::env::current_dir().unwrap();
[INFO] [stdout]    |         ^^^ help: if this is intentional, prefix it with an underscore: `_cwd`
[INFO] [stdout]    |
[INFO] [stdout]    = note: `#[warn(unused_variables)]` on by default
[INFO] [stdout] 
[INFO] [stdout] 
[INFO] [stderr]     Finished `dev` profile [unoptimized + debuginfo] target(s) in 34.68s
[INFO] running `Command { std: "docker" "inspect" "3c3cee96e3c209bd8d7954497600f80d7b5a355003491eaeb72034e2c44ca13f", kill_on_drop: false }`
[INFO] running `Command { std: "docker" "rm" "-f" "3c3cee96e3c209bd8d7954497600f80d7b5a355003491eaeb72034e2c44ca13f", kill_on_drop: false }`
[INFO] [stdout] 3c3cee96e3c209bd8d7954497600f80d7b5a355003491eaeb72034e2c44ca13f
[INFO] running `Command { std: "docker" "create" "-v" "/var/lib/crater-agent-workspace/builds/worker-0-tc1/target:/opt/rustwide/target:rw,Z" "-v" "/var/lib/crater-agent-workspace/builds/worker-0-tc1/source:/opt/rustwide/workdir:ro,Z" "-v" "/var/lib/crater-agent-workspace/cargo-home:/opt/rustwide/cargo-home:ro,Z" "-v" "/var/lib/crater-agent-workspace/rustup-home:/opt/rustwide/rustup-home:ro,Z" "-e" "SOURCE_DIR=/opt/rustwide/workdir" "-e" "CARGO_TARGET_DIR=/opt/rustwide/target" "-e" "CARGO_INCREMENTAL=0" "-e" "RUST_BACKTRACE=full" "-e" "RUSTFLAGS=--cap-lints=warn" "-e" "RUSTDOCFLAGS=--cap-lints=warn" "-e" "CARGO_HOME=/opt/rustwide/cargo-home" "-e" "RUSTUP_HOME=/opt/rustwide/rustup-home" "-w" "/opt/rustwide/workdir" "-m" "1610612736" "--user" "0:0" "--network" "none" "ghcr.io/rust-lang/crates-build-env/linux@sha256:f3a9d4ad9d972b27faf3965f35b62e55ba32bbce8f20bc8fe909558a86702fde" "/opt/rustwide/cargo-home/bin/cargo" "+1.83.0" "test" "--frozen" "--no-run" "--message-format=json", kill_on_drop: false }`
[INFO] [stdout] 5523d92ebc298e469fd03365dd9918b3efddc45c5ebb5849022e73d0c5317b08
[INFO] running `Command { std: "docker" "start" "-a" "5523d92ebc298e469fd03365dd9918b3efddc45c5ebb5849022e73d0c5317b08", kill_on_drop: false }`
[INFO] [stderr]    Compiling either v1.12.0
[INFO] [stderr]    Compiling ahash v0.8.11
[INFO] [stderr]    Compiling getrandom v0.2.15
[INFO] [stderr]    Compiling indexmap v1.9.3
[INFO] [stderr]    Compiling priority-queue v1.4.0
[INFO] [stderr]    Compiling ppv-lite86 v0.2.17
[INFO] [stderr]    Compiling fixedbitset v0.4.2
[INFO] [stderr]    Compiling hashbrown v0.12.3
[INFO] [stderr]    Compiling test-case-core v3.3.1
[INFO] [stderr]    Compiling rayon v1.10.0
[INFO] [stderr]    Compiling itertools v0.11.0
[INFO] [stderr]    Compiling rand_core v0.6.4
[INFO] [stderr]    Compiling rand_chacha v0.3.1
[INFO] [stderr]    Compiling rand_pcg v0.3.1
[INFO] [stderr]    Compiling rand v0.8.5
[INFO] [stderr]    Compiling test-case-macros v3.3.1
[INFO] [stderr]    Compiling test-case v3.3.1
[INFO] [stderr]    Compiling hashbrown v0.14.5
[INFO] [stderr]    Compiling rayon-cond v0.3.0
[INFO] [stderr]    Compiling indexmap v2.2.6
[INFO] [stderr]    Compiling dashmap v5.5.3
[INFO] [stderr]    Compiling oxc_syntax v0.14.0
[INFO] [stderr]    Compiling serde_json v1.0.117
[INFO] [stderr]    Compiling petgraph v0.6.5
[INFO] [stderr]    Compiling oxc_ast v0.14.0
[INFO] [stderr]    Compiling typescript_tsconfig_json v0.1.4
[INFO] [stderr]    Compiling oxc_resolver v1.8.1
[INFO] [stderr]    Compiling rustworkx-core v0.14.2
[INFO] [stderr]    Compiling oxc_parser v0.14.0
[INFO] [stderr]    Compiling decycle v0.1.0 (/opt/rustwide/workdir)
[INFO] [stdout] warning: unused import: `ImportOrExportKind`
[INFO] [stdout]  --> src/js_resolver/parse_imports.rs:3:33
[INFO] [stdout]   |
[INFO] [stdout] 3 |     ast::{Argument, Expression, ImportOrExportKind},
[INFO] [stdout]   |                                 ^^^^^^^^^^^^^^^^^^
[INFO] [stdout]   |
[INFO] [stdout]   = note: `#[warn(unused_imports)]` on by default
[INFO] [stdout] 
[INFO] [stdout] 
[INFO] [stdout] warning: unused import: `sync::Arc`
[INFO] [stdout]  --> src/js_resolver/mod.rs:7:5
[INFO] [stdout]   |
[INFO] [stdout] 7 |     sync::Arc,
[INFO] [stdout]   |     ^^^^^^^^^
[INFO] [stdout] 
[INFO] [stdout] 
[INFO] [stdout] warning: unused imports: `ResolveOptions` and `ResolverGeneric`
[INFO] [stdout]  --> src/lib.rs:9:46
[INFO] [stdout]   |
[INFO] [stdout] 9 | use oxc_resolver::{FileMetadata, FileSystem, ResolveOptions, ResolverGeneric};
[INFO] [stdout]   |                                              ^^^^^^^^^^^^^^  ^^^^^^^^^^^^^^^
[INFO] [stdout] 
[INFO] [stdout] 
[INFO] [stdout] warning: unused import: `clap::Parser`
[INFO] [stdout]   --> src/lib.rs:11:5
[INFO] [stdout]    |
[INFO] [stdout] 11 | use clap::Parser;
[INFO] [stdout]    |     ^^^^^^^^^^^^
[INFO] [stdout] 
[INFO] [stdout] 
[INFO] [stdout] warning: unused import: `ParallelBridge`
[INFO] [stdout]   --> src/lib.rs:12:19
[INFO] [stdout]    |
[INFO] [stdout] 12 | use rayon::iter::{ParallelBridge, ParallelIterator};
[INFO] [stdout]    |                   ^^^^^^^^^^^^^^
[INFO] [stdout] 
[INFO] [stdout] 
[INFO] [stdout] warning: unused imports: `Arc` and `mpsc`
[INFO] [stdout]   --> src/lib.rs:16:12
[INFO] [stdout]    |
[INFO] [stdout] 16 |     sync::{mpsc, Arc},
[INFO] [stdout]    |            ^^^^  ^^^
[INFO] [stdout] 
[INFO] [stdout] 
[INFO] [stdout] warning: unused import: `ParallelIterator`
[INFO] [stdout]   --> src/lib.rs:12:35
[INFO] [stdout]    |
[INFO] [stdout] 12 | use rayon::iter::{ParallelBridge, ParallelIterator};
[INFO] [stdout]    |                                   ^^^^^^^^^^^^^^^^
[INFO] [stdout] 
[INFO] [stdout] 
[INFO] [stdout] warning: unused variable: `args`
[INFO] [stdout]   --> src/lib.rs:41:12
[INFO] [stdout]    |
[INFO] [stdout] 41 | pub fn run(args: &[&str], cwd: &Path) {}
[INFO] [stdout]    |            ^^^^ help: if this is intentional, prefix it with an underscore: `_args`
[INFO] [stdout]    |
[INFO] [stdout]    = note: `#[warn(unused_variables)]` on by default
[INFO] [stdout] 
[INFO] [stdout] 
[INFO] [stdout] warning: unused variable: `cwd`
[INFO] [stdout]   --> src/lib.rs:41:27
[INFO] [stdout]    |
[INFO] [stdout] 41 | pub fn run(args: &[&str], cwd: &Path) {}
[INFO] [stdout]    |                           ^^^ help: if this is intentional, prefix it with an underscore: `_cwd`
[INFO] [stdout] 
[INFO] [stdout] 
[INFO] [stdout] warning: unused imports: `algorithms::johnson_simple_cycles::find_simple_cycles` and `hash::HashSet`
[INFO] [stdout]  --> src/main.rs:4:5
[INFO] [stdout]   |
[INFO] [stdout] 4 |     algorithms::johnson_simple_cycles::find_simple_cycles, algorithms::path_edges::TraversalSpace,
[INFO] [stdout]   |     ^^^^^^^^^^^^^^^^^^^^^^^^^^^^^^^^^^^^^^^^^^^^^^^^^^^^^
[INFO] [stdout] 5 |     collect_dependencies, hash::HashSet, JsDiscoverDependency, OsFileSystem,
[INFO] [stdout]   |                           ^^^^^^^^^^^^^
[INFO] [stdout]   |
[INFO] [stdout]   = note: `#[warn(unused_imports)]` on by default
[INFO] [stdout] 
[INFO] [stdout] 
[INFO] [stdout] warning: unused import: `ImportOrExportKind`
[INFO] [stdout]  --> src/js_resolver/parse_imports.rs:3:33
[INFO] [stdout]   |
[INFO] [stdout] 3 |     ast::{Argument, Expression, ImportOrExportKind},
[INFO] [stdout]   |                                 ^^^^^^^^^^^^^^^^^^
[INFO] [stdout]   |
[INFO] [stdout]   = note: `#[warn(unused_imports)]` on by default
[INFO] [stdout] 
[INFO] [stdout] 
[INFO] [stdout] warning: unused import: `sync::Arc`
[INFO] [stdout]  --> src/js_resolver/mod.rs:7:5
[INFO] [stdout]   |
[INFO] [stdout] 7 |     sync::Arc,
[INFO] [stdout]   |     ^^^^^^^^^
[INFO] [stdout] 
[INFO] [stdout] 
[INFO] [stdout] warning: unused imports: `ResolveOptions` and `ResolverGeneric`
[INFO] [stdout]  --> src/lib.rs:9:46
[INFO] [stdout]   |
[INFO] [stdout] 9 | use oxc_resolver::{FileMetadata, FileSystem, ResolveOptions, ResolverGeneric};
[INFO] [stdout]   |                                              ^^^^^^^^^^^^^^  ^^^^^^^^^^^^^^^
[INFO] [stdout] 
[INFO] [stdout] 
[INFO] [stdout] warning: unused import: `clap::Parser`
[INFO] [stdout]   --> src/lib.rs:11:5
[INFO] [stdout]    |
[INFO] [stdout] 11 | use clap::Parser;
[INFO] [stdout]    |     ^^^^^^^^^^^^
[INFO] [stdout] 
[INFO] [stdout] 
[INFO] [stdout] warning: unused import: `ParallelBridge`
[INFO] [stdout]   --> src/lib.rs:12:19
[INFO] [stdout]    |
[INFO] [stdout] 12 | use rayon::iter::{ParallelBridge, ParallelIterator};
[INFO] [stdout]    |                   ^^^^^^^^^^^^^^
[INFO] [stdout] 
[INFO] [stdout] 
[INFO] [stdout] warning: unused imports: `Arc` and `mpsc`
[INFO] [stdout]   --> src/lib.rs:16:12
[INFO] [stdout]    |
[INFO] [stdout] 16 |     sync::{mpsc, Arc},
[INFO] [stdout]    |            ^^^^  ^^^
[INFO] [stdout] 
[INFO] [stdout] 
[INFO] [stdout] warning: unused variable: `cwd`
[INFO] [stdout]   --> src/main.rs:14:9
[INFO] [stdout]    |
[INFO] [stdout] 14 |     let cwd = std::env::current_dir().unwrap();
[INFO] [stdout]    |         ^^^ help: if this is intentional, prefix it with an underscore: `_cwd`
[INFO] [stdout]    |
[INFO] [stdout]    = note: `#[warn(unused_variables)]` on by default
[INFO] [stdout] 
[INFO] [stdout] 
[INFO] [stdout] warning: unused import: `ParallelIterator`
[INFO] [stdout]   --> src/lib.rs:12:35
[INFO] [stdout]    |
[INFO] [stdout] 12 | use rayon::iter::{ParallelBridge, ParallelIterator};
[INFO] [stdout]    |                                   ^^^^^^^^^^^^^^^^
[INFO] [stdout] 
[INFO] [stdout] 
[INFO] [stdout] warning: unused variable: `args`
[INFO] [stdout]   --> src/lib.rs:41:12
[INFO] [stdout]    |
[INFO] [stdout] 41 | pub fn run(args: &[&str], cwd: &Path) {}
[INFO] [stdout]    |            ^^^^ help: if this is intentional, prefix it with an underscore: `_args`
[INFO] [stdout]    |
[INFO] [stdout]    = note: `#[warn(unused_variables)]` on by default
[INFO] [stdout] 
[INFO] [stdout] 
[INFO] [stdout] warning: unused variable: `cwd`
[INFO] [stdout]   --> src/lib.rs:41:27
[INFO] [stdout]    |
[INFO] [stdout] 41 | pub fn run(args: &[&str], cwd: &Path) {}
[INFO] [stdout]    |                           ^^^ help: if this is intentional, prefix it with an underscore: `_cwd`
[INFO] [stdout] 
[INFO] [stdout] 
[INFO] [stderr]     Finished `test` profile [unoptimized + debuginfo] target(s) in 20.89s
[INFO] running `Command { std: "docker" "inspect" "5523d92ebc298e469fd03365dd9918b3efddc45c5ebb5849022e73d0c5317b08", kill_on_drop: false }`
[INFO] running `Command { std: "docker" "rm" "-f" "5523d92ebc298e469fd03365dd9918b3efddc45c5ebb5849022e73d0c5317b08", kill_on_drop: false }`
[INFO] [stdout] 5523d92ebc298e469fd03365dd9918b3efddc45c5ebb5849022e73d0c5317b08
[INFO] running `Command { std: "docker" "create" "-v" "/var/lib/crater-agent-workspace/builds/worker-0-tc1/target:/opt/rustwide/target:rw,Z" "-v" "/var/lib/crater-agent-workspace/builds/worker-0-tc1/source:/opt/rustwide/workdir:ro,Z" "-v" "/var/lib/crater-agent-workspace/cargo-home:/opt/rustwide/cargo-home:ro,Z" "-v" "/var/lib/crater-agent-workspace/rustup-home:/opt/rustwide/rustup-home:ro,Z" "-e" "SOURCE_DIR=/opt/rustwide/workdir" "-e" "CARGO_TARGET_DIR=/opt/rustwide/target" "-e" "CARGO_INCREMENTAL=0" "-e" "RUST_BACKTRACE=full" "-e" "RUSTFLAGS=--cap-lints=warn" "-e" "RUSTDOCFLAGS=--cap-lints=warn" "-e" "CARGO_HOME=/opt/rustwide/cargo-home" "-e" "RUSTUP_HOME=/opt/rustwide/rustup-home" "-w" "/opt/rustwide/workdir" "-m" "1610612736" "--user" "0:0" "--network" "none" "ghcr.io/rust-lang/crates-build-env/linux@sha256:f3a9d4ad9d972b27faf3965f35b62e55ba32bbce8f20bc8fe909558a86702fde" "/opt/rustwide/cargo-home/bin/cargo" "+1.83.0" "test" "--frozen", kill_on_drop: false }`
[INFO] [stdout] 94bd0d57c5789c7f5e0a7f36c03eb7a95f2cf7aa2cd1a17af08e85d9457784a2
[INFO] running `Command { std: "docker" "start" "-a" "94bd0d57c5789c7f5e0a7f36c03eb7a95f2cf7aa2cd1a17af08e85d9457784a2", kill_on_drop: false }`
[INFO] [stderr] warning: unused import: `ImportOrExportKind`
[INFO] [stderr]  --> src/js_resolver/parse_imports.rs:3:33
[INFO] [stderr]   |
[INFO] [stderr] 3 |     ast::{Argument, Expression, ImportOrExportKind},
[INFO] [stderr]   |                                 ^^^^^^^^^^^^^^^^^^
[INFO] [stderr]   |
[INFO] [stderr]   = note: `#[warn(unused_imports)]` on by default
[INFO] [stderr] 
[INFO] [stderr] warning: unused import: `sync::Arc`
[INFO] [stderr]  --> src/js_resolver/mod.rs:7:5
[INFO] [stderr]   |
[INFO] [stderr] 7 |     sync::Arc,
[INFO] [stderr]   |     ^^^^^^^^^
[INFO] [stderr] 
[INFO] [stderr] warning: unused imports: `ResolveOptions` and `ResolverGeneric`
[INFO] [stderr]  --> src/lib.rs:9:46
[INFO] [stderr]   |
[INFO] [stderr] 9 | use oxc_resolver::{FileMetadata, FileSystem, ResolveOptions, ResolverGeneric};
[INFO] [stderr]   |                                              ^^^^^^^^^^^^^^  ^^^^^^^^^^^^^^^
[INFO] [stderr] 
[INFO] [stderr] warning: unused import: `clap::Parser`
[INFO] [stderr]   --> src/lib.rs:11:5
[INFO] [stderr]    |
[INFO] [stderr] 11 | use clap::Parser;
[INFO] [stderr]    |     ^^^^^^^^^^^^
[INFO] [stderr] 
[INFO] [stderr] warning: unused import: `ParallelBridge`
[INFO] [stderr]   --> src/lib.rs:12:19
[INFO] [stderr]    |
[INFO] [stderr] 12 | use rayon::iter::{ParallelBridge, ParallelIterator};
[INFO] [stderr]    |                   ^^^^^^^^^^^^^^
[INFO] [stderr] 
[INFO] [stderr] warning: unused imports: `Arc` and `mpsc`
[INFO] [stderr]   --> src/lib.rs:16:12
[INFO] [stderr]    |
[INFO] [stderr] 16 |     sync::{mpsc, Arc},
[INFO] [stderr]    |            ^^^^  ^^^
[INFO] [stderr] 
[INFO] [stderr] warning: unused import: `ParallelIterator`
[INFO] [stderr]   --> src/lib.rs:12:35
[INFO] [stderr]    |
[INFO] [stderr] 12 | use rayon::iter::{ParallelBridge, ParallelIterator};
[INFO] [stderr]    |                                   ^^^^^^^^^^^^^^^^
[INFO] [stderr] 
[INFO] [stderr] warning: unused variable: `args`
[INFO] [stderr]   --> src/lib.rs:41:12
[INFO] [stderr]    |
[INFO] [stderr] 41 | pub fn run(args: &[&str], cwd: &Path) {}
[INFO] [stderr]    |            ^^^^ help: if this is intentional, prefix it with an underscore: `_args`
[INFO] [stderr]    |
[INFO] [stderr]    = note: `#[warn(unused_variables)]` on by default
[INFO] [stderr] 
[INFO] [stderr] warning: unused variable: `cwd`
[INFO] [stderr]   --> src/lib.rs:41:27
[INFO] [stderr]    |
[INFO] [stderr] 41 | pub fn run(args: &[&str], cwd: &Path) {}
[INFO] [stderr]    |                           ^^^ help: if this is intentional, prefix it with an underscore: `_cwd`
[INFO] [stderr] 
[INFO] [stderr] warning: `decycle` (lib) generated 9 warnings (run `cargo fix --lib -p decycle` to apply 6 suggestions)
[INFO] [stderr] warning: `decycle` (lib test) generated 9 warnings (9 duplicates)
[INFO] [stderr] warning: unused imports: `algorithms::johnson_simple_cycles::find_simple_cycles` and `hash::HashSet`
[INFO] [stderr]  --> src/main.rs:4:5
[INFO] [stderr]   |
[INFO] [stderr] 4 |     algorithms::johnson_simple_cycles::find_simple_cycles, algorithms::path_edges::TraversalSpace,
[INFO] [stderr]   |     ^^^^^^^^^^^^^^^^^^^^^^^^^^^^^^^^^^^^^^^^^^^^^^^^^^^^^
[INFO] [stderr] 5 |     collect_dependencies, hash::HashSet, JsDiscoverDependency, OsFileSystem,
[INFO] [stderr]   |                           ^^^^^^^^^^^^^
[INFO] [stderr]   |
[INFO] [stderr]   = note: `#[warn(unused_imports)]` on by default
[INFO] [stderr] 
[INFO] [stderr] warning: unused variable: `cwd`
[INFO] [stderr]   --> src/main.rs:14:9
[INFO] [stderr]    |
[INFO] [stderr] 14 |     let cwd = std::env::current_dir().unwrap();
[INFO] [stderr]    |         ^^^ help: if this is intentional, prefix it with an underscore: `_cwd`
[INFO] [stderr]    |
[INFO] [stderr]    = note: `#[warn(unused_variables)]` on by default
[INFO] [stderr] 
[INFO] [stderr] warning: `decycle` (bin "decycle" test) generated 2 warnings (run `cargo fix --bin "decycle" --tests` to apply 1 suggestion)
[INFO] [stderr]     Finished `test` profile [unoptimized + debuginfo] target(s) in 0.13s
[INFO] [stderr]      Running unittests src/lib.rs (/opt/rustwide/target/debug/deps/decycle-bdace023d3ea9c59)
[INFO] [stdout] 
[INFO] [stdout] running 21 tests
[INFO] [stdout] test algorithms::johnson_simple_cycles::test_johnson_simple_cycles::test_empty_graph ... ok
[INFO] [stdout] test algorithms::johnson_simple_cycles::test_johnson_simple_cycles::test_figure_1::_5_expects ... ok
[INFO] [stdout] test algorithms::johnson_simple_cycles::test_johnson_simple_cycles::test_figure_1::_4_expects ... ok
[INFO] [stdout] test algorithms::johnson_simple_cycles::test_johnson_simple_cycles::test_figure_1::_3_expects ... ok
[INFO] [stdout] test algorithms::path_edges::tests::test_find_backtrack_edges_basic ... ok
[INFO] [stdout] test algorithms::johnson_simple_cycles::test_johnson_simple_cycles::test_mesh_graph::_4_20_expects ... ok
[INFO] [stdout] test algorithms::johnson_simple_cycles::test_johnson_simple_cycles::test_simple_cycles ... ok
[INFO] [stdout] test algorithms::path_edges::tests::test_find_edges_in_cycles_basic ... ok
[INFO] [stdout] test algorithms::johnson_simple_cycles::test_johnson_simple_cycles::test_mesh_graph::_2_1_expects ... ok
[INFO] [stdout] test algorithms::path_edges::tests::test_find_backtrack_edges_disconnected ... ok
[INFO] [stdout] test algorithms::johnson_simple_cycles::test_johnson_simple_cycles::test_mesh_graph::_5_84_expects ... ok
[INFO] [stdout] test algorithms::johnson_simple_cycles::test_johnson_simple_cycles::test_figure_1::_7_expects ... ok
[INFO] [stdout] test algorithms::johnson_simple_cycles::test_johnson_simple_cycles::test_mesh_graph::_3_5_expects ... ok
[INFO] [stdout] test algorithms::johnson_simple_cycles::test_johnson_simple_cycles::test_mesh_graph::_6_409_expects ... ok
[INFO] [stdout] test algorithms::johnson_simple_cycles::test_johnson_simple_cycles::test_figure_1::_8_expects ... ok
[INFO] [stdout] test algorithms::johnson_simple_cycles::test_johnson_simple_cycles::test_figure_1::_6_expects ... ok
[INFO] [stdout] test collect_deps::tests::test_collect_dependencies ... ok
[INFO] [stdout] test algorithms::johnson_simple_cycles::test_johnson_simple_cycles::test_figure_1::_9_expects ... ok
[INFO] [stdout] test js_resolver::parse_imports::tests::test_get_deps ... FAILED
[INFO] [stdout] test algorithms::johnson_simple_cycles::test_johnson_simple_cycles::test_mesh_graph::_7_2365_expects ... ok
[INFO] [stdout] test algorithms::johnson_simple_cycles::test_johnson_simple_cycles::test_mesh_graph::_8_16064_expects ... ok
[INFO] [stdout] 
[INFO] [stdout] failures:
[INFO] [stdout] 
[INFO] [stdout] ---- js_resolver::parse_imports::tests::test_get_deps stdout ----
[INFO] [stdout] thread 'js_resolver::parse_imports::tests::test_get_deps' panicked at src/js_resolver/parse_imports.rs:151:9:
[INFO] [stdout] assertion `left == right` failed
[INFO] [stdout]   left: []
[INFO] [stdout]  right: ["foo", "a", "c", "d", "f"]
[INFO] [stdout] stack backtrace:
[INFO] [stdout]    0:     0x59cbcfd5f90a - std::backtrace_rs::backtrace::libunwind::trace::h5a5b8284f2d0c266
[INFO] [stdout]                                at /rustc/90b35a6239c3d8bdabc530a6a0816f7ff89a0aaf/library/std/src/../../backtrace/src/backtrace/libunwind.rs:116:5
[INFO] [stdout]    1:     0x59cbcfd5f90a - std::backtrace_rs::backtrace::trace_unsynchronized::h76d4f1c9b0b875e3
[INFO] [stdout]                                at /rustc/90b35a6239c3d8bdabc530a6a0816f7ff89a0aaf/library/std/src/../../backtrace/src/backtrace/mod.rs:66:5
[INFO] [stdout]    2:     0x59cbcfd5f90a - std::sys::backtrace::_print_fmt::hc4546b8364a537c6
[INFO] [stdout]                                at /rustc/90b35a6239c3d8bdabc530a6a0816f7ff89a0aaf/library/std/src/sys/backtrace.rs:66:9
[INFO] [stdout]    3:     0x59cbcfd5f90a - <std::sys::backtrace::BacktraceLock::print::DisplayBacktrace as core::fmt::Display>::fmt::h5b6bd5631a6d1f6b
[INFO] [stdout]                                at /rustc/90b35a6239c3d8bdabc530a6a0816f7ff89a0aaf/library/std/src/sys/backtrace.rs:39:26
[INFO] [stdout]    4:     0x59cbcfd85fe3 - core::fmt::rt::Argument::fmt::h270f6602a2b96f62
[INFO] [stdout]                                at /rustc/90b35a6239c3d8bdabc530a6a0816f7ff89a0aaf/library/core/src/fmt/rt.rs:177:76
[INFO] [stdout]    5:     0x59cbcfd85fe3 - core::fmt::write::h7550c97b06c86515
[INFO] [stdout]                                at /rustc/90b35a6239c3d8bdabc530a6a0816f7ff89a0aaf/library/core/src/fmt/mod.rs:1186:21
[INFO] [stdout]    6:     0x59cbcfd5c873 - std::io::Write::write_fmt::h509ff860e5956e5e
[INFO] [stdout]                                at /rustc/90b35a6239c3d8bdabc530a6a0816f7ff89a0aaf/library/std/src/io/mod.rs:1839:15
[INFO] [stdout]    7:     0x59cbcfd5f752 - std::sys::backtrace::BacktraceLock::print::h2395ccd2c84ba3aa
[INFO] [stdout]                                at /rustc/90b35a6239c3d8bdabc530a6a0816f7ff89a0aaf/library/std/src/sys/backtrace.rs:42:9
[INFO] [stdout]    8:     0x59cbcfd60d6a - std::panicking::default_hook::{{closure}}::he19d4c7230e07961
[INFO] [stdout]                                at /rustc/90b35a6239c3d8bdabc530a6a0816f7ff89a0aaf/library/std/src/panicking.rs:268:22
[INFO] [stdout]    9:     0x59cbcfd60b74 - std::panicking::default_hook::hf614597d3c67bbdb
[INFO] [stdout]                                at /rustc/90b35a6239c3d8bdabc530a6a0816f7ff89a0aaf/library/std/src/panicking.rs:292:9
[INFO] [stdout]   10:     0x59cbcfb9cda9 - <alloc::boxed::Box<F,A> as core::ops::function::Fn<Args>>::call::h39b51ce4599c23d1
[INFO] [stdout]                                at /rustc/90b35a6239c3d8bdabc530a6a0816f7ff89a0aaf/library/alloc/src/boxed.rs:2468:9
[INFO] [stdout]   11:     0x59cbcfb9cda9 - test::test_main::{{closure}}::he977ae839a582784
[INFO] [stdout]                                at /rustc/90b35a6239c3d8bdabc530a6a0816f7ff89a0aaf/library/test/src/lib.rs:133:21
[INFO] [stdout]   12:     0x59cbcfd61408 - <alloc::boxed::Box<F,A> as core::ops::function::Fn<Args>>::call::h9455091b6b06f9fb
[INFO] [stdout]                                at /rustc/90b35a6239c3d8bdabc530a6a0816f7ff89a0aaf/library/alloc/src/boxed.rs:2468:9
[INFO] [stdout]   13:     0x59cbcfd61408 - std::panicking::rust_panic_with_hook::h8942133a8b252070
[INFO] [stdout]                                at /rustc/90b35a6239c3d8bdabc530a6a0816f7ff89a0aaf/library/std/src/panicking.rs:809:13
[INFO] [stdout]   14:     0x59cbcfd611ca - std::panicking::begin_panic_handler::{{closure}}::hb5f5963570096b29
[INFO] [stdout]                                at /rustc/90b35a6239c3d8bdabc530a6a0816f7ff89a0aaf/library/std/src/panicking.rs:674:13
[INFO] [stdout]   15:     0x59cbcfd5fde9 - std::sys::backtrace::__rust_end_short_backtrace::h6208cedc1922feda
[INFO] [stdout]                                at /rustc/90b35a6239c3d8bdabc530a6a0816f7ff89a0aaf/library/std/src/sys/backtrace.rs:170:18
[INFO] [stdout]   16:     0x59cbcfd60e5c - rust_begin_unwind
[INFO] [stdout]                                at /rustc/90b35a6239c3d8bdabc530a6a0816f7ff89a0aaf/library/std/src/panicking.rs:665:5
[INFO] [stdout]   17:     0x59cbcfad3010 - core::panicking::panic_fmt::h0c3082644d1bf418
[INFO] [stdout]                                at /rustc/90b35a6239c3d8bdabc530a6a0816f7ff89a0aaf/library/core/src/panicking.rs:74:14
[INFO] [stdout]   18:     0x59cbcfad33db - core::panicking::assert_failed_inner::h2ddf1fcc067fa858
[INFO] [stdout]   19:     0x59cbcfb35d82 - core::panicking::assert_failed::he335d31300902e42
[INFO] [stdout]                                at /rustc/90b35a6239c3d8bdabc530a6a0816f7ff89a0aaf/library/core/src/panicking.rs:367:5
[INFO] [stdout]   20:     0x59cbcfb48499 - decycle::js_resolver::parse_imports::tests::test_get_deps::h89e4b5f8989d9eae
[INFO] [stdout]                                at /opt/rustwide/workdir/src/js_resolver/parse_imports.rs:151:9
[INFO] [stdout]   21:     0x59cbcfb48127 - decycle::js_resolver::parse_imports::tests::test_get_deps::{{closure}}::hf3c7c81a8cf27403
[INFO] [stdout]                                at /opt/rustwide/workdir/src/js_resolver/parse_imports.rs:138:23
[INFO] [stdout]   22:     0x59cbcfb298f6 - core::ops::function::FnOnce::call_once::h4fadd50ee34abc2f
[INFO] [stdout]                                at /rustc/90b35a6239c3d8bdabc530a6a0816f7ff89a0aaf/library/core/src/ops/function.rs:250:5
[INFO] [stdout]   23:     0x59cbcfba176b - core::ops::function::FnOnce::call_once::h109cf8051a59b34e
[INFO] [stdout]                                at /rustc/90b35a6239c3d8bdabc530a6a0816f7ff89a0aaf/library/core/src/ops/function.rs:250:5
[INFO] [stdout]   24:     0x59cbcfba176b - test::__rust_begin_short_backtrace::hf4fff89d377446ba
[INFO] [stdout]                                at /rustc/90b35a6239c3d8bdabc530a6a0816f7ff89a0aaf/library/test/src/lib.rs:621:18
[INFO] [stdout]   25:     0x59cbcfba0fa7 - test::run_test_in_process::{{closure}}::h0e39181dd7ee5a43
[INFO] [stdout]                                at /rustc/90b35a6239c3d8bdabc530a6a0816f7ff89a0aaf/library/test/src/lib.rs:644:60
[INFO] [stdout]   26:     0x59cbcfba0fa7 - <core::panic::unwind_safe::AssertUnwindSafe<F> as core::ops::function::FnOnce<()>>::call_once::hc5a66a30f0bdfd1f
[INFO] [stdout]                                at /rustc/90b35a6239c3d8bdabc530a6a0816f7ff89a0aaf/library/core/src/panic/unwind_safe.rs:272:9
[INFO] [stdout]   27:     0x59cbcfba0fa7 - std::panicking::try::do_call::h873b7cf639554a5e
[INFO] [stdout]                                at /rustc/90b35a6239c3d8bdabc530a6a0816f7ff89a0aaf/library/std/src/panicking.rs:557:40
[INFO] [stdout]   28:     0x59cbcfba0fa7 - std::panicking::try::hdb19862fad9c8bd1
[INFO] [stdout]                                at /rustc/90b35a6239c3d8bdabc530a6a0816f7ff89a0aaf/library/std/src/panicking.rs:520:19
[INFO] [stdout]   29:     0x59cbcfba0fa7 - std::panic::catch_unwind::h281fe732d236d260
[INFO] [stdout]                                at /rustc/90b35a6239c3d8bdabc530a6a0816f7ff89a0aaf/library/std/src/panic.rs:358:14
[INFO] [stdout]   30:     0x59cbcfba0fa7 - test::run_test_in_process::h949b6df8457ed338
[INFO] [stdout]                                at /rustc/90b35a6239c3d8bdabc530a6a0816f7ff89a0aaf/library/test/src/lib.rs:644:27
[INFO] [stdout]   31:     0x59cbcfba0fa7 - test::run_test::{{closure}}::h52c556a6d4740e10
[INFO] [stdout]                                at /rustc/90b35a6239c3d8bdabc530a6a0816f7ff89a0aaf/library/test/src/lib.rs:565:43
[INFO] [stdout]   32:     0x59cbcfb66284 - test::run_test::{{closure}}::h4237f6381c45ccb9
[INFO] [stdout]                                at /rustc/90b35a6239c3d8bdabc530a6a0816f7ff89a0aaf/library/test/src/lib.rs:595:41
[INFO] [stdout]   33:     0x59cbcfb66284 - std::sys::backtrace::__rust_begin_short_backtrace::h505c97a579eca628
[INFO] [stdout]                                at /rustc/90b35a6239c3d8bdabc530a6a0816f7ff89a0aaf/library/std/src/sys/backtrace.rs:154:18
[INFO] [stdout]   34:     0x59cbcfb6994e - std::thread::Builder::spawn_unchecked_::{{closure}}::{{closure}}::h9e86b2e2bc107ea3
[INFO] [stdout]                                at /rustc/90b35a6239c3d8bdabc530a6a0816f7ff89a0aaf/library/std/src/thread/mod.rs:538:17
[INFO] [stdout]   35:     0x59cbcfb6994e - <core::panic::unwind_safe::AssertUnwindSafe<F> as core::ops::function::FnOnce<()>>::call_once::h8b06ddb275ff4a25
[INFO] [stdout]                                at /rustc/90b35a6239c3d8bdabc530a6a0816f7ff89a0aaf/library/core/src/panic/unwind_safe.rs:272:9
[INFO] [stdout]   36:     0x59cbcfb6994e - std::panicking::try::do_call::hb26ecd7cd9a9355d
[INFO] [stdout]                                at /rustc/90b35a6239c3d8bdabc530a6a0816f7ff89a0aaf/library/std/src/panicking.rs:557:40
[INFO] [stdout]   37:     0x59cbcfb6994e - std::panicking::try::h8ddeca9d705f9069
[INFO] [stdout]                                at /rustc/90b35a6239c3d8bdabc530a6a0816f7ff89a0aaf/library/std/src/panicking.rs:520:19
[INFO] [stdout]   38:     0x59cbcfb6994e - std::panic::catch_unwind::h49e1c33078844c46
[INFO] [stdout]                                at /rustc/90b35a6239c3d8bdabc530a6a0816f7ff89a0aaf/library/std/src/panic.rs:358:14
[INFO] [stdout]   39:     0x59cbcfb6994e - std::thread::Builder::spawn_unchecked_::{{closure}}::h6073db6ff56ad35d
[INFO] [stdout]                                at /rustc/90b35a6239c3d8bdabc530a6a0816f7ff89a0aaf/library/std/src/thread/mod.rs:537:30
[INFO] [stdout]   40:     0x59cbcfb6994e - core::ops::function::FnOnce::call_once{{vtable.shim}}::h2c5a5f3779c774f1
[INFO] [stdout]                                at /rustc/90b35a6239c3d8bdabc530a6a0816f7ff89a0aaf/library/core/src/ops/function.rs:250:5
[INFO] [stdout]   41:     0x59cbcfd652db - <alloc::boxed::Box<F,A> as core::ops::function::FnOnce<Args>>::call_once::hf75717d9f28faebf
[INFO] [stdout]                                at /rustc/90b35a6239c3d8bdabc530a6a0816f7ff89a0aaf/library/alloc/src/boxed.rs:2454:9
[INFO] [stdout]   42:     0x59cbcfd652db - <alloc::boxed::Box<F,A> as core::ops::function::FnOnce<Args>>::call_once::h7bd883a5f3c5f3c1
[INFO] [stdout]                                at /rustc/90b35a6239c3d8bdabc530a6a0816f7ff89a0aaf/library/alloc/src/boxed.rs:2454:9
[INFO] [stdout]   43:     0x59cbcfd652db - std::sys::pal::unix::thread::Thread::new::thread_start::hcc78f3943333fa94
[INFO] [stdout]                                at /rustc/90b35a6239c3d8bdabc530a6a0816f7ff89a0aaf/library/std/src/sys/pal/unix/thread.rs:105:17
[INFO] [stdout]   44:     0x7c490360cac3 - <unknown>
[INFO] [stdout]   45:     0x7c490369da04 - clone
[INFO] [stdout]   46:                0x0 - <unknown>
[INFO] [stdout] 
[INFO] [stdout] 
[INFO] [stdout] failures:
[INFO] [stdout]     js_resolver::parse_imports::tests::test_get_deps
[INFO] [stdout] 
[INFO] [stdout] test result: FAILED. 20 passed; 1 failed; 0 ignored; 0 measured; 0 filtered out; finished in 0.56s
[INFO] [stdout] 
[INFO] [stderr] error: test failed, to rerun pass `--lib`
[INFO] running `Command { std: "docker" "inspect" "94bd0d57c5789c7f5e0a7f36c03eb7a95f2cf7aa2cd1a17af08e85d9457784a2", kill_on_drop: false }`
[INFO] running `Command { std: "docker" "rm" "-f" "94bd0d57c5789c7f5e0a7f36c03eb7a95f2cf7aa2cd1a17af08e85d9457784a2", kill_on_drop: false }`
[INFO] [stdout] 94bd0d57c5789c7f5e0a7f36c03eb7a95f2cf7aa2cd1a17af08e85d9457784a2
