[INFO] cloning repository https://github.com/bp7968h/r-jparser
[INFO] running `Command { std: "git" "-c" "credential.helper=" "-c" "credential.helper=/workspace/cargo-home/bin/git-credential-null" "clone" "--bare" "https://github.com/bp7968h/r-jparser" "/workspace/cache/git-repos/https%3A%2F%2Fgithub.com%2Fbp7968h%2Fr-jparser", kill_on_drop: false }`
[INFO] [stderr] Cloning into bare repository '/workspace/cache/git-repos/https%3A%2F%2Fgithub.com%2Fbp7968h%2Fr-jparser'...
[INFO] running `Command { std: "git" "rev-parse" "HEAD", kill_on_drop: false }`
[INFO] [stdout] f7912577efb854cea20ec053f217691a3c5a2aae
[INFO] testing bp7968h/r-jparser against 1.83.0 for beta-1.84.0-4-retry
[INFO] running `Command { std: "git" "clone" "/workspace/cache/git-repos/https%3A%2F%2Fgithub.com%2Fbp7968h%2Fr-jparser" "/workspace/builds/worker-3-tc1/source", kill_on_drop: false }`
[INFO] [stderr] Cloning into '/workspace/builds/worker-3-tc1/source'...
[INFO] [stderr] done.
[INFO] validating manifest of git repo https://github.com/bp7968h/r-jparser on toolchain 1.83.0
[INFO] running `Command { std: CARGO_HOME="/workspace/cargo-home" RUSTUP_HOME="/workspace/rustup-home" "/workspace/cargo-home/bin/cargo" "+1.83.0" "metadata" "--manifest-path" "Cargo.toml" "--no-deps", kill_on_drop: false }`
[INFO] started tweaking git repo https://github.com/bp7968h/r-jparser
[INFO] finished tweaking git repo https://github.com/bp7968h/r-jparser
[INFO] tweaked toml for git repo https://github.com/bp7968h/r-jparser written to /workspace/builds/worker-3-tc1/source/Cargo.toml
[INFO] crate git repo https://github.com/bp7968h/r-jparser already has a lockfile, it will not be regenerated
[INFO] running `Command { std: CARGO_HOME="/workspace/cargo-home" RUSTUP_HOME="/workspace/rustup-home" "/workspace/cargo-home/bin/cargo" "+1.83.0" "fetch" "--manifest-path" "Cargo.toml", kill_on_drop: false }`
[INFO] running `Command { std: "docker" "create" "-v" "/var/lib/crater-agent-workspace/builds/worker-3-tc1/target:/opt/rustwide/target:rw,Z" "-v" "/var/lib/crater-agent-workspace/builds/worker-3-tc1/source:/opt/rustwide/workdir:ro,Z" "-v" "/var/lib/crater-agent-workspace/cargo-home:/opt/rustwide/cargo-home:ro,Z" "-v" "/var/lib/crater-agent-workspace/rustup-home:/opt/rustwide/rustup-home:ro,Z" "-e" "SOURCE_DIR=/opt/rustwide/workdir" "-e" "CARGO_TARGET_DIR=/opt/rustwide/target" "-e" "CARGO_HOME=/opt/rustwide/cargo-home" "-e" "RUSTUP_HOME=/opt/rustwide/rustup-home" "-w" "/opt/rustwide/workdir" "-m" "1610612736" "--user" "0:0" "--network" "none" "ghcr.io/rust-lang/crates-build-env/linux@sha256:f3a9d4ad9d972b27faf3965f35b62e55ba32bbce8f20bc8fe909558a86702fde" "/opt/rustwide/cargo-home/bin/cargo" "+1.83.0" "metadata" "--no-deps" "--format-version=1", kill_on_drop: false }`
[INFO] [stdout] b098f65065a405fcaa5ed14041a5dac81ca98d5548334c1cab4d9601b2c9f34b
[INFO] running `Command { std: "docker" "start" "-a" "b098f65065a405fcaa5ed14041a5dac81ca98d5548334c1cab4d9601b2c9f34b", kill_on_drop: false }`
[INFO] running `Command { std: "docker" "inspect" "b098f65065a405fcaa5ed14041a5dac81ca98d5548334c1cab4d9601b2c9f34b", kill_on_drop: false }`
[INFO] running `Command { std: "docker" "rm" "-f" "b098f65065a405fcaa5ed14041a5dac81ca98d5548334c1cab4d9601b2c9f34b", kill_on_drop: false }`
[INFO] [stdout] b098f65065a405fcaa5ed14041a5dac81ca98d5548334c1cab4d9601b2c9f34b
[INFO] running `Command { std: "docker" "create" "-v" "/var/lib/crater-agent-workspace/builds/worker-3-tc1/target:/opt/rustwide/target:rw,Z" "-v" "/var/lib/crater-agent-workspace/builds/worker-3-tc1/source:/opt/rustwide/workdir:ro,Z" "-v" "/var/lib/crater-agent-workspace/cargo-home:/opt/rustwide/cargo-home:ro,Z" "-v" "/var/lib/crater-agent-workspace/rustup-home:/opt/rustwide/rustup-home:ro,Z" "-e" "SOURCE_DIR=/opt/rustwide/workdir" "-e" "CARGO_TARGET_DIR=/opt/rustwide/target" "-e" "CARGO_INCREMENTAL=0" "-e" "RUST_BACKTRACE=full" "-e" "RUSTFLAGS=--cap-lints=warn" "-e" "RUSTDOCFLAGS=--cap-lints=warn" "-e" "CARGO_HOME=/opt/rustwide/cargo-home" "-e" "RUSTUP_HOME=/opt/rustwide/rustup-home" "-w" "/opt/rustwide/workdir" "-m" "1610612736" "--user" "0:0" "--network" "none" "ghcr.io/rust-lang/crates-build-env/linux@sha256:f3a9d4ad9d972b27faf3965f35b62e55ba32bbce8f20bc8fe909558a86702fde" "/opt/rustwide/cargo-home/bin/cargo" "+1.83.0" "build" "--frozen" "--message-format=json", kill_on_drop: false }`
[INFO] [stdout] 70494bc3c3cbd8d209f08c1892befecf9cf9b5e237b56d6b36c257e573c8b3ae
[INFO] running `Command { std: "docker" "start" "-a" "70494bc3c3cbd8d209f08c1892befecf9cf9b5e237b56d6b36c257e573c8b3ae", kill_on_drop: false }`
[INFO] [stderr]    Compiling r-jparser v0.1.0 (/opt/rustwide/workdir)
[INFO] [stderr]     Finished `dev` profile [unoptimized + debuginfo] target(s) in 1.01s
[INFO] running `Command { std: "docker" "inspect" "70494bc3c3cbd8d209f08c1892befecf9cf9b5e237b56d6b36c257e573c8b3ae", kill_on_drop: false }`
[INFO] running `Command { std: "docker" "rm" "-f" "70494bc3c3cbd8d209f08c1892befecf9cf9b5e237b56d6b36c257e573c8b3ae", kill_on_drop: false }`
[INFO] [stdout] 70494bc3c3cbd8d209f08c1892befecf9cf9b5e237b56d6b36c257e573c8b3ae
[INFO] running `Command { std: "docker" "create" "-v" "/var/lib/crater-agent-workspace/builds/worker-3-tc1/target:/opt/rustwide/target:rw,Z" "-v" "/var/lib/crater-agent-workspace/builds/worker-3-tc1/source:/opt/rustwide/workdir:ro,Z" "-v" "/var/lib/crater-agent-workspace/cargo-home:/opt/rustwide/cargo-home:ro,Z" "-v" "/var/lib/crater-agent-workspace/rustup-home:/opt/rustwide/rustup-home:ro,Z" "-e" "SOURCE_DIR=/opt/rustwide/workdir" "-e" "CARGO_TARGET_DIR=/opt/rustwide/target" "-e" "CARGO_INCREMENTAL=0" "-e" "RUST_BACKTRACE=full" "-e" "RUSTFLAGS=--cap-lints=warn" "-e" "RUSTDOCFLAGS=--cap-lints=warn" "-e" "CARGO_HOME=/opt/rustwide/cargo-home" "-e" "RUSTUP_HOME=/opt/rustwide/rustup-home" "-w" "/opt/rustwide/workdir" "-m" "1610612736" "--user" "0:0" "--network" "none" "ghcr.io/rust-lang/crates-build-env/linux@sha256:f3a9d4ad9d972b27faf3965f35b62e55ba32bbce8f20bc8fe909558a86702fde" "/opt/rustwide/cargo-home/bin/cargo" "+1.83.0" "test" "--frozen" "--no-run" "--message-format=json", kill_on_drop: false }`
[INFO] [stdout] 2140204ced51436f3cefa8dc3d9d191dd467feb6386890f81f1b6d6697a84bad
[INFO] running `Command { std: "docker" "start" "-a" "2140204ced51436f3cefa8dc3d9d191dd467feb6386890f81f1b6d6697a84bad", kill_on_drop: false }`
[INFO] [stderr]    Compiling r-jparser v0.1.0 (/opt/rustwide/workdir)
[INFO] [stderr]     Finished `test` profile [unoptimized + debuginfo] target(s) in 0.75s
[INFO] running `Command { std: "docker" "inspect" "2140204ced51436f3cefa8dc3d9d191dd467feb6386890f81f1b6d6697a84bad", kill_on_drop: false }`
[INFO] running `Command { std: "docker" "rm" "-f" "2140204ced51436f3cefa8dc3d9d191dd467feb6386890f81f1b6d6697a84bad", kill_on_drop: false }`
[INFO] [stdout] 2140204ced51436f3cefa8dc3d9d191dd467feb6386890f81f1b6d6697a84bad
[INFO] running `Command { std: "docker" "create" "-v" "/var/lib/crater-agent-workspace/builds/worker-3-tc1/target:/opt/rustwide/target:rw,Z" "-v" "/var/lib/crater-agent-workspace/builds/worker-3-tc1/source:/opt/rustwide/workdir:ro,Z" "-v" "/var/lib/crater-agent-workspace/cargo-home:/opt/rustwide/cargo-home:ro,Z" "-v" "/var/lib/crater-agent-workspace/rustup-home:/opt/rustwide/rustup-home:ro,Z" "-e" "SOURCE_DIR=/opt/rustwide/workdir" "-e" "CARGO_TARGET_DIR=/opt/rustwide/target" "-e" "CARGO_INCREMENTAL=0" "-e" "RUST_BACKTRACE=full" "-e" "RUSTFLAGS=--cap-lints=warn" "-e" "RUSTDOCFLAGS=--cap-lints=warn" "-e" "CARGO_HOME=/opt/rustwide/cargo-home" "-e" "RUSTUP_HOME=/opt/rustwide/rustup-home" "-w" "/opt/rustwide/workdir" "-m" "1610612736" "--user" "0:0" "--network" "none" "ghcr.io/rust-lang/crates-build-env/linux@sha256:f3a9d4ad9d972b27faf3965f35b62e55ba32bbce8f20bc8fe909558a86702fde" "/opt/rustwide/cargo-home/bin/cargo" "+1.83.0" "test" "--frozen", kill_on_drop: false }`
[INFO] [stdout] 0c5e8fa82721b9316f39eca79e821f133d7fef8175ec76dff55e1ebff0141f86
[INFO] running `Command { std: "docker" "start" "-a" "0c5e8fa82721b9316f39eca79e821f133d7fef8175ec76dff55e1ebff0141f86", kill_on_drop: false }`
[INFO] [stderr]     Finished `test` profile [unoptimized + debuginfo] target(s) in 0.01s
[INFO] [stderr]      Running unittests src/lib.rs (/opt/rustwide/target/debug/deps/r_jparser-c36eafa5f2615a78)
[INFO] [stdout] 
[INFO] [stdout] running 0 tests
[INFO] [stdout] 
[INFO] [stdout] test result: ok. 0 passed; 0 failed; 0 ignored; 0 measured; 0 filtered out; finished in 0.00s
[INFO] [stdout] 
[INFO] [stderr]      Running unittests src/main.rs (/opt/rustwide/target/debug/deps/r_jparser-b43d8a9a9c2fdb37)
[INFO] [stdout] 
[INFO] [stdout] running 0 tests
[INFO] [stdout] 
[INFO] [stdout] test result: ok. 0 passed; 0 failed; 0 ignored; 0 measured; 0 filtered out; finished in 0.00s
[INFO] [stdout] 
[INFO] [stderr]    Doc-tests r_jparser
[INFO] [stdout] 
[INFO] [stdout] running 2 tests
[INFO] [stdout] test src/reader.rs - reader::JsonReader<T>::from_bytes (line 58) ... FAILED
[INFO] [stdout] test src/reader.rs - reader::JsonReader<T>::new (line 37) ... FAILED
[INFO] [stdout] 
[INFO] [stdout] failures:
[INFO] [stdout] 
[INFO] [stdout] ---- src/reader.rs - reader::JsonReader<T>::from_bytes (line 58) stdout ----
[INFO] [stdout] error[E0433]: failed to resolve: use of undeclared crate or module `json_parser`
[INFO] [stdout]  --> src/reader.rs:60:5
[INFO] [stdout]   |
[INFO] [stdout] 4 | use json_parser::reader::JsonReader;
[INFO] [stdout]   |     ^^^^^^^^^^^ use of undeclared crate or module `json_parser`
[INFO] [stdout] 
[INFO] [stdout] error: aborting due to 1 previous error
[INFO] [stdout] 
[INFO] [stdout] For more information about this error, try `rustc --explain E0433`.
[INFO] [stdout] Couldn't compile the test.
[INFO] [stdout] ---- src/reader.rs - reader::JsonReader<T>::new (line 37) stdout ----
[INFO] [stdout] error[E0433]: failed to resolve: use of undeclared crate or module `json_parser`
[INFO] [stdout]  --> src/reader.rs:40:5
[INFO] [stdout]   |
[INFO] [stdout] 5 | use json_parser::reader::JsonReader;
[INFO] [stdout]   |     ^^^^^^^^^^^ use of undeclared crate or module `json_parser`
[INFO] [stdout] 
[INFO] [stdout] error: aborting due to 1 previous error
[INFO] [stdout] 
[INFO] [stdout] For more information about this error, try `rustc --explain E0433`.
[INFO] [stdout] Couldn't compile the test.
[INFO] [stdout] 
[INFO] [stdout] failures:
[INFO] [stdout]     src/reader.rs - reader::JsonReader<T>::from_bytes (line 58)
[INFO] [stdout]     src/reader.rs - reader::JsonReader<T>::new (line 37)
[INFO] [stdout] 
[INFO] [stdout] test result: FAILED. 0 passed; 2 failed; 0 ignored; 0 measured; 0 filtered out; finished in 0.12s
[INFO] [stdout] 
[INFO] [stderr] error: doctest failed, to rerun pass `--doc`
[INFO] running `Command { std: "docker" "inspect" "0c5e8fa82721b9316f39eca79e821f133d7fef8175ec76dff55e1ebff0141f86", kill_on_drop: false }`
[INFO] running `Command { std: "docker" "rm" "-f" "0c5e8fa82721b9316f39eca79e821f133d7fef8175ec76dff55e1ebff0141f86", kill_on_drop: false }`
[INFO] [stdout] 0c5e8fa82721b9316f39eca79e821f133d7fef8175ec76dff55e1ebff0141f86
