[INFO] cloning repository https://github.com/bonyuta0204/metric-calc
[INFO] running `Command { std: "git" "-c" "credential.helper=" "-c" "credential.helper=/workspace/cargo-home/bin/git-credential-null" "clone" "--bare" "https://github.com/bonyuta0204/metric-calc" "/workspace/cache/git-repos/https%3A%2F%2Fgithub.com%2Fbonyuta0204%2Fmetric-calc", kill_on_drop: false }`
[INFO] [stderr] Cloning into bare repository '/workspace/cache/git-repos/https%3A%2F%2Fgithub.com%2Fbonyuta0204%2Fmetric-calc'...
[INFO] running `Command { std: "git" "rev-parse" "HEAD", kill_on_drop: false }`
[INFO] [stdout] 17b76d18a4887b733cc60861236c05ea87ff8d4c
[INFO] testing bonyuta0204/metric-calc against beta-2024-12-08 for beta-1.84.0-4-retry
[INFO] running `Command { std: "git" "clone" "/workspace/cache/git-repos/https%3A%2F%2Fgithub.com%2Fbonyuta0204%2Fmetric-calc" "/workspace/builds/worker-7-tc2/source", kill_on_drop: false }`
[INFO] [stderr] Cloning into '/workspace/builds/worker-7-tc2/source'...
[INFO] [stderr] done.
[INFO] validating manifest of git repo https://github.com/bonyuta0204/metric-calc on toolchain beta-2024-12-08
[INFO] running `Command { std: CARGO_HOME="/workspace/cargo-home" RUSTUP_HOME="/workspace/rustup-home" "/workspace/cargo-home/bin/cargo" "+beta-2024-12-08" "metadata" "--manifest-path" "Cargo.toml" "--no-deps", kill_on_drop: false }`
[INFO] started tweaking git repo https://github.com/bonyuta0204/metric-calc
[INFO] finished tweaking git repo https://github.com/bonyuta0204/metric-calc
[INFO] tweaked toml for git repo https://github.com/bonyuta0204/metric-calc written to /workspace/builds/worker-7-tc2/source/Cargo.toml
[INFO] crate git repo https://github.com/bonyuta0204/metric-calc already has a lockfile, it will not be regenerated
[INFO] running `Command { std: CARGO_HOME="/workspace/cargo-home" RUSTUP_HOME="/workspace/rustup-home" "/workspace/cargo-home/bin/cargo" "+beta-2024-12-08" "fetch" "--manifest-path" "Cargo.toml", kill_on_drop: false }`
[INFO] [stderr]     Blocking waiting for file lock on package cache
[INFO] [stderr]     Blocking waiting for file lock on package cache
[INFO] running `Command { std: "docker" "create" "-v" "/var/lib/crater-agent-workspace/builds/worker-7-tc2/target:/opt/rustwide/target:rw,Z" "-v" "/var/lib/crater-agent-workspace/builds/worker-7-tc2/source:/opt/rustwide/workdir:ro,Z" "-v" "/var/lib/crater-agent-workspace/cargo-home:/opt/rustwide/cargo-home:ro,Z" "-v" "/var/lib/crater-agent-workspace/rustup-home:/opt/rustwide/rustup-home:ro,Z" "-e" "SOURCE_DIR=/opt/rustwide/workdir" "-e" "CARGO_TARGET_DIR=/opt/rustwide/target" "-e" "CARGO_HOME=/opt/rustwide/cargo-home" "-e" "RUSTUP_HOME=/opt/rustwide/rustup-home" "-w" "/opt/rustwide/workdir" "-m" "1610612736" "--user" "0:0" "--network" "none" "ghcr.io/rust-lang/crates-build-env/linux@sha256:f3a9d4ad9d972b27faf3965f35b62e55ba32bbce8f20bc8fe909558a86702fde" "/opt/rustwide/cargo-home/bin/cargo" "+beta-2024-12-08" "metadata" "--no-deps" "--format-version=1", kill_on_drop: false }`
[INFO] [stdout] 39bcf167c42693ba59151d2b40f84b3c0a930383596fe19107cb66891a6023c4
[INFO] running `Command { std: "docker" "start" "-a" "39bcf167c42693ba59151d2b40f84b3c0a930383596fe19107cb66891a6023c4", kill_on_drop: false }`
[INFO] running `Command { std: "docker" "inspect" "39bcf167c42693ba59151d2b40f84b3c0a930383596fe19107cb66891a6023c4", kill_on_drop: false }`
[INFO] running `Command { std: "docker" "rm" "-f" "39bcf167c42693ba59151d2b40f84b3c0a930383596fe19107cb66891a6023c4", kill_on_drop: false }`
[INFO] [stdout] 39bcf167c42693ba59151d2b40f84b3c0a930383596fe19107cb66891a6023c4
[INFO] running `Command { std: "docker" "create" "-v" "/var/lib/crater-agent-workspace/builds/worker-7-tc2/target:/opt/rustwide/target:rw,Z" "-v" "/var/lib/crater-agent-workspace/builds/worker-7-tc2/source:/opt/rustwide/workdir:ro,Z" "-v" "/var/lib/crater-agent-workspace/cargo-home:/opt/rustwide/cargo-home:ro,Z" "-v" "/var/lib/crater-agent-workspace/rustup-home:/opt/rustwide/rustup-home:ro,Z" "-e" "SOURCE_DIR=/opt/rustwide/workdir" "-e" "CARGO_TARGET_DIR=/opt/rustwide/target" "-e" "CARGO_INCREMENTAL=0" "-e" "RUST_BACKTRACE=full" "-e" "RUSTFLAGS=--cap-lints=warn" "-e" "RUSTDOCFLAGS=--cap-lints=warn" "-e" "CARGO_HOME=/opt/rustwide/cargo-home" "-e" "RUSTUP_HOME=/opt/rustwide/rustup-home" "-w" "/opt/rustwide/workdir" "-m" "1610612736" "--user" "0:0" "--network" "none" "ghcr.io/rust-lang/crates-build-env/linux@sha256:f3a9d4ad9d972b27faf3965f35b62e55ba32bbce8f20bc8fe909558a86702fde" "/opt/rustwide/cargo-home/bin/cargo" "+beta-2024-12-08" "build" "--frozen" "--message-format=json", kill_on_drop: false }`
[INFO] [stdout] 4838f0499cdb0bed91326b86658ccbf7faf2a7bd99456ec03bb56f37532f3968
[INFO] running `Command { std: "docker" "start" "-a" "4838f0499cdb0bed91326b86658ccbf7faf2a7bd99456ec03bb56f37532f3968", kill_on_drop: false }`
[INFO] [stderr]    Compiling autocfg v1.3.0
[INFO] [stderr]    Compiling serde v1.0.203
[INFO] [stderr]    Compiling memchr v2.7.2
[INFO] [stderr]    Compiling itoa v1.0.11
[INFO] [stderr]    Compiling ryu v1.0.18
[INFO] [stderr]    Compiling iana-time-zone v0.1.60
[INFO] [stderr]    Compiling num-traits v0.2.19
[INFO] [stderr]    Compiling csv-core v0.1.11
[INFO] [stderr]    Compiling chrono v0.4.38
[INFO] [stderr]    Compiling csv v1.3.0
[INFO] [stderr]    Compiling metric-calc v0.1.0 (/opt/rustwide/workdir)
[INFO] [stdout] warning: unused import: `format::parse`
[INFO] [stdout]  --> src/main.rs:3:14
[INFO] [stdout]   |
[INFO] [stdout] 3 | use chrono::{format::parse, ParseError};
[INFO] [stdout]   |              ^^^^^^^^^^^^^
[INFO] [stdout]   |
[INFO] [stdout]   = note: `#[warn(unused_imports)]` on by default
[INFO] [stdout] 
[INFO] [stdout] 
[INFO] [stdout] warning: unused import: `NaiveDate`
[INFO] [stdout]  --> src/period_mapper.rs:1:22
[INFO] [stdout]   |
[INFO] [stdout] 1 | use chrono::{Months, NaiveDate};
[INFO] [stdout]   |                      ^^^^^^^^^
[INFO] [stdout] 
[INFO] [stdout] 
[INFO] [stdout] warning: unused import: `borrow::BorrowMut`
[INFO] [stdout]  --> src/time_series.rs:1:11
[INFO] [stdout]   |
[INFO] [stdout] 1 | use std::{borrow::BorrowMut, collections::HashMap};
[INFO] [stdout]   |           ^^^^^^^^^^^^^^^^^
[INFO] [stdout] 
[INFO] [stdout] 
[INFO] [stdout] warning: unused import: `Date`
[INFO] [stdout]  --> src/time_series.rs:3:14
[INFO] [stdout]   |
[INFO] [stdout] 3 | use chrono::{Date, Datelike, NaiveDate, ParseError};
[INFO] [stdout]   |              ^^^^
[INFO] [stdout] 
[INFO] [stdout] 
[INFO] [stdout] warning: unused import: `fmt`
[INFO] [stdout]  --> src/timer.rs:1:11
[INFO] [stdout]   |
[INFO] [stdout] 1 | use std::{fmt, time::Instant};
[INFO] [stdout]   |           ^^^
[INFO] [stdout] 
[INFO] [stdout] 
[INFO] [stdout] warning: use of deprecated struct `chrono::Date`: Use `NaiveDate` or `DateTime<Tz>` instead
[INFO] [stdout]  --> src/time_series.rs:3:14
[INFO] [stdout]   |
[INFO] [stdout] 3 | use chrono::{Date, Datelike, NaiveDate, ParseError};
[INFO] [stdout]   |              ^^^^
[INFO] [stdout]   |
[INFO] [stdout]   = note: `#[warn(deprecated)]` on by default
[INFO] [stdout] 
[INFO] [stdout] 
[INFO] [stdout] warning: field `label` is never read
[INFO] [stdout]   --> src/metrics.rs:10:9
[INFO] [stdout]    |
[INFO] [stdout] 9  | pub struct Metric<'a> {
[INFO] [stdout]    |            ------ field in this struct
[INFO] [stdout] 10 |     pub label: String,
[INFO] [stdout]    |         ^^^^^
[INFO] [stdout]    |
[INFO] [stdout]    = note: `Metric` has a derived impl for the trait `Debug`, but this is intentionally ignored during dead code analysis
[INFO] [stdout]    = note: `#[warn(dead_code)]` on by default
[INFO] [stdout] 
[INFO] [stdout] 
[INFO] [stdout] warning: fields `idx`, `year`, `month`, and `day` are never read
[INFO] [stdout]   --> src/time_series.rs:14:9
[INFO] [stdout]    |
[INFO] [stdout] 13 | pub struct Period {
[INFO] [stdout]    |            ------ fields in this struct
[INFO] [stdout] 14 |     pub idx: usize,
[INFO] [stdout]    |         ^^^
[INFO] [stdout] 15 |     pub date: NaiveDate,
[INFO] [stdout] 16 |     pub year: i32,
[INFO] [stdout]    |         ^^^^
[INFO] [stdout] 17 |     pub month: u32,
[INFO] [stdout]    |         ^^^^^
[INFO] [stdout] 18 |     pub day: u32,
[INFO] [stdout]    |         ^^^
[INFO] [stdout]    |
[INFO] [stdout]    = note: `Period` has a derived impl for the trait `Debug`, but this is intentionally ignored during dead code analysis
[INFO] [stdout] 
[INFO] [stdout] 
[INFO] [stderr]     Finished `dev` profile [unoptimized + debuginfo] target(s) in 6.99s
[INFO] running `Command { std: "docker" "inspect" "4838f0499cdb0bed91326b86658ccbf7faf2a7bd99456ec03bb56f37532f3968", kill_on_drop: false }`
[INFO] running `Command { std: "docker" "rm" "-f" "4838f0499cdb0bed91326b86658ccbf7faf2a7bd99456ec03bb56f37532f3968", kill_on_drop: false }`
[INFO] [stdout] 4838f0499cdb0bed91326b86658ccbf7faf2a7bd99456ec03bb56f37532f3968
[INFO] running `Command { std: "docker" "create" "-v" "/var/lib/crater-agent-workspace/builds/worker-7-tc2/target:/opt/rustwide/target:rw,Z" "-v" "/var/lib/crater-agent-workspace/builds/worker-7-tc2/source:/opt/rustwide/workdir:ro,Z" "-v" "/var/lib/crater-agent-workspace/cargo-home:/opt/rustwide/cargo-home:ro,Z" "-v" "/var/lib/crater-agent-workspace/rustup-home:/opt/rustwide/rustup-home:ro,Z" "-e" "SOURCE_DIR=/opt/rustwide/workdir" "-e" "CARGO_TARGET_DIR=/opt/rustwide/target" "-e" "CARGO_INCREMENTAL=0" "-e" "RUST_BACKTRACE=full" "-e" "RUSTFLAGS=--cap-lints=warn" "-e" "RUSTDOCFLAGS=--cap-lints=warn" "-e" "CARGO_HOME=/opt/rustwide/cargo-home" "-e" "RUSTUP_HOME=/opt/rustwide/rustup-home" "-w" "/opt/rustwide/workdir" "-m" "1610612736" "--user" "0:0" "--network" "none" "ghcr.io/rust-lang/crates-build-env/linux@sha256:f3a9d4ad9d972b27faf3965f35b62e55ba32bbce8f20bc8fe909558a86702fde" "/opt/rustwide/cargo-home/bin/cargo" "+beta-2024-12-08" "test" "--frozen" "--no-run" "--message-format=json", kill_on_drop: false }`
[INFO] [stdout] 8c65f66f96090a36773511a6d968da2b76e6c8457c1c3f52662a29fe385d1600
[INFO] running `Command { std: "docker" "start" "-a" "8c65f66f96090a36773511a6d968da2b76e6c8457c1c3f52662a29fe385d1600", kill_on_drop: false }`
[INFO] [stderr]    Compiling metric-calc v0.1.0 (/opt/rustwide/workdir)
[INFO] [stdout] warning: unused import: `format::parse`
[INFO] [stdout]  --> src/main.rs:3:14
[INFO] [stdout]   |
[INFO] [stdout] 3 | use chrono::{format::parse, ParseError};
[INFO] [stdout]   |              ^^^^^^^^^^^^^
[INFO] [stdout]   |
[INFO] [stdout]   = note: `#[warn(unused_imports)]` on by default
[INFO] [stdout] 
[INFO] [stdout] 
[INFO] [stdout] warning: unused import: `NaiveDate`
[INFO] [stdout]  --> src/period_mapper.rs:1:22
[INFO] [stdout]   |
[INFO] [stdout] 1 | use chrono::{Months, NaiveDate};
[INFO] [stdout]   |                      ^^^^^^^^^
[INFO] [stdout] 
[INFO] [stdout] 
[INFO] [stdout] warning: unused import: `TimeSeries`
[INFO] [stdout]   --> src/period_mapper.rs:41:38
[INFO] [stdout]    |
[INFO] [stdout] 41 |     use crate::time_series::{Period, TimeSeries};
[INFO] [stdout]    |                                      ^^^^^^^^^^
[INFO] [stdout] 
[INFO] [stdout] 
[INFO] [stdout] warning: unused import: `borrow::BorrowMut`
[INFO] [stdout]  --> src/time_series.rs:1:11
[INFO] [stdout]   |
[INFO] [stdout] 1 | use std::{borrow::BorrowMut, collections::HashMap};
[INFO] [stdout]   |           ^^^^^^^^^^^^^^^^^
[INFO] [stdout] 
[INFO] [stdout] 
[INFO] [stdout] warning: unused import: `Date`
[INFO] [stdout]  --> src/time_series.rs:3:14
[INFO] [stdout]   |
[INFO] [stdout] 3 | use chrono::{Date, Datelike, NaiveDate, ParseError};
[INFO] [stdout]   |              ^^^^
[INFO] [stdout] 
[INFO] [stdout] 
[INFO] [stdout] warning: unused import: `fmt`
[INFO] [stdout]  --> src/timer.rs:1:11
[INFO] [stdout]   |
[INFO] [stdout] 1 | use std::{fmt, time::Instant};
[INFO] [stdout]   |           ^^^
[INFO] [stdout] 
[INFO] [stdout] 
[INFO] [stdout] warning: use of deprecated struct `chrono::Date`: Use `NaiveDate` or `DateTime<Tz>` instead
[INFO] [stdout]  --> src/time_series.rs:3:14
[INFO] [stdout]   |
[INFO] [stdout] 3 | use chrono::{Date, Datelike, NaiveDate, ParseError};
[INFO] [stdout]   |              ^^^^
[INFO] [stdout]   |
[INFO] [stdout]   = note: `#[warn(deprecated)]` on by default
[INFO] [stdout] 
[INFO] [stdout] 
[INFO] [stdout] warning: field `label` is never read
[INFO] [stdout]   --> src/metrics.rs:10:9
[INFO] [stdout]    |
[INFO] [stdout] 9  | pub struct Metric<'a> {
[INFO] [stdout]    |            ------ field in this struct
[INFO] [stdout] 10 |     pub label: String,
[INFO] [stdout]    |         ^^^^^
[INFO] [stdout]    |
[INFO] [stdout]    = note: `Metric` has a derived impl for the trait `Debug`, but this is intentionally ignored during dead code analysis
[INFO] [stdout]    = note: `#[warn(dead_code)]` on by default
[INFO] [stdout] 
[INFO] [stdout] 
[INFO] [stdout] warning: fields `idx`, `year`, `month`, and `day` are never read
[INFO] [stdout]   --> src/time_series.rs:14:9
[INFO] [stdout]    |
[INFO] [stdout] 13 | pub struct Period {
[INFO] [stdout]    |            ------ fields in this struct
[INFO] [stdout] 14 |     pub idx: usize,
[INFO] [stdout]    |         ^^^
[INFO] [stdout] 15 |     pub date: NaiveDate,
[INFO] [stdout] 16 |     pub year: i32,
[INFO] [stdout]    |         ^^^^
[INFO] [stdout] 17 |     pub month: u32,
[INFO] [stdout]    |         ^^^^^
[INFO] [stdout] 18 |     pub day: u32,
[INFO] [stdout]    |         ^^^
[INFO] [stdout]    |
[INFO] [stdout]    = note: `Period` has a derived impl for the trait `Debug`, but this is intentionally ignored during dead code analysis
[INFO] [stdout] 
[INFO] [stdout] 
[INFO] [stderr]     Finished `test` profile [unoptimized + debuginfo] target(s) in 0.75s
[INFO] running `Command { std: "docker" "inspect" "8c65f66f96090a36773511a6d968da2b76e6c8457c1c3f52662a29fe385d1600", kill_on_drop: false }`
[INFO] running `Command { std: "docker" "rm" "-f" "8c65f66f96090a36773511a6d968da2b76e6c8457c1c3f52662a29fe385d1600", kill_on_drop: false }`
[INFO] [stdout] 8c65f66f96090a36773511a6d968da2b76e6c8457c1c3f52662a29fe385d1600
[INFO] running `Command { std: "docker" "create" "-v" "/var/lib/crater-agent-workspace/builds/worker-7-tc2/target:/opt/rustwide/target:rw,Z" "-v" "/var/lib/crater-agent-workspace/builds/worker-7-tc2/source:/opt/rustwide/workdir:ro,Z" "-v" "/var/lib/crater-agent-workspace/cargo-home:/opt/rustwide/cargo-home:ro,Z" "-v" "/var/lib/crater-agent-workspace/rustup-home:/opt/rustwide/rustup-home:ro,Z" "-e" "SOURCE_DIR=/opt/rustwide/workdir" "-e" "CARGO_TARGET_DIR=/opt/rustwide/target" "-e" "CARGO_INCREMENTAL=0" "-e" "RUST_BACKTRACE=full" "-e" "RUSTFLAGS=--cap-lints=warn" "-e" "RUSTDOCFLAGS=--cap-lints=warn" "-e" "CARGO_HOME=/opt/rustwide/cargo-home" "-e" "RUSTUP_HOME=/opt/rustwide/rustup-home" "-w" "/opt/rustwide/workdir" "-m" "1610612736" "--user" "0:0" "--network" "none" "ghcr.io/rust-lang/crates-build-env/linux@sha256:f3a9d4ad9d972b27faf3965f35b62e55ba32bbce8f20bc8fe909558a86702fde" "/opt/rustwide/cargo-home/bin/cargo" "+beta-2024-12-08" "test" "--frozen", kill_on_drop: false }`
[INFO] [stdout] 039ff2dc1512a43bd8666ed3a5f97d5e1c9453ee8bd12b5d1dc519d63264ba3b
[INFO] running `Command { std: "docker" "start" "-a" "039ff2dc1512a43bd8666ed3a5f97d5e1c9453ee8bd12b5d1dc519d63264ba3b", kill_on_drop: false }`
[INFO] [stderr] warning: unused import: `format::parse`
[INFO] [stderr]  --> src/main.rs:3:14
[INFO] [stderr]   |
[INFO] [stderr] 3 | use chrono::{format::parse, ParseError};
[INFO] [stderr]   |              ^^^^^^^^^^^^^
[INFO] [stderr]   |
[INFO] [stderr]   = note: `#[warn(unused_imports)]` on by default
[INFO] [stderr] 
[INFO] [stderr] warning: unused import: `NaiveDate`
[INFO] [stderr]  --> src/period_mapper.rs:1:22
[INFO] [stderr]   |
[INFO] [stderr] 1 | use chrono::{Months, NaiveDate};
[INFO] [stderr]   |                      ^^^^^^^^^
[INFO] [stderr] 
[INFO] [stderr] warning: unused import: `TimeSeries`
[INFO] [stderr]   --> src/period_mapper.rs:41:38
[INFO] [stderr]    |
[INFO] [stderr] 41 |     use crate::time_series::{Period, TimeSeries};
[INFO] [stderr]    |                                      ^^^^^^^^^^
[INFO] [stderr] 
[INFO] [stderr] warning: unused import: `borrow::BorrowMut`
[INFO] [stderr]  --> src/time_series.rs:1:11
[INFO] [stderr]   |
[INFO] [stderr] 1 | use std::{borrow::BorrowMut, collections::HashMap};
[INFO] [stderr]   |           ^^^^^^^^^^^^^^^^^
[INFO] [stderr] 
[INFO] [stderr] warning: unused import: `Date`
[INFO] [stderr]  --> src/time_series.rs:3:14
[INFO] [stderr]   |
[INFO] [stderr] 3 | use chrono::{Date, Datelike, NaiveDate, ParseError};
[INFO] [stderr]   |              ^^^^
[INFO] [stderr] 
[INFO] [stderr] warning: unused import: `fmt`
[INFO] [stderr]  --> src/timer.rs:1:11
[INFO] [stderr]   |
[INFO] [stderr] 1 | use std::{fmt, time::Instant};
[INFO] [stderr]   |           ^^^
[INFO] [stderr] 
[INFO] [stderr] warning: use of deprecated struct `chrono::Date`: Use `NaiveDate` or `DateTime<Tz>` instead
[INFO] [stderr]  --> src/time_series.rs:3:14
[INFO] [stderr]   |
[INFO] [stderr] 3 | use chrono::{Date, Datelike, NaiveDate, ParseError};
[INFO] [stderr]   |              ^^^^
[INFO] [stderr]   |
[INFO] [stderr]   = note: `#[warn(deprecated)]` on by default
[INFO] [stderr] 
[INFO] [stderr] warning: field `label` is never read
[INFO] [stderr]   --> src/metrics.rs:10:9
[INFO] [stderr]    |
[INFO] [stderr] 9  | pub struct Metric<'a> {
[INFO] [stderr]    |            ------ field in this struct
[INFO] [stderr] 10 |     pub label: String,
[INFO] [stderr]    |         ^^^^^
[INFO] [stderr]    |
[INFO] [stderr]    = note: `Metric` has a derived impl for the trait `Debug`, but this is intentionally ignored during dead code analysis
[INFO] [stderr]    = note: `#[warn(dead_code)]` on by default
[INFO] [stderr] 
[INFO] [stderr] warning: fields `idx`, `year`, `month`, and `day` are never read
[INFO] [stderr]   --> src/time_series.rs:14:9
[INFO] [stderr]    |
[INFO] [stderr] 13 | pub struct Period {
[INFO] [stderr]    |            ------ fields in this struct
[INFO] [stderr] 14 |     pub idx: usize,
[INFO] [stderr]    |         ^^^
[INFO] [stderr] 15 |     pub date: NaiveDate,
[INFO] [stderr] 16 |     pub year: i32,
[INFO] [stderr]    |         ^^^^
[INFO] [stderr] 17 |     pub month: u32,
[INFO] [stderr]    |         ^^^^^
[INFO] [stderr] 18 |     pub day: u32,
[INFO] [stderr]    |         ^^^
[INFO] [stderr]    |
[INFO] [stderr]    = note: `Period` has a derived impl for the trait `Debug`, but this is intentionally ignored during dead code analysis
[INFO] [stderr] 
[INFO] [stderr] warning: `metric-calc` (bin "metric-calc" test) generated 9 warnings (run `cargo fix --bin "metric-calc" --tests` to apply 6 suggestions)
[INFO] [stderr]     Finished `test` profile [unoptimized + debuginfo] target(s) in 0.03s
[INFO] [stderr]      Running unittests src/main.rs (/opt/rustwide/target/debug/deps/metric_calc-a554a117986a6736)
[INFO] [stdout] 
[INFO] [stdout] running 4 tests
[INFO] [stdout] test period_mapper::tests::test_map_period ... ok
[INFO] [stdout] test period_mapper::tests::test_map_kind ... ok
[INFO] [stdout] test period_mapper::tests::test_map_period_no_previous_month ... ok
[INFO] [stdout] test period_mapper::tests::test_map_period_with_multiple_periods ... FAILED
[INFO] [stdout] 
[INFO] [stdout] failures:
[INFO] [stdout] 
[INFO] [stdout] ---- period_mapper::tests::test_map_period_with_multiple_periods stdout ----
[INFO] [stdout] thread 'period_mapper::tests::test_map_period_with_multiple_periods' panicked at src/period_mapper.rs:130:9:
[INFO] [stdout] assertion `left == right` failed
[INFO] [stdout]   left: [None, Some(0), None]
[INFO] [stdout]  right: [None, Some(0), Some(0)]
[INFO] [stdout] stack backtrace:
[INFO] [stdout]    0:     0x5ffb3edeceda - std::backtrace_rs::backtrace::libunwind::trace::h8810477743020387
[INFO] [stdout]                                at /rustc/202008a1b8de96d2e5b6bc02d379db03a877d34d/library/std/src/../../backtrace/src/backtrace/libunwind.rs:116:5
[INFO] [stdout]    1:     0x5ffb3edeceda - std::backtrace_rs::backtrace::trace_unsynchronized::h3aa55355dd6c54a6
[INFO] [stdout]                                at /rustc/202008a1b8de96d2e5b6bc02d379db03a877d34d/library/std/src/../../backtrace/src/backtrace/mod.rs:66:5
[INFO] [stdout]    2:     0x5ffb3edeceda - std::sys::backtrace::_print_fmt::h8588b0f62410823f
[INFO] [stdout]                                at /rustc/202008a1b8de96d2e5b6bc02d379db03a877d34d/library/std/src/sys/backtrace.rs:66:9
[INFO] [stdout]    3:     0x5ffb3edeceda - <std::sys::backtrace::BacktraceLock::print::DisplayBacktrace as core::fmt::Display>::fmt::h98c26ac25ffe89bb
[INFO] [stdout]                                at /rustc/202008a1b8de96d2e5b6bc02d379db03a877d34d/library/std/src/sys/backtrace.rs:39:26
[INFO] [stdout]    4:     0x5ffb3ee12943 - core::fmt::rt::Argument::fmt::hf95377f4aebd453b
[INFO] [stdout]                                at /rustc/202008a1b8de96d2e5b6bc02d379db03a877d34d/library/core/src/fmt/rt.rs:177:76
[INFO] [stdout]    5:     0x5ffb3ee12943 - core::fmt::write::h0dd5f6e2238c7982
[INFO] [stdout]                                at /rustc/202008a1b8de96d2e5b6bc02d379db03a877d34d/library/core/src/fmt/mod.rs:1189:21
[INFO] [stdout]    6:     0x5ffb3edea073 - std::io::Write::write_fmt::h03bb0ca26e6faf8c
[INFO] [stdout]                                at /rustc/202008a1b8de96d2e5b6bc02d379db03a877d34d/library/std/src/io/mod.rs:1884:15
[INFO] [stdout]    7:     0x5ffb3edecd22 - std::sys::backtrace::BacktraceLock::print::h5c19c1c038ee186d
[INFO] [stdout]                                at /rustc/202008a1b8de96d2e5b6bc02d379db03a877d34d/library/std/src/sys/backtrace.rs:42:9
[INFO] [stdout]    8:     0x5ffb3edee35d - std::panicking::default_hook::{{closure}}::h77172f079a1fcb13
[INFO] [stdout]                                at /rustc/202008a1b8de96d2e5b6bc02d379db03a877d34d/library/std/src/panicking.rs:268:22
[INFO] [stdout]    9:     0x5ffb3edee167 - std::panicking::default_hook::he5f8e3b203ccddba
[INFO] [stdout]                                at /rustc/202008a1b8de96d2e5b6bc02d379db03a877d34d/library/std/src/panicking.rs:292:9
[INFO] [stdout]   10:     0x5ffb3edb6317 - <alloc::boxed::Box<F,A> as core::ops::function::Fn<Args>>::call::h7a3c7b4a1ae77f2f
[INFO] [stdout]                                at /rustc/202008a1b8de96d2e5b6bc02d379db03a877d34d/library/alloc/src/boxed.rs:1986:9
[INFO] [stdout]   11:     0x5ffb3edb6317 - test::test_main::{{closure}}::hf0d3b69ae9b353d1
[INFO] [stdout]                                at /rustc/202008a1b8de96d2e5b6bc02d379db03a877d34d/library/test/src/lib.rs:134:21
[INFO] [stdout]   12:     0x5ffb3edeea08 - <alloc::boxed::Box<F,A> as core::ops::function::Fn<Args>>::call::h6332e82e7b189abd
[INFO] [stdout]                                at /rustc/202008a1b8de96d2e5b6bc02d379db03a877d34d/library/alloc/src/boxed.rs:1986:9
[INFO] [stdout]   13:     0x5ffb3edeea08 - std::panicking::rust_panic_with_hook::h53863d4e9018df39
[INFO] [stdout]                                at /rustc/202008a1b8de96d2e5b6bc02d379db03a877d34d/library/std/src/panicking.rs:809:13
[INFO] [stdout]   14:     0x5ffb3edee7ca - std::panicking::begin_panic_handler::{{closure}}::h67280e6fa0757873
[INFO] [stdout]                                at /rustc/202008a1b8de96d2e5b6bc02d379db03a877d34d/library/std/src/panicking.rs:674:13
[INFO] [stdout]   15:     0x5ffb3eded3b9 - std::sys::backtrace::__rust_end_short_backtrace::h1dac3f54d6fbbeb2
[INFO] [stdout]                                at /rustc/202008a1b8de96d2e5b6bc02d379db03a877d34d/library/std/src/sys/backtrace.rs:170:18
[INFO] [stdout]   16:     0x5ffb3edee45c - rust_begin_unwind
[INFO] [stdout]                                at /rustc/202008a1b8de96d2e5b6bc02d379db03a877d34d/library/std/src/panicking.rs:665:5
[INFO] [stdout]   17:     0x5ffb3ed77a90 - core::panicking::panic_fmt::h6792bd1b2bf01041
[INFO] [stdout]                                at /rustc/202008a1b8de96d2e5b6bc02d379db03a877d34d/library/core/src/panicking.rs:76:14
[INFO] [stdout]   18:     0x5ffb3ed77e5b - core::panicking::assert_failed_inner::hf2c17e6d30928787
[INFO] [stdout]   19:     0x5ffb3ed79af0 - core::panicking::assert_failed::he4ae29be919a6f9e
[INFO] [stdout]                                at /rustc/202008a1b8de96d2e5b6bc02d379db03a877d34d/library/core/src/panicking.rs:373:5
[INFO] [stdout]   20:     0x5ffb3ed7ca1d - metric_calc::period_mapper::tests::test_map_period_with_multiple_periods::hc034ddbff785f646
[INFO] [stdout]                                at /opt/rustwide/workdir/src/period_mapper.rs:130:9
[INFO] [stdout]   21:     0x5ffb3ed7c427 - metric_calc::period_mapper::tests::test_map_period_with_multiple_periods::{{closure}}::hc456367d3229c567
[INFO] [stdout]                                at /opt/rustwide/workdir/src/period_mapper.rs:101:47
[INFO] [stdout]   22:     0x5ffb3ed78f56 - core::ops::function::FnOnce::call_once::h41afbc5ba84af10b
[INFO] [stdout]                                at /rustc/202008a1b8de96d2e5b6bc02d379db03a877d34d/library/core/src/ops/function.rs:250:5
[INFO] [stdout]   23:     0x5ffb3edbae3b - core::ops::function::FnOnce::call_once::h871bf86719ec9aa4
[INFO] [stdout]                                at /rustc/202008a1b8de96d2e5b6bc02d379db03a877d34d/library/core/src/ops/function.rs:250:5
[INFO] [stdout]   24:     0x5ffb3edbae3b - test::__rust_begin_short_backtrace::h2167df1e2b7d76fd
[INFO] [stdout]                                at /rustc/202008a1b8de96d2e5b6bc02d379db03a877d34d/library/test/src/lib.rs:632:18
[INFO] [stdout]   25:     0x5ffb3edba828 - test::run_test_in_process::{{closure}}::h15d92f75a3adfb79
[INFO] [stdout]                                at /rustc/202008a1b8de96d2e5b6bc02d379db03a877d34d/library/test/src/lib.rs:655:60
[INFO] [stdout]   26:     0x5ffb3edba828 - <core::panic::unwind_safe::AssertUnwindSafe<F> as core::ops::function::FnOnce<()>>::call_once::hb6c8955835a8dbbb
[INFO] [stdout]                                at /rustc/202008a1b8de96d2e5b6bc02d379db03a877d34d/library/core/src/panic/unwind_safe.rs:272:9
[INFO] [stdout]   27:     0x5ffb3edba828 - std::panicking::try::do_call::hc79d0fc888a0bd30
[INFO] [stdout]                                at /rustc/202008a1b8de96d2e5b6bc02d379db03a877d34d/library/std/src/panicking.rs:557:40
[INFO] [stdout]   28:     0x5ffb3edba828 - std::panicking::try::hb8a7878e3a8589d6
[INFO] [stdout]                                at /rustc/202008a1b8de96d2e5b6bc02d379db03a877d34d/library/std/src/panicking.rs:520:19
[INFO] [stdout]   29:     0x5ffb3edba828 - std::panic::catch_unwind::hb8e4600ff0ff5cfa
[INFO] [stdout]                                at /rustc/202008a1b8de96d2e5b6bc02d379db03a877d34d/library/std/src/panic.rs:358:14
[INFO] [stdout]   30:     0x5ffb3edba828 - test::run_test_in_process::hc2900b0b18688dd6
[INFO] [stdout]                                at /rustc/202008a1b8de96d2e5b6bc02d379db03a877d34d/library/test/src/lib.rs:655:27
[INFO] [stdout]   31:     0x5ffb3edba828 - test::run_test::{{closure}}::hac2a9cb07be3d48d
[INFO] [stdout]                                at /rustc/202008a1b8de96d2e5b6bc02d379db03a877d34d/library/test/src/lib.rs:576:43
[INFO] [stdout]   32:     0x5ffb3ed7e2ca - test::run_test::{{closure}}::h4a5b729e66a38cd8
[INFO] [stdout]                                at /rustc/202008a1b8de96d2e5b6bc02d379db03a877d34d/library/test/src/lib.rs:606:41
[INFO] [stdout]   33:     0x5ffb3ed7e2ca - std::sys::backtrace::__rust_begin_short_backtrace::h0496fb742492f573
[INFO] [stdout]                                at /rustc/202008a1b8de96d2e5b6bc02d379db03a877d34d/library/std/src/sys/backtrace.rs:154:18
[INFO] [stdout]   34:     0x5ffb3ed81c44 - std::thread::Builder::spawn_unchecked_::{{closure}}::{{closure}}::hbb6d257c550a54bd
[INFO] [stdout]                                at /rustc/202008a1b8de96d2e5b6bc02d379db03a877d34d/library/std/src/thread/mod.rs:561:17
[INFO] [stdout]   35:     0x5ffb3ed81c44 - <core::panic::unwind_safe::AssertUnwindSafe<F> as core::ops::function::FnOnce<()>>::call_once::h46696fe4a6832328
[INFO] [stdout]                                at /rustc/202008a1b8de96d2e5b6bc02d379db03a877d34d/library/core/src/panic/unwind_safe.rs:272:9
[INFO] [stdout]   36:     0x5ffb3ed81c44 - std::panicking::try::do_call::h2625a51b667bfb64
[INFO] [stdout]                                at /rustc/202008a1b8de96d2e5b6bc02d379db03a877d34d/library/std/src/panicking.rs:557:40
[INFO] [stdout]   37:     0x5ffb3ed81c44 - std::panicking::try::hb956a59a1973aa4c
[INFO] [stdout]                                at /rustc/202008a1b8de96d2e5b6bc02d379db03a877d34d/library/std/src/panicking.rs:520:19
[INFO] [stdout]   38:     0x5ffb3ed81c44 - std::panic::catch_unwind::h64f3b9d1067ef6a0
[INFO] [stdout]                                at /rustc/202008a1b8de96d2e5b6bc02d379db03a877d34d/library/std/src/panic.rs:358:14
[INFO] [stdout]   39:     0x5ffb3ed81c44 - std::thread::Builder::spawn_unchecked_::{{closure}}::h42b2841295b6c0b2
[INFO] [stdout]                                at /rustc/202008a1b8de96d2e5b6bc02d379db03a877d34d/library/std/src/thread/mod.rs:559:30
[INFO] [stdout]   40:     0x5ffb3ed81c44 - core::ops::function::FnOnce::call_once{{vtable.shim}}::h6127de71b8124639
[INFO] [stdout]                                at /rustc/202008a1b8de96d2e5b6bc02d379db03a877d34d/library/core/src/ops/function.rs:250:5
[INFO] [stdout]   41:     0x5ffb3edf294b - <alloc::boxed::Box<F,A> as core::ops::function::FnOnce<Args>>::call_once::h42f0ba71002a1b2c
[INFO] [stdout]                                at /rustc/202008a1b8de96d2e5b6bc02d379db03a877d34d/library/alloc/src/boxed.rs:1972:9
[INFO] [stdout]   42:     0x5ffb3edf294b - <alloc::boxed::Box<F,A> as core::ops::function::FnOnce<Args>>::call_once::had9e47d7a3dcecb8
[INFO] [stdout]                                at /rustc/202008a1b8de96d2e5b6bc02d379db03a877d34d/library/alloc/src/boxed.rs:1972:9
[INFO] [stdout]   43:     0x5ffb3edf294b - std::sys::pal::unix::thread::Thread::new::thread_start::h48cf765408f6f5f2
[INFO] [stdout]                                at /rustc/202008a1b8de96d2e5b6bc02d379db03a877d34d/library/std/src/sys/pal/unix/thread.rs:105:17
[INFO] [stdout]   44:     0x749bdb6f5ac3 - <unknown>
[INFO] [stdout]   45:     0x749bdb786a04 - clone
[INFO] [stdout]   46:                0x0 - <unknown>
[INFO] [stdout] 
[INFO] [stdout] 
[INFO] [stdout] failures:
[INFO] [stdout]     period_mapper::tests::test_map_period_with_multiple_periods
[INFO] [stdout] 
[INFO] [stdout] test result: FAILED. 3 passed; 1 failed; 0 ignored; 0 measured; 0 filtered out; finished in 0.04s
[INFO] [stdout] 
[INFO] [stderr] error: test failed, to rerun pass `--bin metric-calc`
[INFO] running `Command { std: "docker" "inspect" "039ff2dc1512a43bd8666ed3a5f97d5e1c9453ee8bd12b5d1dc519d63264ba3b", kill_on_drop: false }`
[INFO] running `Command { std: "docker" "rm" "-f" "039ff2dc1512a43bd8666ed3a5f97d5e1c9453ee8bd12b5d1dc519d63264ba3b", kill_on_drop: false }`
[INFO] [stdout] 039ff2dc1512a43bd8666ed3a5f97d5e1c9453ee8bd12b5d1dc519d63264ba3b
