[INFO] cloning repository https://github.com/bogacyigitbasi/zk-gRPC
[INFO] running `Command { std: "git" "-c" "credential.helper=" "-c" "credential.helper=/workspace/cargo-home/bin/git-credential-null" "clone" "--bare" "https://github.com/bogacyigitbasi/zk-gRPC" "/workspace/cache/git-repos/https%3A%2F%2Fgithub.com%2Fbogacyigitbasi%2Fzk-gRPC", kill_on_drop: false }`
[INFO] [stderr] Cloning into bare repository '/workspace/cache/git-repos/https%3A%2F%2Fgithub.com%2Fbogacyigitbasi%2Fzk-gRPC'...
[INFO] running `Command { std: "git" "rev-parse" "HEAD", kill_on_drop: false }`
[INFO] [stdout] 93f8a10f77090d6781e55cea1fb5db281f900a5a
[INFO] testing bogacyigitbasi/zk-gRPC against 1.83.0 for beta-1.84.0-4-retry
[INFO] running `Command { std: "git" "clone" "/workspace/cache/git-repos/https%3A%2F%2Fgithub.com%2Fbogacyigitbasi%2Fzk-gRPC" "/workspace/builds/worker-5-tc1/source", kill_on_drop: false }`
[INFO] [stderr] Cloning into '/workspace/builds/worker-5-tc1/source'...
[INFO] [stderr] done.
[INFO] validating manifest of git repo https://github.com/bogacyigitbasi/zk-gRPC on toolchain 1.83.0
[INFO] running `Command { std: CARGO_HOME="/workspace/cargo-home" RUSTUP_HOME="/workspace/rustup-home" "/workspace/cargo-home/bin/cargo" "+1.83.0" "metadata" "--manifest-path" "Cargo.toml" "--no-deps", kill_on_drop: false }`
[INFO] started tweaking git repo https://github.com/bogacyigitbasi/zk-gRPC
[INFO] finished tweaking git repo https://github.com/bogacyigitbasi/zk-gRPC
[INFO] tweaked toml for git repo https://github.com/bogacyigitbasi/zk-gRPC written to /workspace/builds/worker-5-tc1/source/Cargo.toml
[INFO] crate git repo https://github.com/bogacyigitbasi/zk-gRPC already has a lockfile, it will not be regenerated
[INFO] running `Command { std: CARGO_HOME="/workspace/cargo-home" RUSTUP_HOME="/workspace/rustup-home" "/workspace/cargo-home/bin/cargo" "+1.83.0" "fetch" "--manifest-path" "Cargo.toml", kill_on_drop: false }`
[INFO] [stderr]  Downloading crates ...
[INFO] [stderr]   Downloaded protoc v2.28.0
[INFO] [stderr]   Downloaded protobuf-support v3.5.1
[INFO] [stderr]   Downloaded protobuf v3.5.1
[INFO] running `Command { std: "docker" "create" "-v" "/var/lib/crater-agent-workspace/builds/worker-5-tc1/target:/opt/rustwide/target:rw,Z" "-v" "/var/lib/crater-agent-workspace/builds/worker-5-tc1/source:/opt/rustwide/workdir:ro,Z" "-v" "/var/lib/crater-agent-workspace/cargo-home:/opt/rustwide/cargo-home:ro,Z" "-v" "/var/lib/crater-agent-workspace/rustup-home:/opt/rustwide/rustup-home:ro,Z" "-e" "SOURCE_DIR=/opt/rustwide/workdir" "-e" "CARGO_TARGET_DIR=/opt/rustwide/target" "-e" "CARGO_HOME=/opt/rustwide/cargo-home" "-e" "RUSTUP_HOME=/opt/rustwide/rustup-home" "-w" "/opt/rustwide/workdir" "-m" "1610612736" "--user" "0:0" "--network" "none" "ghcr.io/rust-lang/crates-build-env/linux@sha256:f3a9d4ad9d972b27faf3965f35b62e55ba32bbce8f20bc8fe909558a86702fde" "/opt/rustwide/cargo-home/bin/cargo" "+1.83.0" "metadata" "--no-deps" "--format-version=1", kill_on_drop: false }`
[INFO] [stdout] d8f538b85b1175e6a75e9c2c691c91b93b9d87c98e73c660ee09705c87231e42
[INFO] running `Command { std: "docker" "start" "-a" "d8f538b85b1175e6a75e9c2c691c91b93b9d87c98e73c660ee09705c87231e42", kill_on_drop: false }`
[INFO] running `Command { std: "docker" "inspect" "d8f538b85b1175e6a75e9c2c691c91b93b9d87c98e73c660ee09705c87231e42", kill_on_drop: false }`
[INFO] running `Command { std: "docker" "rm" "-f" "d8f538b85b1175e6a75e9c2c691c91b93b9d87c98e73c660ee09705c87231e42", kill_on_drop: false }`
[INFO] [stdout] d8f538b85b1175e6a75e9c2c691c91b93b9d87c98e73c660ee09705c87231e42
[INFO] running `Command { std: "docker" "create" "-v" "/var/lib/crater-agent-workspace/builds/worker-5-tc1/target:/opt/rustwide/target:rw,Z" "-v" "/var/lib/crater-agent-workspace/builds/worker-5-tc1/source:/opt/rustwide/workdir:ro,Z" "-v" "/var/lib/crater-agent-workspace/cargo-home:/opt/rustwide/cargo-home:ro,Z" "-v" "/var/lib/crater-agent-workspace/rustup-home:/opt/rustwide/rustup-home:ro,Z" "-e" "SOURCE_DIR=/opt/rustwide/workdir" "-e" "CARGO_TARGET_DIR=/opt/rustwide/target" "-e" "CARGO_INCREMENTAL=0" "-e" "RUST_BACKTRACE=full" "-e" "RUSTFLAGS=--cap-lints=warn" "-e" "RUSTDOCFLAGS=--cap-lints=warn" "-e" "CARGO_HOME=/opt/rustwide/cargo-home" "-e" "RUSTUP_HOME=/opt/rustwide/rustup-home" "-w" "/opt/rustwide/workdir" "-m" "1610612736" "--user" "0:0" "--network" "none" "ghcr.io/rust-lang/crates-build-env/linux@sha256:f3a9d4ad9d972b27faf3965f35b62e55ba32bbce8f20bc8fe909558a86702fde" "/opt/rustwide/cargo-home/bin/cargo" "+1.83.0" "build" "--frozen" "--message-format=json", kill_on_drop: false }`
[INFO] [stdout] 44d046127dbec238ebec49b3792cfa2c8910b4ddafa306af0e8554ada5fa8772
[INFO] running `Command { std: "docker" "start" "-a" "44d046127dbec238ebec49b3792cfa2c8910b4ddafa306af0e8554ada5fa8772", kill_on_drop: false }`
[INFO] [stderr]    Compiling proc-macro2 v1.0.86
[INFO] [stderr]    Compiling unicode-ident v1.0.12
[INFO] [stderr]    Compiling libc v0.2.159
[INFO] [stderr]    Compiling autocfg v1.3.0
[INFO] [stderr]    Compiling pin-project-lite v0.2.14
[INFO] [stderr]    Compiling bytes v1.7.2
[INFO] [stderr]    Compiling futures-core v0.3.30
[INFO] [stderr]    Compiling once_cell v1.19.0
[INFO] [stderr]    Compiling cfg-if v1.0.0
[INFO] [stderr]    Compiling hashbrown v0.14.5
[INFO] [stderr]    Compiling anyhow v1.0.89
[INFO] [stderr]    Compiling equivalent v1.0.1
[INFO] [stderr]    Compiling fnv v1.0.7
[INFO] [stderr]    Compiling itoa v1.0.11
[INFO] [stderr]    Compiling either v1.13.0
[INFO] [stderr]    Compiling futures-task v0.3.30
[INFO] [stderr]    Compiling pin-utils v0.1.0
[INFO] [stderr]    Compiling linux-raw-sys v0.4.14
[INFO] [stderr]    Compiling bitflags v2.6.0
[INFO] [stderr]    Compiling byteorder v1.5.0
[INFO] [stderr]    Compiling futures-sink v0.3.30
[INFO] [stderr]    Compiling futures-util v0.3.30
[INFO] [stderr]    Compiling rustix v0.38.37
[INFO] [stderr]    Compiling tower-service v0.3.3
[INFO] [stderr]    Compiling regex-syntax v0.8.4
[INFO] [stderr]    Compiling httparse v1.9.4
[INFO] [stderr]    Compiling prettyplease v0.2.22
[INFO] [stderr]    Compiling tracing-core v0.1.32
[INFO] [stderr]    Compiling http v1.1.0
[INFO] [stderr]    Compiling itertools v0.10.5
[INFO] [stderr]    Compiling atomic-waker v1.1.2
[INFO] [stderr]    Compiling slab v0.4.9
[INFO] [stderr]    Compiling indexmap v2.5.0
[INFO] [stderr]    Compiling try-lock v0.2.5
[INFO] [stderr]    Compiling fastrand v2.1.1
[INFO] [stderr]    Compiling tower-layer v0.3.3
[INFO] [stderr]    Compiling log v0.4.22
[INFO] [stderr]    Compiling fixedbitset v0.4.2
[INFO] [stderr]    Compiling rustversion v1.0.17
[INFO] [stderr]    Compiling http-body v1.0.1
[INFO] [stderr]    Compiling want v0.3.1
[INFO] [stderr]    Compiling indexmap v1.9.3
[INFO] [stderr]    Compiling num-traits v0.2.19
[INFO] [stderr]    Compiling socket2 v0.5.7
[INFO] [stderr]    Compiling mio v1.0.2
[INFO] [stderr]    Compiling quote v1.0.37
[INFO] [stderr]    Compiling getrandom v0.2.15
[INFO] [stderr]    Compiling futures-channel v0.3.30
[INFO] [stderr]    Compiling smallvec v1.13.2
[INFO] [stderr]    Compiling syn v2.0.77
[INFO] [stderr]    Compiling rand_core v0.6.4
[INFO] [stderr]    Compiling petgraph v0.6.5
[INFO] [stderr]    Compiling thiserror v1.0.64
[INFO] [stderr]    Compiling heck v0.4.1
[INFO] [stderr]    Compiling multimap v0.8.3
[INFO] [stderr]    Compiling serde v1.0.210
[INFO] [stderr]    Compiling httpdate v1.0.3
[INFO] [stderr]    Compiling sync_wrapper v1.0.1
[INFO] [stderr]    Compiling mime v0.3.17
[INFO] [stderr]    Compiling sync_wrapper v0.1.2
[INFO] [stderr]    Compiling hashbrown v0.12.3
[INFO] [stderr]    Compiling memchr v2.7.4
[INFO] [stderr]    Compiling home v0.5.9
[INFO] [stderr]    Compiling percent-encoding v2.3.1
[INFO] [stderr]    Compiling matchit v0.7.3
[INFO] [stderr]    Compiling protobuf v3.5.1
[INFO] [stderr]    Compiling base64 v0.22.1
[INFO] [stderr]    Compiling hex v0.4.3
[INFO] [stderr]    Compiling regex-automata v0.4.7
[INFO] [stderr]    Compiling http-body-util v0.1.2
[INFO] [stderr]    Compiling tower v0.5.1
[INFO] [stderr]    Compiling num-integer v0.1.46
[INFO] [stderr]    Compiling tempfile v3.13.0
[INFO] [stderr]    Compiling which v4.4.2
[INFO] [stderr]    Compiling protoc v2.28.0
[INFO] [stderr]    Compiling regex v1.10.6
[INFO] [stderr]    Compiling tokio-macros v2.4.0
[INFO] [stderr]    Compiling prost-derive v0.13.3
[INFO] [stderr]    Compiling tracing-attributes v0.1.27
[INFO] [stderr]    Compiling zerocopy-derive v0.7.35
[INFO] [stderr]    Compiling pin-project-internal v1.1.5
[INFO] [stderr]    Compiling thiserror-impl v1.0.64
[INFO] [stderr]    Compiling async-trait v0.1.83
[INFO] [stderr]    Compiling async-stream-impl v0.3.5
[INFO] [stderr]    Compiling axum-core v0.4.5
[INFO] [stderr]    Compiling async-stream v0.3.5
[INFO] [stderr]    Compiling pin-project v1.1.5
[INFO] [stderr]    Compiling tokio v1.40.0
[INFO] [stderr]    Compiling zerocopy v0.7.35
[INFO] [stderr]    Compiling tracing v0.1.40
[INFO] [stderr]    Compiling protobuf-support v3.5.1
[INFO] [stderr]    Compiling prost v0.13.3
[INFO] [stderr]    Compiling ppv-lite86 v0.2.20
[INFO] [stderr]    Compiling prost-types v0.13.3
[INFO] [stderr]    Compiling rand_chacha v0.3.1
[INFO] [stderr]    Compiling rand v0.8.5
[INFO] [stderr]    Compiling axum v0.7.7
[INFO] [stderr]    Compiling num-bigint v0.4.6
[INFO] [stderr]    Compiling prost-build v0.13.3
[INFO] [stderr]    Compiling tonic-build v0.12.3
[INFO] [stderr]    Compiling ChaumPedersen v0.1.0 (/opt/rustwide/workdir)
[INFO] [stderr]    Compiling tokio-util v0.7.12
[INFO] [stderr]    Compiling tokio-stream v0.1.16
[INFO] [stderr]    Compiling h2 v0.4.6
[INFO] [stderr]    Compiling tower v0.4.13
[INFO] [stderr]    Compiling hyper v1.4.1
[INFO] [stderr]    Compiling hyper-util v0.1.9
[INFO] [stderr]    Compiling hyper-timeout v0.5.1
[INFO] [stderr]    Compiling tonic v0.12.3
[INFO] [stdout] warning: unused import: `std::collections`
[INFO] [stdout]  --> src/lib.rs:1:5
[INFO] [stdout]   |
[INFO] [stdout] 1 | use std::collections;
[INFO] [stdout]   |     ^^^^^^^^^^^^^^^^
[INFO] [stdout]   |
[INFO] [stdout]   = note: `#[warn(unused_imports)]` on by default
[INFO] [stdout] 
[INFO] [stdout] 
[INFO] [stdout] warning: unused import: `random`
[INFO] [stdout]   --> src/lib.rs:11:18
[INFO] [stdout]    |
[INFO] [stdout] 11 | use rand::{self, random, Rng};
[INFO] [stdout]    |                  ^^^^^^
[INFO] [stdout] 
[INFO] [stdout] 
[INFO] [stdout] warning: crate `ChaumPedersen` should have a snake case name
[INFO] [stdout]   |
[INFO] [stdout]   = help: convert the identifier to snake case: `chaum_pedersen`
[INFO] [stdout]   = note: `#[warn(non_snake_case)]` on by default
[INFO] [stdout] 
[INFO] [stdout] 
[INFO] [stdout] warning: unused import: `Read`
[INFO] [stdout]  --> src/client.rs:5:22
[INFO] [stdout]   |
[INFO] [stdout] 5 | use std::io::{stdin, Read};
[INFO] [stdout]   |                      ^^^^
[INFO] [stdout]   |
[INFO] [stdout]   = note: `#[warn(unused_imports)]` on by default
[INFO] [stdout] 
[INFO] [stdout] 
[INFO] [stdout] warning: unused doc comment
[INFO] [stdout]   --> src/client.rs:68:5
[INFO] [stdout]    |
[INFO] [stdout] 68 |     /// now its time to generate the proof as a client that shows we know the password without sharing it
[INFO] [stdout]    |     ^^^^^^^^^^^^^^^^^^^^^^^^^^^^^^^^^^^^^^^^^^^^^^^^^^^^^^^^^^^^^^^^^^^^^^^^^^^^^^^^^^^^^^^^^^^^^^^^^^^^^
[INFO] [stdout] ...
[INFO] [stdout] 71 |     let zk = ZKP::init(&a, &b, &p, &q);
[INFO] [stdout]    |     ----------------------------------- rustdoc does not generate documentation for statements
[INFO] [stdout]    |
[INFO] [stdout]    = help: use `//` for a plain comment
[INFO] [stdout]    = note: `#[warn(unused_doc_comments)]` on by default
[INFO] [stdout] 
[INFO] [stdout] 
[INFO] [stdout] warning: unused doc comment
[INFO] [stdout]   --> src/client.rs:69:5
[INFO] [stdout]    |
[INFO] [stdout] 69 |     /// generate response using challenge which is s = k - c.x
[INFO] [stdout]    |     ^^^^^^^^^^^^^^^^^^^^^^^^^^^^^^^^^^^^^^^^^^^^^^^^^^^^^^^^^^
[INFO] [stdout] 70 |     ///
[INFO] [stdout] 71 |     let zk = ZKP::init(&a, &b, &p, &q);
[INFO] [stdout]    |     ----------------------------------- rustdoc does not generate documentation for statements
[INFO] [stdout]    |
[INFO] [stdout]    = help: use `//` for a plain comment
[INFO] [stdout] 
[INFO] [stdout] 
[INFO] [stdout] warning: unused doc comment
[INFO] [stdout]   --> src/client.rs:70:5
[INFO] [stdout]    |
[INFO] [stdout] 70 |     ///
[INFO] [stdout]    |     ^^^
[INFO] [stdout] 71 |     let zk = ZKP::init(&a, &b, &p, &q);
[INFO] [stdout]    |     ----------------------------------- rustdoc does not generate documentation for statements
[INFO] [stdout]    |
[INFO] [stdout]    = help: use `//` for a plain comment
[INFO] [stdout] 
[INFO] [stdout] 
[INFO] [stdout] warning: unnecessary parentheses around function argument
[INFO] [stdout]   --> src/server.rs:66:12
[INFO] [stdout]    |
[INFO] [stdout] 66 |         Ok((Response::new(RegisterResponse {})))
[INFO] [stdout]    |            ^                                  ^
[INFO] [stdout]    |
[INFO] [stdout]    = note: `#[warn(unused_parens)]` on by default
[INFO] [stdout] help: remove these parentheses
[INFO] [stdout]    |
[INFO] [stdout] 66 -         Ok((Response::new(RegisterResponse {})))
[INFO] [stdout] 66 +         Ok(Response::new(RegisterResponse {}))
[INFO] [stdout]    |
[INFO] [stdout] 
[INFO] [stdout] 
[INFO] [stdout] warning: unnecessary parentheses around `if` condition
[INFO] [stdout]    --> src/server.rs:145:16
[INFO] [stdout]     |
[INFO] [stdout] 145 |             if (verif) {
[INFO] [stdout]     |                ^     ^
[INFO] [stdout]     |
[INFO] [stdout] help: remove these parentheses
[INFO] [stdout]     |
[INFO] [stdout] 145 -             if (verif) {
[INFO] [stdout] 145 +             if verif {
[INFO] [stdout]     |
[INFO] [stdout] 
[INFO] [stdout] 
[INFO] [stdout] warning: unused variable: `response`
[INFO] [stdout]   --> src/client.rs:41:9
[INFO] [stdout]    |
[INFO] [stdout] 41 |     let response = client.register(request).await.expect("Register failed");
[INFO] [stdout]    |         ^^^^^^^^ help: if this is intentional, prefix it with an underscore: `_response`
[INFO] [stdout]    |
[INFO] [stdout]    = note: `#[warn(unused_variables)]` on by default
[INFO] [stdout] 
[INFO] [stdout] 
[INFO] [stdout] warning: variable does not need to be mutable
[INFO] [stdout]   --> src/server.rs:62:13
[INFO] [stdout]    |
[INFO] [stdout] 62 |         let mut user_map = &mut self.user_info.lock().unwrap();
[INFO] [stdout]    |             ----^^^^^^^^
[INFO] [stdout]    |             |
[INFO] [stdout]    |             help: remove this `mut`
[INFO] [stdout]    |
[INFO] [stdout]    = note: `#[warn(unused_mut)]` on by default
[INFO] [stdout] 
[INFO] [stdout] 
[INFO] [stdout] warning: variable does not need to be mutable
[INFO] [stdout]    --> src/server.rs:100:17
[INFO] [stdout]     |
[INFO] [stdout] 100 |             let mut auth_id_user = &mut self.auth_id_user.lock().unwrap();
[INFO] [stdout]     |                 ----^^^^^^^^^^^^
[INFO] [stdout]     |                 |
[INFO] [stdout]     |                 help: remove this `mut`
[INFO] [stdout] 
[INFO] [stdout] 
[INFO] [stdout] warning: variable does not need to be mutable
[INFO] [stdout]    --> src/server.rs:124:13
[INFO] [stdout]     |
[INFO] [stdout] 124 |         let mut auth_id_user_map = &mut self.auth_id_user.lock().unwrap();
[INFO] [stdout]     |             ----^^^^^^^^^^^^^^^^
[INFO] [stdout]     |             |
[INFO] [stdout]     |             help: remove this `mut`
[INFO] [stdout] 
[INFO] [stdout] 
[INFO] [stderr]     Finished `dev` profile [unoptimized + debuginfo] target(s) in 52.33s
[INFO] running `Command { std: "docker" "inspect" "44d046127dbec238ebec49b3792cfa2c8910b4ddafa306af0e8554ada5fa8772", kill_on_drop: false }`
[INFO] running `Command { std: "docker" "rm" "-f" "44d046127dbec238ebec49b3792cfa2c8910b4ddafa306af0e8554ada5fa8772", kill_on_drop: false }`
[INFO] [stdout] 44d046127dbec238ebec49b3792cfa2c8910b4ddafa306af0e8554ada5fa8772
[INFO] running `Command { std: "docker" "create" "-v" "/var/lib/crater-agent-workspace/builds/worker-5-tc1/target:/opt/rustwide/target:rw,Z" "-v" "/var/lib/crater-agent-workspace/builds/worker-5-tc1/source:/opt/rustwide/workdir:ro,Z" "-v" "/var/lib/crater-agent-workspace/cargo-home:/opt/rustwide/cargo-home:ro,Z" "-v" "/var/lib/crater-agent-workspace/rustup-home:/opt/rustwide/rustup-home:ro,Z" "-e" "SOURCE_DIR=/opt/rustwide/workdir" "-e" "CARGO_TARGET_DIR=/opt/rustwide/target" "-e" "CARGO_INCREMENTAL=0" "-e" "RUST_BACKTRACE=full" "-e" "RUSTFLAGS=--cap-lints=warn" "-e" "RUSTDOCFLAGS=--cap-lints=warn" "-e" "CARGO_HOME=/opt/rustwide/cargo-home" "-e" "RUSTUP_HOME=/opt/rustwide/rustup-home" "-w" "/opt/rustwide/workdir" "-m" "1610612736" "--user" "0:0" "--network" "none" "ghcr.io/rust-lang/crates-build-env/linux@sha256:f3a9d4ad9d972b27faf3965f35b62e55ba32bbce8f20bc8fe909558a86702fde" "/opt/rustwide/cargo-home/bin/cargo" "+1.83.0" "test" "--frozen" "--no-run" "--message-format=json", kill_on_drop: false }`
[INFO] [stdout] e671cb409adc94efd72a24205ddc366dcb7fc331f8903c4fc50502a771f855aa
[INFO] running `Command { std: "docker" "start" "-a" "e671cb409adc94efd72a24205ddc366dcb7fc331f8903c4fc50502a771f855aa", kill_on_drop: false }`
[INFO] [stderr]    Compiling ChaumPedersen v0.1.0 (/opt/rustwide/workdir)
[INFO] [stdout] warning: unused import: `std::collections`
[INFO] [stdout]  --> src/lib.rs:1:5
[INFO] [stdout]   |
[INFO] [stdout] 1 | use std::collections;
[INFO] [stdout]   |     ^^^^^^^^^^^^^^^^
[INFO] [stdout]   |
[INFO] [stdout]   = note: `#[warn(unused_imports)]` on by default
[INFO] [stdout] 
[INFO] [stdout] 
[INFO] [stdout] warning: unused import: `random`
[INFO] [stdout]   --> src/lib.rs:11:18
[INFO] [stdout]    |
[INFO] [stdout] 11 | use rand::{self, random, Rng};
[INFO] [stdout]    |                  ^^^^^^
[INFO] [stdout] 
[INFO] [stdout] 
[INFO] [stdout] warning: crate `ChaumPedersen` should have a snake case name
[INFO] [stdout]   |
[INFO] [stdout]   = help: convert the identifier to snake case: `chaum_pedersen`
[INFO] [stdout]   = note: `#[warn(non_snake_case)]` on by default
[INFO] [stdout] 
[INFO] [stdout] 
[INFO] [stdout] warning: unused import: `std::collections`
[INFO] [stdout]  --> src/lib.rs:1:5
[INFO] [stdout]   |
[INFO] [stdout] 1 | use std::collections;
[INFO] [stdout]   |     ^^^^^^^^^^^^^^^^
[INFO] [stdout]   |
[INFO] [stdout]   = note: `#[warn(unused_imports)]` on by default
[INFO] [stdout] 
[INFO] [stdout] 
[INFO] [stdout] warning: unused import: `random`
[INFO] [stdout]   --> src/lib.rs:11:18
[INFO] [stdout]    |
[INFO] [stdout] 11 | use rand::{self, random, Rng};
[INFO] [stdout]    |                  ^^^^^^
[INFO] [stdout] 
[INFO] [stdout] 
[INFO] [stdout] warning: unnecessary parentheses around function argument
[INFO] [stdout]   --> src/server.rs:66:12
[INFO] [stdout]    |
[INFO] [stdout] 66 |         Ok((Response::new(RegisterResponse {})))
[INFO] [stdout]    |            ^                                  ^
[INFO] [stdout]    |
[INFO] [stdout]    = note: `#[warn(unused_parens)]` on by default
[INFO] [stdout] help: remove these parentheses
[INFO] [stdout]    |
[INFO] [stdout] 66 -         Ok((Response::new(RegisterResponse {})))
[INFO] [stdout] 66 +         Ok(Response::new(RegisterResponse {}))
[INFO] [stdout]    |
[INFO] [stdout] 
[INFO] [stdout] 
[INFO] [stdout] warning: unnecessary parentheses around `if` condition
[INFO] [stdout]    --> src/server.rs:145:16
[INFO] [stdout]     |
[INFO] [stdout] 145 |             if (verif) {
[INFO] [stdout]     |                ^     ^
[INFO] [stdout]     |
[INFO] [stdout] help: remove these parentheses
[INFO] [stdout]     |
[INFO] [stdout] 145 -             if (verif) {
[INFO] [stdout] 145 +             if verif {
[INFO] [stdout]     |
[INFO] [stdout] 
[INFO] [stdout] 
[INFO] [stdout] warning: unused import: `Read`
[INFO] [stdout]  --> src/client.rs:5:22
[INFO] [stdout]   |
[INFO] [stdout] 5 | use std::io::{stdin, Read};
[INFO] [stdout]   |                      ^^^^
[INFO] [stdout]   |
[INFO] [stdout]   = note: `#[warn(unused_imports)]` on by default
[INFO] [stdout] 
[INFO] [stdout] 
[INFO] [stdout] warning: unused doc comment
[INFO] [stdout]   --> src/client.rs:68:5
[INFO] [stdout]    |
[INFO] [stdout] 68 |     /// now its time to generate the proof as a client that shows we know the password without sharing it
[INFO] [stdout]    |     ^^^^^^^^^^^^^^^^^^^^^^^^^^^^^^^^^^^^^^^^^^^^^^^^^^^^^^^^^^^^^^^^^^^^^^^^^^^^^^^^^^^^^^^^^^^^^^^^^^^^^
[INFO] [stdout] ...
[INFO] [stdout] 71 |     let zk = ZKP::init(&a, &b, &p, &q);
[INFO] [stdout]    |     ----------------------------------- rustdoc does not generate documentation for statements
[INFO] [stdout]    |
[INFO] [stdout]    = help: use `//` for a plain comment
[INFO] [stdout]    = note: `#[warn(unused_doc_comments)]` on by default
[INFO] [stdout] 
[INFO] [stdout] 
[INFO] [stdout] warning: unused doc comment
[INFO] [stdout]   --> src/client.rs:69:5
[INFO] [stdout]    |
[INFO] [stdout] 69 |     /// generate response using challenge which is s = k - c.x
[INFO] [stdout]    |     ^^^^^^^^^^^^^^^^^^^^^^^^^^^^^^^^^^^^^^^^^^^^^^^^^^^^^^^^^^
[INFO] [stdout] 70 |     ///
[INFO] [stdout] 71 |     let zk = ZKP::init(&a, &b, &p, &q);
[INFO] [stdout]    |     ----------------------------------- rustdoc does not generate documentation for statements
[INFO] [stdout]    |
[INFO] [stdout]    = help: use `//` for a plain comment
[INFO] [stdout] 
[INFO] [stdout] 
[INFO] [stdout] warning: unused doc comment
[INFO] [stdout]   --> src/client.rs:70:5
[INFO] [stdout]    |
[INFO] [stdout] 70 |     ///
[INFO] [stdout]    |     ^^^
[INFO] [stdout] 71 |     let zk = ZKP::init(&a, &b, &p, &q);
[INFO] [stdout]    |     ----------------------------------- rustdoc does not generate documentation for statements
[INFO] [stdout]    |
[INFO] [stdout]    = help: use `//` for a plain comment
[INFO] [stdout] 
[INFO] [stdout] 
[INFO] [stdout] warning: unused variable: `response`
[INFO] [stdout]   --> src/client.rs:41:9
[INFO] [stdout]    |
[INFO] [stdout] 41 |     let response = client.register(request).await.expect("Register failed");
[INFO] [stdout]    |         ^^^^^^^^ help: if this is intentional, prefix it with an underscore: `_response`
[INFO] [stdout]    |
[INFO] [stdout]    = note: `#[warn(unused_variables)]` on by default
[INFO] [stdout] 
[INFO] [stdout] 
[INFO] [stdout] warning: variable does not need to be mutable
[INFO] [stdout]   --> src/server.rs:62:13
[INFO] [stdout]    |
[INFO] [stdout] 62 |         let mut user_map = &mut self.user_info.lock().unwrap();
[INFO] [stdout]    |             ----^^^^^^^^
[INFO] [stdout]    |             |
[INFO] [stdout]    |             help: remove this `mut`
[INFO] [stdout]    |
[INFO] [stdout]    = note: `#[warn(unused_mut)]` on by default
[INFO] [stdout] 
[INFO] [stdout] 
[INFO] [stdout] warning: variable does not need to be mutable
[INFO] [stdout]    --> src/server.rs:100:17
[INFO] [stdout]     |
[INFO] [stdout] 100 |             let mut auth_id_user = &mut self.auth_id_user.lock().unwrap();
[INFO] [stdout]     |                 ----^^^^^^^^^^^^
[INFO] [stdout]     |                 |
[INFO] [stdout]     |                 help: remove this `mut`
[INFO] [stdout] 
[INFO] [stdout] 
[INFO] [stdout] warning: variable does not need to be mutable
[INFO] [stdout]    --> src/server.rs:124:13
[INFO] [stdout]     |
[INFO] [stdout] 124 |         let mut auth_id_user_map = &mut self.auth_id_user.lock().unwrap();
[INFO] [stdout]     |             ----^^^^^^^^^^^^^^^^
[INFO] [stdout]     |             |
[INFO] [stdout]     |             help: remove this `mut`
[INFO] [stdout] 
[INFO] [stdout] 
[INFO] [stderr]     Finished `test` profile [unoptimized + debuginfo] target(s) in 0.73s
[INFO] running `Command { std: "docker" "inspect" "e671cb409adc94efd72a24205ddc366dcb7fc331f8903c4fc50502a771f855aa", kill_on_drop: false }`
[INFO] running `Command { std: "docker" "rm" "-f" "e671cb409adc94efd72a24205ddc366dcb7fc331f8903c4fc50502a771f855aa", kill_on_drop: false }`
[INFO] [stdout] e671cb409adc94efd72a24205ddc366dcb7fc331f8903c4fc50502a771f855aa
[INFO] running `Command { std: "docker" "create" "-v" "/var/lib/crater-agent-workspace/builds/worker-5-tc1/target:/opt/rustwide/target:rw,Z" "-v" "/var/lib/crater-agent-workspace/builds/worker-5-tc1/source:/opt/rustwide/workdir:ro,Z" "-v" "/var/lib/crater-agent-workspace/cargo-home:/opt/rustwide/cargo-home:ro,Z" "-v" "/var/lib/crater-agent-workspace/rustup-home:/opt/rustwide/rustup-home:ro,Z" "-e" "SOURCE_DIR=/opt/rustwide/workdir" "-e" "CARGO_TARGET_DIR=/opt/rustwide/target" "-e" "CARGO_INCREMENTAL=0" "-e" "RUST_BACKTRACE=full" "-e" "RUSTFLAGS=--cap-lints=warn" "-e" "RUSTDOCFLAGS=--cap-lints=warn" "-e" "CARGO_HOME=/opt/rustwide/cargo-home" "-e" "RUSTUP_HOME=/opt/rustwide/rustup-home" "-w" "/opt/rustwide/workdir" "-m" "1610612736" "--user" "0:0" "--network" "none" "ghcr.io/rust-lang/crates-build-env/linux@sha256:f3a9d4ad9d972b27faf3965f35b62e55ba32bbce8f20bc8fe909558a86702fde" "/opt/rustwide/cargo-home/bin/cargo" "+1.83.0" "test" "--frozen", kill_on_drop: false }`
[INFO] [stdout] 135f2768d230a0bf7b9899825e3a7bf443fad05a93b1ec503a5509fdff1c2ec9
[INFO] running `Command { std: "docker" "start" "-a" "135f2768d230a0bf7b9899825e3a7bf443fad05a93b1ec503a5509fdff1c2ec9", kill_on_drop: false }`
[INFO] [stderr] warning: unused import: `std::collections`
[INFO] [stderr]  --> src/lib.rs:1:5
[INFO] [stderr]   |
[INFO] [stderr] 1 | use std::collections;
[INFO] [stderr]   |     ^^^^^^^^^^^^^^^^
[INFO] [stderr]   |
[INFO] [stderr]   = note: `#[warn(unused_imports)]` on by default
[INFO] [stderr] 
[INFO] [stderr] warning: unused import: `random`
[INFO] [stderr]   --> src/lib.rs:11:18
[INFO] [stderr]    |
[INFO] [stderr] 11 | use rand::{self, random, Rng};
[INFO] [stderr]    |                  ^^^^^^
[INFO] [stderr] 
[INFO] [stderr] warning: crate `ChaumPedersen` should have a snake case name
[INFO] [stderr]   |
[INFO] [stderr]   = help: convert the identifier to snake case: `chaum_pedersen`
[INFO] [stderr]   = note: `#[warn(non_snake_case)]` on by default
[INFO] [stderr] 
[INFO] [stderr] warning: `ChaumPedersen` (lib) generated 3 warnings (run `cargo fix --lib -p ChaumPedersen` to apply 2 suggestions)
[INFO] [stderr] warning: `ChaumPedersen` (lib test) generated 2 warnings (2 duplicates)
[INFO] [stderr] warning: unnecessary parentheses around function argument
[INFO] [stderr]   --> src/server.rs:66:12
[INFO] [stderr]    |
[INFO] [stderr] 66 |         Ok((Response::new(RegisterResponse {})))
[INFO] [stderr]    |            ^                                  ^
[INFO] [stderr]    |
[INFO] [stderr]    = note: `#[warn(unused_parens)]` on by default
[INFO] [stderr] help: remove these parentheses
[INFO] [stderr]    |
[INFO] [stderr] 66 -         Ok((Response::new(RegisterResponse {})))
[INFO] [stderr] 66 +         Ok(Response::new(RegisterResponse {}))
[INFO] [stderr]    |
[INFO] [stderr] 
[INFO] [stderr] warning: unnecessary parentheses around `if` condition
[INFO] [stderr]    --> src/server.rs:145:16
[INFO] [stderr]     |
[INFO] [stderr] 145 |             if (verif) {
[INFO] [stderr]     |                ^     ^
[INFO] [stderr]     |
[INFO] [stderr] help: remove these parentheses
[INFO] [stderr]     |
[INFO] [stderr] 145 -             if (verif) {
[INFO] [stderr] 145 +             if verif {
[INFO] [stderr]     |
[INFO] [stderr] 
[INFO] [stderr] warning: variable does not need to be mutable
[INFO] [stderr]   --> src/server.rs:62:13
[INFO] [stderr]    |
[INFO] [stderr] 62 |         let mut user_map = &mut self.user_info.lock().unwrap();
[INFO] [stderr]    |             ----^^^^^^^^
[INFO] [stderr]    |             |
[INFO] [stderr]    |             help: remove this `mut`
[INFO] [stderr]    |
[INFO] [stderr]    = note: `#[warn(unused_mut)]` on by default
[INFO] [stderr] 
[INFO] [stderr] warning: variable does not need to be mutable
[INFO] [stderr]    --> src/server.rs:100:17
[INFO] [stderr]     |
[INFO] [stderr] 100 |             let mut auth_id_user = &mut self.auth_id_user.lock().unwrap();
[INFO] [stderr]     |                 ----^^^^^^^^^^^^
[INFO] [stderr]     |                 |
[INFO] [stderr]     |                 help: remove this `mut`
[INFO] [stderr] 
[INFO] [stderr] warning: variable does not need to be mutable
[INFO] [stderr]    --> src/server.rs:124:13
[INFO] [stderr]     |
[INFO] [stderr] 124 |         let mut auth_id_user_map = &mut self.auth_id_user.lock().unwrap();
[INFO] [stderr]     |             ----^^^^^^^^^^^^^^^^
[INFO] [stderr]     |             |
[INFO] [stderr]     |             help: remove this `mut`
[INFO] [stderr] 
[INFO] [stderr] warning: unused import: `Read`
[INFO] [stderr]  --> src/client.rs:5:22
[INFO] [stderr]   |
[INFO] [stderr] 5 | use std::io::{stdin, Read};
[INFO] [stderr]   |                      ^^^^
[INFO] [stderr]   |
[INFO] [stderr]   = note: `#[warn(unused_imports)]` on by default
[INFO] [stderr] 
[INFO] [stderr] warning: unused doc comment
[INFO] [stderr]   --> src/client.rs:68:5
[INFO] [stderr]    |
[INFO] [stderr] 68 |     /// now its time to generate the proof as a client that shows we know the password without sharing it
[INFO] [stderr]    |     ^^^^^^^^^^^^^^^^^^^^^^^^^^^^^^^^^^^^^^^^^^^^^^^^^^^^^^^^^^^^^^^^^^^^^^^^^^^^^^^^^^^^^^^^^^^^^^^^^^^^^
[INFO] [stderr] ...
[INFO] [stderr] 71 |     let zk = ZKP::init(&a, &b, &p, &q);
[INFO] [stderr]    |     ----------------------------------- rustdoc does not generate documentation for statements
[INFO] [stderr]    |
[INFO] [stderr]    = help: use `//` for a plain comment
[INFO] [stderr]    = note: `#[warn(unused_doc_comments)]` on by default
[INFO] [stderr] 
[INFO] [stderr] warning: unused doc comment
[INFO] [stderr]   --> src/client.rs:69:5
[INFO] [stderr]    |
[INFO] [stderr] 69 |     /// generate response using challenge which is s = k - c.x
[INFO] [stderr]    |     ^^^^^^^^^^^^^^^^^^^^^^^^^^^^^^^^^^^^^^^^^^^^^^^^^^^^^^^^^^
[INFO] [stderr] 70 |     ///
[INFO] [stderr] 71 |     let zk = ZKP::init(&a, &b, &p, &q);
[INFO] [stderr]    |     ----------------------------------- rustdoc does not generate documentation for statements
[INFO] [stderr]    |
[INFO] [stderr]    = help: use `//` for a plain comment
[INFO] [stderr] 
[INFO] [stderr] warning: unused doc comment
[INFO] [stderr]   --> src/client.rs:70:5
[INFO] [stderr]    |
[INFO] [stderr] 70 |     ///
[INFO] [stderr]    |     ^^^
[INFO] [stderr] 71 |     let zk = ZKP::init(&a, &b, &p, &q);
[INFO] [stderr]    |     ----------------------------------- rustdoc does not generate documentation for statements
[INFO] [stderr]    |
[INFO] [stderr]    = help: use `//` for a plain comment
[INFO] [stderr] 
[INFO] [stderr] warning: unused variable: `response`
[INFO] [stderr]   --> src/client.rs:41:9
[INFO] [stderr]    |
[INFO] [stderr] 41 |     let response = client.register(request).await.expect("Register failed");
[INFO] [stderr]    |         ^^^^^^^^ help: if this is intentional, prefix it with an underscore: `_response`
[INFO] [stderr]    |
[INFO] [stderr]    = note: `#[warn(unused_variables)]` on by default
[INFO] [stderr] 
[INFO] [stderr] warning: `ChaumPedersen` (bin "server" test) generated 5 warnings (run `cargo fix --bin "server" --tests` to apply 5 suggestions)
[INFO] [stderr] warning: `ChaumPedersen` (bin "client" test) generated 5 warnings (run `cargo fix --bin "client" --tests` to apply 1 suggestion)
[INFO] [stderr]     Finished `test` profile [unoptimized + debuginfo] target(s) in 0.22s
[INFO] [stderr]      Running unittests src/lib.rs (/opt/rustwide/target/debug/deps/ChaumPedersen-d38792510b08c943)
[INFO] [stdout] 
[INFO] [stdout] running 3 tests
[INFO] [stdout] test test::test_ex ... ok
[INFO] [stdout] test test::test_with_rand ... ok
[INFO] [stdout] test test::test_1024_bits ... FAILED
[INFO] [stdout] 
[INFO] [stdout] failures:
[INFO] [stdout] 
[INFO] [stdout] ---- test::test_1024_bits stdout ----
[INFO] [stdout] thread 'test::test_1024_bits' panicked at src/lib.rs:250:9:
[INFO] [stdout] assertion failed: verif
[INFO] [stdout] stack backtrace:
[INFO] [stdout]    0:     0x5ad2f76ce0aa - std::backtrace_rs::backtrace::libunwind::trace::h5a5b8284f2d0c266
[INFO] [stdout]                                at /rustc/90b35a6239c3d8bdabc530a6a0816f7ff89a0aaf/library/std/src/../../backtrace/src/backtrace/libunwind.rs:116:5
[INFO] [stdout]    1:     0x5ad2f76ce0aa - std::backtrace_rs::backtrace::trace_unsynchronized::h76d4f1c9b0b875e3
[INFO] [stdout]                                at /rustc/90b35a6239c3d8bdabc530a6a0816f7ff89a0aaf/library/std/src/../../backtrace/src/backtrace/mod.rs:66:5
[INFO] [stdout]    2:     0x5ad2f76ce0aa - std::sys::backtrace::_print_fmt::hc4546b8364a537c6
[INFO] [stdout]                                at /rustc/90b35a6239c3d8bdabc530a6a0816f7ff89a0aaf/library/std/src/sys/backtrace.rs:66:9
[INFO] [stdout]    3:     0x5ad2f76ce0aa - <std::sys::backtrace::BacktraceLock::print::DisplayBacktrace as core::fmt::Display>::fmt::h5b6bd5631a6d1f6b
[INFO] [stdout]                                at /rustc/90b35a6239c3d8bdabc530a6a0816f7ff89a0aaf/library/std/src/sys/backtrace.rs:39:26
[INFO] [stdout]    4:     0x5ad2f76f34e3 - core::fmt::rt::Argument::fmt::h270f6602a2b96f62
[INFO] [stdout]                                at /rustc/90b35a6239c3d8bdabc530a6a0816f7ff89a0aaf/library/core/src/fmt/rt.rs:177:76
[INFO] [stdout]    5:     0x5ad2f76f34e3 - core::fmt::write::h7550c97b06c86515
[INFO] [stdout]                                at /rustc/90b35a6239c3d8bdabc530a6a0816f7ff89a0aaf/library/core/src/fmt/mod.rs:1186:21
[INFO] [stdout]    6:     0x5ad2f76cb273 - std::io::Write::write_fmt::h509ff860e5956e5e
[INFO] [stdout]                                at /rustc/90b35a6239c3d8bdabc530a6a0816f7ff89a0aaf/library/std/src/io/mod.rs:1839:15
[INFO] [stdout]    7:     0x5ad2f76cdef2 - std::sys::backtrace::BacktraceLock::print::h2395ccd2c84ba3aa
[INFO] [stdout]                                at /rustc/90b35a6239c3d8bdabc530a6a0816f7ff89a0aaf/library/std/src/sys/backtrace.rs:42:9
[INFO] [stdout]    8:     0x5ad2f76cf50a - std::panicking::default_hook::{{closure}}::he19d4c7230e07961
[INFO] [stdout]                                at /rustc/90b35a6239c3d8bdabc530a6a0816f7ff89a0aaf/library/std/src/panicking.rs:268:22
[INFO] [stdout]    9:     0x5ad2f76cf314 - std::panicking::default_hook::hf614597d3c67bbdb
[INFO] [stdout]                                at /rustc/90b35a6239c3d8bdabc530a6a0816f7ff89a0aaf/library/std/src/panicking.rs:292:9
[INFO] [stdout]   10:     0x5ad2f76419b9 - <alloc::boxed::Box<F,A> as core::ops::function::Fn<Args>>::call::h39b51ce4599c23d1
[INFO] [stdout]                                at /rustc/90b35a6239c3d8bdabc530a6a0816f7ff89a0aaf/library/alloc/src/boxed.rs:2468:9
[INFO] [stdout]   11:     0x5ad2f76419b9 - test::test_main::{{closure}}::he977ae839a582784
[INFO] [stdout]                                at /rustc/90b35a6239c3d8bdabc530a6a0816f7ff89a0aaf/library/test/src/lib.rs:133:21
[INFO] [stdout]   12:     0x5ad2f76cfba8 - <alloc::boxed::Box<F,A> as core::ops::function::Fn<Args>>::call::h9455091b6b06f9fb
[INFO] [stdout]                                at /rustc/90b35a6239c3d8bdabc530a6a0816f7ff89a0aaf/library/alloc/src/boxed.rs:2468:9
[INFO] [stdout]   13:     0x5ad2f76cfba8 - std::panicking::rust_panic_with_hook::h8942133a8b252070
[INFO] [stdout]                                at /rustc/90b35a6239c3d8bdabc530a6a0816f7ff89a0aaf/library/std/src/panicking.rs:809:13
[INFO] [stdout]   14:     0x5ad2f76cf936 - std::panicking::begin_panic_handler::{{closure}}::hb5f5963570096b29
[INFO] [stdout]                                at /rustc/90b35a6239c3d8bdabc530a6a0816f7ff89a0aaf/library/std/src/panicking.rs:667:13
[INFO] [stdout]   15:     0x5ad2f76ce589 - std::sys::backtrace::__rust_end_short_backtrace::h6208cedc1922feda
[INFO] [stdout]                                at /rustc/90b35a6239c3d8bdabc530a6a0816f7ff89a0aaf/library/std/src/sys/backtrace.rs:170:18
[INFO] [stdout]   16:     0x5ad2f76cf5fc - rust_begin_unwind
[INFO] [stdout]                                at /rustc/90b35a6239c3d8bdabc530a6a0816f7ff89a0aaf/library/std/src/panicking.rs:665:5
[INFO] [stdout]   17:     0x5ad2f7602fe0 - core::panicking::panic_fmt::h0c3082644d1bf418
[INFO] [stdout]                                at /rustc/90b35a6239c3d8bdabc530a6a0816f7ff89a0aaf/library/core/src/panicking.rs:74:14
[INFO] [stdout]   18:     0x5ad2f760306c - core::panicking::panic::h957f98c65a3b3074
[INFO] [stdout]                                at /rustc/90b35a6239c3d8bdabc530a6a0816f7ff89a0aaf/library/core/src/panicking.rs:148:5
[INFO] [stdout]   19:     0x5ad2f7609533 - ChaumPedersen::test::test_1024_bits::hdf233cae1742c244
[INFO] [stdout]                                at /opt/rustwide/workdir/src/lib.rs:250:9
[INFO] [stdout]   20:     0x5ad2f7609177 - ChaumPedersen::test::test_1024_bits::{{closure}}::hfbb58c63816e02ea
[INFO] [stdout]                                at /opt/rustwide/workdir/src/lib.rs:203:24
[INFO] [stdout]   21:     0x5ad2f7605566 - core::ops::function::FnOnce::call_once::hb5a3fa0d561e4b07
[INFO] [stdout]                                at /rustc/90b35a6239c3d8bdabc530a6a0816f7ff89a0aaf/library/core/src/ops/function.rs:250:5
[INFO] [stdout]   22:     0x5ad2f764637b - core::ops::function::FnOnce::call_once::h109cf8051a59b34e
[INFO] [stdout]                                at /rustc/90b35a6239c3d8bdabc530a6a0816f7ff89a0aaf/library/core/src/ops/function.rs:250:5
[INFO] [stdout]   23:     0x5ad2f764637b - test::__rust_begin_short_backtrace::hf4fff89d377446ba
[INFO] [stdout]                                at /rustc/90b35a6239c3d8bdabc530a6a0816f7ff89a0aaf/library/test/src/lib.rs:621:18
[INFO] [stdout]   24:     0x5ad2f7645bb7 - test::run_test_in_process::{{closure}}::h0e39181dd7ee5a43
[INFO] [stdout]                                at /rustc/90b35a6239c3d8bdabc530a6a0816f7ff89a0aaf/library/test/src/lib.rs:644:60
[INFO] [stdout]   25:     0x5ad2f7645bb7 - <core::panic::unwind_safe::AssertUnwindSafe<F> as core::ops::function::FnOnce<()>>::call_once::hc5a66a30f0bdfd1f
[INFO] [stdout]                                at /rustc/90b35a6239c3d8bdabc530a6a0816f7ff89a0aaf/library/core/src/panic/unwind_safe.rs:272:9
[INFO] [stdout]   26:     0x5ad2f7645bb7 - std::panicking::try::do_call::h873b7cf639554a5e
[INFO] [stdout]                                at /rustc/90b35a6239c3d8bdabc530a6a0816f7ff89a0aaf/library/std/src/panicking.rs:557:40
[INFO] [stdout]   27:     0x5ad2f7645bb7 - std::panicking::try::hdb19862fad9c8bd1
[INFO] [stdout]                                at /rustc/90b35a6239c3d8bdabc530a6a0816f7ff89a0aaf/library/std/src/panicking.rs:520:19
[INFO] [stdout]   28:     0x5ad2f7645bb7 - std::panic::catch_unwind::h281fe732d236d260
[INFO] [stdout]                                at /rustc/90b35a6239c3d8bdabc530a6a0816f7ff89a0aaf/library/std/src/panic.rs:358:14
[INFO] [stdout]   29:     0x5ad2f7645bb7 - test::run_test_in_process::h949b6df8457ed338
[INFO] [stdout]                                at /rustc/90b35a6239c3d8bdabc530a6a0816f7ff89a0aaf/library/test/src/lib.rs:644:27
[INFO] [stdout]   30:     0x5ad2f7645bb7 - test::run_test::{{closure}}::h52c556a6d4740e10
[INFO] [stdout]                                at /rustc/90b35a6239c3d8bdabc530a6a0816f7ff89a0aaf/library/test/src/lib.rs:565:43
[INFO] [stdout]   31:     0x5ad2f760ae94 - test::run_test::{{closure}}::h4237f6381c45ccb9
[INFO] [stdout]                                at /rustc/90b35a6239c3d8bdabc530a6a0816f7ff89a0aaf/library/test/src/lib.rs:595:41
[INFO] [stdout]   32:     0x5ad2f760ae94 - std::sys::backtrace::__rust_begin_short_backtrace::h505c97a579eca628
[INFO] [stdout]                                at /rustc/90b35a6239c3d8bdabc530a6a0816f7ff89a0aaf/library/std/src/sys/backtrace.rs:154:18
[INFO] [stdout]   33:     0x5ad2f760e55e - std::thread::Builder::spawn_unchecked_::{{closure}}::{{closure}}::h9e86b2e2bc107ea3
[INFO] [stdout]                                at /rustc/90b35a6239c3d8bdabc530a6a0816f7ff89a0aaf/library/std/src/thread/mod.rs:538:17
[INFO] [stdout]   34:     0x5ad2f760e55e - <core::panic::unwind_safe::AssertUnwindSafe<F> as core::ops::function::FnOnce<()>>::call_once::h8b06ddb275ff4a25
[INFO] [stdout]                                at /rustc/90b35a6239c3d8bdabc530a6a0816f7ff89a0aaf/library/core/src/panic/unwind_safe.rs:272:9
[INFO] [stdout]   35:     0x5ad2f760e55e - std::panicking::try::do_call::hb26ecd7cd9a9355d
[INFO] [stdout]                                at /rustc/90b35a6239c3d8bdabc530a6a0816f7ff89a0aaf/library/std/src/panicking.rs:557:40
[INFO] [stdout]   36:     0x5ad2f760e55e - std::panicking::try::h8ddeca9d705f9069
[INFO] [stdout]                                at /rustc/90b35a6239c3d8bdabc530a6a0816f7ff89a0aaf/library/std/src/panicking.rs:520:19
[INFO] [stdout]   37:     0x5ad2f760e55e - std::panic::catch_unwind::h49e1c33078844c46
[INFO] [stdout]                                at /rustc/90b35a6239c3d8bdabc530a6a0816f7ff89a0aaf/library/std/src/panic.rs:358:14
[INFO] [stdout]   38:     0x5ad2f760e55e - std::thread::Builder::spawn_unchecked_::{{closure}}::h6073db6ff56ad35d
[INFO] [stdout]                                at /rustc/90b35a6239c3d8bdabc530a6a0816f7ff89a0aaf/library/std/src/thread/mod.rs:537:30
[INFO] [stdout]   39:     0x5ad2f760e55e - core::ops::function::FnOnce::call_once{{vtable.shim}}::h2c5a5f3779c774f1
[INFO] [stdout]                                at /rustc/90b35a6239c3d8bdabc530a6a0816f7ff89a0aaf/library/core/src/ops/function.rs:250:5
[INFO] [stdout]   40:     0x5ad2f76d38fb - <alloc::boxed::Box<F,A> as core::ops::function::FnOnce<Args>>::call_once::hf75717d9f28faebf
[INFO] [stdout]                                at /rustc/90b35a6239c3d8bdabc530a6a0816f7ff89a0aaf/library/alloc/src/boxed.rs:2454:9
[INFO] [stdout]   41:     0x5ad2f76d38fb - <alloc::boxed::Box<F,A> as core::ops::function::FnOnce<Args>>::call_once::h7bd883a5f3c5f3c1
[INFO] [stdout]                                at /rustc/90b35a6239c3d8bdabc530a6a0816f7ff89a0aaf/library/alloc/src/boxed.rs:2454:9
[INFO] [stdout]   42:     0x5ad2f76d38fb - std::sys::pal::unix::thread::Thread::new::thread_start::hcc78f3943333fa94
[INFO] [stdout]                                at /rustc/90b35a6239c3d8bdabc530a6a0816f7ff89a0aaf/library/std/src/sys/pal/unix/thread.rs:105:17
[INFO] [stdout]   43:     0x7e6a71fecac3 - <unknown>
[INFO] [stdout]   44:     0x7e6a7207da04 - clone
[INFO] [stdout]   45:                0x0 - <unknown>
[INFO] [stdout] 
[INFO] [stdout] 
[INFO] [stdout] failures:
[INFO] [stdout]     test::test_1024_bits
[INFO] [stdout] 
[INFO] [stdout] test result: FAILED. 2 passed; 1 failed; 0 ignored; 0 measured; 0 filtered out; finished in 1.84s
[INFO] [stdout] 
[INFO] [stderr] error: test failed, to rerun pass `--lib`
[INFO] running `Command { std: "docker" "inspect" "135f2768d230a0bf7b9899825e3a7bf443fad05a93b1ec503a5509fdff1c2ec9", kill_on_drop: false }`
[INFO] running `Command { std: "docker" "rm" "-f" "135f2768d230a0bf7b9899825e3a7bf443fad05a93b1ec503a5509fdff1c2ec9", kill_on_drop: false }`
[INFO] [stdout] 135f2768d230a0bf7b9899825e3a7bf443fad05a93b1ec503a5509fdff1c2ec9
