[INFO] cloning repository https://github.com/bnjmn21/bevy_previous
[INFO] running `Command { std: "git" "-c" "credential.helper=" "-c" "credential.helper=/workspace/cargo-home/bin/git-credential-null" "clone" "--bare" "https://github.com/bnjmn21/bevy_previous" "/workspace/cache/git-repos/https%3A%2F%2Fgithub.com%2Fbnjmn21%2Fbevy_previous", kill_on_drop: false }`
[INFO] [stderr] Cloning into bare repository '/workspace/cache/git-repos/https%3A%2F%2Fgithub.com%2Fbnjmn21%2Fbevy_previous'...
[INFO] running `Command { std: "git" "rev-parse" "HEAD", kill_on_drop: false }`
[INFO] [stdout] 2c36b95b3835d621b7d50d6fe3efca48c62732fa
[INFO] testing bnjmn21/bevy_previous against 1.83.0 for beta-1.84.0-4-retry
[INFO] running `Command { std: "git" "clone" "/workspace/cache/git-repos/https%3A%2F%2Fgithub.com%2Fbnjmn21%2Fbevy_previous" "/workspace/builds/worker-6-tc1/source", kill_on_drop: false }`
[INFO] [stderr] Cloning into '/workspace/builds/worker-6-tc1/source'...
[INFO] [stderr] done.
[INFO] validating manifest of git repo https://github.com/bnjmn21/bevy_previous on toolchain 1.83.0
[INFO] running `Command { std: CARGO_HOME="/workspace/cargo-home" RUSTUP_HOME="/workspace/rustup-home" "/workspace/cargo-home/bin/cargo" "+1.83.0" "metadata" "--manifest-path" "Cargo.toml" "--no-deps", kill_on_drop: false }`
[INFO] started tweaking git repo https://github.com/bnjmn21/bevy_previous
[INFO] finished tweaking git repo https://github.com/bnjmn21/bevy_previous
[INFO] tweaked toml for git repo https://github.com/bnjmn21/bevy_previous written to /workspace/builds/worker-6-tc1/source/Cargo.toml
[INFO] crate git repo https://github.com/bnjmn21/bevy_previous already has a lockfile, it will not be regenerated
[INFO] running `Command { std: CARGO_HOME="/workspace/cargo-home" RUSTUP_HOME="/workspace/rustup-home" "/workspace/cargo-home/bin/cargo" "+1.83.0" "fetch" "--manifest-path" "Cargo.toml", kill_on_drop: false }`
[INFO] running `Command { std: "docker" "create" "-v" "/var/lib/crater-agent-workspace/builds/worker-6-tc1/target:/opt/rustwide/target:rw,Z" "-v" "/var/lib/crater-agent-workspace/builds/worker-6-tc1/source:/opt/rustwide/workdir:ro,Z" "-v" "/var/lib/crater-agent-workspace/cargo-home:/opt/rustwide/cargo-home:ro,Z" "-v" "/var/lib/crater-agent-workspace/rustup-home:/opt/rustwide/rustup-home:ro,Z" "-e" "SOURCE_DIR=/opt/rustwide/workdir" "-e" "CARGO_TARGET_DIR=/opt/rustwide/target" "-e" "CARGO_HOME=/opt/rustwide/cargo-home" "-e" "RUSTUP_HOME=/opt/rustwide/rustup-home" "-w" "/opt/rustwide/workdir" "-m" "1610612736" "--user" "0:0" "--network" "none" "ghcr.io/rust-lang/crates-build-env/linux@sha256:f3a9d4ad9d972b27faf3965f35b62e55ba32bbce8f20bc8fe909558a86702fde" "/opt/rustwide/cargo-home/bin/cargo" "+1.83.0" "metadata" "--no-deps" "--format-version=1", kill_on_drop: false }`
[INFO] [stdout] e1be22eed53f7b8294571e7adc7e7b06ede5786b1e800fb81dd5f55e84945fcd
[INFO] running `Command { std: "docker" "start" "-a" "e1be22eed53f7b8294571e7adc7e7b06ede5786b1e800fb81dd5f55e84945fcd", kill_on_drop: false }`
[INFO] running `Command { std: "docker" "inspect" "e1be22eed53f7b8294571e7adc7e7b06ede5786b1e800fb81dd5f55e84945fcd", kill_on_drop: false }`
[INFO] running `Command { std: "docker" "rm" "-f" "e1be22eed53f7b8294571e7adc7e7b06ede5786b1e800fb81dd5f55e84945fcd", kill_on_drop: false }`
[INFO] [stdout] e1be22eed53f7b8294571e7adc7e7b06ede5786b1e800fb81dd5f55e84945fcd
[INFO] running `Command { std: "docker" "create" "-v" "/var/lib/crater-agent-workspace/builds/worker-6-tc1/target:/opt/rustwide/target:rw,Z" "-v" "/var/lib/crater-agent-workspace/builds/worker-6-tc1/source:/opt/rustwide/workdir:ro,Z" "-v" "/var/lib/crater-agent-workspace/cargo-home:/opt/rustwide/cargo-home:ro,Z" "-v" "/var/lib/crater-agent-workspace/rustup-home:/opt/rustwide/rustup-home:ro,Z" "-e" "SOURCE_DIR=/opt/rustwide/workdir" "-e" "CARGO_TARGET_DIR=/opt/rustwide/target" "-e" "CARGO_INCREMENTAL=0" "-e" "RUST_BACKTRACE=full" "-e" "RUSTFLAGS=--cap-lints=warn" "-e" "RUSTDOCFLAGS=--cap-lints=warn" "-e" "CARGO_HOME=/opt/rustwide/cargo-home" "-e" "RUSTUP_HOME=/opt/rustwide/rustup-home" "-w" "/opt/rustwide/workdir" "-m" "1610612736" "--user" "0:0" "--network" "none" "ghcr.io/rust-lang/crates-build-env/linux@sha256:f3a9d4ad9d972b27faf3965f35b62e55ba32bbce8f20bc8fe909558a86702fde" "/opt/rustwide/cargo-home/bin/cargo" "+1.83.0" "build" "--frozen" "--message-format=json", kill_on_drop: false }`
[INFO] [stdout] 01fe06b5e44c4d01fc5db2137008b13497d13b71291fa5bfd872d10eb72dca41
[INFO] running `Command { std: "docker" "start" "-a" "01fe06b5e44c4d01fc5db2137008b13497d13b71291fa5bfd872d10eb72dca41", kill_on_drop: false }`
[INFO] [stderr]    Compiling proc-macro2 v1.0.86
[INFO] [stderr]    Compiling unicode-ident v1.0.12
[INFO] [stderr]    Compiling libc v0.2.155
[INFO] [stderr]    Compiling once_cell v1.19.0
[INFO] [stderr]    Compiling cfg-if v1.0.0
[INFO] [stderr]    Compiling equivalent v1.0.1
[INFO] [stderr]    Compiling serde v1.0.207
[INFO] [stderr]    Compiling version_check v0.9.5
[INFO] [stderr]    Compiling hashbrown v0.14.5
[INFO] [stderr]    Compiling pin-project-lite v0.2.14
[INFO] [stderr]    Compiling toml_datetime v0.6.8
[INFO] [stderr]    Compiling zerocopy v0.7.35
[INFO] [stderr]    Compiling winnow v0.6.18
[INFO] [stderr]    Compiling allocator-api2 v0.2.18
[INFO] [stderr]    Compiling crossbeam-utils v0.8.20
[INFO] [stderr]    Compiling autocfg v1.3.0
[INFO] [stderr]    Compiling thiserror v1.0.63
[INFO] [stderr]    Compiling rand_core v0.6.4
[INFO] [stderr]    Compiling futures-io v0.3.30
[INFO] [stderr]    Compiling bytemuck v1.16.3
[INFO] [stderr]    Compiling rand v0.8.5
[INFO] [stderr]    Compiling tracing-core v0.1.32
[INFO] [stderr]    Compiling thread_local v1.1.8
[INFO] [stderr]    Compiling ahash v0.8.11
[INFO] [stderr]    Compiling futures-core v0.3.30
[INFO] [stderr]    Compiling fastrand v2.1.0
[INFO] [stderr]    Compiling typeid v1.0.0
[INFO] [stderr]    Compiling smallvec v1.13.2
[INFO] [stderr]    Compiling slab v0.4.9
[INFO] [stderr]    Compiling web-time v1.1.0
[INFO] [stderr]    Compiling parking v2.2.0
[INFO] [stderr]    Compiling smol_str v0.2.2
[INFO] [stderr]    Compiling indexmap v2.4.0
[INFO] [stderr]    Compiling bevy_ptr v0.14.1
[INFO] [stderr]    Compiling futures-lite v2.3.0
[INFO] [stderr]    Compiling async-task v4.7.1
[INFO] [stderr]    Compiling downcast-rs v1.2.1
[INFO] [stderr]    Compiling fixedbitset v0.4.2
[INFO] [stderr]    Compiling bitflags v2.6.0
[INFO] [stderr]    Compiling fixedbitset v0.5.7
[INFO] [stderr]    Compiling nonmax v0.5.5
[INFO] [stderr]    Compiling regex-syntax v0.8.4
[INFO] [stderr]    Compiling uuid v1.10.0
[INFO] [stderr]    Compiling regex-syntax v0.6.29
[INFO] [stderr]    Compiling lazy_static v1.5.0
[INFO] [stderr]    Compiling log v0.4.22
[INFO] [stderr]    Compiling tracing v0.1.40
[INFO] [stderr]    Compiling concurrent-queue v2.5.0
[INFO] [stderr]    Compiling overload v0.1.1
[INFO] [stderr]    Compiling quote v1.0.36
[INFO] [stderr]    Compiling tracing-log v0.2.0
[INFO] [stderr]    Compiling nu-ansi-term v0.46.0
[INFO] [stderr]    Compiling syn v2.0.74
[INFO] [stderr]    Compiling crossbeam-channel v0.5.13
[INFO] [stderr]    Compiling getrandom v0.2.15
[INFO] [stderr]    Compiling sharded-slab v0.1.7
[INFO] [stderr]    Compiling accesskit v0.14.0
[INFO] [stderr]    Compiling raw-window-handle v0.6.2
[INFO] [stderr]    Compiling const-fnv1a-hash v1.1.0
[INFO] [stderr]    Compiling async-executor v1.13.0
[INFO] [stderr]    Compiling bevy_tasks v0.14.1
[INFO] [stderr]    Compiling regex-automata v0.1.10
[INFO] [stderr]    Compiling toml_edit v0.22.20
[INFO] [stderr]    Compiling regex-automata v0.4.7
[INFO] [stderr]    Compiling matchers v0.1.0
[INFO] [stderr]    Compiling serde_derive v1.0.207
[INFO] [stderr]    Compiling thiserror-impl v1.0.63
[INFO] [stderr]    Compiling bevy_utils_proc_macros v0.14.1
[INFO] [stderr]    Compiling bevy_previous_derive v0.1.0 (/opt/rustwide/workdir/bevy_previous_derive)
[INFO] [stderr]    Compiling bevy_macro_utils v0.14.1
[INFO] [stderr]    Compiling bevy_reflect_derive v0.14.1
[INFO] [stderr]    Compiling bevy_ecs_macros v0.14.1
[INFO] [stderr]    Compiling bevy_derive v0.14.1
[INFO] [stderr]    Compiling regex v1.10.6
[INFO] [stderr]    Compiling tracing-subscriber v0.3.18
[INFO] [stderr]    Compiling erased-serde v0.4.5
[INFO] [stderr]    Compiling glam v0.27.0
[INFO] [stderr]    Compiling bevy_utils v0.14.1
[INFO] [stderr]    Compiling petgraph v0.6.5
[INFO] [stderr]    Compiling bevy_reflect v0.14.1
[INFO] [stderr]    Compiling bevy_ecs v0.14.1
[INFO] [stderr]    Compiling bevy_math v0.14.1
[INFO] [stderr]    Compiling bevy_app v0.14.1
[INFO] [stderr]    Compiling bevy_core v0.14.1
[INFO] [stderr]    Compiling bevy_a11y v0.14.1
[INFO] [stderr]    Compiling bevy_time v0.14.1
[INFO] [stderr]    Compiling bevy_log v0.14.1
[INFO] [stderr]    Compiling bevy_input v0.14.1
[INFO] [stderr]    Compiling bevy_window v0.14.1
[INFO] [stderr]    Compiling bevy_hierarchy v0.14.1
[INFO] [stderr]    Compiling bevy_diagnostic v0.14.1
[INFO] [stderr]    Compiling bevy_transform v0.14.1
[INFO] [stderr]    Compiling bevy_internal v0.14.1
[INFO] [stderr]    Compiling bevy v0.14.1
[INFO] [stderr]    Compiling bevy_previous v0.1.0 (/opt/rustwide/workdir)
[INFO] [stderr]     Finished `dev` profile [unoptimized + debuginfo] target(s) in 1m 07s
[INFO] running `Command { std: "docker" "inspect" "01fe06b5e44c4d01fc5db2137008b13497d13b71291fa5bfd872d10eb72dca41", kill_on_drop: false }`
[INFO] running `Command { std: "docker" "rm" "-f" "01fe06b5e44c4d01fc5db2137008b13497d13b71291fa5bfd872d10eb72dca41", kill_on_drop: false }`
[INFO] [stdout] 01fe06b5e44c4d01fc5db2137008b13497d13b71291fa5bfd872d10eb72dca41
[INFO] running `Command { std: "docker" "create" "-v" "/var/lib/crater-agent-workspace/builds/worker-6-tc1/target:/opt/rustwide/target:rw,Z" "-v" "/var/lib/crater-agent-workspace/builds/worker-6-tc1/source:/opt/rustwide/workdir:ro,Z" "-v" "/var/lib/crater-agent-workspace/cargo-home:/opt/rustwide/cargo-home:ro,Z" "-v" "/var/lib/crater-agent-workspace/rustup-home:/opt/rustwide/rustup-home:ro,Z" "-e" "SOURCE_DIR=/opt/rustwide/workdir" "-e" "CARGO_TARGET_DIR=/opt/rustwide/target" "-e" "CARGO_INCREMENTAL=0" "-e" "RUST_BACKTRACE=full" "-e" "RUSTFLAGS=--cap-lints=warn" "-e" "RUSTDOCFLAGS=--cap-lints=warn" "-e" "CARGO_HOME=/opt/rustwide/cargo-home" "-e" "RUSTUP_HOME=/opt/rustwide/rustup-home" "-w" "/opt/rustwide/workdir" "-m" "1610612736" "--user" "0:0" "--network" "none" "ghcr.io/rust-lang/crates-build-env/linux@sha256:f3a9d4ad9d972b27faf3965f35b62e55ba32bbce8f20bc8fe909558a86702fde" "/opt/rustwide/cargo-home/bin/cargo" "+1.83.0" "test" "--frozen" "--no-run" "--message-format=json", kill_on_drop: false }`
[INFO] [stdout] 28f0829971ca8e0c41803b5d7166791446917a3e5bf9a80ab312941ad5bc1151
[INFO] running `Command { std: "docker" "start" "-a" "28f0829971ca8e0c41803b5d7166791446917a3e5bf9a80ab312941ad5bc1151", kill_on_drop: false }`
[INFO] [stderr]    Compiling bevy_previous v0.1.0 (/opt/rustwide/workdir)
[INFO] [stderr]     Finished `test` profile [unoptimized + debuginfo] target(s) in 0.73s
[INFO] running `Command { std: "docker" "inspect" "28f0829971ca8e0c41803b5d7166791446917a3e5bf9a80ab312941ad5bc1151", kill_on_drop: false }`
[INFO] running `Command { std: "docker" "rm" "-f" "28f0829971ca8e0c41803b5d7166791446917a3e5bf9a80ab312941ad5bc1151", kill_on_drop: false }`
[INFO] [stdout] 28f0829971ca8e0c41803b5d7166791446917a3e5bf9a80ab312941ad5bc1151
[INFO] running `Command { std: "docker" "create" "-v" "/var/lib/crater-agent-workspace/builds/worker-6-tc1/target:/opt/rustwide/target:rw,Z" "-v" "/var/lib/crater-agent-workspace/builds/worker-6-tc1/source:/opt/rustwide/workdir:ro,Z" "-v" "/var/lib/crater-agent-workspace/cargo-home:/opt/rustwide/cargo-home:ro,Z" "-v" "/var/lib/crater-agent-workspace/rustup-home:/opt/rustwide/rustup-home:ro,Z" "-e" "SOURCE_DIR=/opt/rustwide/workdir" "-e" "CARGO_TARGET_DIR=/opt/rustwide/target" "-e" "CARGO_INCREMENTAL=0" "-e" "RUST_BACKTRACE=full" "-e" "RUSTFLAGS=--cap-lints=warn" "-e" "RUSTDOCFLAGS=--cap-lints=warn" "-e" "CARGO_HOME=/opt/rustwide/cargo-home" "-e" "RUSTUP_HOME=/opt/rustwide/rustup-home" "-w" "/opt/rustwide/workdir" "-m" "1610612736" "--user" "0:0" "--network" "none" "ghcr.io/rust-lang/crates-build-env/linux@sha256:f3a9d4ad9d972b27faf3965f35b62e55ba32bbce8f20bc8fe909558a86702fde" "/opt/rustwide/cargo-home/bin/cargo" "+1.83.0" "test" "--frozen", kill_on_drop: false }`
[INFO] [stdout] 9d62079101c9a674adfee9346e918a1da8c5d6006b8266600c0575ad7550844d
[INFO] running `Command { std: "docker" "start" "-a" "9d62079101c9a674adfee9346e918a1da8c5d6006b8266600c0575ad7550844d", kill_on_drop: false }`
[INFO] [stderr]     Finished `test` profile [unoptimized + debuginfo] target(s) in 0.14s
[INFO] [stderr]      Running unittests src/lib.rs (/opt/rustwide/target/debug/deps/bevy_previous-9fc2a81adaa53f4d)
[INFO] [stdout] 
[INFO] [stdout] running 0 tests
[INFO] [stdout] 
[INFO] [stdout] test result: ok. 0 passed; 0 failed; 0 ignored; 0 measured; 0 filtered out; finished in 0.00s
[INFO] [stdout] 
[INFO] [stderr]    Doc-tests bevy_previous
[INFO] [stdout] 
[INFO] [stdout] running 6 tests
[INFO] [stdout] test src/lib.rs - FixedPrevious (line 106) ... FAILED
[INFO] [stdout] test src/lib.rs - PreviousPlugin (line 164) ... FAILED
[INFO] [stdout] test src/lib.rs - Previous (line 25) ... ok
[INFO] [stdout] test src/lib.rs - PreviousPlugin (line 186) ... ok
[INFO] [stdout] test src/lib.rs - PreviousPlugin (line 141) ... ok
[INFO] [stdout] test src/lib.rs - Previous (line 48) ... ok
[INFO] [stdout] 
[INFO] [stdout] failures:
[INFO] [stdout] 
[INFO] [stdout] ---- src/lib.rs - FixedPrevious (line 106) stdout ----
[INFO] [stdout] error: linking with `cc` failed: exit status: 1
[INFO] [stdout]   |
[INFO] [stdout]   = note: LC_ALL="C" PATH="/opt/rustwide/rustup-home/toolchains/1.83.0-x86_64-unknown-linux-gnu/lib/rustlib/x86_64-unknown-linux-gnu/bin:/opt/rustwide/cargo-home/bin:/usr/local/sbin:/usr/local/bin:/usr/sbin:/usr/bin:/sbin:/bin" VSLANG="1033" "cc" "-m64" "/tmp/rustcuWn7np/symbols.o" "/tmp/rustdoctestdtBYMJ/rust_out.rust_out.cb03291d53e4e161-cgu.0.rcgu.o" "/tmp/rustdoctestdtBYMJ/rust_out.1s7umcihpz0t7nkz1uc2ifee9.rcgu.o" "-Wl,--as-needed" "-Wl,-Bstatic" "/opt/rustwide/target/debug/deps/libbevy_previous-7c4d1e36e55a1dbd.rlib" "/opt/rustwide/target/debug/deps/libbevy-1124c90bd185a663.rlib" "/opt/rustwide/target/debug/deps/libbevy_internal-1d2b4ceaa44cc0fd.rlib" "/opt/rustwide/target/debug/deps/libbevy_window-78ea3d0ef0123e00.rlib" "/opt/rustwide/target/debug/deps/libraw_window_handle-8cb2b19431438a7e.rlib" "/opt/rustwide/target/debug/deps/libbevy_transform-b14e758da66bced7.rlib" "/opt/rustwide/target/debug/deps/libbevy_log-fe1e8a902799f042.rlib" "/opt/rustwide/target/debug/deps/libtracing_subscriber-30a933e96d3cd913.rlib" "/opt/rustwide/target/debug/deps/libnu_ansi_term-3a69087052053dab.rlib" "/opt/rustwide/target/debug/deps/liboverload-26dab9b5b27fc3d3.rlib" "/opt/rustwide/target/debug/deps/libsharded_slab-0b982918e941cef5.rlib" "/opt/rustwide/target/debug/deps/liblazy_static-977f75dcedc2f7be.rlib" "/opt/rustwide/target/debug/deps/libmatchers-81da137eb49309ea.rlib" "/opt/rustwide/target/debug/deps/libregex_automata-abfc5f66ec152c0c.rlib" "/opt/rustwide/target/debug/deps/libregex_syntax-97b3d5521ce4fbed.rlib" "/opt/rustwide/target/debug/deps/libregex-f4548bae59ba21a7.rlib" "/opt/rustwide/target/debug/deps/libregex_automata-359f81a52cf9f361.rlib" "/opt/rustwide/target/debug/deps/libregex_syntax-07a684a832997deb.rlib" "/opt/rustwide/target/debug/deps/libtracing_log-aebd0b3db4232ed3.rlib" "/opt/rustwide/target/debug/deps/liblog-6d50fe4853ae55d4.rlib" "/opt/rustwide/target/debug/deps/libbevy_input-236708e41e9b39a8.rlib" "/opt/rustwide/target/debug/deps/libbevy_math-d4fc12eb3e8ce3a9.rlib" "/opt/rustwide/target/debug/deps/libbevy_hierarchy-a9250a6fb90be687.rlib" "/opt/rustwide/target/debug/deps/libbevy_diagnostic-806029c73f3ba74b.rlib" "/opt/rustwide/target/debug/deps/libbevy_time-dd8cd638b68df597.rlib" "/opt/rustwide/target/debug/deps/libcrossbeam_channel-977a9aae225782fb.rlib" "/opt/rustwide/target/debug/deps/libconst_fnv1a_hash-46385808b82121c1.rlib" "/opt/rustwide/target/debug/deps/libbevy_core-865ec2689a211b94.rlib" "/opt/rustwide/target/debug/deps/libbevy_a11y-6ac27f6020356d12.rlib" "/opt/rustwide/target/debug/deps/libaccesskit-5afd813726bf434e.rlib" "/opt/rustwide/target/debug/deps/libbevy_app-057f06ab066c4df4.rlib" "/opt/rustwide/target/debug/deps/libbevy_ecs-21dd51af0e3093de.rlib" "/opt/rustwide/target/debug/deps/libbitflags-53c76c4f639396f9.rlib" "/opt/rustwide/target/debug/deps/libnonmax-2d53298c85f65321.rlib" "/opt/rustwide/target/debug/deps/libpetgraph-f0c57a5d30c5ab35.rlib" "/opt/rustwide/target/debug/deps/libindexmap-c9e417dee3bb9524.rlib" "/opt/rustwide/target/debug/deps/libequivalent-4d5cfde55792e26d.rlib" "/opt/rustwide/target/debug/deps/libfixedbitset-0a8c4c54ba30ea5e.rlib" "/opt/rustwide/target/debug/deps/libbevy_tasks-00e6e44181773eb0.rlib" "/opt/rustwide/target/debug/deps/libasync_executor-ef2351d697a1bd35.rlib" "/opt/rustwide/target/debug/deps/libslab-912e2da7c32ab1d6.rlib" "/opt/rustwide/target/debug/deps/libconcurrent_queue-436a60fc11aa6b5b.rlib" "/opt/rustwide/target/debug/deps/libcrossbeam_utils-f7ce83001347108b.rlib" "/opt/rustwide/target/debug/deps/libasync_task-ae112160920f0c1d.rlib" "/opt/rustwide/target/debug/deps/libfutures_lite-db28893eb89b756e.rlib" "/opt/rustwide/target/debug/deps/libfutures_io-9c939636af2e2cf0.rlib" "/opt/rustwide/target/debug/deps/libfutures_core-c469ed022fef3c32.rlib" "/opt/rustwide/target/debug/deps/libparking-9fcd7bd58ceda5e8.rlib" "/opt/rustwide/target/debug/deps/libfastrand-4e65b018b038e015.rlib" "/opt/rustwide/target/debug/deps/libfixedbitset-f957175f29196d16.rlib" "/opt/rustwide/target/debug/deps/libbevy_reflect-e6a1d4fc1c5a5570.rlib" "/opt/rustwide/target/debug/deps/libsmol_str-326c3aa5a9ceccd5.rlib" "/opt/rustwide/target/debug/deps/liberased_serde-999b5422ce4c9319.rlib" "/opt/rustwide/target/debug/deps/libtypeid-5ae42189ee9ae0ba.rlib" "/opt/rustwide/target/debug/deps/libsmallvec-bbd1bea19c2efa96.rlib" "/opt/rustwide/target/debug/deps/libglam-cd2534695d2b126e.rlib" "/opt/rustwide/target/debug/deps/librand-6f3d199b8f60c17c.rlib" "/opt/rustwide/target/debug/deps/librand_core-11d0c0a68859a767.rlib" "/opt/rustwide/target/debug/deps/libbytemuck-07893153357d44b1.rlib" "/opt/rustwide/target/debug/deps/libdowncast_rs-f186421ecc7397d6.rlib" "/opt/rustwide/target/debug/deps/libthiserror-9ab4b3c0c41e6d5d.rlib" "/opt/rustwide/target/debug/deps/libbevy_utils-36941475d8d10ee7.rlib" "/opt/rustwide/target/debug/deps/libweb_time-94a4306729de7a5f.rlib" "/opt/rustwide/target/debug/deps/libtracing-a804d8074614069d.rlib" "/opt/rustwide/target/debug/deps/libpin_project_lite-04d37b8eb510eecb.rlib" "/opt/rustwide/target/debug/deps/libtracing_core-7f20259b37d95b3a.rlib" "/opt/rustwide/target/debug/deps/libhashbrown-2779140c26591aa6.rlib" "/opt/rustwide/target/debug/deps/libserde-63b15aba26490950.rlib" "/opt/rustwide/target/debug/deps/liballocator_api2-4a565f1f81f969a3.rlib" "/opt/rustwide/target/debug/deps/libahash-8a50a0138ba833e5.rlib" "/opt/rustwide/target/debug/deps/libgetrandom-2e1a608ba99d0274.rlib" "/opt/rustwide/target/debug/deps/liblibc-0350830ba1b845dd.rlib" "/opt/rustwide/target/debug/deps/libzerocopy-9a2912bb2fae3461.rlib" "/opt/rustwide/target/debug/deps/libthread_local-2bde5dc5893d4fe3.rlib" "/opt/rustwide/target/debug/deps/libcfg_if-8217498f8667ada9.rlib" "/opt/rustwide/target/debug/deps/libonce_cell-dd4734ba15c3811e.rlib" "/opt/rustwide/target/debug/deps/libbevy_ptr-19774dd7650065ee.rlib" "/opt/rustwide/rustup-home/toolchains/1.83.0-x86_64-unknown-linux-gnu/lib/rustlib/x86_64-unknown-linux-gnu/lib/libstd-ca74a2d9c5166d9f.rlib" "/opt/rustwide/rustup-home/toolchains/1.83.0-x86_64-unknown-linux-gnu/lib/rustlib/x86_64-unknown-linux-gnu/lib/libpanic_unwind-e31ab23316ed5080.rlib" "/opt/rustwide/rustup-home/toolchains/1.83.0-x86_64-unknown-linux-gnu/lib/rustlib/x86_64-unknown-linux-gnu/lib/libobject-27dc4aa955912662.rlib" "/opt/rustwide/rustup-home/toolchains/1.83.0-x86_64-unknown-linux-gnu/lib/rustlib/x86_64-unknown-linux-gnu/lib/libmemchr-bd0d6cccce077b99.rlib" "/opt/rustwide/rustup-home/toolchains/1.83.0-x86_64-unknown-linux-gnu/lib/rustlib/x86_64-unknown-linux-gnu/lib/libaddr2line-8d001680935b5e3c.rlib" "/opt/rustwide/rustup-home/toolchains/1.83.0-x86_64-unknown-linux-gnu/lib/rustlib/x86_64-unknown-linux-gnu/lib/libgimli-ba8ce71964f984f4.rlib" "/opt/rustwide/rustup-home/toolchains/1.83.0-x86_64-unknown-linux-gnu/lib/rustlib/x86_64-unknown-linux-gnu/lib/librustc_demangle-99a73526abcec14b.rlib" "/opt/rustwide/rustup-home/toolchains/1.83.0-x86_64-unknown-linux-gnu/lib/rustlib/x86_64-unknown-linux-gnu/lib/libstd_detect-63ac0d22cff92579.rlib" "/opt/rustwide/rustup-home/toolchains/1.83.0-x86_64-unknown-linux-gnu/lib/rustlib/x86_64-unknown-linux-gnu/lib/libhashbrown-9057355c92c922d5.rlib" "/opt/rustwide/rustup-home/toolchains/1.83.0-x86_64-unknown-linux-gnu/lib/rustlib/x86_64-unknown-linux-gnu/lib/librustc_std_workspace_alloc-358be9bc1f6bab04.rlib" "/opt/rustwide/rustup-home/toolchains/1.83.0-x86_64-unknown-linux-gnu/lib/rustlib/x86_64-unknown-linux-gnu/lib/libminiz_oxide-aca15549d5bff974.rlib" "/opt/rustwide/rustup-home/toolchains/1.83.0-x86_64-unknown-linux-gnu/lib/rustlib/x86_64-unknown-linux-gnu/lib/libadler-8251d2cef7072448.rlib" "/opt/rustwide/rustup-home/toolchains/1.83.0-x86_64-unknown-linux-gnu/lib/rustlib/x86_64-unknown-linux-gnu/lib/libunwind-7d50b86011c66411.rlib" "/opt/rustwide/rustup-home/toolchains/1.83.0-x86_64-unknown-linux-gnu/lib/rustlib/x86_64-unknown-linux-gnu/lib/libcfg_if-51ea098fce5006bf.rlib" "/opt/rustwide/rustup-home/toolchains/1.83.0-x86_64-unknown-linux-gnu/lib/rustlib/x86_64-unknown-linux-gnu/lib/liblibc-5a14e0d0b712e731.rlib" "/opt/rustwide/rustup-home/toolchains/1.83.0-x86_64-unknown-linux-gnu/lib/rustlib/x86_64-unknown-linux-gnu/lib/liballoc-8b83dbf3a7b8f999.rlib" "/opt/rustwide/rustup-home/toolchains/1.83.0-x86_64-unknown-linux-gnu/lib/rustlib/x86_64-unknown-linux-gnu/lib/librustc_std_workspace_core-c6fd227bdc7b39ff.rlib" "/opt/rustwide/rustup-home/toolchains/1.83.0-x86_64-unknown-linux-gnu/lib/rustlib/x86_64-unknown-linux-gnu/lib/libcore-959d3389fa3da8a5.rlib" "/opt/rustwide/rustup-home/toolchains/1.83.0-x86_64-unknown-linux-gnu/lib/rustlib/x86_64-unknown-linux-gnu/lib/libcompiler_builtins-abe05db089cc2c62.rlib" "-Wl,-Bdynamic" "-lc" "-lm" "-lrt" "-lpthread" "-lgcc_s" "-lutil" "-lrt" "-lpthread" "-lm" "-ldl" "-lc" "-Wl,--eh-frame-hdr" "-Wl,-z,noexecstack" "-L" "/opt/rustwide/rustup-home/toolchains/1.83.0-x86_64-unknown-linux-gnu/lib/rustlib/x86_64-unknown-linux-gnu/lib" "-o" "/tmp/rustdoctestdtBYMJ/rust_out" "-Wl,--gc-sections" "-pie" "-Wl,-z,relro,-z,now" "-nodefaultlibs"
[INFO] [stdout]   = note: collect2: fatal error: ld terminated with signal 9 [Killed]
[INFO] [stdout]           compilation terminated.
[INFO] [stdout]           
[INFO] [stdout] 
[INFO] [stdout] error: aborting due to 1 previous error
[INFO] [stdout] 
[INFO] [stdout] Couldn't compile the test.
[INFO] [stdout] ---- src/lib.rs - PreviousPlugin (line 164) stdout ----
[INFO] [stdout] error: linking with `cc` failed: exit status: 1
[INFO] [stdout]   |
[INFO] [stdout]   = note: LC_ALL="C" PATH="/opt/rustwide/rustup-home/toolchains/1.83.0-x86_64-unknown-linux-gnu/lib/rustlib/x86_64-unknown-linux-gnu/bin:/opt/rustwide/cargo-home/bin:/usr/local/sbin:/usr/local/bin:/usr/sbin:/usr/bin:/sbin:/bin" VSLANG="1033" "cc" "-m64" "/tmp/rustcrIVBQp/symbols.o" "/tmp/rustdoctest2yxk4O/rust_out.rust_out.cb03291d53e4e161-cgu.0.rcgu.o" "/tmp/rustdoctest2yxk4O/rust_out.1s7umcihpz0t7nkz1uc2ifee9.rcgu.o" "-Wl,--as-needed" "-Wl,-Bstatic" "/opt/rustwide/target/debug/deps/libbevy_previous-7c4d1e36e55a1dbd.rlib" "/opt/rustwide/target/debug/deps/libbevy-1124c90bd185a663.rlib" "/opt/rustwide/target/debug/deps/libbevy_internal-1d2b4ceaa44cc0fd.rlib" "/opt/rustwide/target/debug/deps/libbevy_window-78ea3d0ef0123e00.rlib" "/opt/rustwide/target/debug/deps/libraw_window_handle-8cb2b19431438a7e.rlib" "/opt/rustwide/target/debug/deps/libbevy_transform-b14e758da66bced7.rlib" "/opt/rustwide/target/debug/deps/libbevy_log-fe1e8a902799f042.rlib" "/opt/rustwide/target/debug/deps/libtracing_subscriber-30a933e96d3cd913.rlib" "/opt/rustwide/target/debug/deps/libnu_ansi_term-3a69087052053dab.rlib" "/opt/rustwide/target/debug/deps/liboverload-26dab9b5b27fc3d3.rlib" "/opt/rustwide/target/debug/deps/libsharded_slab-0b982918e941cef5.rlib" "/opt/rustwide/target/debug/deps/liblazy_static-977f75dcedc2f7be.rlib" "/opt/rustwide/target/debug/deps/libmatchers-81da137eb49309ea.rlib" "/opt/rustwide/target/debug/deps/libregex_automata-abfc5f66ec152c0c.rlib" "/opt/rustwide/target/debug/deps/libregex_syntax-97b3d5521ce4fbed.rlib" "/opt/rustwide/target/debug/deps/libregex-f4548bae59ba21a7.rlib" "/opt/rustwide/target/debug/deps/libregex_automata-359f81a52cf9f361.rlib" "/opt/rustwide/target/debug/deps/libregex_syntax-07a684a832997deb.rlib" "/opt/rustwide/target/debug/deps/libtracing_log-aebd0b3db4232ed3.rlib" "/opt/rustwide/target/debug/deps/liblog-6d50fe4853ae55d4.rlib" "/opt/rustwide/target/debug/deps/libbevy_input-236708e41e9b39a8.rlib" "/opt/rustwide/target/debug/deps/libbevy_math-d4fc12eb3e8ce3a9.rlib" "/opt/rustwide/target/debug/deps/libbevy_hierarchy-a9250a6fb90be687.rlib" "/opt/rustwide/target/debug/deps/libbevy_diagnostic-806029c73f3ba74b.rlib" "/opt/rustwide/target/debug/deps/libbevy_time-dd8cd638b68df597.rlib" "/opt/rustwide/target/debug/deps/libcrossbeam_channel-977a9aae225782fb.rlib" "/opt/rustwide/target/debug/deps/libconst_fnv1a_hash-46385808b82121c1.rlib" "/opt/rustwide/target/debug/deps/libbevy_core-865ec2689a211b94.rlib" "/opt/rustwide/target/debug/deps/libbevy_a11y-6ac27f6020356d12.rlib" "/opt/rustwide/target/debug/deps/libaccesskit-5afd813726bf434e.rlib" "/opt/rustwide/target/debug/deps/libbevy_app-057f06ab066c4df4.rlib" "/opt/rustwide/target/debug/deps/libbevy_ecs-21dd51af0e3093de.rlib" "/opt/rustwide/target/debug/deps/libbitflags-53c76c4f639396f9.rlib" "/opt/rustwide/target/debug/deps/libnonmax-2d53298c85f65321.rlib" "/opt/rustwide/target/debug/deps/libpetgraph-f0c57a5d30c5ab35.rlib" "/opt/rustwide/target/debug/deps/libindexmap-c9e417dee3bb9524.rlib" "/opt/rustwide/target/debug/deps/libequivalent-4d5cfde55792e26d.rlib" "/opt/rustwide/target/debug/deps/libfixedbitset-0a8c4c54ba30ea5e.rlib" "/opt/rustwide/target/debug/deps/libbevy_tasks-00e6e44181773eb0.rlib" "/opt/rustwide/target/debug/deps/libasync_executor-ef2351d697a1bd35.rlib" "/opt/rustwide/target/debug/deps/libslab-912e2da7c32ab1d6.rlib" "/opt/rustwide/target/debug/deps/libconcurrent_queue-436a60fc11aa6b5b.rlib" "/opt/rustwide/target/debug/deps/libcrossbeam_utils-f7ce83001347108b.rlib" "/opt/rustwide/target/debug/deps/libasync_task-ae112160920f0c1d.rlib" "/opt/rustwide/target/debug/deps/libfutures_lite-db28893eb89b756e.rlib" "/opt/rustwide/target/debug/deps/libfutures_io-9c939636af2e2cf0.rlib" "/opt/rustwide/target/debug/deps/libfutures_core-c469ed022fef3c32.rlib" "/opt/rustwide/target/debug/deps/libparking-9fcd7bd58ceda5e8.rlib" "/opt/rustwide/target/debug/deps/libfastrand-4e65b018b038e015.rlib" "/opt/rustwide/target/debug/deps/libfixedbitset-f957175f29196d16.rlib" "/opt/rustwide/target/debug/deps/libbevy_reflect-e6a1d4fc1c5a5570.rlib" "/opt/rustwide/target/debug/deps/libsmol_str-326c3aa5a9ceccd5.rlib" "/opt/rustwide/target/debug/deps/liberased_serde-999b5422ce4c9319.rlib" "/opt/rustwide/target/debug/deps/libtypeid-5ae42189ee9ae0ba.rlib" "/opt/rustwide/target/debug/deps/libsmallvec-bbd1bea19c2efa96.rlib" "/opt/rustwide/target/debug/deps/libglam-cd2534695d2b126e.rlib" "/opt/rustwide/target/debug/deps/librand-6f3d199b8f60c17c.rlib" "/opt/rustwide/target/debug/deps/librand_core-11d0c0a68859a767.rlib" "/opt/rustwide/target/debug/deps/libbytemuck-07893153357d44b1.rlib" "/opt/rustwide/target/debug/deps/libdowncast_rs-f186421ecc7397d6.rlib" "/opt/rustwide/target/debug/deps/libthiserror-9ab4b3c0c41e6d5d.rlib" "/opt/rustwide/target/debug/deps/libbevy_utils-36941475d8d10ee7.rlib" "/opt/rustwide/target/debug/deps/libweb_time-94a4306729de7a5f.rlib" "/opt/rustwide/target/debug/deps/libtracing-a804d8074614069d.rlib" "/opt/rustwide/target/debug/deps/libpin_project_lite-04d37b8eb510eecb.rlib" "/opt/rustwide/target/debug/deps/libtracing_core-7f20259b37d95b3a.rlib" "/opt/rustwide/target/debug/deps/libhashbrown-2779140c26591aa6.rlib" "/opt/rustwide/target/debug/deps/libserde-63b15aba26490950.rlib" "/opt/rustwide/target/debug/deps/liballocator_api2-4a565f1f81f969a3.rlib" "/opt/rustwide/target/debug/deps/libahash-8a50a0138ba833e5.rlib" "/opt/rustwide/target/debug/deps/libgetrandom-2e1a608ba99d0274.rlib" "/opt/rustwide/target/debug/deps/liblibc-0350830ba1b845dd.rlib" "/opt/rustwide/target/debug/deps/libzerocopy-9a2912bb2fae3461.rlib" "/opt/rustwide/target/debug/deps/libthread_local-2bde5dc5893d4fe3.rlib" "/opt/rustwide/target/debug/deps/libcfg_if-8217498f8667ada9.rlib" "/opt/rustwide/target/debug/deps/libonce_cell-dd4734ba15c3811e.rlib" "/opt/rustwide/target/debug/deps/libbevy_ptr-19774dd7650065ee.rlib" "/opt/rustwide/rustup-home/toolchains/1.83.0-x86_64-unknown-linux-gnu/lib/rustlib/x86_64-unknown-linux-gnu/lib/libstd-ca74a2d9c5166d9f.rlib" "/opt/rustwide/rustup-home/toolchains/1.83.0-x86_64-unknown-linux-gnu/lib/rustlib/x86_64-unknown-linux-gnu/lib/libpanic_unwind-e31ab23316ed5080.rlib" "/opt/rustwide/rustup-home/toolchains/1.83.0-x86_64-unknown-linux-gnu/lib/rustlib/x86_64-unknown-linux-gnu/lib/libobject-27dc4aa955912662.rlib" "/opt/rustwide/rustup-home/toolchains/1.83.0-x86_64-unknown-linux-gnu/lib/rustlib/x86_64-unknown-linux-gnu/lib/libmemchr-bd0d6cccce077b99.rlib" "/opt/rustwide/rustup-home/toolchains/1.83.0-x86_64-unknown-linux-gnu/lib/rustlib/x86_64-unknown-linux-gnu/lib/libaddr2line-8d001680935b5e3c.rlib" "/opt/rustwide/rustup-home/toolchains/1.83.0-x86_64-unknown-linux-gnu/lib/rustlib/x86_64-unknown-linux-gnu/lib/libgimli-ba8ce71964f984f4.rlib" "/opt/rustwide/rustup-home/toolchains/1.83.0-x86_64-unknown-linux-gnu/lib/rustlib/x86_64-unknown-linux-gnu/lib/librustc_demangle-99a73526abcec14b.rlib" "/opt/rustwide/rustup-home/toolchains/1.83.0-x86_64-unknown-linux-gnu/lib/rustlib/x86_64-unknown-linux-gnu/lib/libstd_detect-63ac0d22cff92579.rlib" "/opt/rustwide/rustup-home/toolchains/1.83.0-x86_64-unknown-linux-gnu/lib/rustlib/x86_64-unknown-linux-gnu/lib/libhashbrown-9057355c92c922d5.rlib" "/opt/rustwide/rustup-home/toolchains/1.83.0-x86_64-unknown-linux-gnu/lib/rustlib/x86_64-unknown-linux-gnu/lib/librustc_std_workspace_alloc-358be9bc1f6bab04.rlib" "/opt/rustwide/rustup-home/toolchains/1.83.0-x86_64-unknown-linux-gnu/lib/rustlib/x86_64-unknown-linux-gnu/lib/libminiz_oxide-aca15549d5bff974.rlib" "/opt/rustwide/rustup-home/toolchains/1.83.0-x86_64-unknown-linux-gnu/lib/rustlib/x86_64-unknown-linux-gnu/lib/libadler-8251d2cef7072448.rlib" "/opt/rustwide/rustup-home/toolchains/1.83.0-x86_64-unknown-linux-gnu/lib/rustlib/x86_64-unknown-linux-gnu/lib/libunwind-7d50b86011c66411.rlib" "/opt/rustwide/rustup-home/toolchains/1.83.0-x86_64-unknown-linux-gnu/lib/rustlib/x86_64-unknown-linux-gnu/lib/libcfg_if-51ea098fce5006bf.rlib" "/opt/rustwide/rustup-home/toolchains/1.83.0-x86_64-unknown-linux-gnu/lib/rustlib/x86_64-unknown-linux-gnu/lib/liblibc-5a14e0d0b712e731.rlib" "/opt/rustwide/rustup-home/toolchains/1.83.0-x86_64-unknown-linux-gnu/lib/rustlib/x86_64-unknown-linux-gnu/lib/liballoc-8b83dbf3a7b8f999.rlib" "/opt/rustwide/rustup-home/toolchains/1.83.0-x86_64-unknown-linux-gnu/lib/rustlib/x86_64-unknown-linux-gnu/lib/librustc_std_workspace_core-c6fd227bdc7b39ff.rlib" "/opt/rustwide/rustup-home/toolchains/1.83.0-x86_64-unknown-linux-gnu/lib/rustlib/x86_64-unknown-linux-gnu/lib/libcore-959d3389fa3da8a5.rlib" "/opt/rustwide/rustup-home/toolchains/1.83.0-x86_64-unknown-linux-gnu/lib/rustlib/x86_64-unknown-linux-gnu/lib/libcompiler_builtins-abe05db089cc2c62.rlib" "-Wl,-Bdynamic" "-lc" "-lm" "-lrt" "-lpthread" "-lgcc_s" "-lutil" "-lrt" "-lpthread" "-lm" "-ldl" "-lc" "-Wl,--eh-frame-hdr" "-Wl,-z,noexecstack" "-L" "/opt/rustwide/rustup-home/toolchains/1.83.0-x86_64-unknown-linux-gnu/lib/rustlib/x86_64-unknown-linux-gnu/lib" "-o" "/tmp/rustdoctest2yxk4O/rust_out" "-Wl,--gc-sections" "-pie" "-Wl,-z,relro,-z,now" "-nodefaultlibs"
[INFO] [stdout]   = note: collect2: fatal error: ld terminated with signal 9 [Killed]
[INFO] [stdout]           compilation terminated.
[INFO] [stdout]           
[INFO] [stdout] 
[INFO] [stdout] error: aborting due to 1 previous error
[INFO] [stdout] 
[INFO] [stdout] Couldn't compile the test.
[INFO] [stdout] 
[INFO] [stdout] failures:
[INFO] [stdout]     src/lib.rs - FixedPrevious (line 106)
[INFO] [stdout]     src/lib.rs - PreviousPlugin (line 164)
[INFO] [stdout] 
[INFO] [stdout] test result: FAILED. 4 passed; 2 failed; 0 ignored; 0 measured; 0 filtered out; finished in 7.03s
[INFO] [stdout] 
[INFO] [stderr] error: doctest failed, to rerun pass `--doc`
[INFO] running `Command { std: "docker" "inspect" "9d62079101c9a674adfee9346e918a1da8c5d6006b8266600c0575ad7550844d", kill_on_drop: false }`
[INFO] running `Command { std: "docker" "rm" "-f" "9d62079101c9a674adfee9346e918a1da8c5d6006b8266600c0575ad7550844d", kill_on_drop: false }`
[INFO] [stdout] 9d62079101c9a674adfee9346e918a1da8c5d6006b8266600c0575ad7550844d
