[INFO] cloning repository https://github.com/bmflynn/rdr
[INFO] running `Command { std: "git" "-c" "credential.helper=" "-c" "credential.helper=/workspace/cargo-home/bin/git-credential-null" "clone" "--bare" "https://github.com/bmflynn/rdr" "/workspace/cache/git-repos/https%3A%2F%2Fgithub.com%2Fbmflynn%2Frdr", kill_on_drop: false }`
[INFO] [stderr] Cloning into bare repository '/workspace/cache/git-repos/https%3A%2F%2Fgithub.com%2Fbmflynn%2Frdr'...
[INFO] running `Command { std: "git" "rev-parse" "HEAD", kill_on_drop: false }`
[INFO] [stdout] ef8646ef0330432990fc7f5d64c29e3dfa81e98e
[INFO] testing bmflynn/rdr against 1.83.0 for beta-1.84.0-4-retry
[INFO] running `Command { std: "git" "clone" "/workspace/cache/git-repos/https%3A%2F%2Fgithub.com%2Fbmflynn%2Frdr" "/workspace/builds/worker-1-tc1/source", kill_on_drop: false }`
[INFO] [stderr] Cloning into '/workspace/builds/worker-1-tc1/source'...
[INFO] [stderr] done.
[INFO] validating manifest of git repo https://github.com/bmflynn/rdr on toolchain 1.83.0
[INFO] running `Command { std: CARGO_HOME="/workspace/cargo-home" RUSTUP_HOME="/workspace/rustup-home" "/workspace/cargo-home/bin/cargo" "+1.83.0" "metadata" "--manifest-path" "Cargo.toml" "--no-deps", kill_on_drop: false }`
[INFO] started tweaking git repo https://github.com/bmflynn/rdr
[INFO] finished tweaking git repo https://github.com/bmflynn/rdr
[INFO] tweaked toml for git repo https://github.com/bmflynn/rdr written to /workspace/builds/worker-1-tc1/source/Cargo.toml
[INFO] crate git repo https://github.com/bmflynn/rdr already has a lockfile, it will not be regenerated
[INFO] running `Command { std: CARGO_HOME="/workspace/cargo-home" RUSTUP_HOME="/workspace/rustup-home" "/workspace/cargo-home/bin/cargo" "+1.83.0" "fetch" "--manifest-path" "Cargo.toml", kill_on_drop: false }`
[INFO] [stderr]     Updating crates.io index
[INFO] [stderr]  Downloading crates ...
[INFO] [stderr]   Downloaded hdf5-derive v0.8.1
[INFO] [stderr]   Downloaded rs2 v0.1.0
[INFO] [stderr]   Downloaded hdf5-sys v0.8.1
[INFO] [stderr]   Downloaded hdf5-types v0.8.1
[INFO] [stderr]   Downloaded hdf5 v0.8.1
[INFO] [stderr]   Downloaded hdf5-src v0.8.1
[INFO] [stderr]   Downloaded leap-seconds v0.1.0
[INFO] [stderr]   Downloaded ccsds v0.1.0-beta.7
[INFO] running `Command { std: "docker" "create" "-v" "/var/lib/crater-agent-workspace/builds/worker-1-tc1/target:/opt/rustwide/target:rw,Z" "-v" "/var/lib/crater-agent-workspace/builds/worker-1-tc1/source:/opt/rustwide/workdir:ro,Z" "-v" "/var/lib/crater-agent-workspace/cargo-home:/opt/rustwide/cargo-home:ro,Z" "-v" "/var/lib/crater-agent-workspace/rustup-home:/opt/rustwide/rustup-home:ro,Z" "-e" "SOURCE_DIR=/opt/rustwide/workdir" "-e" "CARGO_TARGET_DIR=/opt/rustwide/target" "-e" "CARGO_HOME=/opt/rustwide/cargo-home" "-e" "RUSTUP_HOME=/opt/rustwide/rustup-home" "-w" "/opt/rustwide/workdir" "-m" "1610612736" "--user" "0:0" "--network" "none" "ghcr.io/rust-lang/crates-build-env/linux@sha256:f3a9d4ad9d972b27faf3965f35b62e55ba32bbce8f20bc8fe909558a86702fde" "/opt/rustwide/cargo-home/bin/cargo" "+1.83.0" "metadata" "--no-deps" "--format-version=1", kill_on_drop: false }`
[INFO] [stdout] 3a955f862fe1960344caadf9cb1ce1457e2ea6bfe6a698d7185499b0c6ec6935
[INFO] running `Command { std: "docker" "start" "-a" "3a955f862fe1960344caadf9cb1ce1457e2ea6bfe6a698d7185499b0c6ec6935", kill_on_drop: false }`
[INFO] running `Command { std: "docker" "inspect" "3a955f862fe1960344caadf9cb1ce1457e2ea6bfe6a698d7185499b0c6ec6935", kill_on_drop: false }`
[INFO] running `Command { std: "docker" "rm" "-f" "3a955f862fe1960344caadf9cb1ce1457e2ea6bfe6a698d7185499b0c6ec6935", kill_on_drop: false }`
[INFO] [stdout] 3a955f862fe1960344caadf9cb1ce1457e2ea6bfe6a698d7185499b0c6ec6935
[INFO] running `Command { std: "docker" "create" "-v" "/var/lib/crater-agent-workspace/builds/worker-1-tc1/target:/opt/rustwide/target:rw,Z" "-v" "/var/lib/crater-agent-workspace/builds/worker-1-tc1/source:/opt/rustwide/workdir:ro,Z" "-v" "/var/lib/crater-agent-workspace/cargo-home:/opt/rustwide/cargo-home:ro,Z" "-v" "/var/lib/crater-agent-workspace/rustup-home:/opt/rustwide/rustup-home:ro,Z" "-e" "SOURCE_DIR=/opt/rustwide/workdir" "-e" "CARGO_TARGET_DIR=/opt/rustwide/target" "-e" "CARGO_INCREMENTAL=0" "-e" "RUST_BACKTRACE=full" "-e" "RUSTFLAGS=--cap-lints=warn" "-e" "RUSTDOCFLAGS=--cap-lints=warn" "-e" "CARGO_HOME=/opt/rustwide/cargo-home" "-e" "RUSTUP_HOME=/opt/rustwide/rustup-home" "-w" "/opt/rustwide/workdir" "-m" "1610612736" "--user" "0:0" "--network" "none" "ghcr.io/rust-lang/crates-build-env/linux@sha256:f3a9d4ad9d972b27faf3965f35b62e55ba32bbce8f20bc8fe909558a86702fde" "/opt/rustwide/cargo-home/bin/cargo" "+1.83.0" "build" "--frozen" "--message-format=json", kill_on_drop: false }`
[INFO] [stdout] 0f05cc5e907a7a10577aecce62c50b6c1ca88b172561c7fd7315f0eb78809351
[INFO] running `Command { std: "docker" "start" "-a" "0f05cc5e907a7a10577aecce62c50b6c1ca88b172561c7fd7315f0eb78809351", kill_on_drop: false }`
[INFO] [stderr]    Compiling proc-macro2 v1.0.85
[INFO] [stderr]    Compiling autocfg v1.3.0
[INFO] [stderr]    Compiling memchr v2.7.4
[INFO] [stderr]    Compiling regex-syntax v0.8.4
[INFO] [stderr]    Compiling cc v1.0.99
[INFO] [stderr]    Compiling crossbeam-utils v0.8.20
[INFO] [stderr]    Compiling libc v0.2.155
[INFO] [stderr]    Compiling libloading v0.7.4
[INFO] [stderr]    Compiling pkg-config v0.3.30
[INFO] [stderr]    Compiling num-traits v0.2.19
[INFO] [stderr]    Compiling quote v1.0.36
[INFO] [stderr]    Compiling aho-corasick v1.1.3
[INFO] [stderr]    Compiling syn v2.0.66
[INFO] [stderr]    Compiling cmake v0.1.50
[INFO] [stderr]    Compiling once_cell v1.19.0
[INFO] [stderr]    Compiling crossbeam-epoch v0.9.18
[INFO] [stderr]    Compiling matrixmultiply v0.3.8
[INFO] [stderr]    Compiling serde v1.0.203
[INFO] [stderr]    Compiling crossbeam-deque v0.8.5
[INFO] [stderr]    Compiling tracing-core v0.1.32
[INFO] [stderr]    Compiling hdf5-src v0.8.1
[INFO] [stderr]    Compiling lock_api v0.4.12
[INFO] [stderr]    Compiling thiserror v1.0.61
[INFO] [stderr]    Compiling rayon-core v1.12.1
[INFO] [stderr]    Compiling log v0.4.21
[INFO] [stderr]    Compiling parking_lot_core v0.8.6
[INFO] [stderr]    Compiling regex-automata v0.4.7
[INFO] [stderr]    Compiling rawpointer v0.2.1
[INFO] [stderr]    Compiling syn v1.0.109
[INFO] [stderr]    Compiling smallvec v1.13.2
[INFO] [stderr]    Compiling utf8parse v0.2.2
[INFO] [stderr]    Compiling anstyle-parse v0.2.4
[INFO] [stderr]    Compiling num-integer v0.1.46
[INFO] [stderr]    Compiling num-complex v0.4.6
[INFO] [stderr]    Compiling instant v0.1.13
[INFO] [stderr]    Compiling scopeguard v1.2.0
[INFO] [stderr]    Compiling regex-syntax v0.6.29
[INFO] [stderr]    Compiling serde_json v1.0.117
[INFO] [stderr]    Compiling colorchoice v1.0.1
[INFO] [stderr]    Compiling anstyle-query v1.1.0
[INFO] [stderr]    Compiling hdf5-types v0.8.1
[INFO] [stderr]    Compiling rustix v0.38.34
[INFO] [stderr]    Compiling pin-project-lite v0.2.14
[INFO] [stderr]    Compiling paste v1.0.15
[INFO] [stderr]    Compiling ryu v1.0.18
[INFO] [stderr]    Compiling anstyle v1.0.7
[INFO] [stderr]    Compiling is_terminal_polyfill v1.70.0
[INFO] [stderr]    Compiling anstream v0.6.14
[INFO] [stderr]    Compiling ndarray v0.15.6
[INFO] [stderr]    Compiling num_cpus v1.16.0
[INFO] [stderr]    Compiling crossbeam-channel v0.5.13
[INFO] [stderr]    Compiling regex v1.10.5
[INFO] [stderr]    Compiling regex-automata v0.1.10
[INFO] [stderr]    Compiling crossbeam-queue v0.3.11
[INFO] [stderr]    Compiling heck v0.5.0
[INFO] [stderr]    Compiling hashbrown v0.14.5
[INFO] [stderr]    Compiling anyhow v1.0.86
[INFO] [stderr]    Compiling bitflags v2.5.0
[INFO] [stderr]    Compiling serde_derive v1.0.203
[INFO] [stderr]    Compiling tracing-attributes v0.1.27
[INFO] [stderr]    Compiling thiserror-impl v1.0.61
[INFO] [stderr]    Compiling typed-builder-macro v0.18.2
[INFO] [stderr]    Compiling linux-raw-sys v0.4.14
[INFO] [stderr]    Compiling either v1.12.0
[INFO] [stderr]    Compiling hdf5-sys v0.8.1
[INFO] [stderr]    Compiling clap_lex v0.7.1
[INFO] [stderr]    Compiling equivalent v1.0.1
[INFO] [stderr]    Compiling hdf5 v0.8.1
[INFO] [stderr]    Compiling strsim v0.11.1
[INFO] [stderr]    Compiling ascii v1.1.0
[INFO] [stderr]    Compiling tracing v0.1.40
[INFO] [stderr]    Compiling overload v0.1.1
[INFO] [stderr]    Compiling nu-ansi-term v0.46.0
[INFO] [stderr]    Compiling clap_builder v4.5.7
[INFO] [stderr]    Compiling sha1 v0.10.6
[INFO] [stderr]    Compiling typed-builder v0.18.2
[INFO] [stderr]    Compiling indexmap v2.2.6
[INFO] [stderr]    Compiling rayon v1.10.0
[INFO] [stderr]    Compiling hdf5-derive v0.8.1
[INFO] [stderr]    Compiling clap_derive v4.5.5
[INFO] [stderr]    Compiling matchers v0.1.0
[INFO] [stderr]    Compiling crossbeam v0.8.4
[INFO] [stderr]    Compiling threadpool v1.8.1
[INFO] [stderr]    Compiling parking_lot v0.11.2
[INFO] [stderr]    Compiling sharded-slab v0.1.7
[INFO] [stderr]    Compiling tracing-log v0.2.0
[INFO] [stderr]    Compiling thread_local v1.1.8
[INFO] [stderr]    Compiling rdr v0.1.0-beta.2 (/opt/rustwide/workdir)
[INFO] [stderr]    Compiling fastrand v2.1.0
[INFO] [stderr]    Compiling bitflags v1.3.2
[INFO] [stderr]    Compiling unsafe-libyaml v0.2.11
[INFO] [stderr]    Compiling iana-time-zone v0.1.60
[INFO] [stderr]    Compiling rs2 v0.1.0
[INFO] [stderr]    Compiling tempfile v3.10.1
[INFO] [stderr]    Compiling chrono v0.4.38
[INFO] [stderr]    Compiling tracing-subscriber v0.3.18
[INFO] [stderr]    Compiling clap v4.5.7
[INFO] [stderr]    Compiling leap-seconds v0.1.0
[INFO] [stderr]    Compiling serde_yaml v0.9.34+deprecated
[INFO] [stderr]    Compiling ccsds v0.1.0-beta.7
[INFO] [stdout] warning: unused import: `Context`
[INFO] [stdout]  --> src/command_aggr.rs:3:14
[INFO] [stdout]   |
[INFO] [stdout] 3 | use anyhow::{Context, Result};
[INFO] [stdout]   |              ^^^^^^^
[INFO] [stdout]   |
[INFO] [stdout]   = note: `#[warn(unused_imports)]` on by default
[INFO] [stdout] 
[INFO] [stdout] 
[INFO] [stdout] warning: unused variable: `packed_ids`
[INFO] [stdout]    --> src/collector.rs:112:21
[INFO] [stdout]     |
[INFO] [stdout] 112 |         if let Some(packed_ids) = self.primary_ids.get(prod_id) {
[INFO] [stdout]     |                     ^^^^^^^^^^ help: if this is intentional, prefix it with an underscore: `_packed_ids`
[INFO] [stdout]     |
[INFO] [stdout]     = note: `#[warn(unused_variables)]` on by default
[INFO] [stdout] 
[INFO] [stdout] 
[INFO] [stdout] warning: unused variable: `inputs`
[INFO] [stdout]  --> src/command_aggr.rs:5:19
[INFO] [stdout]   |
[INFO] [stdout] 5 | pub fn aggreggate(inputs: &[PathBuf]) -> Result<PathBuf> {
[INFO] [stdout]   |                   ^^^^^^ help: if this is intentional, prefix it with an underscore: `_inputs`
[INFO] [stdout] 
[INFO] [stdout] 
[INFO] [stdout] warning: unused variable: `input`
[INFO] [stdout]    --> src/main.rs:147:25
[INFO] [stdout]     |
[INFO] [stdout] 147 |         Commands::Agg { input } => {
[INFO] [stdout]     |                         ^^^^^ help: try ignoring the field: `input: _`
[INFO] [stdout] 
[INFO] [stdout] 
[INFO] [stdout] warning: unused variable: `input`
[INFO] [stdout]    --> src/main.rs:150:27
[INFO] [stdout]     |
[INFO] [stdout] 150 |         Commands::Deagg { input } => {
[INFO] [stdout]     |                           ^^^^^ help: try ignoring the field: `input: _`
[INFO] [stdout] 
[INFO] [stdout] 
[INFO] [stdout] warning: function `aggreggate` is never used
[INFO] [stdout]  --> src/command_aggr.rs:5:8
[INFO] [stdout]   |
[INFO] [stdout] 5 | pub fn aggreggate(inputs: &[PathBuf]) -> Result<PathBuf> {
[INFO] [stdout]   |        ^^^^^^^^^^
[INFO] [stdout]   |
[INFO] [stdout]   = note: `#[warn(dead_code)]` on by default
[INFO] [stdout] 
[INFO] [stdout] 
[INFO] [stdout] warning: field `short_name` is never read
[INFO] [stdout]   --> src/config.rs:14:9
[INFO] [stdout]    |
[INFO] [stdout] 12 | pub struct SatSpec {
[INFO] [stdout]    |            ------- field in this struct
[INFO] [stdout] 13 |     pub id: String,
[INFO] [stdout] 14 |     pub short_name: String,
[INFO] [stdout]    |         ^^^^^^^^^^
[INFO] [stdout]    |
[INFO] [stdout]    = note: `SatSpec` has derived impls for the traits `Clone` and `Debug`, but these are intentionally ignored during dead code analysis
[INFO] [stdout] 
[INFO] [stdout] 
[INFO] [stdout] warning: field `max_expected` is never read
[INFO] [stdout]   --> src/config.rs:23:9
[INFO] [stdout]    |
[INFO] [stdout] 20 | pub struct ApidSpec {
[INFO] [stdout]    |            -------- field in this struct
[INFO] [stdout] ...
[INFO] [stdout] 23 |     pub max_expected: usize,
[INFO] [stdout]    |         ^^^^^^^^^^^^
[INFO] [stdout]    |
[INFO] [stdout]    = note: `ApidSpec` has derived impls for the traits `Clone` and `Debug`, but these are intentionally ignored during dead code analysis
[INFO] [stdout] 
[INFO] [stdout] 
[INFO] [stdout] warning: method `get_apid` is never used
[INFO] [stdout]   --> src/config.rs:39:12
[INFO] [stdout]    |
[INFO] [stdout] 37 | impl ProductSpec {
[INFO] [stdout]    | ---------------- method in this implementation
[INFO] [stdout] 38 |     #[must_use]
[INFO] [stdout] 39 |     pub fn get_apid(&self, apid: Apid) -> Option<ApidSpec> {
[INFO] [stdout]    |            ^^^^^^^^
[INFO] [stdout] 
[INFO] [stdout] 
[INFO] [stdout] warning: field `distributor` is never read
[INFO] [stdout]   --> src/config.rs:62:9
[INFO] [stdout]    |
[INFO] [stdout] 59 | pub struct Config {
[INFO] [stdout]    |            ------ field in this struct
[INFO] [stdout] ...
[INFO] [stdout] 62 |     pub distributor: String,
[INFO] [stdout]    |         ^^^^^^^^^^^
[INFO] [stdout]    |
[INFO] [stdout]    = note: `Config` has derived impls for the traits `Clone` and `Debug`, but these are intentionally ignored during dead code analysis
[INFO] [stdout] 
[INFO] [stdout] 
[INFO] [stdout] warning: constant `MAX_STR_LEN` is never used
[INFO] [stdout]    --> src/rdr.rs:202:7
[INFO] [stdout]     |
[INFO] [stdout] 202 | const MAX_STR_LEN: usize = 1024;
[INFO] [stdout]     |       ^^^^^^^^^^^
[INFO] [stdout] 
[INFO] [stdout] 
[INFO] [stdout] warning: associated function `from_dataset` is never used
[INFO] [stdout]    --> src/rdr.rs:264:8
[INFO] [stdout]     |
[INFO] [stdout] 263 | impl GranuleMeta {
[INFO] [stdout]     | ---------------- associated function in this implementation
[INFO] [stdout] 264 |     fn from_dataset(instrument: &str, collection: &str, ds: &Dataset) -> Result<Self> {
[INFO] [stdout]     |        ^^^^^^^^^^^^
[INFO] [stdout] 
[INFO] [stdout] 
[INFO] [stdout] warning: associated function `from_group` is never used
[INFO] [stdout]    --> src/rdr.rs:322:8
[INFO] [stdout]     |
[INFO] [stdout] 321 | impl ProductMeta {
[INFO] [stdout]     | ---------------- associated function in this implementation
[INFO] [stdout] 322 |     fn from_group(grp: &Group) -> Result<Self> {
[INFO] [stdout]     |        ^^^^^^^^^^
[INFO] [stdout] 
[INFO] [stdout] 
[INFO] [stdout] warning: struct `Meta` is never constructed
[INFO] [stdout]    --> src/rdr.rs:334:12
[INFO] [stdout]     |
[INFO] [stdout] 334 | pub struct Meta {
[INFO] [stdout]     |            ^^^^
[INFO] [stdout]     |
[INFO] [stdout]     = note: `Meta` has derived impls for the traits `Clone` and `Debug`, but these are intentionally ignored during dead code analysis
[INFO] [stdout] 
[INFO] [stdout] 
[INFO] [stdout] warning: associated functions `from_file` and `from_products` are never used
[INFO] [stdout]    --> src/rdr.rs:346:12
[INFO] [stdout]     |
[INFO] [stdout] 344 | impl Meta {
[INFO] [stdout]     | --------- associated functions in this implementation
[INFO] [stdout] 345 |     /// Create from the contents of a hdf5 file.
[INFO] [stdout] 346 |     pub fn from_file<P: AsRef<Path>>(path: P) -> Result<Self> {
[INFO] [stdout]     |            ^^^^^^^^^
[INFO] [stdout] ...
[INFO] [stdout] 397 |     pub fn from_products(product_ids: &[String], config: &Config) -> Option<Self> {
[INFO] [stdout]     |            ^^^^^^^^^^^^^
[INFO] [stdout] 
[INFO] [stdout] 
[INFO] [stdout] warning: field `fill_percent` is never read
[INFO] [stdout]    --> src/rdr.rs:559:9
[INFO] [stdout]     |
[INFO] [stdout] 554 | pub struct PacketTracker {
[INFO] [stdout]     |            ------------- field in this struct
[INFO] [stdout] ...
[INFO] [stdout] 559 |     pub fill_percent: i32,
[INFO] [stdout]     |         ^^^^^^^^^^^^
[INFO] [stdout]     |
[INFO] [stdout]     = note: `PacketTracker` has derived impls for the traits `Clone` and `Debug`, but these are intentionally ignored during dead code analysis
[INFO] [stdout] 
[INFO] [stdout] 
[INFO] [stderr]     Finished `dev` profile [unoptimized + debuginfo] target(s) in 4m 02s
[INFO] running `Command { std: "docker" "inspect" "0f05cc5e907a7a10577aecce62c50b6c1ca88b172561c7fd7315f0eb78809351", kill_on_drop: false }`
[INFO] running `Command { std: "docker" "rm" "-f" "0f05cc5e907a7a10577aecce62c50b6c1ca88b172561c7fd7315f0eb78809351", kill_on_drop: false }`
[INFO] [stdout] 0f05cc5e907a7a10577aecce62c50b6c1ca88b172561c7fd7315f0eb78809351
[INFO] running `Command { std: "docker" "create" "-v" "/var/lib/crater-agent-workspace/builds/worker-1-tc1/target:/opt/rustwide/target:rw,Z" "-v" "/var/lib/crater-agent-workspace/builds/worker-1-tc1/source:/opt/rustwide/workdir:ro,Z" "-v" "/var/lib/crater-agent-workspace/cargo-home:/opt/rustwide/cargo-home:ro,Z" "-v" "/var/lib/crater-agent-workspace/rustup-home:/opt/rustwide/rustup-home:ro,Z" "-e" "SOURCE_DIR=/opt/rustwide/workdir" "-e" "CARGO_TARGET_DIR=/opt/rustwide/target" "-e" "CARGO_INCREMENTAL=0" "-e" "RUST_BACKTRACE=full" "-e" "RUSTFLAGS=--cap-lints=warn" "-e" "RUSTDOCFLAGS=--cap-lints=warn" "-e" "CARGO_HOME=/opt/rustwide/cargo-home" "-e" "RUSTUP_HOME=/opt/rustwide/rustup-home" "-w" "/opt/rustwide/workdir" "-m" "1610612736" "--user" "0:0" "--network" "none" "ghcr.io/rust-lang/crates-build-env/linux@sha256:f3a9d4ad9d972b27faf3965f35b62e55ba32bbce8f20bc8fe909558a86702fde" "/opt/rustwide/cargo-home/bin/cargo" "+1.83.0" "test" "--frozen" "--no-run" "--message-format=json", kill_on_drop: false }`
[INFO] [stdout] 4b5229554a4972da037ce06eff1fbf51c59ee6743624ada440e153c0df97218c
[INFO] running `Command { std: "docker" "start" "-a" "4b5229554a4972da037ce06eff1fbf51c59ee6743624ada440e153c0df97218c", kill_on_drop: false }`
[INFO] [stderr]    Compiling rdr v0.1.0-beta.2 (/opt/rustwide/workdir)
[INFO] [stdout] warning: unused import: `Context`
[INFO] [stdout]  --> src/command_aggr.rs:3:14
[INFO] [stdout]   |
[INFO] [stdout] 3 | use anyhow::{Context, Result};
[INFO] [stdout]   |              ^^^^^^^
[INFO] [stdout]   |
[INFO] [stdout]   = note: `#[warn(unused_imports)]` on by default
[INFO] [stdout] 
[INFO] [stdout] 
[INFO] [stdout] warning: unused variable: `packed_ids`
[INFO] [stdout]    --> src/collector.rs:112:21
[INFO] [stdout]     |
[INFO] [stdout] 112 |         if let Some(packed_ids) = self.primary_ids.get(prod_id) {
[INFO] [stdout]     |                     ^^^^^^^^^^ help: if this is intentional, prefix it with an underscore: `_packed_ids`
[INFO] [stdout]     |
[INFO] [stdout]     = note: `#[warn(unused_variables)]` on by default
[INFO] [stdout] 
[INFO] [stdout] 
[INFO] [stdout] warning: unused variable: `inputs`
[INFO] [stdout]  --> src/command_aggr.rs:5:19
[INFO] [stdout]   |
[INFO] [stdout] 5 | pub fn aggreggate(inputs: &[PathBuf]) -> Result<PathBuf> {
[INFO] [stdout]   |                   ^^^^^^ help: if this is intentional, prefix it with an underscore: `_inputs`
[INFO] [stdout] 
[INFO] [stdout] 
[INFO] [stdout] warning: unused variable: `input`
[INFO] [stdout]    --> src/main.rs:147:25
[INFO] [stdout]     |
[INFO] [stdout] 147 |         Commands::Agg { input } => {
[INFO] [stdout]     |                         ^^^^^ help: try ignoring the field: `input: _`
[INFO] [stdout] 
[INFO] [stdout] 
[INFO] [stdout] warning: unused variable: `input`
[INFO] [stdout]    --> src/main.rs:150:27
[INFO] [stdout]     |
[INFO] [stdout] 150 |         Commands::Deagg { input } => {
[INFO] [stdout]     |                           ^^^^^ help: try ignoring the field: `input: _`
[INFO] [stdout] 
[INFO] [stdout] 
[INFO] [stdout] warning: function `aggreggate` is never used
[INFO] [stdout]  --> src/command_aggr.rs:5:8
[INFO] [stdout]   |
[INFO] [stdout] 5 | pub fn aggreggate(inputs: &[PathBuf]) -> Result<PathBuf> {
[INFO] [stdout]   |        ^^^^^^^^^^
[INFO] [stdout]   |
[INFO] [stdout]   = note: `#[warn(dead_code)]` on by default
[INFO] [stdout] 
[INFO] [stdout] 
[INFO] [stdout] warning: field `short_name` is never read
[INFO] [stdout]   --> src/config.rs:14:9
[INFO] [stdout]    |
[INFO] [stdout] 12 | pub struct SatSpec {
[INFO] [stdout]    |            ------- field in this struct
[INFO] [stdout] 13 |     pub id: String,
[INFO] [stdout] 14 |     pub short_name: String,
[INFO] [stdout]    |         ^^^^^^^^^^
[INFO] [stdout]    |
[INFO] [stdout]    = note: `SatSpec` has derived impls for the traits `Clone` and `Debug`, but these are intentionally ignored during dead code analysis
[INFO] [stdout] 
[INFO] [stdout] 
[INFO] [stdout] warning: field `max_expected` is never read
[INFO] [stdout]   --> src/config.rs:23:9
[INFO] [stdout]    |
[INFO] [stdout] 20 | pub struct ApidSpec {
[INFO] [stdout]    |            -------- field in this struct
[INFO] [stdout] ...
[INFO] [stdout] 23 |     pub max_expected: usize,
[INFO] [stdout]    |         ^^^^^^^^^^^^
[INFO] [stdout]    |
[INFO] [stdout]    = note: `ApidSpec` has derived impls for the traits `Clone` and `Debug`, but these are intentionally ignored during dead code analysis
[INFO] [stdout] 
[INFO] [stdout] 
[INFO] [stdout] warning: method `get_apid` is never used
[INFO] [stdout]   --> src/config.rs:39:12
[INFO] [stdout]    |
[INFO] [stdout] 37 | impl ProductSpec {
[INFO] [stdout]    | ---------------- method in this implementation
[INFO] [stdout] 38 |     #[must_use]
[INFO] [stdout] 39 |     pub fn get_apid(&self, apid: Apid) -> Option<ApidSpec> {
[INFO] [stdout]    |            ^^^^^^^^
[INFO] [stdout] 
[INFO] [stdout] 
[INFO] [stdout] warning: field `distributor` is never read
[INFO] [stdout]   --> src/config.rs:62:9
[INFO] [stdout]    |
[INFO] [stdout] 59 | pub struct Config {
[INFO] [stdout]    |            ------ field in this struct
[INFO] [stdout] ...
[INFO] [stdout] 62 |     pub distributor: String,
[INFO] [stdout]    |         ^^^^^^^^^^^
[INFO] [stdout]    |
[INFO] [stdout]    = note: `Config` has derived impls for the traits `Clone` and `Debug`, but these are intentionally ignored during dead code analysis
[INFO] [stdout] 
[INFO] [stdout] 
[INFO] [stdout] warning: fields `distributor`, `dataset_source`, `created`, and `platform` are never read
[INFO] [stdout]    --> src/rdr.rs:335:9
[INFO] [stdout]     |
[INFO] [stdout] 334 | pub struct Meta {
[INFO] [stdout]     |            ---- fields in this struct
[INFO] [stdout] 335 |     pub distributor: String,
[INFO] [stdout]     |         ^^^^^^^^^^^
[INFO] [stdout] 336 |     pub mission: String,
[INFO] [stdout] 337 |     pub dataset_source: String,
[INFO] [stdout]     |         ^^^^^^^^^^^^^^
[INFO] [stdout] 338 |     pub created: DateTime<Utc>,
[INFO] [stdout]     |         ^^^^^^^
[INFO] [stdout] 339 |     pub platform: String,
[INFO] [stdout]     |         ^^^^^^^^
[INFO] [stdout]     |
[INFO] [stdout]     = note: `Meta` has derived impls for the traits `Clone` and `Debug`, but these are intentionally ignored during dead code analysis
[INFO] [stdout] 
[INFO] [stdout] 
[INFO] [stdout] warning: associated function `from_products` is never used
[INFO] [stdout]    --> src/rdr.rs:397:12
[INFO] [stdout]     |
[INFO] [stdout] 344 | impl Meta {
[INFO] [stdout]     | --------- associated function in this implementation
[INFO] [stdout] ...
[INFO] [stdout] 397 |     pub fn from_products(product_ids: &[String], config: &Config) -> Option<Self> {
[INFO] [stdout]     |            ^^^^^^^^^^^^^
[INFO] [stdout] 
[INFO] [stdout] 
[INFO] [stdout] warning: field `fill_percent` is never read
[INFO] [stdout]    --> src/rdr.rs:559:9
[INFO] [stdout]     |
[INFO] [stdout] 554 | pub struct PacketTracker {
[INFO] [stdout]     |            ------------- field in this struct
[INFO] [stdout] ...
[INFO] [stdout] 559 |     pub fill_percent: i32,
[INFO] [stdout]     |         ^^^^^^^^^^^^
[INFO] [stdout]     |
[INFO] [stdout]     = note: `PacketTracker` has derived impls for the traits `Clone` and `Debug`, but these are intentionally ignored during dead code analysis
[INFO] [stdout] 
[INFO] [stdout] 
[INFO] [stderr]     Finished `test` profile [unoptimized + debuginfo] target(s) in 6.41s
[INFO] running `Command { std: "docker" "inspect" "4b5229554a4972da037ce06eff1fbf51c59ee6743624ada440e153c0df97218c", kill_on_drop: false }`
[INFO] running `Command { std: "docker" "rm" "-f" "4b5229554a4972da037ce06eff1fbf51c59ee6743624ada440e153c0df97218c", kill_on_drop: false }`
[INFO] [stdout] 4b5229554a4972da037ce06eff1fbf51c59ee6743624ada440e153c0df97218c
[INFO] running `Command { std: "docker" "create" "-v" "/var/lib/crater-agent-workspace/builds/worker-1-tc1/target:/opt/rustwide/target:rw,Z" "-v" "/var/lib/crater-agent-workspace/builds/worker-1-tc1/source:/opt/rustwide/workdir:ro,Z" "-v" "/var/lib/crater-agent-workspace/cargo-home:/opt/rustwide/cargo-home:ro,Z" "-v" "/var/lib/crater-agent-workspace/rustup-home:/opt/rustwide/rustup-home:ro,Z" "-e" "SOURCE_DIR=/opt/rustwide/workdir" "-e" "CARGO_TARGET_DIR=/opt/rustwide/target" "-e" "CARGO_INCREMENTAL=0" "-e" "RUST_BACKTRACE=full" "-e" "RUSTFLAGS=--cap-lints=warn" "-e" "RUSTDOCFLAGS=--cap-lints=warn" "-e" "CARGO_HOME=/opt/rustwide/cargo-home" "-e" "RUSTUP_HOME=/opt/rustwide/rustup-home" "-w" "/opt/rustwide/workdir" "-m" "1610612736" "--user" "0:0" "--network" "none" "ghcr.io/rust-lang/crates-build-env/linux@sha256:f3a9d4ad9d972b27faf3965f35b62e55ba32bbce8f20bc8fe909558a86702fde" "/opt/rustwide/cargo-home/bin/cargo" "+1.83.0" "test" "--frozen", kill_on_drop: false }`
[INFO] [stdout] 30c746fd00c86f9899340ae9c58498658de2357a96a76c519df4e60a878db974
[INFO] running `Command { std: "docker" "start" "-a" "30c746fd00c86f9899340ae9c58498658de2357a96a76c519df4e60a878db974", kill_on_drop: false }`
[INFO] [stderr] warning: unused import: `Context`
[INFO] [stderr]  --> src/command_aggr.rs:3:14
[INFO] [stderr]   |
[INFO] [stderr] 3 | use anyhow::{Context, Result};
[INFO] [stderr]   |              ^^^^^^^
[INFO] [stderr]   |
[INFO] [stderr]   = note: `#[warn(unused_imports)]` on by default
[INFO] [stderr] 
[INFO] [stderr] warning: unused variable: `packed_ids`
[INFO] [stderr]    --> src/collector.rs:112:21
[INFO] [stderr]     |
[INFO] [stderr] 112 |         if let Some(packed_ids) = self.primary_ids.get(prod_id) {
[INFO] [stderr]     |                     ^^^^^^^^^^ help: if this is intentional, prefix it with an underscore: `_packed_ids`
[INFO] [stderr]     |
[INFO] [stderr]     = note: `#[warn(unused_variables)]` on by default
[INFO] [stderr] 
[INFO] [stderr] warning: unused variable: `inputs`
[INFO] [stderr]  --> src/command_aggr.rs:5:19
[INFO] [stderr]   |
[INFO] [stderr] 5 | pub fn aggreggate(inputs: &[PathBuf]) -> Result<PathBuf> {
[INFO] [stderr]   |                   ^^^^^^ help: if this is intentional, prefix it with an underscore: `_inputs`
[INFO] [stderr] 
[INFO] [stderr] warning: unused variable: `input`
[INFO] [stderr]    --> src/main.rs:147:25
[INFO] [stderr]     |
[INFO] [stderr] 147 |         Commands::Agg { input } => {
[INFO] [stderr]     |                         ^^^^^ help: try ignoring the field: `input: _`
[INFO] [stderr] 
[INFO] [stderr] warning: unused variable: `input`
[INFO] [stderr]    --> src/main.rs:150:27
[INFO] [stderr]     |
[INFO] [stderr] 150 |         Commands::Deagg { input } => {
[INFO] [stderr]     |                           ^^^^^ help: try ignoring the field: `input: _`
[INFO] [stderr] 
[INFO] [stderr] warning: function `aggreggate` is never used
[INFO] [stderr]  --> src/command_aggr.rs:5:8
[INFO] [stderr]   |
[INFO] [stderr] 5 | pub fn aggreggate(inputs: &[PathBuf]) -> Result<PathBuf> {
[INFO] [stderr]   |        ^^^^^^^^^^
[INFO] [stderr]   |
[INFO] [stderr]   = note: `#[warn(dead_code)]` on by default
[INFO] [stderr] 
[INFO] [stderr] warning: field `short_name` is never read
[INFO] [stderr]   --> src/config.rs:14:9
[INFO] [stderr]    |
[INFO] [stderr] 12 | pub struct SatSpec {
[INFO] [stderr]    |            ------- field in this struct
[INFO] [stderr] 13 |     pub id: String,
[INFO] [stderr] 14 |     pub short_name: String,
[INFO] [stderr]    |         ^^^^^^^^^^
[INFO] [stderr]    |
[INFO] [stderr]    = note: `SatSpec` has derived impls for the traits `Clone` and `Debug`, but these are intentionally ignored during dead code analysis
[INFO] [stderr] 
[INFO] [stderr] warning: field `max_expected` is never read
[INFO] [stderr]   --> src/config.rs:23:9
[INFO] [stderr]    |
[INFO] [stderr] 20 | pub struct ApidSpec {
[INFO] [stderr]    |            -------- field in this struct
[INFO] [stderr] ...
[INFO] [stderr] 23 |     pub max_expected: usize,
[INFO] [stderr]    |         ^^^^^^^^^^^^
[INFO] [stderr]    |
[INFO] [stderr]    = note: `ApidSpec` has derived impls for the traits `Clone` and `Debug`, but these are intentionally ignored during dead code analysis
[INFO] [stderr] 
[INFO] [stderr] warning: method `get_apid` is never used
[INFO] [stderr]   --> src/config.rs:39:12
[INFO] [stderr]    |
[INFO] [stderr] 37 | impl ProductSpec {
[INFO] [stderr]    | ---------------- method in this implementation
[INFO] [stderr] 38 |     #[must_use]
[INFO] [stderr] 39 |     pub fn get_apid(&self, apid: Apid) -> Option<ApidSpec> {
[INFO] [stderr]    |            ^^^^^^^^
[INFO] [stderr] 
[INFO] [stderr] warning: field `distributor` is never read
[INFO] [stderr]   --> src/config.rs:62:9
[INFO] [stderr]    |
[INFO] [stderr] 59 | pub struct Config {
[INFO] [stderr]    |            ------ field in this struct
[INFO] [stderr] ...
[INFO] [stderr] 62 |     pub distributor: String,
[INFO] [stderr]    |         ^^^^^^^^^^^
[INFO] [stderr]    |
[INFO] [stderr]    = note: `Config` has derived impls for the traits `Clone` and `Debug`, but these are intentionally ignored during dead code analysis
[INFO] [stderr] 
[INFO] [stderr] warning: fields `distributor`, `dataset_source`, `created`, and `platform` are never read
[INFO] [stderr]    --> src/rdr.rs:335:9
[INFO] [stderr]     |
[INFO] [stderr] 334 | pub struct Meta {
[INFO] [stderr]     |            ---- fields in this struct
[INFO] [stderr] 335 |     pub distributor: String,
[INFO] [stderr]     |         ^^^^^^^^^^^
[INFO] [stderr] 336 |     pub mission: String,
[INFO] [stderr] 337 |     pub dataset_source: String,
[INFO] [stderr]     |         ^^^^^^^^^^^^^^
[INFO] [stderr] 338 |     pub created: DateTime<Utc>,
[INFO] [stderr]     |         ^^^^^^^
[INFO] [stderr] 339 |     pub platform: String,
[INFO] [stderr]     |         ^^^^^^^^
[INFO] [stderr]     |
[INFO] [stderr]     = note: `Meta` has derived impls for the traits `Clone` and `Debug`, but these are intentionally ignored during dead code analysis
[INFO] [stderr] 
[INFO] [stderr] warning: associated function `from_products` is never used
[INFO] [stderr]    --> src/rdr.rs:397:12
[INFO] [stderr]     |
[INFO] [stderr] 344 | impl Meta {
[INFO] [stderr]     | --------- associated function in this implementation
[INFO] [stderr] ...
[INFO] [stderr] 397 |     pub fn from_products(product_ids: &[String], config: &Config) -> Option<Self> {
[INFO] [stderr]     |            ^^^^^^^^^^^^^
[INFO] [stderr] 
[INFO] [stderr] warning: field `fill_percent` is never read
[INFO] [stderr]    --> src/rdr.rs:559:9
[INFO] [stderr]     |
[INFO] [stderr] 554 | pub struct PacketTracker {
[INFO] [stderr]     |            ------------- field in this struct
[INFO] [stderr] ...
[INFO] [stderr] 559 |     pub fill_percent: i32,
[INFO] [stderr]     |         ^^^^^^^^^^^^
[INFO] [stderr]     |
[INFO] [stderr]     = note: `PacketTracker` has derived impls for the traits `Clone` and `Debug`, but these are intentionally ignored during dead code analysis
[INFO] [stderr] 
[INFO] [stderr] warning: `rdr` (bin "rdr" test) generated 13 warnings (run `cargo fix --bin "rdr" --tests` to apply 1 suggestion)
[INFO] [stderr]     Finished `test` profile [unoptimized + debuginfo] target(s) in 0.12s
[INFO] [stderr]      Running unittests src/main.rs (/opt/rustwide/target/debug/deps/rdr-a8df7cd28f6f92ac)
[INFO] [stdout] 
[INFO] [stdout] running 5 tests
[INFO] [stdout] test time::tests::leapsdb_leap_usecs ... ok
[INFO] [stdout] test time::tests::utc_to_iet ... ok
[INFO] [stdout] test writer::tests::filename::no_packed_rdrs ... ok
[INFO] [stdout] test rdr::tests::meta::test_meta_from_file ... FAILED
[INFO] [stdout] test writer::tests::filename::packed_rdrs ... FAILED
[INFO] [stdout] 
[INFO] [stdout] failures:
[INFO] [stdout] 
[INFO] [stdout] ---- rdr::tests::meta::test_meta_from_file stdout ----
[INFO] [stdout] thread 'rdr::tests::meta::test_meta_from_file' panicked at src/rdr.rs:616:9:
[INFO] [stdout] fixture path '"/opt/rustwide/workdir/tests/fixtures/RCRIS-RNSCA_j02_d20240627_t1930197_e1943077_b00001_c20240627194303766000_drlu_ops.h5"' does not exist
[INFO] [stdout] stack backtrace:
[INFO] [stdout]    0:     0x5ba3b13f2b5a - std::backtrace_rs::backtrace::libunwind::trace::h5a5b8284f2d0c266
[INFO] [stdout]                                at /rustc/90b35a6239c3d8bdabc530a6a0816f7ff89a0aaf/library/std/src/../../backtrace/src/backtrace/libunwind.rs:116:5
[INFO] [stdout]    1:     0x5ba3b13f2b5a - std::backtrace_rs::backtrace::trace_unsynchronized::h76d4f1c9b0b875e3
[INFO] [stdout]                                at /rustc/90b35a6239c3d8bdabc530a6a0816f7ff89a0aaf/library/std/src/../../backtrace/src/backtrace/mod.rs:66:5
[INFO] [stdout]    2:     0x5ba3b13f2b5a - std::sys::backtrace::_print_fmt::hc4546b8364a537c6
[INFO] [stdout]                                at /rustc/90b35a6239c3d8bdabc530a6a0816f7ff89a0aaf/library/std/src/sys/backtrace.rs:66:9
[INFO] [stdout]    3:     0x5ba3b13f2b5a - <std::sys::backtrace::BacktraceLock::print::DisplayBacktrace as core::fmt::Display>::fmt::h5b6bd5631a6d1f6b
[INFO] [stdout]                                at /rustc/90b35a6239c3d8bdabc530a6a0816f7ff89a0aaf/library/std/src/sys/backtrace.rs:39:26
[INFO] [stdout]    4:     0x5ba3b141a373 - core::fmt::rt::Argument::fmt::h270f6602a2b96f62
[INFO] [stdout]                                at /rustc/90b35a6239c3d8bdabc530a6a0816f7ff89a0aaf/library/core/src/fmt/rt.rs:177:76
[INFO] [stdout]    5:     0x5ba3b141a373 - core::fmt::write::h7550c97b06c86515
[INFO] [stdout]                                at /rustc/90b35a6239c3d8bdabc530a6a0816f7ff89a0aaf/library/core/src/fmt/mod.rs:1186:21
[INFO] [stdout]    6:     0x5ba3b13ef9b3 - std::io::Write::write_fmt::h509ff860e5956e5e
[INFO] [stdout]                                at /rustc/90b35a6239c3d8bdabc530a6a0816f7ff89a0aaf/library/std/src/io/mod.rs:1839:15
[INFO] [stdout]    7:     0x5ba3b13f29a2 - std::sys::backtrace::BacktraceLock::print::h2395ccd2c84ba3aa
[INFO] [stdout]                                at /rustc/90b35a6239c3d8bdabc530a6a0816f7ff89a0aaf/library/std/src/sys/backtrace.rs:42:9
[INFO] [stdout]    8:     0x5ba3b13f3fba - std::panicking::default_hook::{{closure}}::he19d4c7230e07961
[INFO] [stdout]                                at /rustc/90b35a6239c3d8bdabc530a6a0816f7ff89a0aaf/library/std/src/panicking.rs:268:22
[INFO] [stdout]    9:     0x5ba3b13f3dc4 - std::panicking::default_hook::hf614597d3c67bbdb
[INFO] [stdout]                                at /rustc/90b35a6239c3d8bdabc530a6a0816f7ff89a0aaf/library/std/src/panicking.rs:292:9
[INFO] [stdout]   10:     0x5ba3b102e2f9 - <alloc::boxed::Box<F,A> as core::ops::function::Fn<Args>>::call::h39b51ce4599c23d1
[INFO] [stdout]                                at /rustc/90b35a6239c3d8bdabc530a6a0816f7ff89a0aaf/library/alloc/src/boxed.rs:2468:9
[INFO] [stdout]   11:     0x5ba3b102e2f9 - test::test_main::{{closure}}::he977ae839a582784
[INFO] [stdout]                                at /rustc/90b35a6239c3d8bdabc530a6a0816f7ff89a0aaf/library/test/src/lib.rs:133:21
[INFO] [stdout]   12:     0x5ba3b13f4658 - <alloc::boxed::Box<F,A> as core::ops::function::Fn<Args>>::call::h9455091b6b06f9fb
[INFO] [stdout]                                at /rustc/90b35a6239c3d8bdabc530a6a0816f7ff89a0aaf/library/alloc/src/boxed.rs:2468:9
[INFO] [stdout]   13:     0x5ba3b13f4658 - std::panicking::rust_panic_with_hook::h8942133a8b252070
[INFO] [stdout]                                at /rustc/90b35a6239c3d8bdabc530a6a0816f7ff89a0aaf/library/std/src/panicking.rs:809:13
[INFO] [stdout]   14:     0x5ba3b13f441a - std::panicking::begin_panic_handler::{{closure}}::hb5f5963570096b29
[INFO] [stdout]                                at /rustc/90b35a6239c3d8bdabc530a6a0816f7ff89a0aaf/library/std/src/panicking.rs:674:13
[INFO] [stdout]   15:     0x5ba3b13f3039 - std::sys::backtrace::__rust_end_short_backtrace::h6208cedc1922feda
[INFO] [stdout]                                at /rustc/90b35a6239c3d8bdabc530a6a0816f7ff89a0aaf/library/std/src/sys/backtrace.rs:170:18
[INFO] [stdout]   16:     0x5ba3b13f40ac - rust_begin_unwind
[INFO] [stdout]                                at /rustc/90b35a6239c3d8bdabc530a6a0816f7ff89a0aaf/library/std/src/panicking.rs:665:5
[INFO] [stdout]   17:     0x5ba3b0f370e0 - core::panicking::panic_fmt::h0c3082644d1bf418
[INFO] [stdout]                                at /rustc/90b35a6239c3d8bdabc530a6a0816f7ff89a0aaf/library/core/src/panicking.rs:74:14
[INFO] [stdout]   18:     0x5ba3b0f8e784 - rdr::rdr::tests::fixture_file::hf9d6ee1394f63679
[INFO] [stdout]                                at /opt/rustwide/workdir/src/rdr.rs:616:9
[INFO] [stdout]   19:     0x5ba3b0f7c4da - rdr::rdr::tests::meta::test_meta_from_file::hcd0a5a751cb75755
[INFO] [stdout]                                at /opt/rustwide/workdir/src/rdr.rs:625:24
[INFO] [stdout]   20:     0x5ba3b0f7c497 - rdr::rdr::tests::meta::test_meta_from_file::{{closure}}::h9c57b7b55721c93a
[INFO] [stdout]                                at /opt/rustwide/workdir/src/rdr.rs:624:33
[INFO] [stdout]   21:     0x5ba3b0f848b6 - core::ops::function::FnOnce::call_once::hbf5324462c11d8d1
[INFO] [stdout]                                at /rustc/90b35a6239c3d8bdabc530a6a0816f7ff89a0aaf/library/core/src/ops/function.rs:250:5
[INFO] [stdout]   22:     0x5ba3b1032cbb - core::ops::function::FnOnce::call_once::h109cf8051a59b34e
[INFO] [stdout]                                at /rustc/90b35a6239c3d8bdabc530a6a0816f7ff89a0aaf/library/core/src/ops/function.rs:250:5
[INFO] [stdout]   23:     0x5ba3b1032cbb - test::__rust_begin_short_backtrace::hf4fff89d377446ba
[INFO] [stdout]                                at /rustc/90b35a6239c3d8bdabc530a6a0816f7ff89a0aaf/library/test/src/lib.rs:621:18
[INFO] [stdout]   24:     0x5ba3b10324f7 - test::run_test_in_process::{{closure}}::h0e39181dd7ee5a43
[INFO] [stdout]                                at /rustc/90b35a6239c3d8bdabc530a6a0816f7ff89a0aaf/library/test/src/lib.rs:644:60
[INFO] [stdout]   25:     0x5ba3b10324f7 - <core::panic::unwind_safe::AssertUnwindSafe<F> as core::ops::function::FnOnce<()>>::call_once::hc5a66a30f0bdfd1f
[INFO] [stdout]                                at /rustc/90b35a6239c3d8bdabc530a6a0816f7ff89a0aaf/library/core/src/panic/unwind_safe.rs:272:9
[INFO] [stdout]   26:     0x5ba3b10324f7 - std::panicking::try::do_call::h873b7cf639554a5e
[INFO] [stdout]                                at /rustc/90b35a6239c3d8bdabc530a6a0816f7ff89a0aaf/library/std/src/panicking.rs:557:40
[INFO] [stdout]   27:     0x5ba3b10324f7 - std::panicking::try::hdb19862fad9c8bd1
[INFO] [stdout]                                at /rustc/90b35a6239c3d8bdabc530a6a0816f7ff89a0aaf/library/std/src/panicking.rs:520:19
[INFO] [stdout]   28:     0x5ba3b10324f7 - std::panic::catch_unwind::h281fe732d236d260
[INFO] [stdout]                                at /rustc/90b35a6239c3d8bdabc530a6a0816f7ff89a0aaf/library/std/src/panic.rs:358:14
[INFO] [stdout]   29:     0x5ba3b10324f7 - test::run_test_in_process::h949b6df8457ed338
[INFO] [stdout]                                at /rustc/90b35a6239c3d8bdabc530a6a0816f7ff89a0aaf/library/test/src/lib.rs:644:27
[INFO] [stdout]   30:     0x5ba3b10324f7 - test::run_test::{{closure}}::h52c556a6d4740e10
[INFO] [stdout]                                at /rustc/90b35a6239c3d8bdabc530a6a0816f7ff89a0aaf/library/test/src/lib.rs:565:43
[INFO] [stdout]   31:     0x5ba3b0ff77d4 - test::run_test::{{closure}}::h4237f6381c45ccb9
[INFO] [stdout]                                at /rustc/90b35a6239c3d8bdabc530a6a0816f7ff89a0aaf/library/test/src/lib.rs:595:41
[INFO] [stdout]   32:     0x5ba3b0ff77d4 - std::sys::backtrace::__rust_begin_short_backtrace::h505c97a579eca628
[INFO] [stdout]                                at /rustc/90b35a6239c3d8bdabc530a6a0816f7ff89a0aaf/library/std/src/sys/backtrace.rs:154:18
[INFO] [stdout]   33:     0x5ba3b0ffae9e - std::thread::Builder::spawn_unchecked_::{{closure}}::{{closure}}::h9e86b2e2bc107ea3
[INFO] [stdout]                                at /rustc/90b35a6239c3d8bdabc530a6a0816f7ff89a0aaf/library/std/src/thread/mod.rs:538:17
[INFO] [stdout]   34:     0x5ba3b0ffae9e - <core::panic::unwind_safe::AssertUnwindSafe<F> as core::ops::function::FnOnce<()>>::call_once::h8b06ddb275ff4a25
[INFO] [stdout]                                at /rustc/90b35a6239c3d8bdabc530a6a0816f7ff89a0aaf/library/core/src/panic/unwind_safe.rs:272:9
[INFO] [stdout]   35:     0x5ba3b0ffae9e - std::panicking::try::do_call::hb26ecd7cd9a9355d
[INFO] [stdout]                                at /rustc/90b35a6239c3d8bdabc530a6a0816f7ff89a0aaf/library/std/src/panicking.rs:557:40
[INFO] [stdout]   36:     0x5ba3b0ffae9e - std::panicking::try::h8ddeca9d705f9069
[INFO] [stdout]                                at /rustc/90b35a6239c3d8bdabc530a6a0816f7ff89a0aaf/library/std/src/panicking.rs:520:19
[INFO] [stdout]   37:     0x5ba3b0ffae9e - std::panic::catch_unwind::h49e1c33078844c46
[INFO] [stdout]                                at /rustc/90b35a6239c3d8bdabc530a6a0816f7ff89a0aaf/library/std/src/panic.rs:358:14
[INFO] [stdout]   38:     0x5ba3b0ffae9e - std::thread::Builder::spawn_unchecked_::{{closure}}::h6073db6ff56ad35d
[INFO] [stdout]                                at /rustc/90b35a6239c3d8bdabc530a6a0816f7ff89a0aaf/library/std/src/thread/mod.rs:537:30
[INFO] [stdout]   39:     0x5ba3b0ffae9e - core::ops::function::FnOnce::call_once{{vtable.shim}}::h2c5a5f3779c774f1
[INFO] [stdout]                                at /rustc/90b35a6239c3d8bdabc530a6a0816f7ff89a0aaf/library/core/src/ops/function.rs:250:5
[INFO] [stdout]   40:     0x5ba3b13f83ab - <alloc::boxed::Box<F,A> as core::ops::function::FnOnce<Args>>::call_once::hf75717d9f28faebf
[INFO] [stdout]                                at /rustc/90b35a6239c3d8bdabc530a6a0816f7ff89a0aaf/library/alloc/src/boxed.rs:2454:9
[INFO] [stdout]   41:     0x5ba3b13f83ab - <alloc::boxed::Box<F,A> as core::ops::function::FnOnce<Args>>::call_once::h7bd883a5f3c5f3c1
[INFO] [stdout]                                at /rustc/90b35a6239c3d8bdabc530a6a0816f7ff89a0aaf/library/alloc/src/boxed.rs:2454:9
[INFO] [stdout]   42:     0x5ba3b13f83ab - std::sys::pal::unix::thread::Thread::new::thread_start::hcc78f3943333fa94
[INFO] [stdout]                                at /rustc/90b35a6239c3d8bdabc530a6a0816f7ff89a0aaf/library/std/src/sys/pal/unix/thread.rs:105:17
[INFO] [stdout]   43:     0x71894b50cac3 - <unknown>
[INFO] [stdout]   44:     0x71894b59da04 - clone
[INFO] [stdout]   45:                0x0 - <unknown>
[INFO] [stdout] 
[INFO] [stdout] ---- writer::tests::filename::packed_rdrs stdout ----
[INFO] [stdout] thread 'writer::tests::filename::packed_rdrs' panicked at src/writer/mod.rs:388:13:
[INFO] [stdout] assertion `left == right` failed
[INFO] [stdout]   left: "RVIRS"
[INFO] [stdout]  right: "RNSCA-RVIRS"
[INFO] [stdout] stack backtrace:
[INFO] [stdout]    0:     0x5ba3b13f2b5a - std::backtrace_rs::backtrace::libunwind::trace::h5a5b8284f2d0c266
[INFO] [stdout]                                at /rustc/90b35a6239c3d8bdabc530a6a0816f7ff89a0aaf/library/std/src/../../backtrace/src/backtrace/libunwind.rs:116:5
[INFO] [stdout]    1:     0x5ba3b13f2b5a - std::backtrace_rs::backtrace::trace_unsynchronized::h76d4f1c9b0b875e3
[INFO] [stdout]                                at /rustc/90b35a6239c3d8bdabc530a6a0816f7ff89a0aaf/library/std/src/../../backtrace/src/backtrace/mod.rs:66:5
[INFO] [stdout]    2:     0x5ba3b13f2b5a - std::sys::backtrace::_print_fmt::hc4546b8364a537c6
[INFO] [stdout]                                at /rustc/90b35a6239c3d8bdabc530a6a0816f7ff89a0aaf/library/std/src/sys/backtrace.rs:66:9
[INFO] [stdout]    3:     0x5ba3b13f2b5a - <std::sys::backtrace::BacktraceLock::print::DisplayBacktrace as core::fmt::Display>::fmt::h5b6bd5631a6d1f6b
[INFO] [stdout]                                at /rustc/90b35a6239c3d8bdabc530a6a0816f7ff89a0aaf/library/std/src/sys/backtrace.rs:39:26
[INFO] [stdout]    4:     0x5ba3b141a373 - core::fmt::rt::Argument::fmt::h270f6602a2b96f62
[INFO] [stdout]                                at /rustc/90b35a6239c3d8bdabc530a6a0816f7ff89a0aaf/library/core/src/fmt/rt.rs:177:76
[INFO] [stdout]    5:     0x5ba3b141a373 - core::fmt::write::h7550c97b06c86515
[INFO] [stdout]                                at /rustc/90b35a6239c3d8bdabc530a6a0816f7ff89a0aaf/library/core/src/fmt/mod.rs:1186:21
[INFO] [stdout]    6:     0x5ba3b13ef9b3 - std::io::Write::write_fmt::h509ff860e5956e5e
[INFO] [stdout]                                at /rustc/90b35a6239c3d8bdabc530a6a0816f7ff89a0aaf/library/std/src/io/mod.rs:1839:15
[INFO] [stdout]    7:     0x5ba3b13f29a2 - std::sys::backtrace::BacktraceLock::print::h2395ccd2c84ba3aa
[INFO] [stdout]                                at /rustc/90b35a6239c3d8bdabc530a6a0816f7ff89a0aaf/library/std/src/sys/backtrace.rs:42:9
[INFO] [stdout]    8:     0x5ba3b13f3fba - std::panicking::default_hook::{{closure}}::he19d4c7230e07961
[INFO] [stdout]                                at /rustc/90b35a6239c3d8bdabc530a6a0816f7ff89a0aaf/library/std/src/panicking.rs:268:22
[INFO] [stdout]    9:     0x5ba3b13f3dc4 - std::panicking::default_hook::hf614597d3c67bbdb
[INFO] [stdout]                                at /rustc/90b35a6239c3d8bdabc530a6a0816f7ff89a0aaf/library/std/src/panicking.rs:292:9
[INFO] [stdout]   10:     0x5ba3b102e2f9 - <alloc::boxed::Box<F,A> as core::ops::function::Fn<Args>>::call::h39b51ce4599c23d1
[INFO] [stdout]                                at /rustc/90b35a6239c3d8bdabc530a6a0816f7ff89a0aaf/library/alloc/src/boxed.rs:2468:9
[INFO] [stdout]   11:     0x5ba3b102e2f9 - test::test_main::{{closure}}::he977ae839a582784
[INFO] [stdout]                                at /rustc/90b35a6239c3d8bdabc530a6a0816f7ff89a0aaf/library/test/src/lib.rs:133:21
[INFO] [stdout]   12:     0x5ba3b13f4658 - <alloc::boxed::Box<F,A> as core::ops::function::Fn<Args>>::call::h9455091b6b06f9fb
[INFO] [stdout]                                at /rustc/90b35a6239c3d8bdabc530a6a0816f7ff89a0aaf/library/alloc/src/boxed.rs:2468:9
[INFO] [stdout]   13:     0x5ba3b13f4658 - std::panicking::rust_panic_with_hook::h8942133a8b252070
[INFO] [stdout]                                at /rustc/90b35a6239c3d8bdabc530a6a0816f7ff89a0aaf/library/std/src/panicking.rs:809:13
[INFO] [stdout]   14:     0x5ba3b13f441a - std::panicking::begin_panic_handler::{{closure}}::hb5f5963570096b29
[INFO] [stdout]                                at /rustc/90b35a6239c3d8bdabc530a6a0816f7ff89a0aaf/library/std/src/panicking.rs:674:13
[INFO] [stdout]   15:     0x5ba3b13f3039 - std::sys::backtrace::__rust_end_short_backtrace::h6208cedc1922feda
[INFO] [stdout]                                at /rustc/90b35a6239c3d8bdabc530a6a0816f7ff89a0aaf/library/std/src/sys/backtrace.rs:170:18
[INFO] [stdout]   16:     0x5ba3b13f40ac - rust_begin_unwind
[INFO] [stdout]                                at /rustc/90b35a6239c3d8bdabc530a6a0816f7ff89a0aaf/library/std/src/panicking.rs:665:5
[INFO] [stdout]   17:     0x5ba3b0f370e0 - core::panicking::panic_fmt::h0c3082644d1bf418
[INFO] [stdout]                                at /rustc/90b35a6239c3d8bdabc530a6a0816f7ff89a0aaf/library/core/src/panicking.rs:74:14
[INFO] [stdout]   18:     0x5ba3b0f37545 - core::panicking::assert_failed_inner::h2ddf1fcc067fa858
[INFO] [stdout]   19:     0x5ba3b1044f9c - core::panicking::assert_failed::h69e43deff44728d1
[INFO] [stdout]                                at /rustc/90b35a6239c3d8bdabc530a6a0816f7ff89a0aaf/library/core/src/panicking.rs:367:5
[INFO] [stdout]   20:     0x5ba3b0fa5def - rdr::writer::tests::filename::packed_rdrs::h31420ab958ed9288
[INFO] [stdout]                                at /opt/rustwide/workdir/src/writer/mod.rs:388:13
[INFO] [stdout]   21:     0x5ba3b0fa5457 - rdr::writer::tests::filename::packed_rdrs::{{closure}}::ha3b5f25b0800f81e
[INFO] [stdout]                                at /opt/rustwide/workdir/src/writer/mod.rs:358:25
[INFO] [stdout]   22:     0x5ba3b0f84666 - core::ops::function::FnOnce::call_once::h80ede8bffd7409b7
[INFO] [stdout]                                at /rustc/90b35a6239c3d8bdabc530a6a0816f7ff89a0aaf/library/core/src/ops/function.rs:250:5
[INFO] [stdout]   23:     0x5ba3b1032cbb - core::ops::function::FnOnce::call_once::h109cf8051a59b34e
[INFO] [stdout]                                at /rustc/90b35a6239c3d8bdabc530a6a0816f7ff89a0aaf/library/core/src/ops/function.rs:250:5
[INFO] [stdout]   24:     0x5ba3b1032cbb - test::__rust_begin_short_backtrace::hf4fff89d377446ba
[INFO] [stdout]                                at /rustc/90b35a6239c3d8bdabc530a6a0816f7ff89a0aaf/library/test/src/lib.rs:621:18
[INFO] [stdout]   25:     0x5ba3b10324f7 - test::run_test_in_process::{{closure}}::h0e39181dd7ee5a43
[INFO] [stdout]                                at /rustc/90b35a6239c3d8bdabc530a6a0816f7ff89a0aaf/library/test/src/lib.rs:644:60
[INFO] [stdout]   26:     0x5ba3b10324f7 - <core::panic::unwind_safe::AssertUnwindSafe<F> as core::ops::function::FnOnce<()>>::call_once::hc5a66a30f0bdfd1f
[INFO] [stdout]                                at /rustc/90b35a6239c3d8bdabc530a6a0816f7ff89a0aaf/library/core/src/panic/unwind_safe.rs:272:9
[INFO] [stdout]   27:     0x5ba3b10324f7 - std::panicking::try::do_call::h873b7cf639554a5e
[INFO] [stdout]                                at /rustc/90b35a6239c3d8bdabc530a6a0816f7ff89a0aaf/library/std/src/panicking.rs:557:40
[INFO] [stdout]   28:     0x5ba3b10324f7 - std::panicking::try::hdb19862fad9c8bd1
[INFO] [stdout]                                at /rustc/90b35a6239c3d8bdabc530a6a0816f7ff89a0aaf/library/std/src/panicking.rs:520:19
[INFO] [stdout]   29:     0x5ba3b10324f7 - std::panic::catch_unwind::h281fe732d236d260
[INFO] [stdout]                                at /rustc/90b35a6239c3d8bdabc530a6a0816f7ff89a0aaf/library/std/src/panic.rs:358:14
[INFO] [stdout]   30:     0x5ba3b10324f7 - test::run_test_in_process::h949b6df8457ed338
[INFO] [stdout]                                at /rustc/90b35a6239c3d8bdabc530a6a0816f7ff89a0aaf/library/test/src/lib.rs:644:27
[INFO] [stdout]   31:     0x5ba3b10324f7 - test::run_test::{{closure}}::h52c556a6d4740e10
[INFO] [stdout]                                at /rustc/90b35a6239c3d8bdabc530a6a0816f7ff89a0aaf/library/test/src/lib.rs:565:43
[INFO] [stdout]   32:     0x5ba3b0ff77d4 - test::run_test::{{closure}}::h4237f6381c45ccb9
[INFO] [stdout]                                at /rustc/90b35a6239c3d8bdabc530a6a0816f7ff89a0aaf/library/test/src/lib.rs:595:41
[INFO] [stdout]   33:     0x5ba3b0ff77d4 - std::sys::backtrace::__rust_begin_short_backtrace::h505c97a579eca628
[INFO] [stdout]                                at /rustc/90b35a6239c3d8bdabc530a6a0816f7ff89a0aaf/library/std/src/sys/backtrace.rs:154:18
[INFO] [stdout]   34:     0x5ba3b0ffae9e - std::thread::Builder::spawn_unchecked_::{{closure}}::{{closure}}::h9e86b2e2bc107ea3
[INFO] [stdout]                                at /rustc/90b35a6239c3d8bdabc530a6a0816f7ff89a0aaf/library/std/src/thread/mod.rs:538:17
[INFO] [stdout]   35:     0x5ba3b0ffae9e - <core::panic::unwind_safe::AssertUnwindSafe<F> as core::ops::function::FnOnce<()>>::call_once::h8b06ddb275ff4a25
[INFO] [stdout]                                at /rustc/90b35a6239c3d8bdabc530a6a0816f7ff89a0aaf/library/core/src/panic/unwind_safe.rs:272:9
[INFO] [stdout]   36:     0x5ba3b0ffae9e - std::panicking::try::do_call::hb26ecd7cd9a9355d
[INFO] [stdout]                                at /rustc/90b35a6239c3d8bdabc530a6a0816f7ff89a0aaf/library/std/src/panicking.rs:557:40
[INFO] [stdout]   37:     0x5ba3b0ffae9e - std::panicking::try::h8ddeca9d705f9069
[INFO] [stdout]                                at /rustc/90b35a6239c3d8bdabc530a6a0816f7ff89a0aaf/library/std/src/panicking.rs:520:19
[INFO] [stdout]   38:     0x5ba3b0ffae9e - std::panic::catch_unwind::h49e1c33078844c46
[INFO] [stdout]                                at /rustc/90b35a6239c3d8bdabc530a6a0816f7ff89a0aaf/library/std/src/panic.rs:358:14
[INFO] [stdout]   39:     0x5ba3b0ffae9e - std::thread::Builder::spawn_unchecked_::{{closure}}::h6073db6ff56ad35d
[INFO] [stdout]                                at /rustc/90b35a6239c3d8bdabc530a6a0816f7ff89a0aaf/library/std/src/thread/mod.rs:537:30
[INFO] [stdout]   40:     0x5ba3b0ffae9e - core::ops::function::FnOnce::call_once{{vtable.shim}}::h2c5a5f3779c774f1
[INFO] [stdout]                                at /rustc/90b35a6239c3d8bdabc530a6a0816f7ff89a0aaf/library/core/src/ops/function.rs:250:5
[INFO] [stdout]   41:     0x5ba3b13f83ab - <alloc::boxed::Box<F,A> as core::ops::function::FnOnce<Args>>::call_once::hf75717d9f28faebf
[INFO] [stdout]                                at /rustc/90b35a6239c3d8bdabc530a6a0816f7ff89a0aaf/library/alloc/src/boxed.rs:2454:9
[INFO] [stdout]   42:     0x5ba3b13f83ab - <alloc::boxed::Box<F,A> as core::ops::function::FnOnce<Args>>::call_once::h7bd883a5f3c5f3c1
[INFO] [stdout]                                at /rustc/90b35a6239c3d8bdabc530a6a0816f7ff89a0aaf/library/alloc/src/boxed.rs:2454:9
[INFO] [stdout]   43:     0x5ba3b13f83ab - std::sys::pal::unix::thread::Thread::new::thread_start::hcc78f3943333fa94
[INFO] [stdout]                                at /rustc/90b35a6239c3d8bdabc530a6a0816f7ff89a0aaf/library/std/src/sys/pal/unix/thread.rs:105:17
[INFO] [stdout]   44:     0x71894b50cac3 - <unknown>
[INFO] [stdout]   45:     0x71894b59da04 - clone
[INFO] [stdout]   46:                0x0 - <unknown>
[INFO] [stdout] 
[INFO] [stdout] 
[INFO] [stdout] failures:
[INFO] [stdout]     rdr::tests::meta::test_meta_from_file
[INFO] [stdout]     writer::tests::filename::packed_rdrs
[INFO] [stdout] 
[INFO] [stdout] test result: FAILED. 3 passed; 2 failed; 0 ignored; 0 measured; 0 filtered out; finished in 0.11s
[INFO] [stdout] 
[INFO] [stderr] error: test failed, to rerun pass `--bin rdr`
[INFO] running `Command { std: "docker" "inspect" "30c746fd00c86f9899340ae9c58498658de2357a96a76c519df4e60a878db974", kill_on_drop: false }`
[INFO] running `Command { std: "docker" "rm" "-f" "30c746fd00c86f9899340ae9c58498658de2357a96a76c519df4e60a878db974", kill_on_drop: false }`
[INFO] [stdout] 30c746fd00c86f9899340ae9c58498658de2357a96a76c519df4e60a878db974
