[INFO] cloning repository https://github.com/blyxyas/abort-if
[INFO] running `Command { std: "git" "-c" "credential.helper=" "-c" "credential.helper=/workspace/cargo-home/bin/git-credential-null" "clone" "--bare" "https://github.com/blyxyas/abort-if" "/workspace/cache/git-repos/https%3A%2F%2Fgithub.com%2Fblyxyas%2Fabort-if", kill_on_drop: false }`
[INFO] [stderr] Cloning into bare repository '/workspace/cache/git-repos/https%3A%2F%2Fgithub.com%2Fblyxyas%2Fabort-if'...
[INFO] running `Command { std: "git" "rev-parse" "HEAD", kill_on_drop: false }`
[INFO] [stdout] 91d4b41c6ee97757989c0eaf09ae16ae1e77f72c
[INFO] testing blyxyas/abort-if against beta-2024-12-08 for beta-1.84.0-4-retry
[INFO] running `Command { std: "git" "clone" "/workspace/cache/git-repos/https%3A%2F%2Fgithub.com%2Fblyxyas%2Fabort-if" "/workspace/builds/worker-0-tc2/source", kill_on_drop: false }`
[INFO] [stderr] Cloning into '/workspace/builds/worker-0-tc2/source'...
[INFO] [stderr] done.
[INFO] validating manifest of git repo https://github.com/blyxyas/abort-if on toolchain beta-2024-12-08
[INFO] running `Command { std: CARGO_HOME="/workspace/cargo-home" RUSTUP_HOME="/workspace/rustup-home" "/workspace/cargo-home/bin/cargo" "+beta-2024-12-08" "metadata" "--manifest-path" "Cargo.toml" "--no-deps", kill_on_drop: false }`
[INFO] started tweaking git repo https://github.com/blyxyas/abort-if
[INFO] finished tweaking git repo https://github.com/blyxyas/abort-if
[INFO] tweaked toml for git repo https://github.com/blyxyas/abort-if written to /workspace/builds/worker-0-tc2/source/Cargo.toml
[INFO] crate git repo https://github.com/blyxyas/abort-if already has a lockfile, it will not be regenerated
[INFO] running `Command { std: CARGO_HOME="/workspace/cargo-home" RUSTUP_HOME="/workspace/rustup-home" "/workspace/cargo-home/bin/cargo" "+beta-2024-12-08" "fetch" "--manifest-path" "Cargo.toml", kill_on_drop: false }`
[INFO] running `Command { std: "docker" "create" "-v" "/var/lib/crater-agent-workspace/builds/worker-0-tc2/target:/opt/rustwide/target:rw,Z" "-v" "/var/lib/crater-agent-workspace/builds/worker-0-tc2/source:/opt/rustwide/workdir:ro,Z" "-v" "/var/lib/crater-agent-workspace/cargo-home:/opt/rustwide/cargo-home:ro,Z" "-v" "/var/lib/crater-agent-workspace/rustup-home:/opt/rustwide/rustup-home:ro,Z" "-e" "SOURCE_DIR=/opt/rustwide/workdir" "-e" "CARGO_TARGET_DIR=/opt/rustwide/target" "-e" "CARGO_HOME=/opt/rustwide/cargo-home" "-e" "RUSTUP_HOME=/opt/rustwide/rustup-home" "-w" "/opt/rustwide/workdir" "-m" "1610612736" "--user" "0:0" "--network" "none" "ghcr.io/rust-lang/crates-build-env/linux@sha256:f3a9d4ad9d972b27faf3965f35b62e55ba32bbce8f20bc8fe909558a86702fde" "/opt/rustwide/cargo-home/bin/cargo" "+beta-2024-12-08" "metadata" "--no-deps" "--format-version=1", kill_on_drop: false }`
[INFO] [stdout] 6127a672a8020d03b19d5786d5460a48d6dd13f7a0efc9f9c8217e3ee61b1434
[INFO] running `Command { std: "docker" "start" "-a" "6127a672a8020d03b19d5786d5460a48d6dd13f7a0efc9f9c8217e3ee61b1434", kill_on_drop: false }`
[INFO] running `Command { std: "docker" "inspect" "6127a672a8020d03b19d5786d5460a48d6dd13f7a0efc9f9c8217e3ee61b1434", kill_on_drop: false }`
[INFO] running `Command { std: "docker" "rm" "-f" "6127a672a8020d03b19d5786d5460a48d6dd13f7a0efc9f9c8217e3ee61b1434", kill_on_drop: false }`
[INFO] [stdout] 6127a672a8020d03b19d5786d5460a48d6dd13f7a0efc9f9c8217e3ee61b1434
[INFO] running `Command { std: "docker" "create" "-v" "/var/lib/crater-agent-workspace/builds/worker-0-tc2/target:/opt/rustwide/target:rw,Z" "-v" "/var/lib/crater-agent-workspace/builds/worker-0-tc2/source:/opt/rustwide/workdir:ro,Z" "-v" "/var/lib/crater-agent-workspace/cargo-home:/opt/rustwide/cargo-home:ro,Z" "-v" "/var/lib/crater-agent-workspace/rustup-home:/opt/rustwide/rustup-home:ro,Z" "-e" "SOURCE_DIR=/opt/rustwide/workdir" "-e" "CARGO_TARGET_DIR=/opt/rustwide/target" "-e" "CARGO_INCREMENTAL=0" "-e" "RUST_BACKTRACE=full" "-e" "RUSTFLAGS=--cap-lints=warn" "-e" "RUSTDOCFLAGS=--cap-lints=warn" "-e" "CARGO_HOME=/opt/rustwide/cargo-home" "-e" "RUSTUP_HOME=/opt/rustwide/rustup-home" "-w" "/opt/rustwide/workdir" "-m" "1610612736" "--user" "0:0" "--network" "none" "ghcr.io/rust-lang/crates-build-env/linux@sha256:f3a9d4ad9d972b27faf3965f35b62e55ba32bbce8f20bc8fe909558a86702fde" "/opt/rustwide/cargo-home/bin/cargo" "+beta-2024-12-08" "build" "--frozen" "--message-format=json", kill_on_drop: false }`
[INFO] [stdout] 4a3d54b200d6d653ce3b2689eccc07bc4829330f85a5db8e8f03b25ae3b16144
[INFO] running `Command { std: "docker" "start" "-a" "4a3d54b200d6d653ce3b2689eccc07bc4829330f85a5db8e8f03b25ae3b16144", kill_on_drop: false }`
[INFO] [stderr]    Compiling version_check v0.9.4
[INFO] [stderr]    Compiling proc-macro2 v1.0.49
[INFO] [stderr]    Compiling unicode-ident v1.0.6
[INFO] [stderr]    Compiling quote v1.0.23
[INFO] [stderr]    Compiling syn v1.0.107
[INFO] [stderr]    Compiling proc-macro-error-attr v1.0.4
[INFO] [stderr]    Compiling proc-macro-error v1.0.4
[INFO] [stderr]    Compiling abort-if v0.1.2 (/opt/rustwide/workdir)
[INFO] [stderr]     Finished `dev` profile [unoptimized + debuginfo] target(s) in 8.44s
[INFO] running `Command { std: "docker" "inspect" "4a3d54b200d6d653ce3b2689eccc07bc4829330f85a5db8e8f03b25ae3b16144", kill_on_drop: false }`
[INFO] running `Command { std: "docker" "rm" "-f" "4a3d54b200d6d653ce3b2689eccc07bc4829330f85a5db8e8f03b25ae3b16144", kill_on_drop: false }`
[INFO] [stdout] 4a3d54b200d6d653ce3b2689eccc07bc4829330f85a5db8e8f03b25ae3b16144
[INFO] running `Command { std: "docker" "create" "-v" "/var/lib/crater-agent-workspace/builds/worker-0-tc2/target:/opt/rustwide/target:rw,Z" "-v" "/var/lib/crater-agent-workspace/builds/worker-0-tc2/source:/opt/rustwide/workdir:ro,Z" "-v" "/var/lib/crater-agent-workspace/cargo-home:/opt/rustwide/cargo-home:ro,Z" "-v" "/var/lib/crater-agent-workspace/rustup-home:/opt/rustwide/rustup-home:ro,Z" "-e" "SOURCE_DIR=/opt/rustwide/workdir" "-e" "CARGO_TARGET_DIR=/opt/rustwide/target" "-e" "CARGO_INCREMENTAL=0" "-e" "RUST_BACKTRACE=full" "-e" "RUSTFLAGS=--cap-lints=warn" "-e" "RUSTDOCFLAGS=--cap-lints=warn" "-e" "CARGO_HOME=/opt/rustwide/cargo-home" "-e" "RUSTUP_HOME=/opt/rustwide/rustup-home" "-w" "/opt/rustwide/workdir" "-m" "1610612736" "--user" "0:0" "--network" "none" "ghcr.io/rust-lang/crates-build-env/linux@sha256:f3a9d4ad9d972b27faf3965f35b62e55ba32bbce8f20bc8fe909558a86702fde" "/opt/rustwide/cargo-home/bin/cargo" "+beta-2024-12-08" "test" "--frozen" "--no-run" "--message-format=json", kill_on_drop: false }`
[INFO] [stdout] c2a97e402b4213a9513f83fdd8a70a0c5e5b2f55fb3497b46f0636ac21c9f989
[INFO] running `Command { std: "docker" "start" "-a" "c2a97e402b4213a9513f83fdd8a70a0c5e5b2f55fb3497b46f0636ac21c9f989", kill_on_drop: false }`
[INFO] [stderr]    Compiling abort-if v0.1.2 (/opt/rustwide/workdir)
[INFO] [stderr]     Finished `test` profile [unoptimized + debuginfo] target(s) in 0.92s
[INFO] running `Command { std: "docker" "inspect" "c2a97e402b4213a9513f83fdd8a70a0c5e5b2f55fb3497b46f0636ac21c9f989", kill_on_drop: false }`
[INFO] running `Command { std: "docker" "rm" "-f" "c2a97e402b4213a9513f83fdd8a70a0c5e5b2f55fb3497b46f0636ac21c9f989", kill_on_drop: false }`
[INFO] [stdout] c2a97e402b4213a9513f83fdd8a70a0c5e5b2f55fb3497b46f0636ac21c9f989
[INFO] running `Command { std: "docker" "create" "-v" "/var/lib/crater-agent-workspace/builds/worker-0-tc2/target:/opt/rustwide/target:rw,Z" "-v" "/var/lib/crater-agent-workspace/builds/worker-0-tc2/source:/opt/rustwide/workdir:ro,Z" "-v" "/var/lib/crater-agent-workspace/cargo-home:/opt/rustwide/cargo-home:ro,Z" "-v" "/var/lib/crater-agent-workspace/rustup-home:/opt/rustwide/rustup-home:ro,Z" "-e" "SOURCE_DIR=/opt/rustwide/workdir" "-e" "CARGO_TARGET_DIR=/opt/rustwide/target" "-e" "CARGO_INCREMENTAL=0" "-e" "RUST_BACKTRACE=full" "-e" "RUSTFLAGS=--cap-lints=warn" "-e" "RUSTDOCFLAGS=--cap-lints=warn" "-e" "CARGO_HOME=/opt/rustwide/cargo-home" "-e" "RUSTUP_HOME=/opt/rustwide/rustup-home" "-w" "/opt/rustwide/workdir" "-m" "1610612736" "--user" "0:0" "--network" "none" "ghcr.io/rust-lang/crates-build-env/linux@sha256:f3a9d4ad9d972b27faf3965f35b62e55ba32bbce8f20bc8fe909558a86702fde" "/opt/rustwide/cargo-home/bin/cargo" "+beta-2024-12-08" "test" "--frozen", kill_on_drop: false }`
[INFO] [stdout] f9b34be8912e381f866e4d7a1ecca6b5af49ec76ea97d0e8228c07b533212865
[INFO] running `Command { std: "docker" "start" "-a" "f9b34be8912e381f866e4d7a1ecca6b5af49ec76ea97d0e8228c07b533212865", kill_on_drop: false }`
[INFO] [stderr]     Finished `test` profile [unoptimized + debuginfo] target(s) in 0.03s
[INFO] [stderr]      Running unittests src/lib.rs (/opt/rustwide/target/debug/deps/abort_if-27b5779e2923de10)
[INFO] [stdout] 
[INFO] [stdout] running 0 tests
[INFO] [stdout] 
[INFO] [stderr]    Doc-tests abort_if
[INFO] [stdout] test result: ok. 0 passed; 0 failed; 0 ignored; 0 measured; 0 filtered out; finished in 0.00s
[INFO] [stdout] 
[INFO] [stdout] 
[INFO] [stdout] running 4 tests
[INFO] [stdout] test src/lib.rs - abort_if (line 53) ... ignored
[INFO] [stdout] test src/lib.rs - abort_if (line 64) ... ignored
[INFO] [stdout] test src/lib.rs - (line 27) ... FAILED
[INFO] [stdout] test src/lib.rs - (line 9) ... FAILED
[INFO] [stdout] 
[INFO] [stdout] failures:
[INFO] [stdout] 
[INFO] [stdout] ---- src/lib.rs - (line 27) stdout ----
[INFO] [stdout] error: unknown start of token: `
[INFO] [stdout]   --> src/lib.rs:35:56
[INFO] [stdout]    |
[INFO] [stdout] 11 |   = note: this error originates in the attribute macro `abort_if` (in Nightly builds, run with -Z macro-backtrace for more info)
[INFO] [stdout]    |                                                        ^
[INFO] [stdout]    |
[INFO] [stdout] help: Unicode character '`' (Grave Accent) looks like ''' (Single Quote), but it is not
[INFO] [stdout]    |
[INFO] [stdout] 11 |   = note: this error originates in the attribute macro 'abort_if` (in Nightly builds, run with -Z macro-backtrace for more info)
[INFO] [stdout]    |                                                        ~
[INFO] [stdout] 
[INFO] [stdout] error: unknown start of token: `
[INFO] [stdout]   --> src/lib.rs:35:65
[INFO] [stdout]    |
[INFO] [stdout] 11 |   = note: this error originates in the attribute macro `abort_if` (in Nightly builds, run with -Z macro-backtrace for more info)
[INFO] [stdout]    |                                                                 ^
[INFO] [stdout]    |
[INFO] [stdout] help: Unicode character '`' (Grave Accent) looks like ''' (Single Quote), but it is not
[INFO] [stdout]    |
[INFO] [stdout] 11 |   = note: this error originates in the attribute macro `abort_if' (in Nightly builds, run with -Z macro-backtrace for more info)
[INFO] [stdout]    |                                                                 ~
[INFO] [stdout] 
[INFO] [stdout] error: expected identifier, found `:`
[INFO] [stdout]  --> src/lib.rs:29:6
[INFO] [stdout]   |
[INFO] [stdout] 5 | error: Condition was met.
[INFO] [stdout]   |      ^ expected identifier
[INFO] [stdout] 
[INFO] [stdout] error: aborting due to 3 previous errors
[INFO] [stdout] 
[INFO] [stdout] Couldn't compile the test.
[INFO] [stdout] ---- src/lib.rs - (line 9) stdout ----
[INFO] [stdout] error: expected literal
[INFO] [stdout]  --> src/lib.rs:12:22
[INFO] [stdout]   |
[INFO] [stdout] 5 | #[abort_if(feature = x)]
[INFO] [stdout]   |                      ^
[INFO] [stdout] 
[INFO] [stdout] error[E0425]: cannot find function `foo` in this scope
[INFO] [stdout]   --> src/lib.rs:18:2
[INFO] [stdout]    |
[INFO] [stdout] 11 |     foo();
[INFO] [stdout]    |     ^^^ not found in this scope
[INFO] [stdout] 
[INFO] [stdout] error: aborting due to 2 previous errors
[INFO] [stdout] 
[INFO] [stdout] For more information about this error, try `rustc --explain E0425`.
[INFO] [stdout] Couldn't compile the test.
[INFO] [stdout] 
[INFO] [stdout] failures:
[INFO] [stdout]     src/lib.rs - (line 27)
[INFO] [stdout]     src/lib.rs - (line 9)
[INFO] [stdout] 
[INFO] [stdout] test result: FAILED. 0 passed; 2 failed; 2 ignored; 0 measured; 0 filtered out; finished in 0.10s
[INFO] [stdout] 
[INFO] [stderr] error: doctest failed, to rerun pass `--doc`
[INFO] running `Command { std: "docker" "inspect" "f9b34be8912e381f866e4d7a1ecca6b5af49ec76ea97d0e8228c07b533212865", kill_on_drop: false }`
[INFO] running `Command { std: "docker" "rm" "-f" "f9b34be8912e381f866e4d7a1ecca6b5af49ec76ea97d0e8228c07b533212865", kill_on_drop: false }`
[INFO] [stdout] f9b34be8912e381f866e4d7a1ecca6b5af49ec76ea97d0e8228c07b533212865
