[INFO] cloning repository https://github.com/blurrah/i18n-label-merger
[INFO] running `Command { std: "git" "-c" "credential.helper=" "-c" "credential.helper=/workspace/cargo-home/bin/git-credential-null" "clone" "--bare" "https://github.com/blurrah/i18n-label-merger" "/workspace/cache/git-repos/https%3A%2F%2Fgithub.com%2Fblurrah%2Fi18n-label-merger", kill_on_drop: false }`
[INFO] [stderr] Cloning into bare repository '/workspace/cache/git-repos/https%3A%2F%2Fgithub.com%2Fblurrah%2Fi18n-label-merger'...
[INFO] running `Command { std: "git" "rev-parse" "HEAD", kill_on_drop: false }`
[INFO] [stdout] 0712f0b65cb225209fabe62a58a4d4bb2c66e3a1
[INFO] testing blurrah/i18n-label-merger against 1.83.0 for beta-1.84.0-4-retry
[INFO] running `Command { std: "git" "clone" "/workspace/cache/git-repos/https%3A%2F%2Fgithub.com%2Fblurrah%2Fi18n-label-merger" "/workspace/builds/worker-2-tc1/source", kill_on_drop: false }`
[INFO] [stderr] Cloning into '/workspace/builds/worker-2-tc1/source'...
[INFO] [stderr] done.
[INFO] validating manifest of git repo https://github.com/blurrah/i18n-label-merger on toolchain 1.83.0
[INFO] running `Command { std: CARGO_HOME="/workspace/cargo-home" RUSTUP_HOME="/workspace/rustup-home" "/workspace/cargo-home/bin/cargo" "+1.83.0" "metadata" "--manifest-path" "Cargo.toml" "--no-deps", kill_on_drop: false }`
[INFO] started tweaking git repo https://github.com/blurrah/i18n-label-merger
[INFO] finished tweaking git repo https://github.com/blurrah/i18n-label-merger
[INFO] tweaked toml for git repo https://github.com/blurrah/i18n-label-merger written to /workspace/builds/worker-2-tc1/source/Cargo.toml
[INFO] crate git repo https://github.com/blurrah/i18n-label-merger already has a lockfile, it will not be regenerated
[INFO] running `Command { std: CARGO_HOME="/workspace/cargo-home" RUSTUP_HOME="/workspace/rustup-home" "/workspace/cargo-home/bin/cargo" "+1.83.0" "fetch" "--manifest-path" "Cargo.toml", kill_on_drop: false }`
[INFO] [stderr]     Updating crates.io index
[INFO] [stderr]  Downloading crates ...
[INFO] [stderr]   Downloaded display_json v0.2.1
[INFO] [stderr]   Downloaded notify v7.0.0
[INFO] [stderr]   Downloaded oxc_span v0.39.0
[INFO] [stderr]   Downloaded oxc v0.39.0
[INFO] [stderr]   Downloaded oxc_syntax v0.39.0
[INFO] [stderr]   Downloaded assert-unchecked v0.1.2
[INFO] [stderr]   Downloaded oxc_estree v0.39.0
[INFO] [stderr]   Downloaded oxc_ast_macros v0.39.0
[INFO] [stderr]   Downloaded notify-types v1.0.0
[INFO] [stderr]   Downloaded cow-utils v0.1.3
[INFO] [stderr]   Downloaded oxc_index v1.0.1
[INFO] [stderr]   Downloaded oxc_ecmascript v0.39.0
[INFO] [stderr]   Downloaded oxc_regular_expression v0.39.0
[INFO] [stderr]   Downloaded oxc-miette v1.0.2
[INFO] [stderr]   Downloaded oxc_parser v0.39.0
[INFO] [stderr]   Downloaded oxc_ast v0.39.0
[INFO] [stderr]   Downloaded owo-colors v4.1.0
[INFO] [stderr]   Downloaded oxc-miette-derive v1.0.2
[INFO] [stderr]   Downloaded oxc_allocator v0.39.0
[INFO] [stderr]   Downloaded unicode-id-start v1.3.1
[INFO] [stderr]   Downloaded oxc_diagnostics v0.39.0
[INFO] [stderr]   Downloaded ryu-js v1.0.1
[INFO] running `Command { std: "docker" "create" "-v" "/var/lib/crater-agent-workspace/builds/worker-2-tc1/target:/opt/rustwide/target:rw,Z" "-v" "/var/lib/crater-agent-workspace/builds/worker-2-tc1/source:/opt/rustwide/workdir:ro,Z" "-v" "/var/lib/crater-agent-workspace/cargo-home:/opt/rustwide/cargo-home:ro,Z" "-v" "/var/lib/crater-agent-workspace/rustup-home:/opt/rustwide/rustup-home:ro,Z" "-e" "SOURCE_DIR=/opt/rustwide/workdir" "-e" "CARGO_TARGET_DIR=/opt/rustwide/target" "-e" "CARGO_HOME=/opt/rustwide/cargo-home" "-e" "RUSTUP_HOME=/opt/rustwide/rustup-home" "-w" "/opt/rustwide/workdir" "-m" "1610612736" "--user" "0:0" "--network" "none" "ghcr.io/rust-lang/crates-build-env/linux@sha256:f3a9d4ad9d972b27faf3965f35b62e55ba32bbce8f20bc8fe909558a86702fde" "/opt/rustwide/cargo-home/bin/cargo" "+1.83.0" "metadata" "--no-deps" "--format-version=1", kill_on_drop: false }`
[INFO] [stdout] 68456b8f60e4f6dffb18382449b36f1c46e44f9951ca5af3dc2178e5af0a45e5
[INFO] running `Command { std: "docker" "start" "-a" "68456b8f60e4f6dffb18382449b36f1c46e44f9951ca5af3dc2178e5af0a45e5", kill_on_drop: false }`
[INFO] running `Command { std: "docker" "inspect" "68456b8f60e4f6dffb18382449b36f1c46e44f9951ca5af3dc2178e5af0a45e5", kill_on_drop: false }`
[INFO] running `Command { std: "docker" "rm" "-f" "68456b8f60e4f6dffb18382449b36f1c46e44f9951ca5af3dc2178e5af0a45e5", kill_on_drop: false }`
[INFO] [stdout] 68456b8f60e4f6dffb18382449b36f1c46e44f9951ca5af3dc2178e5af0a45e5
[INFO] running `Command { std: "docker" "create" "-v" "/var/lib/crater-agent-workspace/builds/worker-2-tc1/target:/opt/rustwide/target:rw,Z" "-v" "/var/lib/crater-agent-workspace/builds/worker-2-tc1/source:/opt/rustwide/workdir:ro,Z" "-v" "/var/lib/crater-agent-workspace/cargo-home:/opt/rustwide/cargo-home:ro,Z" "-v" "/var/lib/crater-agent-workspace/rustup-home:/opt/rustwide/rustup-home:ro,Z" "-e" "SOURCE_DIR=/opt/rustwide/workdir" "-e" "CARGO_TARGET_DIR=/opt/rustwide/target" "-e" "CARGO_INCREMENTAL=0" "-e" "RUST_BACKTRACE=full" "-e" "RUSTFLAGS=--cap-lints=warn" "-e" "RUSTDOCFLAGS=--cap-lints=warn" "-e" "CARGO_HOME=/opt/rustwide/cargo-home" "-e" "RUSTUP_HOME=/opt/rustwide/rustup-home" "-w" "/opt/rustwide/workdir" "-m" "1610612736" "--user" "0:0" "--network" "none" "ghcr.io/rust-lang/crates-build-env/linux@sha256:f3a9d4ad9d972b27faf3965f35b62e55ba32bbce8f20bc8fe909558a86702fde" "/opt/rustwide/cargo-home/bin/cargo" "+1.83.0" "build" "--frozen" "--message-format=json", kill_on_drop: false }`
[INFO] [stdout] c3a492c450a8239229bc8df9e0516f9e74fa0d0b3c9e8cced79b525c43a83d0c
[INFO] running `Command { std: "docker" "start" "-a" "c3a492c450a8239229bc8df9e0516f9e74fa0d0b3c9e8cced79b525c43a83d0c", kill_on_drop: false }`
[INFO] [stderr]    Compiling proc-macro2 v1.0.92
[INFO] [stderr]    Compiling unicode-ident v1.0.14
[INFO] [stderr]    Compiling autocfg v1.4.0
[INFO] [stderr]    Compiling cfg-if v1.0.0
[INFO] [stderr]    Compiling memchr v2.7.4
[INFO] [stderr]    Compiling unicode-width v0.1.14
[INFO] [stderr]    Compiling ryu v1.0.18
[INFO] [stderr]    Compiling itoa v1.0.14
[INFO] [stderr]    Compiling libc v0.2.167
[INFO] [stderr]    Compiling rustversion v1.0.18
[INFO] [stderr]    Compiling siphasher v0.3.11
[INFO] [stderr]    Compiling thiserror v1.0.69
[INFO] [stderr]    Compiling owo-colors v4.1.0
[INFO] [stderr]    Compiling unicode-linebreak v0.1.5
[INFO] [stderr]    Compiling smawk v0.3.2
[INFO] [stderr]    Compiling rand_core v0.6.4
[INFO] [stderr]    Compiling unicode-width v0.2.0
[INFO] [stderr]    Compiling allocator-api2 v0.2.21
[INFO] [stderr]    Compiling static_assertions v1.1.0
[INFO] [stderr]    Compiling log v0.4.22
[INFO] [stderr]    Compiling oxc_estree v0.39.0
[INFO] [stderr]    Compiling rand v0.8.5
[INFO] [stderr]    Compiling phf_shared v0.11.2
[INFO] [stderr]    Compiling rustc-hash v2.1.0
[INFO] [stderr]    Compiling regex-syntax v0.8.5
[INFO] [stderr]    Compiling textwrap v0.16.1
[INFO] [stderr]    Compiling unicode-id-start v1.3.1
[INFO] [stderr]    Compiling utf8parse v0.2.2
[INFO] [stderr]    Compiling serde v1.0.215
[INFO] [stderr]    Compiling nonmax v0.5.5
[INFO] [stderr]    Compiling anstyle-parse v0.2.6
[INFO] [stderr]    Compiling anstyle-query v1.1.2
[INFO] [stderr]    Compiling num-traits v0.2.19
[INFO] [stderr]    Compiling ryu-js v1.0.1
[INFO] [stderr]    Compiling bitflags v2.6.0
[INFO] [stderr]    Compiling colorchoice v1.0.3
[INFO] [stderr]    Compiling anstyle v1.0.10
[INFO] [stderr]    Compiling assert-unchecked v0.1.2
[INFO] [stderr]    Compiling is_terminal_polyfill v1.70.1
[INFO] [stderr]    Compiling bumpalo v3.16.0
[INFO] [stderr]    Compiling oxc_index v1.0.1
[INFO] [stderr]    Compiling anstream v0.6.18
[INFO] [stderr]    Compiling pin-project-lite v0.2.15
[INFO] [stderr]    Compiling cow-utils v0.1.3
[INFO] [stderr]    Compiling slab v0.4.9
[INFO] [stderr]    Compiling anyhow v1.0.94
[INFO] [stderr]    Compiling phf_generator v0.11.2
[INFO] [stderr]    Compiling aho-corasick v1.1.3
[INFO] [stderr]    Compiling castaway v0.2.3
[INFO] [stderr]    Compiling quote v1.0.37
[INFO] [stderr]    Compiling once_cell v1.20.2
[INFO] [stderr]    Compiling compact_str v0.8.0
[INFO] [stderr]    Compiling serde_json v1.0.133
[INFO] [stderr]    Compiling num-integer v0.1.46
[INFO] [stderr]    Compiling lock_api v0.4.12
[INFO] [stderr]    Compiling futures-sink v0.3.31
[INFO] [stderr]    Compiling lazy_static v1.5.0
[INFO] [stderr]    Compiling parking_lot_core v0.9.10
[INFO] [stderr]    Compiling syn v2.0.90
[INFO] [stderr]    Compiling seq-macro v0.3.5
[INFO] [stderr]    Compiling futures-core v0.3.31
[INFO] [stderr]    Compiling humantime v2.1.0
[INFO] [stderr]    Compiling smallvec v1.13.2
[INFO] [stderr]    Compiling futures-channel v0.3.31
[INFO] [stderr]    Compiling oxc_allocator v0.39.0
[INFO] [stderr]    Compiling tracing-core v0.1.33
[INFO] [stderr]    Compiling num-bigint v0.4.6
[INFO] [stderr]    Compiling inotify-sys v0.1.5
[INFO] [stderr]    Compiling mio v1.0.3
[INFO] [stderr]    Compiling instant v0.1.13
[INFO] [stderr]    Compiling futures-io v0.3.31
[INFO] [stderr]    Compiling bitflags v1.3.2
[INFO] [stderr]    Compiling scopeguard v1.2.0
[INFO] [stderr]    Compiling heck v0.5.0
[INFO] [stderr]    Compiling pin-utils v0.1.0
[INFO] [stderr]    Compiling futures-task v0.3.31
[INFO] [stderr]    Compiling syn v1.0.109
[INFO] [stderr]    Compiling regex-syntax v0.6.29
[INFO] [stderr]    Compiling same-file v1.0.6
[INFO] [stderr]    Compiling strsim v0.11.1
[INFO] [stderr]    Compiling clap_lex v0.7.4
[INFO] [stderr]    Compiling walkdir v2.5.0
[INFO] [stderr]    Compiling inotify v0.10.2
[INFO] [stderr]    Compiling clap_builder v4.5.23
[INFO] [stderr]    Compiling filetime v0.2.25
[INFO] [stderr]    Compiling thiserror v2.0.6
[INFO] [stderr]    Compiling overload v0.1.1
[INFO] [stderr]    Compiling nu-ansi-term v0.46.0
[INFO] [stderr]    Compiling tracing-log v0.2.0
[INFO] [stderr]    Compiling parking_lot v0.12.3
[INFO] [stderr]    Compiling sharded-slab v0.1.7
[INFO] [stderr]    Compiling regex-automata v0.4.9
[INFO] [stderr]    Compiling thread_local v1.1.8
[INFO] [stderr]    Compiling socket2 v0.5.8
[INFO] [stderr]    Compiling signal-hook-registry v1.4.2
[INFO] [stderr]    Compiling bytes v1.9.0
[INFO] [stderr]    Compiling console v0.15.8
[INFO] [stderr]    Compiling glob v0.3.1
[INFO] [stderr]    Compiling regex-automata v0.1.10
[INFO] [stderr]    Compiling regex v1.11.1
[INFO] [stderr]    Compiling matchers v0.1.0
[INFO] [stderr]    Compiling env_filter v0.1.2
[INFO] [stderr]    Compiling env_logger v0.11.5
[INFO] [stderr]    Compiling thiserror-impl v1.0.69
[INFO] [stderr]    Compiling oxc-miette-derive v1.0.2
[INFO] [stderr]    Compiling phf_macros v0.11.2
[INFO] [stderr]    Compiling oxc_ast_macros v0.39.0
[INFO] [stderr]    Compiling serde_derive v1.0.215
[INFO] [stderr]    Compiling futures-macro v0.3.31
[INFO] [stderr]    Compiling tracing-attributes v0.1.28
[INFO] [stderr]    Compiling clap_derive v4.5.18
[INFO] [stderr]    Compiling tokio-macros v2.4.0
[INFO] [stderr]    Compiling thiserror-impl v2.0.6
[INFO] [stderr]    Compiling phf v0.11.2
[INFO] [stderr]    Compiling futures-util v0.3.31
[INFO] [stderr]    Compiling tokio v1.42.0
[INFO] [stderr]    Compiling oxc-miette v1.0.2
[INFO] [stderr]    Compiling tracing v0.1.41
[INFO] [stderr]    Compiling tracing-subscriber v0.3.19
[INFO] [stderr]    Compiling clap v4.5.23
[INFO] [stderr]    Compiling oxc_span v0.39.0
[INFO] [stderr]    Compiling oxc_diagnostics v0.39.0
[INFO] [stderr]    Compiling oxc_syntax v0.39.0
[INFO] [stderr]    Compiling oxc_regular_expression v0.39.0
[INFO] [stderr]    Compiling oxc_ast v0.39.0
[INFO] [stderr]    Compiling futures-executor v0.3.31
[INFO] [stderr]    Compiling futures v0.3.31
[INFO] [stderr]    Compiling notify-types v1.0.0
[INFO] [stderr]    Compiling notify v7.0.0
[INFO] [stderr]    Compiling display_json v0.2.1
[INFO] [stderr]    Compiling i18n-label-merger-cli v0.0.1 (/opt/rustwide/workdir/crates/cli_old)
[INFO] [stdout] warning: function `run` is never used
[INFO] [stdout]    --> crates/cli_old/src/main.rs:114:4
[INFO] [stdout]     |
[INFO] [stdout] 114 | fn run() -> Result<(), Error> {
[INFO] [stdout]     |    ^^^
[INFO] [stdout]     |
[INFO] [stdout]     = note: `#[warn(dead_code)]` on by default
[INFO] [stdout] 
[INFO] [stdout] 
[INFO] [stderr]    Compiling oxc_ecmascript v0.39.0
[INFO] [stderr]    Compiling oxc_parser v0.39.0
[INFO] [stderr]    Compiling oxc v0.39.0
[INFO] [stderr]    Compiling next-intl-resolver v0.1.0 (/opt/rustwide/workdir/crates/resolver)
[INFO] [stderr]    Compiling next-intl-extractor-cli v0.1.1 (/opt/rustwide/workdir/crates/cli)
[INFO] [stdout] warning: field `value` is never read
[INFO] [stdout]   --> crates/cli/src/messages.rs:14:5
[INFO] [stdout]    |
[INFO] [stdout] 13 | pub struct MessageInfo {
[INFO] [stdout]    |            ----------- field in this struct
[INFO] [stdout] 14 |     value: String,
[INFO] [stdout]    |     ^^^^^
[INFO] [stdout]    |
[INFO] [stdout]    = note: `MessageInfo` has a derived impl for the trait `Clone`, but this is intentionally ignored during dead code analysis
[INFO] [stdout]    = note: `#[warn(dead_code)]` on by default
[INFO] [stdout] 
[INFO] [stdout] 
[INFO] [stderr]     Finished `dev` profile [unoptimized + debuginfo] target(s) in 1m 02s
[INFO] running `Command { std: "docker" "inspect" "c3a492c450a8239229bc8df9e0516f9e74fa0d0b3c9e8cced79b525c43a83d0c", kill_on_drop: false }`
[INFO] running `Command { std: "docker" "rm" "-f" "c3a492c450a8239229bc8df9e0516f9e74fa0d0b3c9e8cced79b525c43a83d0c", kill_on_drop: false }`
[INFO] [stdout] c3a492c450a8239229bc8df9e0516f9e74fa0d0b3c9e8cced79b525c43a83d0c
[INFO] running `Command { std: "docker" "create" "-v" "/var/lib/crater-agent-workspace/builds/worker-2-tc1/target:/opt/rustwide/target:rw,Z" "-v" "/var/lib/crater-agent-workspace/builds/worker-2-tc1/source:/opt/rustwide/workdir:ro,Z" "-v" "/var/lib/crater-agent-workspace/cargo-home:/opt/rustwide/cargo-home:ro,Z" "-v" "/var/lib/crater-agent-workspace/rustup-home:/opt/rustwide/rustup-home:ro,Z" "-e" "SOURCE_DIR=/opt/rustwide/workdir" "-e" "CARGO_TARGET_DIR=/opt/rustwide/target" "-e" "CARGO_INCREMENTAL=0" "-e" "RUST_BACKTRACE=full" "-e" "RUSTFLAGS=--cap-lints=warn" "-e" "RUSTDOCFLAGS=--cap-lints=warn" "-e" "CARGO_HOME=/opt/rustwide/cargo-home" "-e" "RUSTUP_HOME=/opt/rustwide/rustup-home" "-w" "/opt/rustwide/workdir" "-m" "1610612736" "--user" "0:0" "--network" "none" "ghcr.io/rust-lang/crates-build-env/linux@sha256:f3a9d4ad9d972b27faf3965f35b62e55ba32bbce8f20bc8fe909558a86702fde" "/opt/rustwide/cargo-home/bin/cargo" "+1.83.0" "test" "--frozen" "--no-run" "--message-format=json", kill_on_drop: false }`
[INFO] [stdout] 5455f5bb914525060d4da74c8da40246d894dfc3d8d6bbbff5e9f5dd6fefb8bc
[INFO] running `Command { std: "docker" "start" "-a" "5455f5bb914525060d4da74c8da40246d894dfc3d8d6bbbff5e9f5dd6fefb8bc", kill_on_drop: false }`
[INFO] [stderr]    Compiling bitflags v2.6.0
[INFO] [stderr]    Compiling rustix v0.38.42
[INFO] [stderr]    Compiling linux-raw-sys v0.4.14
[INFO] [stderr]    Compiling fastrand v2.3.0
[INFO] [stderr]    Compiling i18n-label-merger-cli v0.0.1 (/opt/rustwide/workdir/crates/cli_old)
[INFO] [stderr]    Compiling oxc_syntax v0.39.0
[INFO] [stdout] warning: function `run` is never used
[INFO] [stdout]    --> crates/cli_old/src/main.rs:114:4
[INFO] [stdout]     |
[INFO] [stdout] 114 | fn run() -> Result<(), Error> {
[INFO] [stdout]     |    ^^^
[INFO] [stdout]     |
[INFO] [stdout]     = note: `#[warn(dead_code)]` on by default
[INFO] [stdout] 
[INFO] [stdout] 
[INFO] [stderr]    Compiling oxc_ast v0.39.0
[INFO] [stderr]    Compiling tempfile v3.14.0
[INFO] [stderr]    Compiling oxc_ecmascript v0.39.0
[INFO] [stderr]    Compiling oxc_parser v0.39.0
[INFO] [stderr]    Compiling oxc v0.39.0
[INFO] [stderr]    Compiling next-intl-resolver v0.1.0 (/opt/rustwide/workdir/crates/resolver)
[INFO] [stderr]    Compiling next-intl-extractor-cli v0.1.1 (/opt/rustwide/workdir/crates/cli)
[INFO] [stdout] warning: field `value` is never read
[INFO] [stdout]   --> crates/cli/src/messages.rs:14:5
[INFO] [stdout]    |
[INFO] [stdout] 13 | pub struct MessageInfo {
[INFO] [stdout]    |            ----------- field in this struct
[INFO] [stdout] 14 |     value: String,
[INFO] [stdout]    |     ^^^^^
[INFO] [stdout]    |
[INFO] [stdout]    = note: `MessageInfo` has a derived impl for the trait `Clone`, but this is intentionally ignored during dead code analysis
[INFO] [stdout]    = note: `#[warn(dead_code)]` on by default
[INFO] [stdout] 
[INFO] [stdout] 
[INFO] [stderr]     Finished `test` profile [unoptimized + debuginfo] target(s) in 21.37s
[INFO] running `Command { std: "docker" "inspect" "5455f5bb914525060d4da74c8da40246d894dfc3d8d6bbbff5e9f5dd6fefb8bc", kill_on_drop: false }`
[INFO] running `Command { std: "docker" "rm" "-f" "5455f5bb914525060d4da74c8da40246d894dfc3d8d6bbbff5e9f5dd6fefb8bc", kill_on_drop: false }`
[INFO] [stdout] 5455f5bb914525060d4da74c8da40246d894dfc3d8d6bbbff5e9f5dd6fefb8bc
[INFO] running `Command { std: "docker" "create" "-v" "/var/lib/crater-agent-workspace/builds/worker-2-tc1/target:/opt/rustwide/target:rw,Z" "-v" "/var/lib/crater-agent-workspace/builds/worker-2-tc1/source:/opt/rustwide/workdir:ro,Z" "-v" "/var/lib/crater-agent-workspace/cargo-home:/opt/rustwide/cargo-home:ro,Z" "-v" "/var/lib/crater-agent-workspace/rustup-home:/opt/rustwide/rustup-home:ro,Z" "-e" "SOURCE_DIR=/opt/rustwide/workdir" "-e" "CARGO_TARGET_DIR=/opt/rustwide/target" "-e" "CARGO_INCREMENTAL=0" "-e" "RUST_BACKTRACE=full" "-e" "RUSTFLAGS=--cap-lints=warn" "-e" "RUSTDOCFLAGS=--cap-lints=warn" "-e" "CARGO_HOME=/opt/rustwide/cargo-home" "-e" "RUSTUP_HOME=/opt/rustwide/rustup-home" "-w" "/opt/rustwide/workdir" "-m" "1610612736" "--user" "0:0" "--network" "none" "ghcr.io/rust-lang/crates-build-env/linux@sha256:f3a9d4ad9d972b27faf3965f35b62e55ba32bbce8f20bc8fe909558a86702fde" "/opt/rustwide/cargo-home/bin/cargo" "+1.83.0" "test" "--frozen", kill_on_drop: false }`
[INFO] [stdout] 7b64a279d158227fe07fc80c9cd96ea38123dbaadbcaf4792ba51caf4392ba9b
[INFO] running `Command { std: "docker" "start" "-a" "7b64a279d158227fe07fc80c9cd96ea38123dbaadbcaf4792ba51caf4392ba9b", kill_on_drop: false }`
[INFO] [stderr] warning: field `value` is never read
[INFO] [stderr]   --> crates/cli/src/messages.rs:14:5
[INFO] [stderr]    |
[INFO] [stderr] 13 | pub struct MessageInfo {
[INFO] [stderr]    |            ----------- field in this struct
[INFO] [stderr] 14 |     value: String,
[INFO] [stderr]    |     ^^^^^
[INFO] [stderr]    |
[INFO] [stderr]    = note: `MessageInfo` has a derived impl for the trait `Clone`, but this is intentionally ignored during dead code analysis
[INFO] [stderr]    = note: `#[warn(dead_code)]` on by default
[INFO] [stderr] 
[INFO] [stderr] warning: function `run` is never used
[INFO] [stderr]    --> crates/cli_old/src/main.rs:114:4
[INFO] [stderr]     |
[INFO] [stderr] 114 | fn run() -> Result<(), Error> {
[INFO] [stderr]     |    ^^^
[INFO] [stderr]     |
[INFO] [stderr]     = note: `#[warn(dead_code)]` on by default
[INFO] [stderr] 
[INFO] [stderr] warning: `next-intl-extractor-cli` (bin "next-intl-extractor-cli" test) generated 1 warning
[INFO] [stderr] warning: `i18n-label-merger-cli` (bin "i18n-label-merger-cli" test) generated 1 warning
[INFO] [stderr]     Finished `test` profile [unoptimized + debuginfo] target(s) in 0.20s
[INFO] [stderr]      Running unittests src/main.rs (/opt/rustwide/target/debug/deps/i18n_label_merger_cli-0c9465e1472a930d)
[INFO] [stdout] 
[INFO] [stdout] running 0 tests
[INFO] [stdout] 
[INFO] [stderr]      Running unittests src/main.rs (/opt/rustwide/target/debug/deps/next_intl_extractor_cli-e8e4d4392a0f2a73)
[INFO] [stdout] test result: ok. 0 passed; 0 failed; 0 ignored; 0 measured; 0 filtered out; finished in 0.00s
[INFO] [stdout] 
[INFO] [stdout] 
[INFO] [stdout] running 13 tests
[INFO] [stdout] test messages::tests::test_merge_messages_with_existing_keys ... ok
[INFO] [stdout] test messages::tests::test_merge_messages_with_new_namespace ... ok
[INFO] [stdout] test messages::tests::test_remove_messages_for_file ... ok
[INFO] [stdout] test messages::tests::test_remove_messages_with_conflicts ... ok
[INFO] [stdout] test messages::tests::test_add_extracted_messages ... ok
[INFO] [stdout] test messages::tests::test_namespace_conflicts ... ok
[INFO] [stdout] test messages::tests::test_remove_nested_messages ... ok
[INFO] [stdout] test messages::tests::test_merge_messages_with_multiple_namespaces ... ok
[INFO] [stdout] test messages::tests::test_merge_messages_with_new_keys ... ok
[INFO] [stdout] test watch::tests::test_watch_file_deletion ... FAILED
[INFO] [stdout] test watch::tests::test_watch_file_modification ... FAILED
[INFO] [stdout] test watch::tests::test_watch_pattern_matching ... FAILED
[INFO] [stdout] test watch::tests::test_watch_file_creation has been running for over 60 seconds
[ERROR] error running command: no output for 300 seconds
[INFO] running `Command { std: "docker" "inspect" "7b64a279d158227fe07fc80c9cd96ea38123dbaadbcaf4792ba51caf4392ba9b", kill_on_drop: false }`
[INFO] running `Command { std: "docker" "rm" "-f" "7b64a279d158227fe07fc80c9cd96ea38123dbaadbcaf4792ba51caf4392ba9b", kill_on_drop: false }`
[INFO] [stdout] 7b64a279d158227fe07fc80c9cd96ea38123dbaadbcaf4792ba51caf4392ba9b
