[INFO] cloning repository https://github.com/bluenote-1577/skani
[INFO] running `Command { std: "git" "-c" "credential.helper=" "-c" "credential.helper=/workspace/cargo-home/bin/git-credential-null" "clone" "--bare" "https://github.com/bluenote-1577/skani" "/workspace/cache/git-repos/https%3A%2F%2Fgithub.com%2Fbluenote-1577%2Fskani", kill_on_drop: false }`
[INFO] [stderr] Cloning into bare repository '/workspace/cache/git-repos/https%3A%2F%2Fgithub.com%2Fbluenote-1577%2Fskani'...
[INFO] running `Command { std: "git" "rev-parse" "HEAD", kill_on_drop: false }`
[INFO] [stdout] fa70e98960aed691cd37d301dc98cb123c879b5d
[INFO] testing bluenote-1577/skani against 1.83.0 for beta-1.84.0-4-retry
[INFO] running `Command { std: "git" "clone" "/workspace/cache/git-repos/https%3A%2F%2Fgithub.com%2Fbluenote-1577%2Fskani" "/workspace/builds/worker-5-tc1/source", kill_on_drop: false }`
[INFO] [stderr] Cloning into '/workspace/builds/worker-5-tc1/source'...
[INFO] [stderr] done.
[INFO] validating manifest of git repo https://github.com/bluenote-1577/skani on toolchain 1.83.0
[INFO] running `Command { std: CARGO_HOME="/workspace/cargo-home" RUSTUP_HOME="/workspace/rustup-home" "/workspace/cargo-home/bin/cargo" "+1.83.0" "metadata" "--manifest-path" "Cargo.toml" "--no-deps", kill_on_drop: false }`
[INFO] started tweaking git repo https://github.com/bluenote-1577/skani
[INFO] finished tweaking git repo https://github.com/bluenote-1577/skani
[INFO] tweaked toml for git repo https://github.com/bluenote-1577/skani written to /workspace/builds/worker-5-tc1/source/Cargo.toml
[INFO] crate git repo https://github.com/bluenote-1577/skani already has a lockfile, it will not be regenerated
[INFO] running `Command { std: CARGO_HOME="/workspace/cargo-home" RUSTUP_HOME="/workspace/rustup-home" "/workspace/cargo-home/bin/cargo" "+1.83.0" "fetch" "--manifest-path" "Cargo.toml", kill_on_drop: false }`
[INFO] [stderr]     Updating crates.io index
[INFO] [stderr]     Updating git repository `https://github.com/bluenote-1577/partitions.git`
[INFO] [stderr]  Downloading crates ...
[INFO] [stderr]   Downloaded tikv-jemallocator v0.5.4
[INFO] [stderr]   Downloaded serial_test v0.10.0
[INFO] [stderr]   Downloaded wide v0.7.12
[INFO] [stderr]   Downloaded rust-lapper v1.1.0
[INFO] [stderr]   Downloaded serial_test_derive v0.10.0
[INFO] [stderr]   Downloaded bio-types v1.0.1
[INFO] [stderr]   Downloaded assert_cmd v1.0.8
[INFO] [stderr]   Downloaded editdistancek v1.0.2
[INFO] [stderr]   Downloaded gcollections v1.5.0
[INFO] [stderr]   Downloaded regex-automata v0.4.1
[INFO] [stderr]   Downloaded indexed v0.1.1
[INFO] [stderr]   Downloaded trees v0.2.1
[INFO] [stderr]   Downloaded proptest v0.8.7
[INFO] [stderr]   Downloaded gbdt v0.1.1
[INFO] [stderr]   Downloaded simple-logging v2.0.2
[INFO] [stderr]   Downloaded regex-syntax v0.8.0
[INFO] [stderr]   Downloaded reflection v0.1.3
[INFO] [stderr]   Downloaded serde_derive_internals v0.21.0
[INFO] [stderr]   Downloaded syn v0.12.15
[INFO] [stderr]   Downloaded reflection_derive v0.1.1
[INFO] [stderr]   Downloaded tsv v0.1.1
[INFO] [stderr]   Downloaded trilean v1.1.0
[INFO] [stderr]   Downloaded intervallum v1.4.0
[INFO] [stderr]   Downloaded regex v1.10.0
[INFO] [stderr]   Downloaded bio v1.4.0
[INFO] running `Command { std: "docker" "create" "-v" "/var/lib/crater-agent-workspace/builds/worker-5-tc1/target:/opt/rustwide/target:rw,Z" "-v" "/var/lib/crater-agent-workspace/builds/worker-5-tc1/source:/opt/rustwide/workdir:ro,Z" "-v" "/var/lib/crater-agent-workspace/cargo-home:/opt/rustwide/cargo-home:ro,Z" "-v" "/var/lib/crater-agent-workspace/rustup-home:/opt/rustwide/rustup-home:ro,Z" "-e" "SOURCE_DIR=/opt/rustwide/workdir" "-e" "CARGO_TARGET_DIR=/opt/rustwide/target" "-e" "CARGO_HOME=/opt/rustwide/cargo-home" "-e" "RUSTUP_HOME=/opt/rustwide/rustup-home" "-w" "/opt/rustwide/workdir" "-m" "1610612736" "--user" "0:0" "--network" "none" "ghcr.io/rust-lang/crates-build-env/linux@sha256:f3a9d4ad9d972b27faf3965f35b62e55ba32bbce8f20bc8fe909558a86702fde" "/opt/rustwide/cargo-home/bin/cargo" "+1.83.0" "metadata" "--no-deps" "--format-version=1", kill_on_drop: false }`
[INFO] [stdout] d5aa3be269aaa20729ac69cd558572c0d438cfd85a9f24cf663145bbe0cba438
[INFO] running `Command { std: "docker" "start" "-a" "d5aa3be269aaa20729ac69cd558572c0d438cfd85a9f24cf663145bbe0cba438", kill_on_drop: false }`
[INFO] running `Command { std: "docker" "inspect" "d5aa3be269aaa20729ac69cd558572c0d438cfd85a9f24cf663145bbe0cba438", kill_on_drop: false }`
[INFO] running `Command { std: "docker" "rm" "-f" "d5aa3be269aaa20729ac69cd558572c0d438cfd85a9f24cf663145bbe0cba438", kill_on_drop: false }`
[INFO] [stdout] d5aa3be269aaa20729ac69cd558572c0d438cfd85a9f24cf663145bbe0cba438
[INFO] running `Command { std: "docker" "create" "-v" "/var/lib/crater-agent-workspace/builds/worker-5-tc1/target:/opt/rustwide/target:rw,Z" "-v" "/var/lib/crater-agent-workspace/builds/worker-5-tc1/source:/opt/rustwide/workdir:ro,Z" "-v" "/var/lib/crater-agent-workspace/cargo-home:/opt/rustwide/cargo-home:ro,Z" "-v" "/var/lib/crater-agent-workspace/rustup-home:/opt/rustwide/rustup-home:ro,Z" "-e" "SOURCE_DIR=/opt/rustwide/workdir" "-e" "CARGO_TARGET_DIR=/opt/rustwide/target" "-e" "CARGO_INCREMENTAL=0" "-e" "RUST_BACKTRACE=full" "-e" "RUSTFLAGS=--cap-lints=warn" "-e" "RUSTDOCFLAGS=--cap-lints=warn" "-e" "CARGO_HOME=/opt/rustwide/cargo-home" "-e" "RUSTUP_HOME=/opt/rustwide/rustup-home" "-w" "/opt/rustwide/workdir" "-m" "1610612736" "--user" "0:0" "--network" "none" "ghcr.io/rust-lang/crates-build-env/linux@sha256:f3a9d4ad9d972b27faf3965f35b62e55ba32bbce8f20bc8fe909558a86702fde" "/opt/rustwide/cargo-home/bin/cargo" "+1.83.0" "build" "--frozen" "--message-format=json", kill_on_drop: false }`
[INFO] [stdout] 0a956cd09e84715abf9eedbcdd762c6d2798b200508f26e3d28a17e3e3ebdb70
[INFO] running `Command { std: "docker" "start" "-a" "0a956cd09e84715abf9eedbcdd762c6d2798b200508f26e3d28a17e3e3ebdb70", kill_on_drop: false }`
[INFO] [stderr]    Compiling autocfg v1.1.0
[INFO] [stderr]    Compiling proc-macro2 v1.0.69
[INFO] [stderr]    Compiling unicode-ident v1.0.12
[INFO] [stderr]    Compiling libc v0.2.149
[INFO] [stderr]    Compiling cfg-if v1.0.0
[INFO] [stderr]    Compiling libm v0.2.8
[INFO] [stderr]    Compiling rand_core v0.4.2
[INFO] [stderr]    Compiling serde v1.0.188
[INFO] [stderr]    Compiling autocfg v0.1.8
[INFO] [stderr]    Compiling memchr v2.6.4
[INFO] [stderr]    Compiling num-traits v0.2.17
[INFO] [stderr]    Compiling num-integer v0.1.45
[INFO] [stderr]    Compiling rand_core v0.3.1
[INFO] [stderr]    Compiling pkg-config v0.3.27
[INFO] [stderr]    Compiling version_check v0.9.4
[INFO] [stderr]    Compiling memoffset v0.9.0
[INFO] [stderr]    Compiling crossbeam-utils v0.8.16
[INFO] [stderr]    Compiling quote v1.0.33
[INFO] [stderr]    Compiling getrandom v0.2.10
[INFO] [stderr]    Compiling cc v1.0.83
[INFO] [stderr]    Compiling crossbeam-epoch v0.9.15
[INFO] [stderr]    Compiling syn v2.0.38
[INFO] [stderr]    Compiling syn v1.0.109
[INFO] [stderr]    Compiling rand_core v0.6.4
[INFO] [stderr]    Compiling matrixmultiply v0.3.8
[INFO] [stderr]    Compiling ppv-lite86 v0.2.17
[INFO] [stderr]    Compiling paste v1.0.14
[INFO] [stderr]    Compiling bit-vec v0.6.3
[INFO] [stderr]    Compiling bytemuck v1.14.0
[INFO] [stderr]    Compiling rustix v0.38.18
[INFO] [stderr]    Compiling lazy_static v1.4.0
[INFO] [stderr]    Compiling bit-set v0.5.3
[INFO] [stderr]    Compiling rand_chacha v0.3.1
[INFO] [stderr]    Compiling safe_arch v0.7.1
[INFO] [stderr]    Compiling num-complex v0.4.4
[INFO] [stderr]    Compiling proc-macro-error-attr v1.0.4
[INFO] [stderr]    Compiling aho-corasick v1.1.2
[INFO] [stderr]    Compiling num-rational v0.4.1
[INFO] [stderr]    Compiling typenum v1.17.0
[INFO] [stderr]    Compiling linux-raw-sys v0.4.10
[INFO] [stderr]    Compiling scopeguard v1.2.0
[INFO] [stderr]    Compiling bitflags v2.4.0
[INFO] [stderr]    Compiling regex-syntax v0.8.0
[INFO] [stderr]    Compiling rawpointer v0.2.1
[INFO] [stderr]    Compiling rustversion v1.0.14
[INFO] [stderr]    Compiling semver v0.1.20
[INFO] [stderr]    Compiling rustc_version v0.1.7
[INFO] [stderr]    Compiling wide v0.7.12
[INFO] [stderr]    Compiling serde_derive v1.0.188
[INFO] [stderr]    Compiling rand v0.8.5
[INFO] [stderr]    Compiling regex-automata v0.4.1
[INFO] [stderr]    Compiling lzma-sys v0.1.20
[INFO] [stderr]    Compiling bzip2-sys v0.1.11+1.0.8
[INFO] [stderr]    Compiling approx v0.5.1
[INFO] [stderr]    Compiling proc-macro-error v1.0.4
[INFO] [stderr]    Compiling rand_chacha v0.1.1
[INFO] [stderr]    Compiling rand_pcg v0.1.2
[INFO] [stderr]    Compiling ryu v1.0.15
[INFO] [stderr]    Compiling rayon-core v1.12.0
[INFO] [stderr]    Compiling crc32fast v1.3.2
[INFO] [stderr]    Compiling fastrand v2.0.1
[INFO] [stderr]    Compiling thiserror v1.0.49
[INFO] [stderr]    Compiling either v1.9.0
[INFO] [stderr]    Compiling byteorder v1.5.0
[INFO] [stderr]    Compiling itoa v1.0.9
[INFO] [stderr]    Compiling feature-probe v0.1.1
[INFO] [stderr]    Compiling bv v0.11.1
[INFO] [stderr]    Compiling regex v1.10.0
[INFO] [stderr]    Compiling tempfile v3.8.0
[INFO] [stderr]    Compiling simba v0.6.0
[INFO] [stderr]    Compiling nalgebra-macros v0.1.0
[INFO] [stderr]    Compiling rand_distr v0.4.3
[INFO] [stderr]    Compiling thiserror-impl v1.0.49
[INFO] [stderr]    Compiling crossbeam-deque v0.8.3
[INFO] [stderr]    Compiling newtype_derive v0.1.6
[INFO] [stderr]    Compiling wait-timeout v0.2.0
[INFO] [stderr]    Compiling rand v0.6.5
[INFO] [stderr]    Compiling indexmap v1.9.3
[INFO] [stderr]    Compiling anyhow v1.0.75
[INFO] [stderr]    Compiling heck v0.4.1
[INFO] [stderr]    Compiling quick-error v1.2.3
[INFO] [stderr]    Compiling equivalent v1.0.1
[INFO] [stderr]    Compiling fnv v1.0.7
[INFO] [stderr]    Compiling bitflags v1.3.2
[INFO] [stderr]    Compiling adler v1.0.2
[INFO] [stderr]    Compiling hashbrown v0.14.1
[INFO] [stderr]    Compiling serde_json v1.0.107
[INFO] [stderr]    Compiling miniz_oxide v0.7.1
[INFO] [stderr]    Compiling rusty-fork v0.2.2
[INFO] [stderr]    Compiling strum_macros v0.25.2
[INFO] [stderr]    Compiling indexmap v2.0.2
[INFO] [stderr]    Compiling nalgebra v0.29.0
[INFO] [stderr]    Compiling enum-map-derive v0.6.0
[INFO] [stderr]    Compiling derive-new v0.5.9
[INFO] [stderr]    Compiling rand_os v0.1.3
[INFO] [stderr]    Compiling rand v0.5.6
[INFO] [stderr]    Compiling csv-core v0.1.11
[INFO] [stderr]    Compiling rand_isaac v0.1.1
[INFO] [stderr]    Compiling rand_hc v0.1.0
[INFO] [stderr]    Compiling rand_xorshift v0.1.1
[INFO] [stderr]    Compiling rand_jitter v0.1.4
[INFO] [stderr]    Compiling os_str_bytes v6.5.1
[INFO] [stderr]    Compiling hashbrown v0.12.3
[INFO] [stderr]    Compiling fixedbitset v0.4.2
[INFO] [stderr]    Compiling regex-syntax v0.6.29
[INFO] [stderr]    Compiling bytecount v0.6.4
[INFO] [stderr]    Compiling safemem v0.3.3
[INFO] [stderr]    Compiling trilean v1.1.0
[INFO] [stderr]    Compiling buffer-redux v1.0.0
[INFO] [stderr]    Compiling gcollections v1.5.0
[INFO] [stderr]    Compiling petgraph v0.6.4
[INFO] [stderr]    Compiling clap_lex v0.2.4
[INFO] [stderr]    Compiling bio-types v1.0.1
[INFO] [stderr]    Compiling csv v1.3.0
[INFO] [stderr]    Compiling enum-map v1.1.1
[INFO] [stderr]    Compiling rayon v1.8.0
[INFO] [stderr]    Compiling proptest v0.8.7
[INFO] [stderr]    Compiling flate2 v1.0.27
[INFO] [stderr]    Compiling xz2 v0.1.7
[INFO] [stderr]    Compiling getset v0.1.2
[INFO] [stderr]    Compiling bzip2 v0.4.4
[INFO] [stderr]    Compiling vec_map v0.8.2
[INFO] [stderr]    Compiling multimap v0.8.3
[INFO] [stderr]    Compiling fxhash v0.2.1
[INFO] [stderr]    Compiling itertools v0.11.0
[INFO] [stderr]    Compiling ndarray v0.15.6
[INFO] [stderr]    Compiling itertools-num v0.1.3
[INFO] [stderr]    Compiling ordered-float v3.9.1
[INFO] [stderr]    Compiling thread-id v3.3.0
[INFO] [stderr]    Compiling atty v0.2.14
[INFO] [stderr]    Compiling textwrap v0.16.0
[INFO] [stderr]    Compiling strsim v0.10.0
[INFO] [stderr]    Compiling strum v0.25.0
[INFO] [stderr]    Compiling triple_accel v0.4.0
[INFO] [stderr]    Compiling editdistancek v1.0.2
[INFO] [stderr]    Compiling log v0.4.20
[INFO] [stderr]    Compiling custom_derive v0.1.7
[INFO] [stderr]    Compiling bit-vec v0.5.1
[INFO] [stderr]    Compiling termcolor v1.3.0
[INFO] [stderr]    Compiling cfg-if v0.1.10
[INFO] [stderr]    Compiling partitions v0.2.4 (https://github.com/bluenote-1577/partitions.git#adf36eea)
[INFO] [stderr]    Compiling clap v3.2.25
[INFO] [stderr]    Compiling simple-logging v2.0.2
[INFO] [stderr]    Compiling needletail v0.5.1
[INFO] [stderr]    Compiling gbdt v0.1.1
[INFO] [stderr]    Compiling intervallum v1.4.0
[INFO] [stderr]    Compiling statrs v0.16.0
[INFO] [stderr]    Compiling bincode v1.3.3
[INFO] [stderr]    Compiling smallvec v1.11.1
[INFO] [stderr]    Compiling bio v1.4.0
[INFO] [stderr]    Compiling rust-lapper v1.1.0
[INFO] [stderr]    Compiling fastrand v1.9.0
[INFO] [stderr]    Compiling skani v0.2.2 (/opt/rustwide/workdir)
[INFO] [stdout] warning: using `.clone()` on a double reference, which returns `&std::string::String` instead of cloning the inner type
[INFO] [stdout]    --> src/search.rs:191:65
[INFO] [stdout]     |
[INFO] [stdout] 191 | ...                   write_table.insert(original_file.clone(), ref_sketch);
[INFO] [stdout]     |                                                       ^^^^^^^^
[INFO] [stdout]     |
[INFO] [stdout]     = note: `#[warn(suspicious_double_ref_op)]` on by default
[INFO] [stdout] 
[INFO] [stdout] 
[INFO] [stderr]     Finished `dev` profile [optimized + debuginfo] target(s) in 5m 47s
[INFO] running `Command { std: "docker" "inspect" "0a956cd09e84715abf9eedbcdd762c6d2798b200508f26e3d28a17e3e3ebdb70", kill_on_drop: false }`
[INFO] running `Command { std: "docker" "rm" "-f" "0a956cd09e84715abf9eedbcdd762c6d2798b200508f26e3d28a17e3e3ebdb70", kill_on_drop: false }`
[INFO] [stdout] 0a956cd09e84715abf9eedbcdd762c6d2798b200508f26e3d28a17e3e3ebdb70
[INFO] running `Command { std: "docker" "create" "-v" "/var/lib/crater-agent-workspace/builds/worker-5-tc1/target:/opt/rustwide/target:rw,Z" "-v" "/var/lib/crater-agent-workspace/builds/worker-5-tc1/source:/opt/rustwide/workdir:ro,Z" "-v" "/var/lib/crater-agent-workspace/cargo-home:/opt/rustwide/cargo-home:ro,Z" "-v" "/var/lib/crater-agent-workspace/rustup-home:/opt/rustwide/rustup-home:ro,Z" "-e" "SOURCE_DIR=/opt/rustwide/workdir" "-e" "CARGO_TARGET_DIR=/opt/rustwide/target" "-e" "CARGO_INCREMENTAL=0" "-e" "RUST_BACKTRACE=full" "-e" "RUSTFLAGS=--cap-lints=warn" "-e" "RUSTDOCFLAGS=--cap-lints=warn" "-e" "CARGO_HOME=/opt/rustwide/cargo-home" "-e" "RUSTUP_HOME=/opt/rustwide/rustup-home" "-w" "/opt/rustwide/workdir" "-m" "1610612736" "--user" "0:0" "--network" "none" "ghcr.io/rust-lang/crates-build-env/linux@sha256:f3a9d4ad9d972b27faf3965f35b62e55ba32bbce8f20bc8fe909558a86702fde" "/opt/rustwide/cargo-home/bin/cargo" "+1.83.0" "test" "--frozen" "--no-run" "--message-format=json", kill_on_drop: false }`
[INFO] [stdout] 13965e873a8b04568f0a56be75478da954a3e9ba1816100e278d243cb652e14f
[INFO] running `Command { std: "docker" "start" "-a" "13965e873a8b04568f0a56be75478da954a3e9ba1816100e278d243cb652e14f", kill_on_drop: false }`
[INFO] [stderr]    Compiling futures-core v0.3.28
[INFO] [stderr]    Compiling slab v0.4.9
[INFO] [stderr]    Compiling unicode-xid v0.1.0
[INFO] [stderr]    Compiling futures-task v0.3.28
[INFO] [stderr]    Compiling futures-channel v0.3.28
[INFO] [stderr]    Compiling lock_api v0.4.10
[INFO] [stderr]    Compiling futures-util v0.3.28
[INFO] [stderr]    Compiling parking_lot_core v0.9.8
[INFO] [stderr]    Compiling proc-macro2 v0.2.3
[INFO] [stderr]    Compiling futures-sink v0.3.28
[INFO] [stderr]    Compiling pin-project-lite v0.2.13
[INFO] [stderr]    Compiling predicates-core v1.0.6
[INFO] [stderr]    Compiling futures-io v0.3.28
[INFO] [stderr]    Compiling pin-utils v0.1.0
[INFO] [stderr]    Compiling doc-comment v0.3.3
[INFO] [stderr]    Compiling quote v0.4.2
[INFO] [stderr]    Compiling indexed v0.1.1
[INFO] [stderr]    Compiling itertools v0.10.5
[INFO] [stderr]    Compiling syn v0.12.15
[INFO] [stderr]    Compiling trees v0.2.1
[INFO] [stderr]    Compiling difflib v0.4.0
[INFO] [stderr]    Compiling once_cell v1.18.0
[INFO] [stderr]    Compiling termtree v0.4.1
[INFO] [stderr]    Compiling regex-automata v0.1.10
[INFO] [stderr]    Compiling predicates-tree v1.0.9
[INFO] [stderr]    Compiling dashmap v5.5.3
[INFO] [stderr]    Compiling bstr v0.2.17
[INFO] [stderr]    Compiling serde_derive_internals v0.21.0
[INFO] [stderr]    Compiling parking_lot v0.12.1
[INFO] [stderr]    Compiling serial_test_derive v0.10.0
[INFO] [stderr]    Compiling reflection_derive v0.1.1
[INFO] [stderr]    Compiling reflection v0.1.3
[INFO] [stderr]    Compiling predicates v2.1.5
[INFO] [stderr]    Compiling float-cmp v0.8.0
[INFO] [stderr]    Compiling normalize-line-endings v0.3.0
[INFO] [stderr]    Compiling difference v2.0.0
[INFO] [stderr]    Compiling assert_cmd v1.0.8
[INFO] [stderr]    Compiling predicates v1.0.8
[INFO] [stderr]    Compiling tsv v0.1.1
[INFO] [stdout] warning: using `.clone()` on a double reference, which returns `&std::string::String` instead of cloning the inner type
[INFO] [stdout]    --> src/search.rs:191:65
[INFO] [stdout]     |
[INFO] [stdout] 191 | ...                   write_table.insert(original_file.clone(), ref_sketch);
[INFO] [stdout]     |                                                       ^^^^^^^^
[INFO] [stdout]     |
[INFO] [stdout]     = note: `#[warn(suspicious_double_ref_op)]` on by default
[INFO] [stdout] 
[INFO] [stdout] 
[INFO] [stderr]    Compiling futures-executor v0.3.28
[INFO] [stderr]    Compiling futures v0.3.28
[INFO] [stderr]    Compiling serial_test v0.10.0
[INFO] [stderr]    Compiling skani v0.2.2 (/opt/rustwide/workdir)
[INFO] [stdout] warning: unused import: `reflection::Reflection`
[INFO] [stdout]  --> tests/int_test_new.rs:2:5
[INFO] [stdout]   |
[INFO] [stdout] 2 | use reflection::Reflection;
[INFO] [stdout]   |     ^^^^^^^^^^^^^^^^^^^^^^
[INFO] [stdout]   |
[INFO] [stdout]   = note: `#[warn(unused_imports)]` on by default
[INFO] [stdout] 
[INFO] [stdout] 
[INFO] [stdout] warning: unused import: `std::collections::HashMap`
[INFO] [stdout]  --> tests/int_test_new.rs:3:5
[INFO] [stdout]   |
[INFO] [stdout] 3 | use std::collections::HashMap;
[INFO] [stdout]   |     ^^^^^^^^^^^^^^^^^^^^^^^^^
[INFO] [stdout] 
[INFO] [stdout] 
[INFO] [stdout] warning: unused import: `tsv::*`
[INFO] [stdout]  --> tests/int_test_new.rs:4:5
[INFO] [stdout]   |
[INFO] [stdout] 4 | use tsv::*;
[INFO] [stdout]   |     ^^^^^^
[INFO] [stdout] 
[INFO] [stdout] 
[INFO] [stdout] warning: unused import: `serial_test::serial`
[INFO] [stdout]  --> tests/int_test_new.rs:6:5
[INFO] [stdout]   |
[INFO] [stdout] 6 | use serial_test::serial;
[INFO] [stdout]   |     ^^^^^^^^^^^^^^^^^^^
[INFO] [stdout] 
[INFO] [stdout] 
[INFO] [stdout] warning: unused import: `tsv::*`
[INFO] [stdout]  --> tests/integration_test.rs:2:5
[INFO] [stdout]   |
[INFO] [stdout] 2 | use tsv::*;
[INFO] [stdout]   |     ^^^^^^
[INFO] [stdout]   |
[INFO] [stdout]   = note: `#[warn(unused_imports)]` on by default
[INFO] [stdout] 
[INFO] [stdout] 
[INFO] [stdout] warning: function `fast_NNN_test_code` should have a snake case name
[INFO] [stdout]    --> tests/tests.rs:147:4
[INFO] [stdout]     |
[INFO] [stdout] 147 | fn fast_NNN_test_code(){
[INFO] [stdout]     |    ^^^^^^^^^^^^^^^^^^ help: convert the identifier to snake case: `fast_nnn_test_code`
[INFO] [stdout]     |
[INFO] [stdout]     = note: `#[warn(non_snake_case)]` on by default
[INFO] [stdout] 
[INFO] [stdout] 
[INFO] [stdout] warning: unused variable: `out`
[INFO] [stdout]    --> tests/integration_test.rs:667:9
[INFO] [stdout]     |
[INFO] [stdout] 667 |     let out = cmd
[INFO] [stdout]     |         ^^^ help: if this is intentional, prefix it with an underscore: `_out`
[INFO] [stdout]     |
[INFO] [stdout]     = note: `#[warn(unused_variables)]` on by default
[INFO] [stdout] 
[INFO] [stdout] 
[INFO] [stdout] warning: unused `Result` that must be used
[INFO] [stdout]   --> tests/integration_test.rs:8:5
[INFO] [stdout]    |
[INFO] [stdout] 8  | /     Command::new("rm")
[INFO] [stdout] 9  | |         .arg("-r")
[INFO] [stdout] 10 | |         .args(["./tests/results/test_sketch_dir2", "./tests/results/test_sketch_dir1","./tests/results/test_sketch_dir3", "./tests/result...
[INFO] [stdout] 11 | |         .spawn();
[INFO] [stdout]    | |________________^
[INFO] [stdout]    |
[INFO] [stdout]    = note: this `Result` may be an `Err` variant, which should be handled
[INFO] [stdout]    = note: `#[warn(unused_must_use)]` on by default
[INFO] [stdout] help: use `let _ = ...` to ignore the resulting value
[INFO] [stdout]    |
[INFO] [stdout] 8  |     let _ = Command::new("rm")
[INFO] [stdout]    |     +++++++
[INFO] [stdout] 
[INFO] [stdout] 
[INFO] [stdout] warning: unused `Result` that must be used
[INFO] [stdout]    --> tests/integration_test.rs:517:5
[INFO] [stdout]     |
[INFO] [stdout] 517 | /     Command::new("mkdir")
[INFO] [stdout] 518 | |         .args(["./tests/results/"])
[INFO] [stdout] 519 | |         .spawn();
[INFO] [stdout]     | |________________^
[INFO] [stdout]     |
[INFO] [stdout]     = note: this `Result` may be an `Err` variant, which should be handled
[INFO] [stdout] help: use `let _ = ...` to ignore the resulting value
[INFO] [stdout]     |
[INFO] [stdout] 517 |     let _ = Command::new("mkdir")
[INFO] [stdout]     |     +++++++
[INFO] [stdout] 
[INFO] [stdout] 
[INFO] [stdout] warning: using `.clone()` on a double reference, which returns `&std::string::String` instead of cloning the inner type
[INFO] [stdout]    --> src/search.rs:191:65
[INFO] [stdout]     |
[INFO] [stdout] 191 | ...                   write_table.insert(original_file.clone(), ref_sketch);
[INFO] [stdout]     |                                                       ^^^^^^^^
[INFO] [stdout]     |
[INFO] [stdout]     = note: `#[warn(suspicious_double_ref_op)]` on by default
[INFO] [stdout] 
[INFO] [stdout] 
[INFO] [stderr]     Finished `test` profile [optimized + debuginfo] target(s) in 51.00s
[INFO] [stderr] warning: the following packages contain code that will be rejected by a future version of Rust: syn v0.12.15
[INFO] [stderr] note: to see what the problems were, use the option `--future-incompat-report`, or run `cargo report future-incompatibilities --id 1`
[INFO] running `Command { std: "docker" "inspect" "13965e873a8b04568f0a56be75478da954a3e9ba1816100e278d243cb652e14f", kill_on_drop: false }`
[INFO] running `Command { std: "docker" "rm" "-f" "13965e873a8b04568f0a56be75478da954a3e9ba1816100e278d243cb652e14f", kill_on_drop: false }`
[INFO] [stdout] 13965e873a8b04568f0a56be75478da954a3e9ba1816100e278d243cb652e14f
[INFO] running `Command { std: "docker" "create" "-v" "/var/lib/crater-agent-workspace/builds/worker-5-tc1/target:/opt/rustwide/target:rw,Z" "-v" "/var/lib/crater-agent-workspace/builds/worker-5-tc1/source:/opt/rustwide/workdir:ro,Z" "-v" "/var/lib/crater-agent-workspace/cargo-home:/opt/rustwide/cargo-home:ro,Z" "-v" "/var/lib/crater-agent-workspace/rustup-home:/opt/rustwide/rustup-home:ro,Z" "-e" "SOURCE_DIR=/opt/rustwide/workdir" "-e" "CARGO_TARGET_DIR=/opt/rustwide/target" "-e" "CARGO_INCREMENTAL=0" "-e" "RUST_BACKTRACE=full" "-e" "RUSTFLAGS=--cap-lints=warn" "-e" "RUSTDOCFLAGS=--cap-lints=warn" "-e" "CARGO_HOME=/opt/rustwide/cargo-home" "-e" "RUSTUP_HOME=/opt/rustwide/rustup-home" "-w" "/opt/rustwide/workdir" "-m" "1610612736" "--user" "0:0" "--network" "none" "ghcr.io/rust-lang/crates-build-env/linux@sha256:f3a9d4ad9d972b27faf3965f35b62e55ba32bbce8f20bc8fe909558a86702fde" "/opt/rustwide/cargo-home/bin/cargo" "+1.83.0" "test" "--frozen", kill_on_drop: false }`
[INFO] [stdout] b4ad2818353be40f64c95c9f3956628e89db034a27ac1d7ca6070220252204c6
[INFO] running `Command { std: "docker" "start" "-a" "b4ad2818353be40f64c95c9f3956628e89db034a27ac1d7ca6070220252204c6", kill_on_drop: false }`
[INFO] [stderr] warning: using `.clone()` on a double reference, which returns `&std::string::String` instead of cloning the inner type
[INFO] [stderr]    --> src/search.rs:191:65
[INFO] [stderr]     |
[INFO] [stderr] 191 | ...                   write_table.insert(original_file.clone(), ref_sketch);
[INFO] [stderr]     |                                                       ^^^^^^^^
[INFO] [stderr]     |
[INFO] [stderr]     = note: `#[warn(suspicious_double_ref_op)]` on by default
[INFO] [stderr] 
[INFO] [stderr] warning: `skani` (lib) generated 1 warning
[INFO] [stderr] warning: unused import: `tsv::*`
[INFO] [stderr]  --> tests/integration_test.rs:2:5
[INFO] [stderr]   |
[INFO] [stderr] 2 | use tsv::*;
[INFO] [stderr]   |     ^^^^^^
[INFO] [stderr]   |
[INFO] [stderr]   = note: `#[warn(unused_imports)]` on by default
[INFO] [stderr] 
[INFO] [stderr] warning: unused variable: `out`
[INFO] [stderr]    --> tests/integration_test.rs:667:9
[INFO] [stderr]     |
[INFO] [stderr] 667 |     let out = cmd
[INFO] [stderr]     |         ^^^ help: if this is intentional, prefix it with an underscore: `_out`
[INFO] [stderr]     |
[INFO] [stderr]     = note: `#[warn(unused_variables)]` on by default
[INFO] [stderr] 
[INFO] [stderr] warning: unused `Result` that must be used
[INFO] [stderr]   --> tests/integration_test.rs:8:5
[INFO] [stderr]    |
[INFO] [stderr] 8  | /     Command::new("rm")
[INFO] [stderr] 9  | |         .arg("-r")
[INFO] [stderr] 10 | |         .args(["./tests/results/test_sketch_dir2", "./tests/results/test_sketch_dir1","./tests/results/test_sketch_dir3", "./tests/result...
[INFO] [stderr] 11 | |         .spawn();
[INFO] [stderr]    | |________________^
[INFO] [stderr]    |
[INFO] [stderr]    = note: this `Result` may be an `Err` variant, which should be handled
[INFO] [stderr]    = note: `#[warn(unused_must_use)]` on by default
[INFO] [stderr] help: use `let _ = ...` to ignore the resulting value
[INFO] [stderr]    |
[INFO] [stderr] 8  |     let _ = Command::new("rm")
[INFO] [stderr]    |     +++++++
[INFO] [stderr] 
[INFO] [stderr] warning: unused `Result` that must be used
[INFO] [stderr]    --> tests/integration_test.rs:517:5
[INFO] [stderr]     |
[INFO] [stderr] 517 | /     Command::new("mkdir")
[INFO] [stderr] 518 | |         .args(["./tests/results/"])
[INFO] [stderr] 519 | |         .spawn();
[INFO] [stderr]     | |________________^
[INFO] [stderr]     |
[INFO] [stderr]     = note: this `Result` may be an `Err` variant, which should be handled
[INFO] [stderr] help: use `let _ = ...` to ignore the resulting value
[INFO] [stderr]     |
[INFO] [stderr] 517 |     let _ = Command::new("mkdir")
[INFO] [stderr]     |     +++++++
[INFO] [stderr] 
[INFO] [stderr] warning: function `fast_NNN_test_code` should have a snake case name
[INFO] [stderr]    --> tests/tests.rs:147:4
[INFO] [stderr]     |
[INFO] [stderr] 147 | fn fast_NNN_test_code(){
[INFO] [stderr]     |    ^^^^^^^^^^^^^^^^^^ help: convert the identifier to snake case: `fast_nnn_test_code`
[INFO] [stderr]     |
[INFO] [stderr]     = note: `#[warn(non_snake_case)]` on by default
[INFO] [stderr] 
[INFO] [stderr] warning: unused import: `reflection::Reflection`
[INFO] [stderr]  --> tests/int_test_new.rs:2:5
[INFO] [stderr]   |
[INFO] [stderr] 2 | use reflection::Reflection;
[INFO] [stderr]   |     ^^^^^^^^^^^^^^^^^^^^^^
[INFO] [stderr]   |
[INFO] [stderr]   = note: `#[warn(unused_imports)]` on by default
[INFO] [stderr] 
[INFO] [stderr] warning: unused import: `std::collections::HashMap`
[INFO] [stderr]  --> tests/int_test_new.rs:3:5
[INFO] [stderr]   |
[INFO] [stderr] 3 | use std::collections::HashMap;
[INFO] [stderr]   |     ^^^^^^^^^^^^^^^^^^^^^^^^^
[INFO] [stderr] 
[INFO] [stderr] warning: unused import: `tsv::*`
[INFO] [stderr]  --> tests/int_test_new.rs:4:5
[INFO] [stderr]   |
[INFO] [stderr] 4 | use tsv::*;
[INFO] [stderr]   |     ^^^^^^
[INFO] [stderr] 
[INFO] [stderr] warning: unused import: `serial_test::serial`
[INFO] [stderr]  --> tests/int_test_new.rs:6:5
[INFO] [stderr]   |
[INFO] [stderr] 6 | use serial_test::serial;
[INFO] [stderr]   |     ^^^^^^^^^^^^^^^^^^^
[INFO] [stderr] 
[INFO] [stderr] warning: `skani` (test "integration_test") generated 4 warnings (run `cargo fix --test "integration_test"` to apply 1 suggestion)
[INFO] [stderr] warning: `skani` (test "tests") generated 1 warning
[INFO] [stderr] warning: `skani` (lib test) generated 1 warning (1 duplicate)
[INFO] [stderr] warning: `skani` (test "int_test_new") generated 4 warnings (run `cargo fix --test "int_test_new"` to apply 4 suggestions)
[INFO] [stderr]     Finished `test` profile [optimized + debuginfo] target(s) in 0.31s
[INFO] [stderr] warning: the following packages contain code that will be rejected by a future version of Rust: syn v0.12.15
[INFO] [stderr] note: to see what the problems were, use the option `--future-incompat-report`, or run `cargo report future-incompatibilities --id 1`
[INFO] [stderr]      Running unittests src/lib.rs (/opt/rustwide/target/debug/deps/skani-eb16499f50fc2521)
[INFO] [stdout] 
[INFO] [stdout] running 0 tests
[INFO] [stdout] 
[INFO] [stdout] test result: ok. 0 passed; 0 failed; 0 ignored; 0 measured; 0 filtered out; finished in 0.00s
[INFO] [stdout] 
[INFO] [stderr]      Running unittests src/main.rs (/opt/rustwide/target/debug/deps/skani-237153e1b7f994c7)
[INFO] [stdout] 
[INFO] [stdout] running 0 tests
[INFO] [stdout] 
[INFO] [stdout] test result: ok. 0 passed; 0 failed; 0 ignored; 0 measured; 0 filtered out; finished in 0.00s
[INFO] [stdout] 
[INFO] [stderr]      Running tests/int_test_new.rs (/opt/rustwide/target/debug/deps/int_test_new-8162d6d76247075b)
[INFO] [stdout] 
[INFO] [stdout] running 4 tests
[INFO] [stdout] test test_diag_triangle ... ok
[INFO] [stdout] test fast_show_degenerate_inputs ... ok
[INFO] [stdout] test fast_test_small_genomes ... ok
[INFO] [stdout] test fast_test_screen ... ok
[INFO] [stdout] 
[INFO] [stdout] test result: ok. 4 passed; 0 failed; 0 ignored; 0 measured; 0 filtered out; finished in 1.72s
[INFO] [stdout] 
[INFO] [stderr]      Running tests/integration_test.rs (/opt/rustwide/target/debug/deps/integration_test-8b42b2a58d2ef383)
[INFO] [stdout] 
[INFO] [stdout] running 3 tests
[INFO] [stderr] rm: cannot remove './tests/results/test_sketch_dir2': No such file or directory
[INFO] [stderr] rm: cannot remove './tests/results/test_sketch_dir1': No such file or directory
[INFO] [stderr] rm: cannot remove './tests/results/test_sketch_dir3': No such file or directory
[INFO] [stderr] rm: cannot remove './tests/results/test_sketch_dir': No such file or directory
[INFO] [stderr] rm: cannot remove './tests/results/test_sketch_dir_aai': No such file or directory
[INFO] [stdout] test full_test_sketch_and_search ... FAILED
[INFO] [stdout] test full_test_triangle ... FAILED
[INFO] [stderr] mkdir: cannot create directory './tests/results/': Read-only file system
[INFO] [stdout] test full_test_dist ... FAILED
[INFO] [stdout] 
[INFO] [stdout] failures:
[INFO] [stdout] 
[INFO] [stdout] ---- full_test_sketch_and_search stdout ----
[INFO] [stdout] thread 'full_test_sketch_and_search' panicked at /opt/rustwide/cargo-home/registry/src/index.crates.io-6f17d22bba15001f/assert_cmd-1.0.8/src/assert.rs:124:9:
[INFO] [stdout] Unexpected failure.
[INFO] [stdout] code-101
[INFO] [stdout] stderr=```"[00:00:00.000] (7a62c3a2b480) INFO   /opt/rustwide/target/debug/skani sketch ./test_files/e.coli-EC590.fasta ./test_files/e.coli-K12.fasta ./test_files/o157_reads.fastq ./test_files/e.coli-W.fasta.gz -o ./tests/results/test_sketch_dir1\n[00:00:00.000] (7a62c3a2b480) INFO   Sketching files...\nthread \'main\' panicked at src/sketch.rs:21:32:\ncalled `Result::unwrap()` on an `Err` value: Os { code: 30, kind: ReadOnlyFilesystem, message: \"Read-only file system\" }\nstack backtrace:\n   0:     0x6294b294413a - std::backtrace_rs::backtrace::libunwind::trace::h5a5b8284f2d0c266\n                               at /rustc/90b35a6239c3d8bdabc530a6a0816f7ff89a0aaf/library/std/src/../../backtrace/src/backtrace/libunwind.rs:116:5\n   1:     0x6294b294413a - std::backtrace_rs::backtrace::trace_unsynchronized::h76d4f1c9b0b875e3\n                               at /rustc/90b35a6239c3d8bdabc530a6a0816f7ff89a0aaf/library/std/src/../../backtrace/src/backtrace/mod.rs:66:5\n   2:     0x6294b294413a - std::sys::backtrace::_print_fmt::hc4546b8364a537c6\n                               at /rustc/90b35a6239c3d8bdabc530a6a0816f7ff89a0aaf/library/std/src/sys/backtrace.rs:66:9\n   3:     0x6294b294413a - <std::sys::backtrace::BacktraceLock::print::DisplayBacktrace as core::fmt::Display>::fmt::h5b6bd5631a6d1f6b\n                               at /rustc/90b35a6239c3d8bdabc530a6a0816f7ff89a0aaf/library/std/src/sys/backtrace.rs:39:26\n   4:     0x6294b2967803 - core::fmt::rt::Argument::fmt::h270f6602a2b96f62\n                               at /rustc/90b35a6239c3d8bdabc530a6a0816f7ff89a0aaf/library/core/src/fmt/rt.rs:177:76\n   5:     0x6294b2967803 - core::fmt::write::h7550c97b06c86515\n                               at /rustc/90b35a6239c3d8bdabc530a6a0816f7ff89a0aaf/library/core/src/fmt/mod.rs:1186:21\n   6:     0x6294b2940fb3 - std::io::Write::write_fmt::h7b09c64fe0be9c84\n                               at /rustc/90b35a6239c3d8bdabc530a6a0816f7ff89a0aaf/library/std/src/io/mod.rs:1839:15\n   7:     0x6294b2943f82 - std::sys::backtrace::BacktraceLock::print::h2395ccd2c84ba3aa\n                               at /rustc/90b35a6239c3d8bdabc530a6a0816f7ff89a0aaf/library/std/src/sys/backtrace.rs:42:9\n   8:     0x6294b294506c - std::panicking::default_hook::{{closure}}::he19d4c7230e07961\n                               at /rustc/90b35a6239c3d8bdabc530a6a0816f7ff89a0aaf/library/std/src/panicking.rs:268:22\n   9:     0x6294b2944eb2 - std::panicking::default_hook::hf614597d3c67bbdb\n                               at /rustc/90b35a6239c3d8bdabc530a6a0816f7ff89a0aaf/library/std/src/panicking.rs:295:9\n  10:     0x6294b2945647 - std::panicking::rust_panic_with_hook::h8942133a8b252070\n                               at /rustc/90b35a6239c3d8bdabc530a6a0816f7ff89a0aaf/library/std/src/panicking.rs:801:13\n  11:     0x6294b29454da - std::panicking::begin_panic_handler::{{closure}}::hb5f5963570096b29\n                               at /rustc/90b35a6239c3d8bdabc530a6a0816f7ff89a0aaf/library/std/src/panicking.rs:674:13\n  12:     0x6294b2944619 - std::sys::backtrace::__rust_end_short_backtrace::h6208cedc1922feda\n                               at /rustc/90b35a6239c3d8bdabc530a6a0816f7ff89a0aaf/library/std/src/sys/backtrace.rs:170:18\n  13:     0x6294b294516c - rust_begin_unwind\n                               at /rustc/90b35a6239c3d8bdabc530a6a0816f7ff89a0aaf/library/std/src/panicking.rs:665:5\n  14:     0x6294b27da530 - core::panicking::panic_fmt::h0c3082644d1bf418\n                               at /rustc/90b35a6239c3d8bdabc530a6a0816f7ff89a0aaf/library/core/src/panicking.rs:74:14\n  15:     0x6294b27daa16 - core::result::unwrap_failed::hd20b4aa073bda1e2\n                               at /rustc/90b35a6239c3d8bdabc530a6a0816f7ff89a0aaf/library/core/src/result.rs:1700:5\n  16:     0x6294b28391b9 - core::result::Result<T,E>::unwrap::h0ae8d44a251ec885\n                               at /rustc/90b35a6239c3d8bdabc530a6a0816f7ff89a0aaf/library/core/src/result.rs:1104:23\n  17:     0x6294b28391b9 - skani::sketch::sketch::h0cde212d7529b5d9\n                               at /opt/rustwide/workdir/src/sketch.rs:21:5\n  18:     0x6294b27e4b1f - skani::main::h6f8e981486a90334\n                               at /opt/rustwide/workdir/src/main.rs:600:9\n  19:     0x6294b27ec4b3 - core::ops::function::FnOnce::call_once::h2b171279f07ba18e\n                               at /rustc/90b35a6239c3d8bdabc530a6a0816f7ff89a0aaf/library/core/src/ops/function.rs:250:5\n  20:     0x6294b27ec4b3 - std::sys::backtrace::__rust_begin_short_backtrace::h38166edea69ea0dc\n                               at /rustc/90b35a6239c3d8bdabc530a6a0816f7ff89a0aaf/library/std/src/sys/backtrace.rs:154:18\n  21:     0x6294b27ec4a9 - std::rt::lang_start::{{closure}}::hdbe468a75b022af7\n                               at /rustc/90b35a6239c3d8bdabc530a6a0816f7ff89a0aaf/library/std/src/rt.rs:195:18\n  22:     0x6294b293abae - core::ops::function::impls::<impl core::ops::function::FnOnce<A> for &F>::call_once::hfdb85f4ee94732d3\n                               at /rustc/90b35a6239c3d8bdabc530a6a0816f7ff89a0aaf/library/core/src/ops/function.rs:284:13\n  23:     0x6294b293abae - std::panicking::try::do_call::h6e577310f330cbef\n                               at /rustc/90b35a6239c3d8bdabc530a6a0816f7ff89a0aaf/library/std/src/panicking.rs:557:40\n  24:     0x6294b293abae - std::panicking::try::ha588d438267d2645\n                               at /rustc/90b35a6239c3d8bdabc530a6a0816f7ff89a0aaf/library/std/src/panicking.rs:520:19\n  25:     0x6294b293abae - std::panic::catch_unwind::h429fda1e025f26d9\n                               at /rustc/90b35a6239c3d8bdabc530a6a0816f7ff89a0aaf/library/std/src/panic.rs:358:14\n  26:     0x6294b293abae - std::rt::lang_start_internal::{{closure}}::h7b731265e841c4bf\n                               at /rustc/90b35a6239c3d8bdabc530a6a0816f7ff89a0aaf/library/std/src/rt.rs:174:48\n  27:     0x6294b293abae - std::panicking::try::do_call::hc0f6a675b7ae5a36\n                               at /rustc/90b35a6239c3d8bdabc530a6a0816f7ff89a0aaf/library/std/src/panicking.rs:557:40\n  28:     0x6294b293abae - std::panicking::try::h4c93b7ff0671f1ff\n                               at /rustc/90b35a6239c3d8bdabc530a6a0816f7ff89a0aaf/library/std/src/panicking.rs:520:19\n  29:     0x6294b293abae - std::panic::catch_unwind::hcc1e154961d16ce6\n                               at /rustc/90b35a6239c3d8bdabc530a6a0816f7ff89a0aaf/library/std/src/panic.rs:358:14\n  30:     0x6294b293abae - std::rt::lang_start_internal::h1c66660c99c8424c\n                               at /rustc/90b35a6239c3d8bdabc530a6a0816f7ff89a0aaf/library/std/src/rt.rs:174:20\n  31:     0x6294b27e658c - main\n  32:     0x7a62c3a55d90 - <unknown>\n  33:     0x7a62c3a55e40 - __libc_start_main\n  34:     0x6294b27daed5 - _start\n  35:                0x0 - <unknown>\n"```
[INFO] [stdout] command=`"/opt/rustwide/target/debug/skani" "sketch" "./test_files/e.coli-EC590.fasta" "./test_files/e.coli-K12.fasta" "./test_files/o157_reads.fastq" "./test_files/e.coli-W.fasta.gz" "-o" "./tests/results/test_sketch_dir1"`
[INFO] [stdout] code=101
[INFO] [stdout] stdout=```""```
[INFO] [stdout] stderr=```"[00:00:00.000] (7a62c3a2b480) INFO   /opt/rustwide/target/debug/skani sketch ./test_files/e.coli-EC590.fasta ./test_files/e.coli-K12.fasta ./test_files/o157_reads.fastq ./test_files/e.coli-W.fasta.gz -o ./tests/results/test_sketch_dir1\n[00:00:00.000] (7a62c3a2b480) INFO   Sketching files...\nthread \'main\' panicked at src/sketch.rs:21:32:\ncalled `Result::unwrap()` on an `Err` value: Os { code: 30, kind: ReadOnlyFilesystem, message: \"Read-only file system\" }\nstack backtrace:\n   0:     0x6294b294413a - std::backtrace_rs::backtrace::libunwind::trace::h5a5b8284f2d0c266\n                               at /rustc/90b35a6239c3d8bdabc530a6a0816f7ff89a0aaf/library/std/src/../../backtrace/src/backtrace/libunwind.rs:116:5\n   1:     0x6294b294413a - std::backtrace_rs::backtrace::trace_unsynchronized::h76d4f1c9b0b875e3\n                               at /rustc/90b35a6239c3d8bdabc530a6a0816f7ff89a0aaf/library/std/src/../../backtrace/src/backtrace/mod.rs:66:5\n   2:     0x6294b294413a - std::sys::backtrace::_print_fmt::hc4546b8364a537c6\n                               at /rustc/90b35a6239c3d8bdabc530a6a0816f7ff89a0aaf/library/std/src/sys/backtrace.rs:66:9\n   3:     0x6294b294413a - <std::sys::backtrace::BacktraceLock::print::DisplayBacktrace as core::fmt::Display>::fmt::h5b6bd5631a6d1f6b\n                               at /rustc/90b35a6239c3d8bdabc530a6a0816f7ff89a0aaf/library/std/src/sys/backtrace.rs:39:26\n   4:     0x6294b2967803 - core::fmt::rt::Argument::fmt::h270f6602a2b96f62\n                               at /rustc/90b35a6239c3d8bdabc530a6a0816f7ff89a0aaf/library/core/src/fmt/rt.rs:177:76\n   5:     0x6294b2967803 - core::fmt::write::h7550c97b06c86515\n                               at /rustc/90b35a6239c3d8bdabc530a6a0816f7ff89a0aaf/library/core/src/fmt/mod.rs:1186:21\n   6:     0x6294b2940fb3 - std::io::Write::write_fmt::h7b09c64fe0be9c84\n                               at /rustc/90b35a6239c3d8bdabc530a6a0816f7ff89a0aaf/library/std/src/io/mod.rs:1839:15\n   7:     0x6294b2943f82 - std::sys::backtrace::BacktraceLock::print::h2395ccd2c84ba3aa\n                               at /rustc/90b35a6239c3d8bdabc530a6a0816f7ff89a0aaf/library/std/src/sys/backtrace.rs:42:9\n   8:     0x6294b294506c - std::panicking::default_hook::{{closure}}::he19d4c7230e07961\n                               at /rustc/90b35a6239c3d8bdabc530a6a0816f7ff89a0aaf/library/std/src/panicking.rs:268:22\n   9:     0x6294b2944eb2 - std::panicking::default_hook::hf614597d3c67bbdb\n                               at /rustc/90b35a6239c3d8bdabc530a6a0816f7ff89a0aaf/library/std/src/panicking.rs:295:9\n  10:     0x6294b2945647 - std::panicking::rust_panic_with_hook::h8942133a8b252070\n                               at /rustc/90b35a6239c3d8bdabc530a6a0816f7ff89a0aaf/library/std/src/panicking.rs:801:13\n  11:     0x6294b29454da - std::panicking::begin_panic_handler::{{closure}}::hb5f5963570096b29\n                               at /rustc/90b35a6239c3d8bdabc530a6a0816f7ff89a0aaf/library/std/src/panicking.rs:674:13\n  12:     0x6294b2944619 - std::sys::backtrace::__rust_end_short_backtrace::h6208cedc1922feda\n                               at /rustc/90b35a6239c3d8bdabc530a6a0816f7ff89a0aaf/library/std/src/sys/backtrace.rs:170:18\n  13:     0x6294b294516c - rust_begin_unwind\n                               at /rustc/90b35a6239c3d8bdabc530a6a0816f7ff89a0aaf/library/std/src/panicking.rs:665:5\n  14:     0x6294b27da530 - core::panicking::panic_fmt::h0c3082644d1bf418\n                               at /rustc/90b35a6239c3d8bdabc530a6a0816f7ff89a0aaf/library/core/src/panicking.rs:74:14\n  15:     0x6294b27daa16 - core::result::unwrap_failed::hd20b4aa073bda1e2\n                               at /rustc/90b35a6239c3d8bdabc530a6a0816f7ff89a0aaf/library/core/src/result.rs:1700:5\n  16:     0x6294b28391b9 - core::result::Result<T,E>::unwrap::h0ae8d44a251ec885\n                               at /rustc/90b35a6239c3d8bdabc530a6a0816f7ff89a0aaf/library/core/src/result.rs:1104:23\n  17:     0x6294b28391b9 - skani::sketch::sketch::h0cde212d7529b5d9\n                               at /opt/rustwide/workdir/src/sketch.rs:21:5\n  18:     0x6294b27e4b1f - skani::main::h6f8e981486a90334\n                               at /opt/rustwide/workdir/src/main.rs:600:9\n  19:     0x6294b27ec4b3 - core::ops::function::FnOnce::call_once::h2b171279f07ba18e\n                               at /rustc/90b35a6239c3d8bdabc530a6a0816f7ff89a0aaf/library/core/src/ops/function.rs:250:5\n  20:     0x6294b27ec4b3 - std::sys::backtrace::__rust_begin_short_backtrace::h38166edea69ea0dc\n                               at /rustc/90b35a6239c3d8bdabc530a6a0816f7ff89a0aaf/library/std/src/sys/backtrace.rs:154:18\n  21:     0x6294b27ec4a9 - std::rt::lang_start::{{closure}}::hdbe468a75b022af7\n                               at /rustc/90b35a6239c3d8bdabc530a6a0816f7ff89a0aaf/library/std/src/rt.rs:195:18\n  22:     0x6294b293abae - core::ops::function::impls::<impl core::ops::function::FnOnce<A> for &F>::call_once::hfdb85f4ee94732d3\n                               at /rustc/90b35a6239c3d8bdabc530a6a0816f7ff89a0aaf/library/core/src/ops/function.rs:284:13\n  23:     0x6294b293abae - std::panicking::try::do_call::h6e577310f330cbef\n                               at /rustc/90b35a6239c3d8bdabc530a6a0816f7ff89a0aaf/library/std/src/panicking.rs:557:40\n  24:     0x6294b293abae - std::panicking::try::ha588d438267d2645\n                               at /rustc/90b35a6239c3d8bdabc530a6a0816f7ff89a0aaf/library/std/src/panicking.rs:520:19\n  25:     0x6294b293abae - std::panic::catch_unwind::h429fda1e025f26d9\n                               at /rustc/90b35a6239c3d8bdabc530a6a0816f7ff89a0aaf/library/std/src/panic.rs:358:14\n  26:     0x6294b293abae - std::rt::lang_start_internal::{{closure}}::h7b731265e841c4bf\n                               at /rustc/90b35a6239c3d8bdabc530a6a0816f7ff89a0aaf/library/std/src/rt.rs:174:48\n  27:     0x6294b293abae - std::panicking::try::do_call::hc0f6a675b7ae5a36\n                               at /rustc/90b35a6239c3d8bdabc530a6a0816f7ff89a0aaf/library/std/src/panicking.rs:557:40\n  28:     0x6294b293abae - std::panicking::try::h4c93b7ff0671f1ff\n                               at /rustc/90b35a6239c3d8bdabc530a6a0816f7ff89a0aaf/library/std/src/panicking.rs:520:19\n  29:     0x6294b293abae - std::panic::catch_unwind::hcc1e154961d16ce6\n                               at /rustc/90b35a6239c3d8bdabc530a6a0816f7ff89a0aaf/library/std/src/panic.rs:358:14\n  30:     0x6294b293abae - std::rt::lang_start_internal::h1c66660c99c8424c\n                               at /rustc/90b35a6239c3d8bdabc530a6a0816f7ff89a0aaf/library/std/src/rt.rs:174:20\n  31:     0x6294b27e658c - main\n  32:     0x7a62c3a55d90 - <unknown>\n  33:     0x7a62c3a55e40 - __libc_start_main\n  34:     0x6294b27daed5 - _start\n  35:                0x0 - <unknown>\n"```
[INFO] [stdout] 
[INFO] [stdout] stack backtrace:
[INFO] [stdout]    0:     0x5a4a353e111a - std::backtrace_rs::backtrace::libunwind::trace::h5a5b8284f2d0c266
[INFO] [stdout]                                at /rustc/90b35a6239c3d8bdabc530a6a0816f7ff89a0aaf/library/std/src/../../backtrace/src/backtrace/libunwind.rs:116:5
[INFO] [stdout]    1:     0x5a4a353e111a - std::backtrace_rs::backtrace::trace_unsynchronized::h76d4f1c9b0b875e3
[INFO] [stdout]                                at /rustc/90b35a6239c3d8bdabc530a6a0816f7ff89a0aaf/library/std/src/../../backtrace/src/backtrace/mod.rs:66:5
[INFO] [stdout]    2:     0x5a4a353e111a - std::sys::backtrace::_print_fmt::hc4546b8364a537c6
[INFO] [stdout]                                at /rustc/90b35a6239c3d8bdabc530a6a0816f7ff89a0aaf/library/std/src/sys/backtrace.rs:66:9
[INFO] [stdout]    3:     0x5a4a353e111a - <std::sys::backtrace::BacktraceLock::print::DisplayBacktrace as core::fmt::Display>::fmt::h5b6bd5631a6d1f6b
[INFO] [stdout]                                at /rustc/90b35a6239c3d8bdabc530a6a0816f7ff89a0aaf/library/std/src/sys/backtrace.rs:39:26
[INFO] [stdout]    4:     0x5a4a35408193 - core::fmt::rt::Argument::fmt::h270f6602a2b96f62
[INFO] [stdout]                                at /rustc/90b35a6239c3d8bdabc530a6a0816f7ff89a0aaf/library/core/src/fmt/rt.rs:177:76
[INFO] [stdout]    5:     0x5a4a35408193 - core::fmt::write::h7550c97b06c86515
[INFO] [stdout]                                at /rustc/90b35a6239c3d8bdabc530a6a0816f7ff89a0aaf/library/core/src/fmt/mod.rs:1186:21
[INFO] [stdout]    6:     0x5a4a353ddec3 - std::io::Write::write_fmt::h509ff860e5956e5e
[INFO] [stdout]                                at /rustc/90b35a6239c3d8bdabc530a6a0816f7ff89a0aaf/library/std/src/io/mod.rs:1839:15
[INFO] [stdout]    7:     0x5a4a353e0f62 - std::sys::backtrace::BacktraceLock::print::h2395ccd2c84ba3aa
[INFO] [stdout]                                at /rustc/90b35a6239c3d8bdabc530a6a0816f7ff89a0aaf/library/std/src/sys/backtrace.rs:42:9
[INFO] [stdout]    8:     0x5a4a353e25fa - std::panicking::default_hook::{{closure}}::he19d4c7230e07961
[INFO] [stdout]                                at /rustc/90b35a6239c3d8bdabc530a6a0816f7ff89a0aaf/library/std/src/panicking.rs:268:22
[INFO] [stdout]    9:     0x5a4a353e2404 - std::panicking::default_hook::hf614597d3c67bbdb
[INFO] [stdout]                                at /rustc/90b35a6239c3d8bdabc530a6a0816f7ff89a0aaf/library/std/src/panicking.rs:292:9
[INFO] [stdout]   10:     0x5a4a353a3de9 - <alloc::boxed::Box<F,A> as core::ops::function::Fn<Args>>::call::h39b51ce4599c23d1
[INFO] [stdout]                                at /rustc/90b35a6239c3d8bdabc530a6a0816f7ff89a0aaf/library/alloc/src/boxed.rs:2468:9
[INFO] [stdout]   11:     0x5a4a353a3de9 - test::test_main::{{closure}}::he977ae839a582784
[INFO] [stdout]                                at /rustc/90b35a6239c3d8bdabc530a6a0816f7ff89a0aaf/library/test/src/lib.rs:133:21
[INFO] [stdout]   12:     0x5a4a353e2c98 - <alloc::boxed::Box<F,A> as core::ops::function::Fn<Args>>::call::h9455091b6b06f9fb
[INFO] [stdout]                                at /rustc/90b35a6239c3d8bdabc530a6a0816f7ff89a0aaf/library/alloc/src/boxed.rs:2468:9
[INFO] [stdout]   13:     0x5a4a353e2c98 - std::panicking::rust_panic_with_hook::h8942133a8b252070
[INFO] [stdout]                                at /rustc/90b35a6239c3d8bdabc530a6a0816f7ff89a0aaf/library/std/src/panicking.rs:809:13
[INFO] [stdout]   14:     0x5a4a353e2a5a - std::panicking::begin_panic_handler::{{closure}}::hb5f5963570096b29
[INFO] [stdout]                                at /rustc/90b35a6239c3d8bdabc530a6a0816f7ff89a0aaf/library/std/src/panicking.rs:674:13
[INFO] [stdout]   15:     0x5a4a353e15f9 - std::sys::backtrace::__rust_end_short_backtrace::h6208cedc1922feda
[INFO] [stdout]                                at /rustc/90b35a6239c3d8bdabc530a6a0816f7ff89a0aaf/library/std/src/sys/backtrace.rs:170:18
[INFO] [stdout]   16:     0x5a4a353e26ec - rust_begin_unwind
[INFO] [stdout]                                at /rustc/90b35a6239c3d8bdabc530a6a0816f7ff89a0aaf/library/std/src/panicking.rs:665:5
[INFO] [stdout]   17:     0x5a4a3535c020 - core::panicking::panic_fmt::h0c3082644d1bf418
[INFO] [stdout]                                at /rustc/90b35a6239c3d8bdabc530a6a0816f7ff89a0aaf/library/core/src/panicking.rs:74:14
[INFO] [stdout]   18:     0x5a4a353ae3ca - core::panicking::panic_display::h8ca7354cfe191005
[INFO] [stdout]                                at /rustc/90b35a6239c3d8bdabc530a6a0816f7ff89a0aaf/library/core/src/panicking.rs:264:5
[INFO] [stdout]   19:     0x5a4a353ae3ca - assert_cmd::assert::AssertError::panic::h8356b569a05fb9e4
[INFO] [stdout]                                at /rustc/90b35a6239c3d8bdabc530a6a0816f7ff89a0aaf/library/std/src/panic.rs:225:9
[INFO] [stdout]   20:     0x5a4a353ae3ca - core::ops::function::FnOnce::call_once::hf068076526105620
[INFO] [stdout]                                at /rustc/90b35a6239c3d8bdabc530a6a0816f7ff89a0aaf/library/core/src/ops/function.rs:250:5
[INFO] [stdout]   21:     0x5a4a353af4d9 - core::result::Result<T,E>::unwrap_or_else::he185fd9960d466a3
[INFO] [stdout]                                at /rustc/90b35a6239c3d8bdabc530a6a0816f7ff89a0aaf/library/core/src/result.rs:1458:23
[INFO] [stdout]   22:     0x5a4a353af4d9 - assert_cmd::assert::Assert::success::h34cc5ac2661e505f
[INFO] [stdout]                                at /opt/rustwide/cargo-home/registry/src/index.crates.io-6f17d22bba15001f/assert_cmd-1.0.8/src/assert.rs:249:28
[INFO] [stdout]   23:     0x5a4a3535fc6b - integration_test::full_test_sketch_and_search::h4b48d74b1f26da34
[INFO] [stdout]                                at /opt/rustwide/workdir/tests/integration_test.rs:22:5
[INFO] [stdout]   24:     0x5a4a3535e3a9 - integration_test::full_test_sketch_and_search::{{closure}}::h605469ba00802bab
[INFO] [stdout]                                at /opt/rustwide/workdir/tests/integration_test.rs:7:33
[INFO] [stdout]   25:     0x5a4a3535e3a9 - core::ops::function::FnOnce::call_once::h9b46015acc062757
[INFO] [stdout]                                at /rustc/90b35a6239c3d8bdabc530a6a0816f7ff89a0aaf/library/core/src/ops/function.rs:250:5
[INFO] [stdout]   26:     0x5a4a353a87ab - core::ops::function::FnOnce::call_once::h109cf8051a59b34e
[INFO] [stdout]                                at /rustc/90b35a6239c3d8bdabc530a6a0816f7ff89a0aaf/library/core/src/ops/function.rs:250:5
[INFO] [stdout]   27:     0x5a4a353a87ab - test::__rust_begin_short_backtrace::hf4fff89d377446ba
[INFO] [stdout]                                at /rustc/90b35a6239c3d8bdabc530a6a0816f7ff89a0aaf/library/test/src/lib.rs:621:18
[INFO] [stdout]   28:     0x5a4a353a7fe7 - test::run_test_in_process::{{closure}}::h0e39181dd7ee5a43
[INFO] [stdout]                                at /rustc/90b35a6239c3d8bdabc530a6a0816f7ff89a0aaf/library/test/src/lib.rs:644:60
[INFO] [stdout]   29:     0x5a4a353a7fe7 - <core::panic::unwind_safe::AssertUnwindSafe<F> as core::ops::function::FnOnce<()>>::call_once::hc5a66a30f0bdfd1f
[INFO] [stdout]                                at /rustc/90b35a6239c3d8bdabc530a6a0816f7ff89a0aaf/library/core/src/panic/unwind_safe.rs:272:9
[INFO] [stdout]   30:     0x5a4a353a7fe7 - std::panicking::try::do_call::h873b7cf639554a5e
[INFO] [stdout]                                at /rustc/90b35a6239c3d8bdabc530a6a0816f7ff89a0aaf/library/std/src/panicking.rs:557:40
[INFO] [stdout]   31:     0x5a4a353a7fe7 - std::panicking::try::hdb19862fad9c8bd1
[INFO] [stdout]                                at /rustc/90b35a6239c3d8bdabc530a6a0816f7ff89a0aaf/library/std/src/panicking.rs:520:19
[INFO] [stdout]   32:     0x5a4a353a7fe7 - std::panic::catch_unwind::h281fe732d236d260
[INFO] [stdout]                                at /rustc/90b35a6239c3d8bdabc530a6a0816f7ff89a0aaf/library/std/src/panic.rs:358:14
[INFO] [stdout]   33:     0x5a4a353a7fe7 - test::run_test_in_process::h949b6df8457ed338
[INFO] [stdout]                                at /rustc/90b35a6239c3d8bdabc530a6a0816f7ff89a0aaf/library/test/src/lib.rs:644:27
[INFO] [stdout]   34:     0x5a4a353a7fe7 - test::run_test::{{closure}}::h52c556a6d4740e10
[INFO] [stdout]                                at /rustc/90b35a6239c3d8bdabc530a6a0816f7ff89a0aaf/library/test/src/lib.rs:565:43
[INFO] [stdout]   35:     0x5a4a3536d2c4 - test::run_test::{{closure}}::h4237f6381c45ccb9
[INFO] [stdout]                                at /rustc/90b35a6239c3d8bdabc530a6a0816f7ff89a0aaf/library/test/src/lib.rs:595:41
[INFO] [stdout]   36:     0x5a4a3536d2c4 - std::sys::backtrace::__rust_begin_short_backtrace::h505c97a579eca628
[INFO] [stdout]                                at /rustc/90b35a6239c3d8bdabc530a6a0816f7ff89a0aaf/library/std/src/sys/backtrace.rs:154:18
[INFO] [stdout]   37:     0x5a4a3537098e - std::thread::Builder::spawn_unchecked_::{{closure}}::{{closure}}::h9e86b2e2bc107ea3
[INFO] [stdout]                                at /rustc/90b35a6239c3d8bdabc530a6a0816f7ff89a0aaf/library/std/src/thread/mod.rs:538:17
[INFO] [stdout]   38:     0x5a4a3537098e - <core::panic::unwind_safe::AssertUnwindSafe<F> as core::ops::function::FnOnce<()>>::call_once::h8b06ddb275ff4a25
[INFO] [stdout]                                at /rustc/90b35a6239c3d8bdabc530a6a0816f7ff89a0aaf/library/core/src/panic/unwind_safe.rs:272:9
[INFO] [stdout]   39:     0x5a4a3537098e - std::panicking::try::do_call::hb26ecd7cd9a9355d
[INFO] [stdout]                                at /rustc/90b35a6239c3d8bdabc530a6a0816f7ff89a0aaf/library/std/src/panicking.rs:557:40
[INFO] [stdout]   40:     0x5a4a3537098e - std::panicking::try::h8ddeca9d705f9069
[INFO] [stdout]                                at /rustc/90b35a6239c3d8bdabc530a6a0816f7ff89a0aaf/library/std/src/panicking.rs:520:19
[INFO] [stdout]   41:     0x5a4a3537098e - std::panic::catch_unwind::h49e1c33078844c46
[INFO] [stdout]                                at /rustc/90b35a6239c3d8bdabc530a6a0816f7ff89a0aaf/library/std/src/panic.rs:358:14
[INFO] [stdout]   42:     0x5a4a3537098e - std::thread::Builder::spawn_unchecked_::{{closure}}::h6073db6ff56ad35d
[INFO] [stdout]                                at /rustc/90b35a6239c3d8bdabc530a6a0816f7ff89a0aaf/library/std/src/thread/mod.rs:537:30
[INFO] [stdout]   43:     0x5a4a3537098e - core::ops::function::FnOnce::call_once{{vtable.shim}}::h2c5a5f3779c774f1
[INFO] [stdout]                                at /rustc/90b35a6239c3d8bdabc530a6a0816f7ff89a0aaf/library/core/src/ops/function.rs:250:5
[INFO] [stdout]   44:     0x5a4a353e73cb - <alloc::boxed::Box<F,A> as core::ops::function::FnOnce<Args>>::call_once::hf75717d9f28faebf
[INFO] [stdout]                                at /rustc/90b35a6239c3d8bdabc530a6a0816f7ff89a0aaf/library/alloc/src/boxed.rs:2454:9
[INFO] [stdout]   45:     0x5a4a353e73cb - <alloc::boxed::Box<F,A> as core::ops::function::FnOnce<Args>>::call_once::h7bd883a5f3c5f3c1
[INFO] [stdout]                                at /rustc/90b35a6239c3d8bdabc530a6a0816f7ff89a0aaf/library/alloc/src/boxed.rs:2454:9
[INFO] [stdout]   46:     0x5a4a353e73cb - std::sys::pal::unix::thread::Thread::new::thread_start::hcc78f3943333fa94
[INFO] [stdout]                                at /rustc/90b35a6239c3d8bdabc530a6a0816f7ff89a0aaf/library/std/src/sys/pal/unix/thread.rs:105:17
[INFO] [stdout]   47:     0x7dc4b1c90ac3 - <unknown>
[INFO] [stdout]   48:     0x7dc4b1d21a04 - clone
[INFO] [stdout]   49:                0x0 - <unknown>
[INFO] [stdout] 
[INFO] [stdout] ---- full_test_triangle stdout ----
[INFO] [stdout] thread 'full_test_triangle' panicked at /opt/rustwide/cargo-home/registry/src/index.crates.io-6f17d22bba15001f/assert_cmd-1.0.8/src/assert.rs:124:9:
[INFO] [stdout] Unexpected failure.
[INFO] [stdout] code-101
[INFO] [stdout] stderr=```"[00:00:00.000] (759ecc57f480) INFO   /opt/rustwide/target/debug/skani triangle ./test_files/e.coli-EC590.fasta ./test_files/e.coli-W.fasta.gz -s 0.9 --robust -k 13\n[00:00:00.224] (759ecc57f480) INFO   Learned ANI mode detected. ANI may be adjusted according to a regression model trained on MAGs.\nthread \'main\' panicked at src/file_io.rs:423:68:\ncalled `Result::unwrap()` on an `Err` value: Os { code: 30, kind: ReadOnlyFilesystem, message: \"Read-only file system\" }\nstack backtrace:\n   0:     0x62165cdc013a - std::backtrace_rs::backtrace::libunwind::trace::h5a5b8284f2d0c266\n                               at /rustc/90b35a6239c3d8bdabc530a6a0816f7ff89a0aaf/library/std/src/../../backtrace/src/backtrace/libunwind.rs:116:5\n   1:     0x62165cdc013a - std::backtrace_rs::backtrace::trace_unsynchronized::h76d4f1c9b0b875e3\n                               at /rustc/90b35a6239c3d8bdabc530a6a0816f7ff89a0aaf/library/std/src/../../backtrace/src/backtrace/mod.rs:66:5\n   2:     0x62165cdc013a - std::sys::backtrace::_print_fmt::hc4546b8364a537c6\n                               at /rustc/90b35a6239c3d8bdabc530a6a0816f7ff89a0aaf/library/std/src/sys/backtrace.rs:66:9\n   3:     0x62165cdc013a - <std::sys::backtrace::BacktraceLock::print::DisplayBacktrace as core::fmt::Display>::fmt::h5b6bd5631a6d1f6b\n                               at /rustc/90b35a6239c3d8bdabc530a6a0816f7ff89a0aaf/library/std/src/sys/backtrace.rs:39:26\n   4:     0x62165cde3803 - core::fmt::rt::Argument::fmt::h270f6602a2b96f62\n                               at /rustc/90b35a6239c3d8bdabc530a6a0816f7ff89a0aaf/library/core/src/fmt/rt.rs:177:76\n   5:     0x62165cde3803 - core::fmt::write::h7550c97b06c86515\n                               at /rustc/90b35a6239c3d8bdabc530a6a0816f7ff89a0aaf/library/core/src/fmt/mod.rs:1186:21\n   6:     0x62165cdbcfb3 - std::io::Write::write_fmt::h7b09c64fe0be9c84\n                               at /rustc/90b35a6239c3d8bdabc530a6a0816f7ff89a0aaf/library/std/src/io/mod.rs:1839:15\n   7:     0x62165cdbff82 - std::sys::backtrace::BacktraceLock::print::h2395ccd2c84ba3aa\n                               at /rustc/90b35a6239c3d8bdabc530a6a0816f7ff89a0aaf/library/std/src/sys/backtrace.rs:42:9\n   8:     0x62165cdc106c - std::panicking::default_hook::{{closure}}::he19d4c7230e07961\n                               at /rustc/90b35a6239c3d8bdabc530a6a0816f7ff89a0aaf/library/std/src/panicking.rs:268:22\n   9:     0x62165cdc0eb2 - std::panicking::default_hook::hf614597d3c67bbdb\n                               at /rustc/90b35a6239c3d8bdabc530a6a0816f7ff89a0aaf/library/std/src/panicking.rs:295:9\n  10:     0x62165cdc1647 - std::panicking::rust_panic_with_hook::h8942133a8b252070\n                               at /rustc/90b35a6239c3d8bdabc530a6a0816f7ff89a0aaf/library/std/src/panicking.rs:801:13\n  11:     0x62165cdc14da - std::panicking::begin_panic_handler::{{closure}}::hb5f5963570096b29\n                               at /rustc/90b35a6239c3d8bdabc530a6a0816f7ff89a0aaf/library/std/src/panicking.rs:674:13\n  12:     0x62165cdc0619 - std::sys::backtrace::__rust_end_short_backtrace::h6208cedc1922feda\n                               at /rustc/90b35a6239c3d8bdabc530a6a0816f7ff89a0aaf/library/std/src/sys/backtrace.rs:170:18\n  13:     0x62165cdc116c - rust_begin_unwind\n                               at /rustc/90b35a6239c3d8bdabc530a6a0816f7ff89a0aaf/library/std/src/panicking.rs:665:5\n  14:     0x62165cc56530 - core::panicking::panic_fmt::h0c3082644d1bf418\n                               at /rustc/90b35a6239c3d8bdabc530a6a0816f7ff89a0aaf/library/core/src/panicking.rs:74:14\n  15:     0x62165cc56a16 - core::result::unwrap_failed::hd20b4aa073bda1e2\n                               at /rustc/90b35a6239c3d8bdabc530a6a0816f7ff89a0aaf/library/core/src/result.rs:1700:5\n  16:     0x62165ccdf8ec - core::result::Result<T,E>::unwrap::hd5a6dcb2230ff9f2\n                               at /rustc/90b35a6239c3d8bdabc530a6a0816f7ff89a0aaf/library/core/src/result.rs:1104:23\n  17:     0x62165ccdf8ec - skani::file_io::write_phyllip_matrix::h2741be32ad39d74d\n                               at /opt/rustwide/workdir/src/file_io.rs:423:42\n  18:     0x62165cc8d7f3 - skani::triangle::triangle::hebc090b88fb2e874\n                               at /opt/rustwide/workdir/src/triangle.rs:150:9\n  19:     0x62165cc60c19 - skani::main::h6f8e981486a90334\n                               at /opt/rustwide/workdir/src/main.rs:606:9\n  20:     0x62165cc684b3 - core::ops::function::FnOnce::call_once::h2b171279f07ba18e\n                               at /rustc/90b35a6239c3d8bdabc530a6a0816f7ff89a0aaf/library/core/src/ops/function.rs:250:5\n  21:     0x62165cc684b3 - std::sys::backtrace::__rust_begin_short_backtrace::h38166edea69ea0dc\n                               at /rustc/90b35a6239c3d8bdabc530a6a0816f7ff89a0aaf/library/std/src/sys/backtrace.rs:154:18\n  22:     0x62165cc684a9 - std::rt::lang_start::{{closure}}::hdbe468a75b022af7\n                               at /rustc/90b35a6239c3d8bdabc530a6a0816f7ff89a0aaf/library/std/src/rt.rs:195:18\n  23:     0x62165cdb6bae - core::ops::function::impls::<impl core::ops::function::FnOnce<A> for &F>::call_once::hfdb85f4ee94732d3\n                               at /rustc/90b35a6239c3d8bdabc530a6a0816f7ff89a0aaf/library/core/src/ops/function.rs:284:13\n  24:     0x62165cdb6bae - std::panicking::try::do_call::h6e577310f330cbef\n                               at /rustc/90b35a6239c3d8bdabc530a6a0816f7ff89a0aaf/library/std/src/panicking.rs:557:40\n  25:     0x62165cdb6bae - std::panicking::try::ha588d438267d2645\n                               at /rustc/90b35a6239c3d8bdabc530a6a0816f7ff89a0aaf/library/std/src/panicking.rs:520:19\n  26:     0x62165cdb6bae - std::panic::catch_unwind::h429fda1e025f26d9\n                               at /rustc/90b35a6239c3d8bdabc530a6a0816f7ff89a0aaf/library/std/src/panic.rs:358:14\n  27:     0x62165cdb6bae - std::rt::lang_start_internal::{{closure}}::h7b731265e841c4bf\n                               at /rustc/90b35a6239c3d8bdabc530a6a0816f7ff89a0aaf/library/std/src/rt.rs:174:48\n  28:     0x62165cdb6bae - std::panicking::try::do_call::hc0f6a675b7ae5a36\n                               at /rustc/90b35a6239c3d8bdabc530a6a0816f7ff89a0aaf/library/std/src/panicking.rs:557:40\n  29:     0x62165cdb6bae - std::panicking::try::h4c93b7ff0671f1ff\n                               at /rustc/90b35a6239c3d8bdabc530a6a0816f7ff89a0aaf/library/std/src/panicking.rs:520:19\n  30:     0x62165cdb6bae - std::panic::catch_unwind::hcc1e154961d16ce6\n                               at /rustc/90b35a6239c3d8bdabc530a6a0816f7ff89a0aaf/library/std/src/panic.rs:358:14\n  31:     0x62165cdb6bae - std::rt::lang_start_internal::h1c66660c99c8424c\n                               at /rustc/90b35a6239c3d8bdabc530a6a0816f7ff89a0aaf/library/std/src/rt.rs:174:20\n  32:     0x62165cc6258c - main\n  33:     0x759ecc5a9d90 - <unknown>\n  34:     0x759ecc5a9e40 - __libc_start_main\n  35:     0x62165cc56ed5 - _start\n  36:                0x0 - <unknown>\n"```
[INFO] [stdout] command=`"/opt/rustwide/target/debug/skani" "triangle" "./test_files/e.coli-EC590.fasta" "./test_files/e.coli-W.fasta.gz" "-s" "0.9" "--robust" "-k" "13"`
[INFO] [stdout] code=101
[INFO] [stdout] stdout=```"2\n./test_files/e.coli-EC590.fasta\n./test_files/e.coli-W.fasta.gz\t98.67\n"```
[INFO] [stdout] stderr=```"[00:00:00.000] (759ecc57f480) INFO   /opt/rustwide/target/debug/skani triangle ./test_files/e.coli-EC590.fasta ./test_files/e.coli-W.fasta.gz -s 0.9 --robust -k 13\n[00:00:00.224] (759ecc57f480) INFO   Learned ANI mode detected. ANI may be adjusted according to a regression model trained on MAGs.\nthread \'main\' panicked at src/file_io.rs:423:68:\ncalled `Result::unwrap()` on an `Err` value: Os { code: 30, kind: ReadOnlyFilesystem, message: \"Read-only file system\" }\nstack backtrace:\n   0:     0x62165cdc013a - std::backtrace_rs::backtrace::libunwind::trace::h5a5b8284f2d0c266\n                               at /rustc/90b35a6239c3d8bdabc530a6a0816f7ff89a0aaf/library/std/src/../../backtrace/src/backtrace/libunwind.rs:116:5\n   1:     0x62165cdc013a - std::backtrace_rs::backtrace::trace_unsynchronized::h76d4f1c9b0b875e3\n                               at /rustc/90b35a6239c3d8bdabc530a6a0816f7ff89a0aaf/library/std/src/../../backtrace/src/backtrace/mod.rs:66:5\n   2:     0x62165cdc013a - std::sys::backtrace::_print_fmt::hc4546b8364a537c6\n                               at /rustc/90b35a6239c3d8bdabc530a6a0816f7ff89a0aaf/library/std/src/sys/backtrace.rs:66:9\n   3:     0x62165cdc013a - <std::sys::backtrace::BacktraceLock::print::DisplayBacktrace as core::fmt::Display>::fmt::h5b6bd5631a6d1f6b\n                               at /rustc/90b35a6239c3d8bdabc530a6a0816f7ff89a0aaf/library/std/src/sys/backtrace.rs:39:26\n   4:     0x62165cde3803 - core::fmt::rt::Argument::fmt::h270f6602a2b96f62\n                               at /rustc/90b35a6239c3d8bdabc530a6a0816f7ff89a0aaf/library/core/src/fmt/rt.rs:177:76\n   5:     0x62165cde3803 - core::fmt::write::h7550c97b06c86515\n                               at /rustc/90b35a6239c3d8bdabc530a6a0816f7ff89a0aaf/library/core/src/fmt/mod.rs:1186:21\n   6:     0x62165cdbcfb3 - std::io::Write::write_fmt::h7b09c64fe0be9c84\n                               at /rustc/90b35a6239c3d8bdabc530a6a0816f7ff89a0aaf/library/std/src/io/mod.rs:1839:15\n   7:     0x62165cdbff82 - std::sys::backtrace::BacktraceLock::print::h2395ccd2c84ba3aa\n                               at /rustc/90b35a6239c3d8bdabc530a6a0816f7ff89a0aaf/library/std/src/sys/backtrace.rs:42:9\n   8:     0x62165cdc106c - std::panicking::default_hook::{{closure}}::he19d4c7230e07961\n                               at /rustc/90b35a6239c3d8bdabc530a6a0816f7ff89a0aaf/library/std/src/panicking.rs:268:22\n   9:     0x62165cdc0eb2 - std::panicking::default_hook::hf614597d3c67bbdb\n                               at /rustc/90b35a6239c3d8bdabc530a6a0816f7ff89a0aaf/library/std/src/panicking.rs:295:9\n  10:     0x62165cdc1647 - std::panicking::rust_panic_with_hook::h8942133a8b252070\n                               at /rustc/90b35a6239c3d8bdabc530a6a0816f7ff89a0aaf/library/std/src/panicking.rs:801:13\n  11:     0x62165cdc14da - std::panicking::begin_panic_handler::{{closure}}::hb5f5963570096b29\n                               at /rustc/90b35a6239c3d8bdabc530a6a0816f7ff89a0aaf/library/std/src/panicking.rs:674:13\n  12:     0x62165cdc0619 - std::sys::backtrace::__rust_end_short_backtrace::h6208cedc1922feda\n                               at /rustc/90b35a6239c3d8bdabc530a6a0816f7ff89a0aaf/library/std/src/sys/backtrace.rs:170:18\n  13:     0x62165cdc116c - rust_begin_unwind\n                               at /rustc/90b35a6239c3d8bdabc530a6a0816f7ff89a0aaf/library/std/src/panicking.rs:665:5\n  14:     0x62165cc56530 - core::panicking::panic_fmt::h0c3082644d1bf418\n                               at /rustc/90b35a6239c3d8bdabc530a6a0816f7ff89a0aaf/library/core/src/panicking.rs:74:14\n  15:     0x62165cc56a16 - core::result::unwrap_failed::hd20b4aa073bda1e2\n                               at /rustc/90b35a6239c3d8bdabc530a6a0816f7ff89a0aaf/library/core/src/result.rs:1700:5\n  16:     0x62165ccdf8ec - core::result::Result<T,E>::unwrap::hd5a6dcb2230ff9f2\n                               at /rustc/90b35a6239c3d8bdabc530a6a0816f7ff89a0aaf/library/core/src/result.rs:1104:23\n  17:     0x62165ccdf8ec - skani::file_io::write_phyllip_matrix::h2741be32ad39d74d\n                               at /opt/rustwide/workdir/src/file_io.rs:423:42\n  18:     0x62165cc8d7f3 - skani::triangle::triangle::hebc090b88fb2e874\n                               at /opt/rustwide/workdir/src/triangle.rs:150:9\n  19:     0x62165cc60c19 - skani::main::h6f8e981486a90334\n                               at /opt/rustwide/workdir/src/main.rs:606:9\n  20:     0x62165cc684b3 - core::ops::function::FnOnce::call_once::h2b171279f07ba18e\n                               at /rustc/90b35a6239c3d8bdabc530a6a0816f7ff89a0aaf/library/core/src/ops/function.rs:250:5\n  21:     0x62165cc684b3 - std::sys::backtrace::__rust_begin_short_backtrace::h38166edea69ea0dc\n                               at /rustc/90b35a6239c3d8bdabc530a6a0816f7ff89a0aaf/library/std/src/sys/backtrace.rs:154:18\n  22:     0x62165cc684a9 - std::rt::lang_start::{{closure}}::hdbe468a75b022af7\n                               at /rustc/90b35a6239c3d8bdabc530a6a0816f7ff89a0aaf/library/std/src/rt.rs:195:18\n  23:     0x62165cdb6bae - core::ops::function::impls::<impl core::ops::function::FnOnce<A> for &F>::call_once::hfdb85f4ee94732d3\n                               at /rustc/90b35a6239c3d8bdabc530a6a0816f7ff89a0aaf/library/core/src/ops/function.rs:284:13\n  24:     0x62165cdb6bae - std::panicking::try::do_call::h6e577310f330cbef\n                               at /rustc/90b35a6239c3d8bdabc530a6a0816f7ff89a0aaf/library/std/src/panicking.rs:557:40\n  25:     0x62165cdb6bae - std::panicking::try::ha588d438267d2645\n                               at /rustc/90b35a6239c3d8bdabc530a6a0816f7ff89a0aaf/library/std/src/panicking.rs:520:19\n  26:     0x62165cdb6bae - std::panic::catch_unwind::h429fda1e025f26d9\n                               at /rustc/90b35a6239c3d8bdabc530a6a0816f7ff89a0aaf/library/std/src/panic.rs:358:14\n  27:     0x62165cdb6bae - std::rt::lang_start_internal::{{closure}}::h7b731265e841c4bf\n                               at /rustc/90b35a6239c3d8bdabc530a6a0816f7ff89a0aaf/library/std/src/rt.rs:174:48\n  28:     0x62165cdb6bae - std::panicking::try::do_call::hc0f6a675b7ae5a36\n                               at /rustc/90b35a6239c3d8bdabc530a6a0816f7ff89a0aaf/library/std/src/panicking.rs:557:40\n  29:     0x62165cdb6bae - std::panicking::try::h4c93b7ff0671f1ff\n                               at /rustc/90b35a6239c3d8bdabc530a6a0816f7ff89a0aaf/library/std/src/panicking.rs:520:19\n  30:     0x62165cdb6bae - std::panic::catch_unwind::hcc1e154961d16ce6\n                               at /rustc/90b35a6239c3d8bdabc530a6a0816f7ff89a0aaf/library/std/src/panic.rs:358:14\n  31:     0x62165cdb6bae - std::rt::lang_start_internal::h1c66660c99c8424c\n                               at /rustc/90b35a6239c3d8bdabc530a6a0816f7ff89a0aaf/library/std/src/rt.rs:174:20\n  32:     0x62165cc6258c - main\n  33:     0x759ecc5a9d90 - <unknown>\n  34:     0x759ecc5a9e40 - __libc_start_main\n  35:     0x62165cc56ed5 - _start\n  36:                0x0 - <unknown>\n"```
[INFO] [stdout] 
[INFO] [stdout] stack backtrace:
[INFO] [stdout]    0:     0x5a4a353e111a - std::backtrace_rs::backtrace::libunwind::trace::h5a5b8284f2d0c266
[INFO] [stdout]                                at /rustc/90b35a6239c3d8bdabc530a6a0816f7ff89a0aaf/library/std/src/../../backtrace/src/backtrace/libunwind.rs:116:5
[INFO] [stdout]    1:     0x5a4a353e111a - std::backtrace_rs::backtrace::trace_unsynchronized::h76d4f1c9b0b875e3
[INFO] [stdout]                                at /rustc/90b35a6239c3d8bdabc530a6a0816f7ff89a0aaf/library/std/src/../../backtrace/src/backtrace/mod.rs:66:5
[INFO] [stdout]    2:     0x5a4a353e111a - std::sys::backtrace::_print_fmt::hc4546b8364a537c6
[INFO] [stdout]                                at /rustc/90b35a6239c3d8bdabc530a6a0816f7ff89a0aaf/library/std/src/sys/backtrace.rs:66:9
[INFO] [stdout]    3:     0x5a4a353e111a - <std::sys::backtrace::BacktraceLock::print::DisplayBacktrace as core::fmt::Display>::fmt::h5b6bd5631a6d1f6b
[INFO] [stdout]                                at /rustc/90b35a6239c3d8bdabc530a6a0816f7ff89a0aaf/library/std/src/sys/backtrace.rs:39:26
[INFO] [stdout]    4:     0x5a4a35408193 - core::fmt::rt::Argument::fmt::h270f6602a2b96f62
[INFO] [stdout]                                at /rustc/90b35a6239c3d8bdabc530a6a0816f7ff89a0aaf/library/core/src/fmt/rt.rs:177:76
[INFO] [stdout]    5:     0x5a4a35408193 - core::fmt::write::h7550c97b06c86515
[INFO] [stdout]                                at /rustc/90b35a6239c3d8bdabc530a6a0816f7ff89a0aaf/library/core/src/fmt/mod.rs:1186:21
[INFO] [stdout]    6:     0x5a4a353ddec3 - std::io::Write::write_fmt::h509ff860e5956e5e
[INFO] [stdout]                                at /rustc/90b35a6239c3d8bdabc530a6a0816f7ff89a0aaf/library/std/src/io/mod.rs:1839:15
[INFO] [stdout]    7:     0x5a4a353e0f62 - std::sys::backtrace::BacktraceLock::print::h2395ccd2c84ba3aa
[INFO] [stdout]                                at /rustc/90b35a6239c3d8bdabc530a6a0816f7ff89a0aaf/library/std/src/sys/backtrace.rs:42:9
[INFO] [stdout]    8:     0x5a4a353e25fa - std::panicking::default_hook::{{closure}}::he19d4c7230e07961
[INFO] [stdout]                                at /rustc/90b35a6239c3d8bdabc530a6a0816f7ff89a0aaf/library/std/src/panicking.rs:268:22
[INFO] [stdout]    9:     0x5a4a353e2404 - std::panicking::default_hook::hf614597d3c67bbdb
[INFO] [stdout]                                at /rustc/90b35a6239c3d8bdabc530a6a0816f7ff89a0aaf/library/std/src/panicking.rs:292:9
[INFO] [stdout]   10:     0x5a4a353a3de9 - <alloc::boxed::Box<F,A> as core::ops::function::Fn<Args>>::call::h39b51ce4599c23d1
[INFO] [stdout]                                at /rustc/90b35a6239c3d8bdabc530a6a0816f7ff89a0aaf/library/alloc/src/boxed.rs:2468:9
[INFO] [stdout]   11:     0x5a4a353a3de9 - test::test_main::{{closure}}::he977ae839a582784
[INFO] [stdout]                                at /rustc/90b35a6239c3d8bdabc530a6a0816f7ff89a0aaf/library/test/src/lib.rs:133:21
[INFO] [stdout]   12:     0x5a4a353e2c98 - <alloc::boxed::Box<F,A> as core::ops::function::Fn<Args>>::call::h9455091b6b06f9fb
[INFO] [stdout]                                at /rustc/90b35a6239c3d8bdabc530a6a0816f7ff89a0aaf/library/alloc/src/boxed.rs:2468:9
[INFO] [stdout]   13:     0x5a4a353e2c98 - std::panicking::rust_panic_with_hook::h8942133a8b252070
[INFO] [stdout]                                at /rustc/90b35a6239c3d8bdabc530a6a0816f7ff89a0aaf/library/std/src/panicking.rs:809:13
[INFO] [stdout]   14:     0x5a4a353e2a5a - std::panicking::begin_panic_handler::{{closure}}::hb5f5963570096b29
[INFO] [stdout]                                at /rustc/90b35a6239c3d8bdabc530a6a0816f7ff89a0aaf/library/std/src/panicking.rs:674:13
[INFO] [stdout]   15:     0x5a4a353e15f9 - std::sys::backtrace::__rust_end_short_backtrace::h6208cedc1922feda
[INFO] [stdout]                                at /rustc/90b35a6239c3d8bdabc530a6a0816f7ff89a0aaf/library/std/src/sys/backtrace.rs:170:18
[INFO] [stdout]   16:     0x5a4a353e26ec - rust_begin_unwind
[INFO] [stdout]                                at /rustc/90b35a6239c3d8bdabc530a6a0816f7ff89a0aaf/library/std/src/panicking.rs:665:5
[INFO] [stdout]   17:     0x5a4a3535c020 - core::panicking::panic_fmt::h0c3082644d1bf418
[INFO] [stdout]                                at /rustc/90b35a6239c3d8bdabc530a6a0816f7ff89a0aaf/library/core/src/panicking.rs:74:14
[INFO] [stdout]   18:     0x5a4a353ae3ca - core::panicking::panic_display::h8ca7354cfe191005
[INFO] [stdout]                                at /rustc/90b35a6239c3d8bdabc530a6a0816f7ff89a0aaf/library/core/src/panicking.rs:264:5
[INFO] [stdout]   19:     0x5a4a353ae3ca - assert_cmd::assert::AssertError::panic::h8356b569a05fb9e4
[INFO] [stdout]                                at /rustc/90b35a6239c3d8bdabc530a6a0816f7ff89a0aaf/library/std/src/panic.rs:225:9
[INFO] [stdout]   20:     0x5a4a353ae3ca - core::ops::function::FnOnce::call_once::hf068076526105620
[INFO] [stdout]                                at /rustc/90b35a6239c3d8bdabc530a6a0816f7ff89a0aaf/library/core/src/ops/function.rs:250:5
[INFO] [stdout]   21:     0x5a4a353af4d9 - core::result::Result<T,E>::unwrap_or_else::he185fd9960d466a3
[INFO] [stdout]                                at /rustc/90b35a6239c3d8bdabc530a6a0816f7ff89a0aaf/library/core/src/result.rs:1458:23
[INFO] [stdout]   22:     0x5a4a353af4d9 - assert_cmd::assert::Assert::success::h34cc5ac2661e505f
[INFO] [stdout]                                at /opt/rustwide/cargo-home/registry/src/index.crates.io-6f17d22bba15001f/assert_cmd-1.0.8/src/assert.rs:249:28
[INFO] [stdout]   23:     0x5a4a3535ca34 - integration_test::full_test_triangle::h137cc430b54fd224
[INFO] [stdout]                                at /opt/rustwide/workdir/tests/integration_test.rs:565:5
[INFO] [stdout]   24:     0x5a4a3535ca34 - integration_test::full_test_triangle::{{closure}}::h4ed2011106664866
[INFO] [stdout]                                at /opt/rustwide/workdir/tests/integration_test.rs:553:24
[INFO] [stdout]   25:     0x5a4a3535ca34 - core::ops::function::FnOnce::call_once::h1f21828753b6c402
[INFO] [stdout]                                at /rustc/90b35a6239c3d8bdabc530a6a0816f7ff89a0aaf/library/core/src/ops/function.rs:250:5
[INFO] [stdout]   26:     0x5a4a353a87ab - core::ops::function::FnOnce::call_once::h109cf8051a59b34e
[INFO] [stdout]                                at /rustc/90b35a6239c3d8bdabc530a6a0816f7ff89a0aaf/library/core/src/ops/function.rs:250:5
[INFO] [stdout]   27:     0x5a4a353a87ab - test::__rust_begin_short_backtrace::hf4fff89d377446ba
[INFO] [stdout]                                at /rustc/90b35a6239c3d8bdabc530a6a0816f7ff89a0aaf/library/test/src/lib.rs:621:18
[INFO] [stdout]   28:     0x5a4a353a7fe7 - test::run_test_in_process::{{closure}}::h0e39181dd7ee5a43
[INFO] [stdout]                                at /rustc/90b35a6239c3d8bdabc530a6a0816f7ff89a0aaf/library/test/src/lib.rs:644:60
[INFO] [stdout]   29:     0x5a4a353a7fe7 - <core::panic::unwind_safe::AssertUnwindSafe<F> as core::ops::function::FnOnce<()>>::call_once::hc5a66a30f0bdfd1f
[INFO] [stdout]                                at /rustc/90b35a6239c3d8bdabc530a6a0816f7ff89a0aaf/library/core/src/panic/unwind_safe.rs:272:9
[INFO] [stdout]   30:     0x5a4a353a7fe7 - std::panicking::try::do_call::h873b7cf639554a5e
[INFO] [stdout]                                at /rustc/90b35a6239c3d8bdabc530a6a0816f7ff89a0aaf/library/std/src/panicking.rs:557:40
[INFO] [stdout]   31:     0x5a4a353a7fe7 - std::panicking::try::hdb19862fad9c8bd1
[INFO] [stdout]                                at /rustc/90b35a6239c3d8bdabc530a6a0816f7ff89a0aaf/library/std/src/panicking.rs:520:19
[INFO] [stdout]   32:     0x5a4a353a7fe7 - std::panic::catch_unwind::h281fe732d236d260
[INFO] [stdout]                                at /rustc/90b35a6239c3d8bdabc530a6a0816f7ff89a0aaf/library/std/src/panic.rs:358:14
[INFO] [stdout]   33:     0x5a4a353a7fe7 - test::run_test_in_process::h949b6df8457ed338
[INFO] [stdout]                                at /rustc/90b35a6239c3d8bdabc530a6a0816f7ff89a0aaf/library/test/src/lib.rs:644:27
[INFO] [stdout]   34:     0x5a4a353a7fe7 - test::run_test::{{closure}}::h52c556a6d4740e10
[INFO] [stdout]                                at /rustc/90b35a6239c3d8bdabc530a6a0816f7ff89a0aaf/library/test/src/lib.rs:565:43
[INFO] [stdout]   35:     0x5a4a3536d2c4 - test::run_test::{{closure}}::h4237f6381c45ccb9
[INFO] [stdout]                                at /rustc/90b35a6239c3d8bdabc530a6a0816f7ff89a0aaf/library/test/src/lib.rs:595:41
[INFO] [stdout]   36:     0x5a4a3536d2c4 - std::sys::backtrace::__rust_begin_short_backtrace::h505c97a579eca628
[INFO] [stdout]                                at /rustc/90b35a6239c3d8bdabc530a6a0816f7ff89a0aaf/library/std/src/sys/backtrace.rs:154:18
[INFO] [stdout]   37:     0x5a4a3537098e - std::thread::Builder::spawn_unchecked_::{{closure}}::{{closure}}::h9e86b2e2bc107ea3
[INFO] [stdout]                                at /rustc/90b35a6239c3d8bdabc530a6a0816f7ff89a0aaf/library/std/src/thread/mod.rs:538:17
[INFO] [stdout]   38:     0x5a4a3537098e - <core::panic::unwind_safe::AssertUnwindSafe<F> as core::ops::function::FnOnce<()>>::call_once::h8b06ddb275ff4a25
[INFO] [stdout]                                at /rustc/90b35a6239c3d8bdabc530a6a0816f7ff89a0aaf/library/core/src/panic/unwind_safe.rs:272:9
[INFO] [stdout]   39:     0x5a4a3537098e - std::panicking::try::do_call::hb26ecd7cd9a9355d
[INFO] [stdout]                                at /rustc/90b35a6239c3d8bdabc530a6a0816f7ff89a0aaf/library/std/src/panicking.rs:557:40
[INFO] [stdout]   40:     0x5a4a3537098e - std::panicking::try::h8ddeca9d705f9069
[INFO] [stdout]                                at /rustc/90b35a6239c3d8bdabc530a6a0816f7ff89a0aaf/library/std/src/panicking.rs:520:19
[INFO] [stdout]   41:     0x5a4a3537098e - std::panic::catch_unwind::h49e1c33078844c46
[INFO] [stdout]                                at /rustc/90b35a6239c3d8bdabc530a6a0816f7ff89a0aaf/library/std/src/panic.rs:358:14
[INFO] [stdout]   42:     0x5a4a3537098e - std::thread::Builder::spawn_unchecked_::{{closure}}::h6073db6ff56ad35d
[INFO] [stdout]                                at /rustc/90b35a6239c3d8bdabc530a6a0816f7ff89a0aaf/library/std/src/thread/mod.rs:537:30
[INFO] [stdout]   43:     0x5a4a3537098e - core::ops::function::FnOnce::call_once{{vtable.shim}}::h2c5a5f3779c774f1
[INFO] [stdout]                                at /rustc/90b35a6239c3d8bdabc530a6a0816f7ff89a0aaf/library/core/src/ops/function.rs:250:5
[INFO] [stdout]   44:     0x5a4a353e73cb - <alloc::boxed::Box<F,A> as core::ops::function::FnOnce<Args>>::call_once::hf75717d9f28faebf
[INFO] [stdout]                                at /rustc/90b35a6239c3d8bdabc530a6a0816f7ff89a0aaf/library/alloc/src/boxed.rs:2454:9
[INFO] [stdout]   45:     0x5a4a353e73cb - <alloc::boxed::Box<F,A> as core::ops::function::FnOnce<Args>>::call_once::h7bd883a5f3c5f3c1
[INFO] [stdout]                                at /rustc/90b35a6239c3d8bdabc530a6a0816f7ff89a0aaf/library/alloc/src/boxed.rs:2454:9
[INFO] [stdout]   46:     0x5a4a353e73cb - std::sys::pal::unix::thread::Thread::new::thread_start::hcc78f3943333fa94
[INFO] [stdout]                                at /rustc/90b35a6239c3d8bdabc530a6a0816f7ff89a0aaf/library/std/src/sys/pal/unix/thread.rs:105:17
[INFO] [stdout]   47:     0x7dc4b1c90ac3 - <unknown>
[INFO] [stdout]   48:     0x7dc4b1d21a04 - clone
[INFO] [stdout]   49:                0x0 - <unknown>
[INFO] [stdout] 
[INFO] [stdout] ---- full_test_dist stdout ----
[INFO] [stdout] AAI E.coli test
[INFO] [stdout] Ref_file	Query_file	AAI	Align_fraction_ref	Align_fraction_query	Ref_name	Query_name
[INFO] [stdout] ./test_files/e.coli-K12.fasta	./test_files/e.coli-EC590.fasta	98.74	98.25	98.86	NC_007779.1 Escherichia coli str. K-12 substr. W3110, complete sequence	NZ_CP016182.2 Escherichia coli strain EC590 chromosome, complete genome
[INFO] [stdout] 
[INFO] [stdout] ANI E.coli test
[INFO] [stdout] Ref_file	Query_file	ANI	Align_fraction_ref	Align_fraction_query	Ref_name	Query_name
[INFO] [stdout] ./test_files/e.coli-K12.fasta	./test_files/e.coli-EC590.fasta	99.42	94.47	95.06	NC_007779.1 Escherichia coli str. K-12 substr. W3110, complete sequence	NZ_CP016182.2 Escherichia coli strain EC590 chromosome, complete genome
[INFO] [stdout] 
[INFO] [stdout] ["Ref_file", "Query_file", "AAI", "Align_fraction_ref", "Align_fraction_query", "Ref_name", "Query_name\n./test_files/MN-03.fa", "./test_files/e.coli-EC590.fasta", "84.60", "34.89", "39.64", "NZ_CP081897.1 Klebsiella pneumoniae strain MN-03 chromosome, complete genome", "NZ_CP016182.2 Escherichia coli strain EC590 chromosome, complete genome\n"]
[INFO] [stdout] AAI E.coli-klebsiella test
[INFO] [stdout] Ref_file	Query_file	AAI	Align_fraction_ref	Align_fraction_query	Ref_name	Query_name
[INFO] [stdout] ./test_files/MN-03.fa	./test_files/e.coli-EC590.fasta	84.60	34.89	39.64	NZ_CP081897.1 Klebsiella pneumoniae strain MN-03 chromosome, complete genome	NZ_CP016182.2 Escherichia coli strain EC590 chromosome, complete genome
[INFO] [stdout] 
[INFO] [stdout] ANI E.coli-klebsiella test
[INFO] [stderr] error: test failed, to rerun pass `--test integration_test`
[INFO] [stdout] Ref_file	Query_file	ANI	Align_fraction_ref	Align_fraction_query	Ref_name	Query_name
[INFO] [stdout] ./test_files/MN-03.fa	./test_files/e.coli-K12.fasta	79.68	26.21	29.59	NZ_CP081897.1 Klebsiella pneumoniae strain MN-03 chromosome, complete genome	NC_007779.1 Escherichia coli str. K-12 substr. W3110, complete sequence
[INFO] [stdout] 
[INFO] [stdout] thread 'full_test_dist' panicked at /opt/rustwide/cargo-home/registry/src/index.crates.io-6f17d22bba15001f/assert_cmd-1.0.8/src/assert.rs:124:9:
[INFO] [stdout] Unexpected failure.
[INFO] [stdout] code-101
[INFO] [stdout] stderr=```"[00:00:00.000] (7c4afb692480) INFO   /opt/rustwide/target/debug/skani dist --ri --rl ./test_files/query_list.txt --qi -q ./test_files/o157_reads.fastq ./test_files/o157_plasmid.fasta -s 0.9 --robust -o tests/results/test_dist_file.txt\n[00:00:00.000] (7c4afb200640) WARN   At least one sequence in file ./test_files/o157_reads.fastq has < 500 bp. These sequences will be skipped.\n[00:00:00.275] (7c4afb600640) WARN   At least one sequence in file ./test_files/o157_reads.fastq has < 500 bp. These sequences will be skipped.\n[00:00:00.334] (7c4afb692480) INFO   Full index option detected; generating marker hash table\n[00:00:00.336] (7c4afb692480) INFO   Full indexing time: 0.00249348\n[00:00:00.340] (7c4afb692480) INFO   Generating sketch time: 0.33995956\n[00:00:00.452] (7c4afb200640) INFO   100 query sequences processed.\n[00:00:00.563] (7c4afb200640) INFO   200 query sequences processed.\n[00:00:00.685] (7c4afb200640) INFO   300 query sequences processed.\nthread \'main\' panicked at src/file_io.rs:661:60:\ntests/results/test_dist_file.txt: Os { code: 2, kind: NotFound, message: \"No such file or directory\" }\nstack backtrace:\n   0:     0x56c114c7e13a - std::backtrace_rs::backtrace::libunwind::trace::h5a5b8284f2d0c266\n                               at /rustc/90b35a6239c3d8bdabc530a6a0816f7ff89a0aaf/library/std/src/../../backtrace/src/backtrace/libunwind.rs:116:5\n   1:     0x56c114c7e13a - std::backtrace_rs::backtrace::trace_unsynchronized::h76d4f1c9b0b875e3\n                               at /rustc/90b35a6239c3d8bdabc530a6a0816f7ff89a0aaf/library/std/src/../../backtrace/src/backtrace/mod.rs:66:5\n   2:     0x56c114c7e13a - std::sys::backtrace::_print_fmt::hc4546b8364a537c6\n                               at /rustc/90b35a6239c3d8bdabc530a6a0816f7ff89a0aaf/library/std/src/sys/backtrace.rs:66:9\n   3:     0x56c114c7e13a - <std::sys::backtrace::BacktraceLock::print::DisplayBacktrace as core::fmt::Display>::fmt::h5b6bd5631a6d1f6b\n                               at /rustc/90b35a6239c3d8bdabc530a6a0816f7ff89a0aaf/library/std/src/sys/backtrace.rs:39:26\n   4:     0x56c114ca1803 - core::fmt::rt::Argument::fmt::h270f6602a2b96f62\n                               at /rustc/90b35a6239c3d8bdabc530a6a0816f7ff89a0aaf/library/core/src/fmt/rt.rs:177:76\n   5:     0x56c114ca1803 - core::fmt::write::h7550c97b06c86515\n                               at /rustc/90b35a6239c3d8bdabc530a6a0816f7ff89a0aaf/library/core/src/fmt/mod.rs:1186:21\n   6:     0x56c114c7afb3 - std::io::Write::write_fmt::h7b09c64fe0be9c84\n                               at /rustc/90b35a6239c3d8bdabc530a6a0816f7ff89a0aaf/library/std/src/io/mod.rs:1839:15\n   7:     0x56c114c7df82 - std::sys::backtrace::BacktraceLock::print::h2395ccd2c84ba3aa\n                               at /rustc/90b35a6239c3d8bdabc530a6a0816f7ff89a0aaf/library/std/src/sys/backtrace.rs:42:9\n   8:     0x56c114c7f06c - std::panicking::default_hook::{{closure}}::he19d4c7230e07961\n                               at /rustc/90b35a6239c3d8bdabc530a6a0816f7ff89a0aaf/library/std/src/panicking.rs:268:22\n   9:     0x56c114c7eeb2 - std::panicking::default_hook::hf614597d3c67bbdb\n                               at /rustc/90b35a6239c3d8bdabc530a6a0816f7ff89a0aaf/library/std/src/panicking.rs:295:9\n  10:     0x56c114c7f647 - std::panicking::rust_panic_with_hook::h8942133a8b252070\n                               at /rustc/90b35a6239c3d8bdabc530a6a0816f7ff89a0aaf/library/std/src/panicking.rs:801:13\n  11:     0x56c114c7f4da - std::panicking::begin_panic_handler::{{closure}}::hb5f5963570096b29\n                               at /rustc/90b35a6239c3d8bdabc530a6a0816f7ff89a0aaf/library/std/src/panicking.rs:674:13\n  12:     0x56c114c7e619 - std::sys::backtrace::__rust_end_short_backtrace::h6208cedc1922feda\n                               at /rustc/90b35a6239c3d8bdabc530a6a0816f7ff89a0aaf/library/std/src/sys/backtrace.rs:170:18\n  13:     0x56c114c7f16c - rust_begin_unwind\n                               at /rustc/90b35a6239c3d8bdabc530a6a0816f7ff89a0aaf/library/std/src/panicking.rs:665:5\n  14:     0x56c114b14530 - core::panicking::panic_fmt::h0c3082644d1bf418\n                               at /rustc/90b35a6239c3d8bdabc530a6a0816f7ff89a0aaf/library/core/src/panicking.rs:74:14\n  15:     0x56c114b14a16 - core::result::unwrap_failed::hd20b4aa073bda1e2\n                               at /rustc/90b35a6239c3d8bdabc530a6a0816f7ff89a0aaf/library/core/src/result.rs:1700:5\n  16:     0x56c114ba133c - core::result::Result<T,E>::expect::hb949cf9146fa5efc\n                               at /rustc/90b35a6239c3d8bdabc530a6a0816f7ff89a0aaf/library/core/src/result.rs:1061:23\n  17:     0x56c114ba133c - skani::file_io::write_query_ref_list::h3465d29832ea7b99\n                               at /opt/rustwide/workdir/src/file_io.rs:661:37\n  18:     0x56c114b41764 - skani::dist::dist::h7c16004c934a9653\n                               at /opt/rustwide/workdir/src/dist.rs:178:5\n  19:     0x56c114b1ee38 - skani::main::h6f8e981486a90334\n                               at /opt/rustwide/workdir/src/main.rs:604:9\n  20:     0x56c114b264b3 - core::ops::function::FnOnce::call_once::h2b171279f07ba18e\n                               at /rustc/90b35a6239c3d8bdabc530a6a0816f7ff89a0aaf/library/core/src/ops/function.rs:250:5\n  21:     0x56c114b264b3 - std::sys::backtrace::__rust_begin_short_backtrace::h38166edea69ea0dc\n                               at /rustc/90b35a6239c3d8bdabc530a6a0816f7ff89a0aaf/library/std/src/sys/backtrace.rs:154:18\n  22:     0x56c114b264a9 - std::rt::lang_start::{{closure}}::hdbe468a75b022af7\n                               at /rustc/90b35a6239c3d8bdabc530a6a0816f7ff89a0aaf/library/std/src/rt.rs:195:18\n  23:     0x56c114c74bae - core::ops::function::impls::<impl core::ops::function::FnOnce<A> for &F>::call_once::hfdb85f4ee94732d3\n                               at /rustc/90b35a6239c3d8bdabc530a6a0816f7ff89a0aaf/library/core/src/ops/function.rs:284:13\n  24:     0x56c114c74bae - std::panicking::try::do_call::h6e577310f330cbef\n                               at /rustc/90b35a6239c3d8bdabc530a6a0816f7ff89a0aaf/library/std/src/panicking.rs:557:40\n  25:     0x56c114c74bae - std::panicking::try::ha588d438267d2645\n                               at /rustc/90b35a6239c3d8bdabc530a6a0816f7ff89a0aaf/library/std/src/panicking.rs:520:19\n  26:     0x56c114c74bae - std::panic::catch_unwind::h429fda1e025f26d9\n                               at /rustc/90b35a6239c3d8bdabc530a6a0816f7ff89a0aaf/library/std/src/panic.rs:358:14\n  27:     0x56c114c74bae - std::rt::lang_start_internal::{{closure}}::h7b731265e841c4bf\n                               at /rustc/90b35a6239c3d8bdabc530a6a0816f7ff89a0aaf/library/std/src/rt.rs:174:48\n  28:     0x56c114c74bae - std::panicking::try::do_call::hc0f6a675b7ae5a36\n                               at /rustc/90b35a6239c3d8bdabc530a6a0816f7ff89a0aaf/library/std/src/panicking.rs:557:40\n  29:     0x56c114c74bae - std::panicking::try::h4c93b7ff0671f1ff\n                               at /rustc/90b35a6239c3d8bdabc530a6a0816f7ff89a0aaf/library/std/src/panicking.rs:520:19\n  30:     0x56c114c74bae - std::panic::catch_unwind::hcc1e154961d16ce6\n                               at /rustc/90b35a6239c3d8bdabc530a6a0816f7ff89a0aaf/library/std/src/panic.rs:358:14\n  31:     0x56c114c74bae - std::rt::lang_start_internal::h1c66660c99c8424c\n                               at /rustc/90b35a6239c3d8bdabc530a6a0816f7ff89a0aaf/library/std/src/rt.rs:174:20\n  32:     0x56c114b2058c - main\n  33:     0x7c4afb6bcd90 - <unknown>\n  34:     0x7c4afb6bce40 - __libc_start_main\n  35:     0x56c114b14ed5 - _start\n  36:                0x0 - <unknown>\n"```
[INFO] [stdout] command=`"/opt/rustwide/target/debug/skani" "dist" "--ri" "--rl" "./test_files/query_list.txt" "--qi" "-q" "./test_files/o157_reads.fastq" "./test_files/o157_plasmid.fasta" "-s" "0.9" "--robust" "-o" "tests/results/test_dist_file.txt"`
[INFO] [stdout] code=101
[INFO] [stdout] stdout=```""```
[INFO] [stdout] stderr=```"[00:00:00.000] (7c4afb692480) INFO   /opt/rustwide/target/debug/skani dist --ri --rl ./test_files/query_list.txt --qi -q ./test_files/o157_reads.fastq ./test_files/o157_plasmid.fasta -s 0.9 --robust -o tests/results/test_dist_file.txt\n[00:00:00.000] (7c4afb200640) WARN   At least one sequence in file ./test_files/o157_reads.fastq has < 500 bp. These sequences will be skipped.\n[00:00:00.275] (7c4afb600640) WARN   At least one sequence in file ./test_files/o157_reads.fastq has < 500 bp. These sequences will be skipped.\n[00:00:00.334] (7c4afb692480) INFO   Full index option detected; generating marker hash table\n[00:00:00.336] (7c4afb692480) INFO   Full indexing time: 0.00249348\n[00:00:00.340] (7c4afb692480) INFO   Generating sketch time: 0.33995956\n[00:00:00.452] (7c4afb200640) INFO   100 query sequences processed.\n[00:00:00.563] (7c4afb200640) INFO   200 query sequences processed.\n[00:00:00.685] (7c4afb200640) INFO   300 query sequences processed.\nthread \'main\' panicked at src/file_io.rs:661:60:\ntests/results/test_dist_file.txt: Os { code: 2, kind: NotFound, message: \"No such file or directory\" }\nstack backtrace:\n   0:     0x56c114c7e13a - std::backtrace_rs::backtrace::libunwind::trace::h5a5b8284f2d0c266\n                               at /rustc/90b35a6239c3d8bdabc530a6a0816f7ff89a0aaf/library/std/src/../../backtrace/src/backtrace/libunwind.rs:116:5\n   1:     0x56c114c7e13a - std::backtrace_rs::backtrace::trace_unsynchronized::h76d4f1c9b0b875e3\n                               at /rustc/90b35a6239c3d8bdabc530a6a0816f7ff89a0aaf/library/std/src/../../backtrace/src/backtrace/mod.rs:66:5\n   2:     0x56c114c7e13a - std::sys::backtrace::_print_fmt::hc4546b8364a537c6\n                               at /rustc/90b35a6239c3d8bdabc530a6a0816f7ff89a0aaf/library/std/src/sys/backtrace.rs:66:9\n   3:     0x56c114c7e13a - <std::sys::backtrace::BacktraceLock::print::DisplayBacktrace as core::fmt::Display>::fmt::h5b6bd5631a6d1f6b\n                               at /rustc/90b35a6239c3d8bdabc530a6a0816f7ff89a0aaf/library/std/src/sys/backtrace.rs:39:26\n   4:     0x56c114ca1803 - core::fmt::rt::Argument::fmt::h270f6602a2b96f62\n                               at /rustc/90b35a6239c3d8bdabc530a6a0816f7ff89a0aaf/library/core/src/fmt/rt.rs:177:76\n   5:     0x56c114ca1803 - core::fmt::write::h7550c97b06c86515\n                               at /rustc/90b35a6239c3d8bdabc530a6a0816f7ff89a0aaf/library/core/src/fmt/mod.rs:1186:21\n   6:     0x56c114c7afb3 - std::io::Write::write_fmt::h7b09c64fe0be9c84\n                               at /rustc/90b35a6239c3d8bdabc530a6a0816f7ff89a0aaf/library/std/src/io/mod.rs:1839:15\n   7:     0x56c114c7df82 - std::sys::backtrace::BacktraceLock::print::h2395ccd2c84ba3aa\n                               at /rustc/90b35a6239c3d8bdabc530a6a0816f7ff89a0aaf/library/std/src/sys/backtrace.rs:42:9\n   8:     0x56c114c7f06c - std::panicking::default_hook::{{closure}}::he19d4c7230e07961\n                               at /rustc/90b35a6239c3d8bdabc530a6a0816f7ff89a0aaf/library/std/src/panicking.rs:268:22\n   9:     0x56c114c7eeb2 - std::panicking::default_hook::hf614597d3c67bbdb\n                               at /rustc/90b35a6239c3d8bdabc530a6a0816f7ff89a0aaf/library/std/src/panicking.rs:295:9\n  10:     0x56c114c7f647 - std::panicking::rust_panic_with_hook::h8942133a8b252070\n                               at /rustc/90b35a6239c3d8bdabc530a6a0816f7ff89a0aaf/library/std/src/panicking.rs:801:13\n  11:     0x56c114c7f4da - std::panicking::begin_panic_handler::{{closure}}::hb5f5963570096b29\n                               at /rustc/90b35a6239c3d8bdabc530a6a0816f7ff89a0aaf/library/std/src/panicking.rs:674:13\n  12:     0x56c114c7e619 - std::sys::backtrace::__rust_end_short_backtrace::h6208cedc1922feda\n                               at /rustc/90b35a6239c3d8bdabc530a6a0816f7ff89a0aaf/library/std/src/sys/backtrace.rs:170:18\n  13:     0x56c114c7f16c - rust_begin_unwind\n                               at /rustc/90b35a6239c3d8bdabc530a6a0816f7ff89a0aaf/library/std/src/panicking.rs:665:5\n  14:     0x56c114b14530 - core::panicking::panic_fmt::h0c3082644d1bf418\n                               at /rustc/90b35a6239c3d8bdabc530a6a0816f7ff89a0aaf/library/core/src/panicking.rs:74:14\n  15:     0x56c114b14a16 - core::result::unwrap_failed::hd20b4aa073bda1e2\n                               at /rustc/90b35a6239c3d8bdabc530a6a0816f7ff89a0aaf/library/core/src/result.rs:1700:5\n  16:     0x56c114ba133c - core::result::Result<T,E>::expect::hb949cf9146fa5efc\n                               at /rustc/90b35a6239c3d8bdabc530a6a0816f7ff89a0aaf/library/core/src/result.rs:1061:23\n  17:     0x56c114ba133c - skani::file_io::write_query_ref_list::h3465d29832ea7b99\n                               at /opt/rustwide/workdir/src/file_io.rs:661:37\n  18:     0x56c114b41764 - skani::dist::dist::h7c16004c934a9653\n                               at /opt/rustwide/workdir/src/dist.rs:178:5\n  19:     0x56c114b1ee38 - skani::main::h6f8e981486a90334\n                               at /opt/rustwide/workdir/src/main.rs:604:9\n  20:     0x56c114b264b3 - core::ops::function::FnOnce::call_once::h2b171279f07ba18e\n                               at /rustc/90b35a6239c3d8bdabc530a6a0816f7ff89a0aaf/library/core/src/ops/function.rs:250:5\n  21:     0x56c114b264b3 - std::sys::backtrace::__rust_begin_short_backtrace::h38166edea69ea0dc\n                               at /rustc/90b35a6239c3d8bdabc530a6a0816f7ff89a0aaf/library/std/src/sys/backtrace.rs:154:18\n  22:     0x56c114b264a9 - std::rt::lang_start::{{closure}}::hdbe468a75b022af7\n                               at /rustc/90b35a6239c3d8bdabc530a6a0816f7ff89a0aaf/library/std/src/rt.rs:195:18\n  23:     0x56c114c74bae - core::ops::function::impls::<impl core::ops::function::FnOnce<A> for &F>::call_once::hfdb85f4ee94732d3\n                               at /rustc/90b35a6239c3d8bdabc530a6a0816f7ff89a0aaf/library/core/src/ops/function.rs:284:13\n  24:     0x56c114c74bae - std::panicking::try::do_call::h6e577310f330cbef\n                               at /rustc/90b35a6239c3d8bdabc530a6a0816f7ff89a0aaf/library/std/src/panicking.rs:557:40\n  25:     0x56c114c74bae - std::panicking::try::ha588d438267d2645\n                               at /rustc/90b35a6239c3d8bdabc530a6a0816f7ff89a0aaf/library/std/src/panicking.rs:520:19\n  26:     0x56c114c74bae - std::panic::catch_unwind::h429fda1e025f26d9\n                               at /rustc/90b35a6239c3d8bdabc530a6a0816f7ff89a0aaf/library/std/src/panic.rs:358:14\n  27:     0x56c114c74bae - std::rt::lang_start_internal::{{closure}}::h7b731265e841c4bf\n                               at /rustc/90b35a6239c3d8bdabc530a6a0816f7ff89a0aaf/library/std/src/rt.rs:174:48\n  28:     0x56c114c74bae - std::panicking::try::do_call::hc0f6a675b7ae5a36\n                               at /rustc/90b35a6239c3d8bdabc530a6a0816f7ff89a0aaf/library/std/src/panicking.rs:557:40\n  29:     0x56c114c74bae - std::panicking::try::h4c93b7ff0671f1ff\n                               at /rustc/90b35a6239c3d8bdabc530a6a0816f7ff89a0aaf/library/std/src/panicking.rs:520:19\n  30:     0x56c114c74bae - std::panic::catch_unwind::hcc1e154961d16ce6\n                               at /rustc/90b35a6239c3d8bdabc530a6a0816f7ff89a0aaf/library/std/src/panic.rs:358:14\n  31:     0x56c114c74bae - std::rt::lang_start_internal::h1c66660c99c8424c\n                               at /rustc/90b35a6239c3d8bdabc530a6a0816f7ff89a0aaf/library/std/src/rt.rs:174:20\n  32:     0x56c114b2058c - main\n  33:     0x7c4afb6bcd90 - <unknown>\n  34:     0x7c4afb6bce40 - __libc_start_main\n  35:     0x56c114b14ed5 - _start\n  36:                0x0 - <unknown>\n"```
[INFO] [stdout] 
[INFO] [stdout] stack backtrace:
[INFO] [stdout]    0:     0x5a4a353e111a - std::backtrace_rs::backtrace::libunwind::trace::h5a5b8284f2d0c266
[INFO] [stdout]                                at /rustc/90b35a6239c3d8bdabc530a6a0816f7ff89a0aaf/library/std/src/../../backtrace/src/backtrace/libunwind.rs:116:5
[INFO] [stdout]    1:     0x5a4a353e111a - std::backtrace_rs::backtrace::trace_unsynchronized::h76d4f1c9b0b875e3
[INFO] [stdout]                                at /rustc/90b35a6239c3d8bdabc530a6a0816f7ff89a0aaf/library/std/src/../../backtrace/src/backtrace/mod.rs:66:5
[INFO] [stdout]    2:     0x5a4a353e111a - std::sys::backtrace::_print_fmt::hc4546b8364a537c6
[INFO] [stdout]                                at /rustc/90b35a6239c3d8bdabc530a6a0816f7ff89a0aaf/library/std/src/sys/backtrace.rs:66:9
[INFO] [stdout]    3:     0x5a4a353e111a - <std::sys::backtrace::BacktraceLock::print::DisplayBacktrace as core::fmt::Display>::fmt::h5b6bd5631a6d1f6b
[INFO] [stdout]                                at /rustc/90b35a6239c3d8bdabc530a6a0816f7ff89a0aaf/library/std/src/sys/backtrace.rs:39:26
[INFO] [stdout]    4:     0x5a4a35408193 - core::fmt::rt::Argument::fmt::h270f6602a2b96f62
[INFO] [stdout]                                at /rustc/90b35a6239c3d8bdabc530a6a0816f7ff89a0aaf/library/core/src/fmt/rt.rs:177:76
[INFO] [stdout]    5:     0x5a4a35408193 - core::fmt::write::h7550c97b06c86515
[INFO] [stdout]                                at /rustc/90b35a6239c3d8bdabc530a6a0816f7ff89a0aaf/library/core/src/fmt/mod.rs:1186:21
[INFO] [stdout]    6:     0x5a4a353ddec3 - std::io::Write::write_fmt::h509ff860e5956e5e
[INFO] [stdout]                                at /rustc/90b35a6239c3d8bdabc530a6a0816f7ff89a0aaf/library/std/src/io/mod.rs:1839:15
[INFO] [stdout]    7:     0x5a4a353e0f62 - std::sys::backtrace::BacktraceLock::print::h2395ccd2c84ba3aa
[INFO] [stdout]                                at /rustc/90b35a6239c3d8bdabc530a6a0816f7ff89a0aaf/library/std/src/sys/backtrace.rs:42:9
[INFO] [stdout]    8:     0x5a4a353e25fa - std::panicking::default_hook::{{closure}}::he19d4c7230e07961
[INFO] [stdout]                                at /rustc/90b35a6239c3d8bdabc530a6a0816f7ff89a0aaf/library/std/src/panicking.rs:268:22
[INFO] [stdout]    9:     0x5a4a353e2404 - std::panicking::default_hook::hf614597d3c67bbdb
[INFO] [stdout]                                at /rustc/90b35a6239c3d8bdabc530a6a0816f7ff89a0aaf/library/std/src/panicking.rs:292:9
[INFO] [stdout]   10:     0x5a4a353a3de9 - <alloc::boxed::Box<F,A> as core::ops::function::Fn<Args>>::call::h39b51ce4599c23d1
[INFO] [stdout]                                at /rustc/90b35a6239c3d8bdabc530a6a0816f7ff89a0aaf/library/alloc/src/boxed.rs:2468:9
[INFO] [stdout]   11:     0x5a4a353a3de9 - test::test_main::{{closure}}::he977ae839a582784
[INFO] [stdout]                                at /rustc/90b35a6239c3d8bdabc530a6a0816f7ff89a0aaf/library/test/src/lib.rs:133:21
[INFO] [stdout]   12:     0x5a4a353e2c98 - <alloc::boxed::Box<F,A> as core::ops::function::Fn<Args>>::call::h9455091b6b06f9fb
[INFO] [stdout]                                at /rustc/90b35a6239c3d8bdabc530a6a0816f7ff89a0aaf/library/alloc/src/boxed.rs:2468:9
[INFO] [stdout]   13:     0x5a4a353e2c98 - std::panicking::rust_panic_with_hook::h8942133a8b252070
[INFO] [stdout]                                at /rustc/90b35a6239c3d8bdabc530a6a0816f7ff89a0aaf/library/std/src/panicking.rs:809:13
[INFO] [stdout]   14:     0x5a4a353e2a5a - std::panicking::begin_panic_handler::{{closure}}::hb5f5963570096b29
[INFO] [stdout]                                at /rustc/90b35a6239c3d8bdabc530a6a0816f7ff89a0aaf/library/std/src/panicking.rs:674:13
[INFO] [stdout]   15:     0x5a4a353e15f9 - std::sys::backtrace::__rust_end_short_backtrace::h6208cedc1922feda
[INFO] [stdout]                                at /rustc/90b35a6239c3d8bdabc530a6a0816f7ff89a0aaf/library/std/src/sys/backtrace.rs:170:18
[INFO] [stdout]   16:     0x5a4a353e26ec - rust_begin_unwind
[INFO] [stdout]                                at /rustc/90b35a6239c3d8bdabc530a6a0816f7ff89a0aaf/library/std/src/panicking.rs:665:5
[INFO] [stdout]   17:     0x5a4a3535c020 - core::panicking::panic_fmt::h0c3082644d1bf418
[INFO] [stdout]                                at /rustc/90b35a6239c3d8bdabc530a6a0816f7ff89a0aaf/library/core/src/panicking.rs:74:14
[INFO] [stdout]   18:     0x5a4a353ae3ca - core::panicking::panic_display::h8ca7354cfe191005
[INFO] [stdout]                                at /rustc/90b35a6239c3d8bdabc530a6a0816f7ff89a0aaf/library/core/src/panicking.rs:264:5
[INFO] [stdout]   19:     0x5a4a353ae3ca - assert_cmd::assert::AssertError::panic::h8356b569a05fb9e4
[INFO] [stdout]                                at /rustc/90b35a6239c3d8bdabc530a6a0816f7ff89a0aaf/library/std/src/panic.rs:225:9
[INFO] [stdout]   20:     0x5a4a353ae3ca - core::ops::function::FnOnce::call_once::hf068076526105620
[INFO] [stdout]                                at /rustc/90b35a6239c3d8bdabc530a6a0816f7ff89a0aaf/library/core/src/ops/function.rs:250:5
[INFO] [stdout]   21:     0x5a4a353af4d9 - core::result::Result<T,E>::unwrap_or_else::he185fd9960d466a3
[INFO] [stdout]                                at /rustc/90b35a6239c3d8bdabc530a6a0816f7ff89a0aaf/library/core/src/result.rs:1458:23
[INFO] [stdout]   22:     0x5a4a353af4d9 - assert_cmd::assert::Assert::success::h34cc5ac2661e505f
[INFO] [stdout]                                at /opt/rustwide/cargo-home/registry/src/index.crates.io-6f17d22bba15001f/assert_cmd-1.0.8/src/assert.rs:249:28
[INFO] [stdout]   23:     0x5a4a35367535 - integration_test::full_test_dist::hb7b7dee1e0586544
[INFO] [stdout]                                at /opt/rustwide/workdir/tests/integration_test.rs:537:5
[INFO] [stdout]   24:     0x5a4a3535e389 - integration_test::full_test_dist::{{closure}}::h5026883a35254e08
[INFO] [stdout]                                at /opt/rustwide/workdir/tests/integration_test.rs:215:20
[INFO] [stdout]   25:     0x5a4a3535e389 - core::ops::function::FnOnce::call_once::h7c7bd8b738adf0f1
[INFO] [stdout]                                at /rustc/90b35a6239c3d8bdabc530a6a0816f7ff89a0aaf/library/core/src/ops/function.rs:250:5
[INFO] [stdout]   26:     0x5a4a353a87ab - core::ops::function::FnOnce::call_once::h109cf8051a59b34e
[INFO] [stdout]                                at /rustc/90b35a6239c3d8bdabc530a6a0816f7ff89a0aaf/library/core/src/ops/function.rs:250:5
[INFO] [stdout]   27:     0x5a4a353a87ab - test::__rust_begin_short_backtrace::hf4fff89d377446ba
[INFO] [stdout]                                at /rustc/90b35a6239c3d8bdabc530a6a0816f7ff89a0aaf/library/test/src/lib.rs:621:18
[INFO] [stdout]   28:     0x5a4a353a7fe7 - test::run_test_in_process::{{closure}}::h0e39181dd7ee5a43
[INFO] [stdout]                                at /rustc/90b35a6239c3d8bdabc530a6a0816f7ff89a0aaf/library/test/src/lib.rs:644:60
[INFO] [stdout]   29:     0x5a4a353a7fe7 - <core::panic::unwind_safe::AssertUnwindSafe<F> as core::ops::function::FnOnce<()>>::call_once::hc5a66a30f0bdfd1f
[INFO] [stdout]                                at /rustc/90b35a6239c3d8bdabc530a6a0816f7ff89a0aaf/library/core/src/panic/unwind_safe.rs:272:9
[INFO] [stdout]   30:     0x5a4a353a7fe7 - std::panicking::try::do_call::h873b7cf639554a5e
[INFO] [stdout]                                at /rustc/90b35a6239c3d8bdabc530a6a0816f7ff89a0aaf/library/std/src/panicking.rs:557:40
[INFO] [stdout]   31:     0x5a4a353a7fe7 - std::panicking::try::hdb19862fad9c8bd1
[INFO] [stdout]                                at /rustc/90b35a6239c3d8bdabc530a6a0816f7ff89a0aaf/library/std/src/panicking.rs:520:19
[INFO] [stdout]   32:     0x5a4a353a7fe7 - std::panic::catch_unwind::h281fe732d236d260
[INFO] [stdout]                                at /rustc/90b35a6239c3d8bdabc530a6a0816f7ff89a0aaf/library/std/src/panic.rs:358:14
[INFO] [stdout]   33:     0x5a4a353a7fe7 - test::run_test_in_process::h949b6df8457ed338
[INFO] [stdout]                                at /rustc/90b35a6239c3d8bdabc530a6a0816f7ff89a0aaf/library/test/src/lib.rs:644:27
[INFO] [stdout]   34:     0x5a4a353a7fe7 - test::run_test::{{closure}}::h52c556a6d4740e10
[INFO] [stdout]                                at /rustc/90b35a6239c3d8bdabc530a6a0816f7ff89a0aaf/library/test/src/lib.rs:565:43
[INFO] [stdout]   35:     0x5a4a3536d2c4 - test::run_test::{{closure}}::h4237f6381c45ccb9
[INFO] [stdout]                                at /rustc/90b35a6239c3d8bdabc530a6a0816f7ff89a0aaf/library/test/src/lib.rs:595:41
[INFO] [stdout]   36:     0x5a4a3536d2c4 - std::sys::backtrace::__rust_begin_short_backtrace::h505c97a579eca628
[INFO] [stdout]                                at /rustc/90b35a6239c3d8bdabc530a6a0816f7ff89a0aaf/library/std/src/sys/backtrace.rs:154:18
[INFO] [stdout]   37:     0x5a4a3537098e - std::thread::Builder::spawn_unchecked_::{{closure}}::{{closure}}::h9e86b2e2bc107ea3
[INFO] [stdout]                                at /rustc/90b35a6239c3d8bdabc530a6a0816f7ff89a0aaf/library/std/src/thread/mod.rs:538:17
[INFO] [stdout]   38:     0x5a4a3537098e - <core::panic::unwind_safe::AssertUnwindSafe<F> as core::ops::function::FnOnce<()>>::call_once::h8b06ddb275ff4a25
[INFO] [stdout]                                at /rustc/90b35a6239c3d8bdabc530a6a0816f7ff89a0aaf/library/core/src/panic/unwind_safe.rs:272:9
[INFO] [stdout]   39:     0x5a4a3537098e - std::panicking::try::do_call::hb26ecd7cd9a9355d
[INFO] [stdout]                                at /rustc/90b35a6239c3d8bdabc530a6a0816f7ff89a0aaf/library/std/src/panicking.rs:557:40
[INFO] [stdout]   40:     0x5a4a3537098e - std::panicking::try::h8ddeca9d705f9069
[INFO] [stdout]                                at /rustc/90b35a6239c3d8bdabc530a6a0816f7ff89a0aaf/library/std/src/panicking.rs:520:19
[INFO] [stdout]   41:     0x5a4a3537098e - std::panic::catch_unwind::h49e1c33078844c46
[INFO] [stdout]                                at /rustc/90b35a6239c3d8bdabc530a6a0816f7ff89a0aaf/library/std/src/panic.rs:358:14
[INFO] [stdout]   42:     0x5a4a3537098e - std::thread::Builder::spawn_unchecked_::{{closure}}::h6073db6ff56ad35d
[INFO] [stdout]                                at /rustc/90b35a6239c3d8bdabc530a6a0816f7ff89a0aaf/library/std/src/thread/mod.rs:537:30
[INFO] [stdout]   43:     0x5a4a3537098e - core::ops::function::FnOnce::call_once{{vtable.shim}}::h2c5a5f3779c774f1
[INFO] [stdout]                                at /rustc/90b35a6239c3d8bdabc530a6a0816f7ff89a0aaf/library/core/src/ops/function.rs:250:5
[INFO] [stdout]   44:     0x5a4a353e73cb - <alloc::boxed::Box<F,A> as core::ops::function::FnOnce<Args>>::call_once::hf75717d9f28faebf
[INFO] [stdout]                                at /rustc/90b35a6239c3d8bdabc530a6a0816f7ff89a0aaf/library/alloc/src/boxed.rs:2454:9
[INFO] [stdout]   45:     0x5a4a353e73cb - <alloc::boxed::Box<F,A> as core::ops::function::FnOnce<Args>>::call_once::h7bd883a5f3c5f3c1
[INFO] [stdout]                                at /rustc/90b35a6239c3d8bdabc530a6a0816f7ff89a0aaf/library/alloc/src/boxed.rs:2454:9
[INFO] [stdout]   46:     0x5a4a353e73cb - std::sys::pal::unix::thread::Thread::new::thread_start::hcc78f3943333fa94
[INFO] [stdout]                                at /rustc/90b35a6239c3d8bdabc530a6a0816f7ff89a0aaf/library/std/src/sys/pal/unix/thread.rs:105:17
[INFO] [stdout]   47:     0x7dc4b1c90ac3 - <unknown>
[INFO] [stdout]   48:     0x7dc4b1d21a04 - clone
[INFO] [stdout]   49:                0x0 - <unknown>
[INFO] [stdout] 
[INFO] [stdout] 
[INFO] [stdout] failures:
[INFO] [stdout]     full_test_dist
[INFO] [stdout]     full_test_sketch_and_search
[INFO] [stdout]     full_test_triangle
[INFO] [stdout] 
[INFO] [stdout] test result: FAILED. 0 passed; 3 failed; 0 ignored; 0 measured; 0 filtered out; finished in 5.69s
[INFO] [stdout] 
[INFO] running `Command { std: "docker" "inspect" "b4ad2818353be40f64c95c9f3956628e89db034a27ac1d7ca6070220252204c6", kill_on_drop: false }`
[INFO] running `Command { std: "docker" "rm" "-f" "b4ad2818353be40f64c95c9f3956628e89db034a27ac1d7ca6070220252204c6", kill_on_drop: false }`
[INFO] [stdout] b4ad2818353be40f64c95c9f3956628e89db034a27ac1d7ca6070220252204c6
