[INFO] cloning repository https://github.com/blood-rogue/panda
[INFO] running `Command { std: "git" "-c" "credential.helper=" "-c" "credential.helper=/workspace/cargo-home/bin/git-credential-null" "clone" "--bare" "https://github.com/blood-rogue/panda" "/workspace/cache/git-repos/https%3A%2F%2Fgithub.com%2Fblood-rogue%2Fpanda", kill_on_drop: false }`
[INFO] [stderr] Cloning into bare repository '/workspace/cache/git-repos/https%3A%2F%2Fgithub.com%2Fblood-rogue%2Fpanda'...
[INFO] running `Command { std: "git" "rev-parse" "HEAD", kill_on_drop: false }`
[INFO] [stdout] b105344fc3ff52b52fc22dea9989c8ad280dc827
[INFO] testing blood-rogue/panda against 1.83.0 for beta-1.84.0-4-retry
[INFO] running `Command { std: "git" "clone" "/workspace/cache/git-repos/https%3A%2F%2Fgithub.com%2Fblood-rogue%2Fpanda" "/workspace/builds/worker-5-tc1/source", kill_on_drop: false }`
[INFO] [stderr] Cloning into '/workspace/builds/worker-5-tc1/source'...
[INFO] [stderr] done.
[INFO] validating manifest of git repo https://github.com/blood-rogue/panda on toolchain 1.83.0
[INFO] running `Command { std: CARGO_HOME="/workspace/cargo-home" RUSTUP_HOME="/workspace/rustup-home" "/workspace/cargo-home/bin/cargo" "+1.83.0" "metadata" "--manifest-path" "Cargo.toml" "--no-deps", kill_on_drop: false }`
[INFO] started tweaking git repo https://github.com/blood-rogue/panda
[INFO] finished tweaking git repo https://github.com/blood-rogue/panda
[INFO] tweaked toml for git repo https://github.com/blood-rogue/panda written to /workspace/builds/worker-5-tc1/source/Cargo.toml
[INFO] crate git repo https://github.com/blood-rogue/panda already has a lockfile, it will not be regenerated
[INFO] running `Command { std: CARGO_HOME="/workspace/cargo-home" RUSTUP_HOME="/workspace/rustup-home" "/workspace/cargo-home/bin/cargo" "+1.83.0" "fetch" "--manifest-path" "Cargo.toml", kill_on_drop: false }`
[INFO] running `Command { std: "docker" "create" "-v" "/var/lib/crater-agent-workspace/builds/worker-5-tc1/target:/opt/rustwide/target:rw,Z" "-v" "/var/lib/crater-agent-workspace/builds/worker-5-tc1/source:/opt/rustwide/workdir:ro,Z" "-v" "/var/lib/crater-agent-workspace/cargo-home:/opt/rustwide/cargo-home:ro,Z" "-v" "/var/lib/crater-agent-workspace/rustup-home:/opt/rustwide/rustup-home:ro,Z" "-e" "SOURCE_DIR=/opt/rustwide/workdir" "-e" "CARGO_TARGET_DIR=/opt/rustwide/target" "-e" "CARGO_HOME=/opt/rustwide/cargo-home" "-e" "RUSTUP_HOME=/opt/rustwide/rustup-home" "-w" "/opt/rustwide/workdir" "-m" "1610612736" "--user" "0:0" "--network" "none" "ghcr.io/rust-lang/crates-build-env/linux@sha256:f3a9d4ad9d972b27faf3965f35b62e55ba32bbce8f20bc8fe909558a86702fde" "/opt/rustwide/cargo-home/bin/cargo" "+1.83.0" "metadata" "--no-deps" "--format-version=1", kill_on_drop: false }`
[INFO] [stdout] 62545ace460d26f0516c95b91dda9e56bc2b6ab563c443eebda3838a5c67ac32
[INFO] running `Command { std: "docker" "start" "-a" "62545ace460d26f0516c95b91dda9e56bc2b6ab563c443eebda3838a5c67ac32", kill_on_drop: false }`
[INFO] running `Command { std: "docker" "inspect" "62545ace460d26f0516c95b91dda9e56bc2b6ab563c443eebda3838a5c67ac32", kill_on_drop: false }`
[INFO] running `Command { std: "docker" "rm" "-f" "62545ace460d26f0516c95b91dda9e56bc2b6ab563c443eebda3838a5c67ac32", kill_on_drop: false }`
[INFO] [stdout] 62545ace460d26f0516c95b91dda9e56bc2b6ab563c443eebda3838a5c67ac32
[INFO] running `Command { std: "docker" "create" "-v" "/var/lib/crater-agent-workspace/builds/worker-5-tc1/target:/opt/rustwide/target:rw,Z" "-v" "/var/lib/crater-agent-workspace/builds/worker-5-tc1/source:/opt/rustwide/workdir:ro,Z" "-v" "/var/lib/crater-agent-workspace/cargo-home:/opt/rustwide/cargo-home:ro,Z" "-v" "/var/lib/crater-agent-workspace/rustup-home:/opt/rustwide/rustup-home:ro,Z" "-e" "SOURCE_DIR=/opt/rustwide/workdir" "-e" "CARGO_TARGET_DIR=/opt/rustwide/target" "-e" "CARGO_INCREMENTAL=0" "-e" "RUST_BACKTRACE=full" "-e" "RUSTFLAGS=--cap-lints=warn" "-e" "RUSTDOCFLAGS=--cap-lints=warn" "-e" "CARGO_HOME=/opt/rustwide/cargo-home" "-e" "RUSTUP_HOME=/opt/rustwide/rustup-home" "-w" "/opt/rustwide/workdir" "-m" "1610612736" "--user" "0:0" "--network" "none" "ghcr.io/rust-lang/crates-build-env/linux@sha256:f3a9d4ad9d972b27faf3965f35b62e55ba32bbce8f20bc8fe909558a86702fde" "/opt/rustwide/cargo-home/bin/cargo" "+1.83.0" "build" "--frozen" "--message-format=json", kill_on_drop: false }`
[INFO] [stdout] c0b24fc654d8bdc9ee9641fc82f90188398f6f8e902fdd70e1ab02dcec1d518f
[INFO] running `Command { std: "docker" "start" "-a" "c0b24fc654d8bdc9ee9641fc82f90188398f6f8e902fdd70e1ab02dcec1d518f", kill_on_drop: false }`
[INFO] [stderr]    Compiling proc-macro2 v1.0.68
[INFO] [stderr]    Compiling unicode-ident v1.0.12
[INFO] [stderr]    Compiling hashbrown v0.14.3
[INFO] [stderr]    Compiling equivalent v1.0.1
[INFO] [stderr]    Compiling libc v0.2.149
[INFO] [stderr]    Compiling toml_datetime v0.6.5
[INFO] [stderr]    Compiling rustversion v1.0.14
[INFO] [stderr]    Compiling utf8parse v0.2.1
[INFO] [stderr]    Compiling heck v0.4.1
[INFO] [stderr]    Compiling winnow v0.5.34
[INFO] [stderr]    Compiling anstyle-parse v0.2.2
[INFO] [stderr]    Compiling colorchoice v1.0.0
[INFO] [stderr]    Compiling anstyle v1.0.4
[INFO] [stderr]    Compiling anstyle-query v1.0.0
[INFO] [stderr]    Compiling ahash v0.8.3
[INFO] [stderr]    Compiling clap_lex v0.5.1
[INFO] [stderr]    Compiling anstream v0.6.4
[INFO] [stderr]    Compiling strsim v0.10.0
[INFO] [stderr]    Compiling once_cell v1.18.0
[INFO] [stderr]    Compiling whoami v1.4.1
[INFO] [stderr]    Compiling indexmap v2.1.0
[INFO] [stderr]    Compiling quote v1.0.33
[INFO] [stderr]    Compiling clap_builder v4.4.6
[INFO] [stderr]    Compiling syn v2.0.38
[INFO] [stderr]    Compiling getrandom v0.2.10
[INFO] [stderr]    Compiling toml_edit v0.21.0
[INFO] [stderr]    Compiling proc-macro-crate v3.1.0
[INFO] [stderr]    Compiling clap_derive v4.4.2
[INFO] [stderr]    Compiling num_enum_derive v0.7.2
[INFO] [stderr]    Compiling strum_macros v0.25.2
[INFO] [stderr]    Compiling num_enum v0.7.2
[INFO] [stderr]    Compiling strum v0.25.0
[INFO] [stderr]    Compiling clap v4.4.6
[INFO] [stderr]    Compiling panda v0.1.0 (/opt/rustwide/workdir)
[INFO] [stderr]     Finished `dev` profile [unoptimized + debuginfo] target(s) in 34.70s
[INFO] running `Command { std: "docker" "inspect" "c0b24fc654d8bdc9ee9641fc82f90188398f6f8e902fdd70e1ab02dcec1d518f", kill_on_drop: false }`
[INFO] running `Command { std: "docker" "rm" "-f" "c0b24fc654d8bdc9ee9641fc82f90188398f6f8e902fdd70e1ab02dcec1d518f", kill_on_drop: false }`
[INFO] [stdout] c0b24fc654d8bdc9ee9641fc82f90188398f6f8e902fdd70e1ab02dcec1d518f
[INFO] running `Command { std: "docker" "create" "-v" "/var/lib/crater-agent-workspace/builds/worker-5-tc1/target:/opt/rustwide/target:rw,Z" "-v" "/var/lib/crater-agent-workspace/builds/worker-5-tc1/source:/opt/rustwide/workdir:ro,Z" "-v" "/var/lib/crater-agent-workspace/cargo-home:/opt/rustwide/cargo-home:ro,Z" "-v" "/var/lib/crater-agent-workspace/rustup-home:/opt/rustwide/rustup-home:ro,Z" "-e" "SOURCE_DIR=/opt/rustwide/workdir" "-e" "CARGO_TARGET_DIR=/opt/rustwide/target" "-e" "CARGO_INCREMENTAL=0" "-e" "RUST_BACKTRACE=full" "-e" "RUSTFLAGS=--cap-lints=warn" "-e" "RUSTDOCFLAGS=--cap-lints=warn" "-e" "CARGO_HOME=/opt/rustwide/cargo-home" "-e" "RUSTUP_HOME=/opt/rustwide/rustup-home" "-w" "/opt/rustwide/workdir" "-m" "1610612736" "--user" "0:0" "--network" "none" "ghcr.io/rust-lang/crates-build-env/linux@sha256:f3a9d4ad9d972b27faf3965f35b62e55ba32bbce8f20bc8fe909558a86702fde" "/opt/rustwide/cargo-home/bin/cargo" "+1.83.0" "test" "--frozen" "--no-run" "--message-format=json", kill_on_drop: false }`
[INFO] [stdout] 24a74579d310cc3a68530950ee4dc6e842482d994860e1fa9774be791da97b91
[INFO] running `Command { std: "docker" "start" "-a" "24a74579d310cc3a68530950ee4dc6e842482d994860e1fa9774be791da97b91", kill_on_drop: false }`
[INFO] [stderr]    Compiling yansi v0.5.1
[INFO] [stderr]    Compiling diff v0.1.13
[INFO] [stderr]    Compiling pretty_assertions v1.4.0
[INFO] [stderr]    Compiling panda v0.1.0 (/opt/rustwide/workdir)
[INFO] [stderr]     Finished `test` profile [unoptimized + debuginfo] target(s) in 5.68s
[INFO] running `Command { std: "docker" "inspect" "24a74579d310cc3a68530950ee4dc6e842482d994860e1fa9774be791da97b91", kill_on_drop: false }`
[INFO] running `Command { std: "docker" "rm" "-f" "24a74579d310cc3a68530950ee4dc6e842482d994860e1fa9774be791da97b91", kill_on_drop: false }`
[INFO] [stdout] 24a74579d310cc3a68530950ee4dc6e842482d994860e1fa9774be791da97b91
[INFO] running `Command { std: "docker" "create" "-v" "/var/lib/crater-agent-workspace/builds/worker-5-tc1/target:/opt/rustwide/target:rw,Z" "-v" "/var/lib/crater-agent-workspace/builds/worker-5-tc1/source:/opt/rustwide/workdir:ro,Z" "-v" "/var/lib/crater-agent-workspace/cargo-home:/opt/rustwide/cargo-home:ro,Z" "-v" "/var/lib/crater-agent-workspace/rustup-home:/opt/rustwide/rustup-home:ro,Z" "-e" "SOURCE_DIR=/opt/rustwide/workdir" "-e" "CARGO_TARGET_DIR=/opt/rustwide/target" "-e" "CARGO_INCREMENTAL=0" "-e" "RUST_BACKTRACE=full" "-e" "RUSTFLAGS=--cap-lints=warn" "-e" "RUSTDOCFLAGS=--cap-lints=warn" "-e" "CARGO_HOME=/opt/rustwide/cargo-home" "-e" "RUSTUP_HOME=/opt/rustwide/rustup-home" "-w" "/opt/rustwide/workdir" "-m" "1610612736" "--user" "0:0" "--network" "none" "ghcr.io/rust-lang/crates-build-env/linux@sha256:f3a9d4ad9d972b27faf3965f35b62e55ba32bbce8f20bc8fe909558a86702fde" "/opt/rustwide/cargo-home/bin/cargo" "+1.83.0" "test" "--frozen", kill_on_drop: false }`
[INFO] [stdout] 4e1eec8032494ce9fe97273174d93cc0c833a558f5ea55832179cf8608cc927a
[INFO] running `Command { std: "docker" "start" "-a" "4e1eec8032494ce9fe97273174d93cc0c833a558f5ea55832179cf8608cc927a", kill_on_drop: false }`
[INFO] [stderr]     Finished `test` profile [unoptimized + debuginfo] target(s) in 0.06s
[INFO] [stderr]      Running unittests src/main.rs (/opt/rustwide/target/debug/deps/panda-a6d02569eae57e66)
[INFO] [stdout] 
[INFO] [stdout] running 95 tests
[INFO] [stdout] test code::tests::test_instructions_string ... ok
[INFO] [stdout] test compiler::symbol_table_tests::test_define_global ... ok
[INFO] [stdout] test compiler::symbol_table_tests::test_define_resolve_builtins ... ok
[INFO] [stdout] test compiler::symbol_table_tests::test_resolve_global ... ok
[INFO] [stdout] test code::tests::test_read_operands ... ok
[INFO] [stdout] test code::tests::test_definitions ... ok
[INFO] [stdout] test compiler::tests::test_boolean_expressions ... ok
[INFO] [stdout] test compiler::tests::test_array_literals ... ok
[INFO] [stdout] test code::tests::test_make ... ok
[INFO] [stdout] test compiler::symbol_table_tests::test_resolve_nested_local ... ok
[INFO] [stdout] test compiler::tests::test_closures ... ok
[INFO] [stdout] test compiler::tests::test_compiler_scopes ... ok
[INFO] [stdout] test compiler::tests::test_function_calls ... ok
[INFO] [stdout] test compiler::tests::test_declaration_statement_scopes ... ok
[INFO] [stdout] test compiler::tests::test_global_declaration_expressions ... ok
[INFO] [stdout] test compiler::tests::test_conditionals ... ok
[INFO] [stdout] test compiler::tests::test_index_expression ... ok
[INFO] [stdout] test compiler::tests::test_dict_literals ... ok
[INFO] [stdout] test compiler::tests::test_functions_without_return_value ... ok
[INFO] [stdout] test compiler::tests::test_builtins ... ok
[INFO] [stdout] test compiler::tests::test_char_expressions ... ok
[INFO] [stdout] test compiler::tests::test_while_loop ... ok
[INFO] [stdout] test compiler::symbol_table_tests::test_resolve_local ... ok
[INFO] [stdout] test compiler::tests::test_integer_arithmetic ... ok
[INFO] [stdout] test compiler::tests::test_recursive_functions ... ok
[INFO] [stdout] test compiler::tests::test_string_expressions ... ok
[INFO] [stdout] test code::tests::test_try_from ... ok
[INFO] [stdout] test compiler::tests::test_lambdas ... ok
[INFO] [stdout] test compiler::tests::test_nil_literal ... ok
[INFO] [stdout] test interpreters::tests::test_array_literals ... ok
[INFO] [stdout] test interpreters::tests::test_delete_statement ... ok
[INFO] [stdout] test interpreters::tests::test_array_index_expressions ... ok
[INFO] [stdout] test interpreters::tests::test_declaration_statement ... ok
[INFO] [stdout] test interpreters::tests::test_dict_literals ... ok
[INFO] [stdout] test interpreters::tests::test_bang_operator ... ok
[INFO] [stdout] test interpreters::tests::test_boolean_operation ... ok
[INFO] [stdout] test interpreters::tests::test_char_literal ... ok
[INFO] [stdout] test interpreters::tests::test_builtin_methods ... ok
[INFO] [stdout] test interpreters::tests::test_errors ... ok
[INFO] [stdout] test interpreters::tests::test_eval_integer_expression ... ok
[INFO] [stdout] test interpreters::tests::test_string_expressions ... ok
[INFO] [stdout] test interpreters::tests::test_eval_float_expression ... ok
[INFO] [stdout] test interpreters::tests::test_if_else_expression ... ok
[INFO] [stdout] test interpreters::tests::test_for_statement ... ok
[INFO] [stdout] test interpreters::tests::test_nil_literal ... ok
[INFO] [stdout] test interpreters::tests::test_assign_expressions ... FAILED
[INFO] [stdout] test interpreters::tests::test_eval_boolean_expression ... ok
[INFO] [stdout] test lexer::tests::test_next_token ... ok
[INFO] [stdout] test parser::tests::test_call_expression ... ok
[INFO] [stdout] test parser::tests::test_constructor_expression ... ok
[INFO] [stdout] test parser::tests::test_constructor_expression_empty_initializer ... ok
[INFO] [stdout] test parser::tests::test_declaration_statement ... ok
[INFO] [stdout] test parser::tests::test_delete_statement ... ok
[INFO] [stdout] test parser::tests::test_empty_for_statement ... ok
[INFO] [stdout] test parser::tests::test_empty_while_statement ... ok
[INFO] [stdout] test parser::tests::test_float_literal ... ok
[INFO] [stdout] test parser::tests::test_assign_expression ... ok
[INFO] [stdout] test parser::tests::test_for_with_break_statement ... ok
[INFO] [stdout] test parser::tests::test_for_statement ... ok
[INFO] [stdout] test parser::tests::test_char_literal_expression ... ok
[INFO] [stdout] test parser::tests::test_function_literal_with_name ... ok
[INFO] [stdout] test parser::tests::test_function_statement ... ok
[INFO] [stdout] test interpreters::tests::test_functions ... ok
[INFO] [stdout] test object::tests::test_string_hash_key ... ok
[INFO] [stdout] test parser::tests::test_identifier_expression ... ok
[INFO] [stdout] test interpreters::tests::test_while_statement ... ok
[INFO] [stdout] test parser::tests::test_for_with_continue_statement ... ok
[INFO] [stdout] test parser::tests::test_if_else_expression ... ok
[INFO] [stdout] test parser::tests::test_if_expression ... ok
[INFO] [stdout] test parser::tests::test_class_statement ... ok
[INFO] [stdout] test parser::tests::test_integer_literal ... ok
[INFO] [stdout] test parser::tests::test_boolean_literal ... ok
[INFO] [stdout] test parser::tests::test_method_call_expression ... ok
[INFO] [stdout] test parser::tests::test_import_statement ... ok
[INFO] [stdout] test parser::tests::test_lambda_expression ... ok
[INFO] [stdout] test parser::tests::test_lambda_parameter_parsing ... ok
[INFO] [stdout] test parser::tests::test_method_ident_expression ... ok
[INFO] [stdout] test parser::tests::test_nil_literal_expression ... ok
[INFO] [stdout] test parser::tests::test_parsing_array_literals ... ok
[INFO] [stdout] test parser::tests::test_parsing_index_expressions ... ok
[INFO] [stdout] test parser::tests::test_parsing_prefix_expressions ... ok
[INFO] [stdout] test parser::tests::test_parsing_dict_literal_string_keys ... ok
[INFO] [stdout] test parser::tests::test_parsing_dict_literal_with_expressions ... ok
[INFO] [stdout] test parser::tests::test_parsing_empty_dict_literal ... ok
[INFO] [stdout] test parser::tests::test_return_statement ... ok
[INFO] [stdout] test parser::tests::test_parsing_infix_expressions ... ok
[INFO] [stdout] test parser::tests::test_range_expression ... ok
[INFO] [stdout] test parser::tests::test_while_statement ... ok
[INFO] [stdout] test parser::tests::test_scope_var_expression ... ok
[INFO] [stdout] test parser::tests::test_string_literal_expression ... ok
[INFO] [stdout] test parser::tests::test_scope_constructor_expression ... ok
[INFO] [stdout] test parser::tests::test_while_with_continue_statement ... ok
[INFO] [stdout] test parser::tests::test_scope_constructor_expression_empty_initializer ... ok
[INFO] [stdout] test parser::tests::test_scope_fn_expression ... ok
[INFO] [stdout] test parser::tests::test_while_with_break_statement ... ok
[INFO] [stdout] 
[INFO] [stdout] failures:
[INFO] [stdout] 
[INFO] [stdout] ---- interpreters::tests::test_assign_expressions stdout ----
[INFO] [stdout] thread 'interpreters::tests::test_assign_expressions' panicked at src/compiler/mod.rs:621:26:
[INFO] [stdout] not yet implemented
[INFO] [stdout] stack backtrace:
[INFO] [stdout]    0:     0x574647f1262a - std::backtrace_rs::backtrace::libunwind::trace::h5a5b8284f2d0c266
[INFO] [stdout]                                at /rustc/90b35a6239c3d8bdabc530a6a0816f7ff89a0aaf/library/std/src/../../backtrace/src/backtrace/libunwind.rs:116:5
[INFO] [stdout]    1:     0x574647f1262a - std::backtrace_rs::backtrace::trace_unsynchronized::h76d4f1c9b0b875e3
[INFO] [stdout]                                at /rustc/90b35a6239c3d8bdabc530a6a0816f7ff89a0aaf/library/std/src/../../backtrace/src/backtrace/mod.rs:66:5
[INFO] [stdout]    2:     0x574647f1262a - std::sys::backtrace::_print_fmt::hc4546b8364a537c6
[INFO] [stdout]                                at /rustc/90b35a6239c3d8bdabc530a6a0816f7ff89a0aaf/library/std/src/sys/backtrace.rs:66:9
[INFO] [stdout]    3:     0x574647f1262a - <std::sys::backtrace::BacktraceLock::print::DisplayBacktrace as core::fmt::Display>::fmt::h5b6bd5631a6d1f6b
[INFO] [stdout]                                at /rustc/90b35a6239c3d8bdabc530a6a0816f7ff89a0aaf/library/std/src/sys/backtrace.rs:39:26
[INFO] [stdout]    4:     0x574647f391e3 - core::fmt::rt::Argument::fmt::h270f6602a2b96f62
[INFO] [stdout]                                at /rustc/90b35a6239c3d8bdabc530a6a0816f7ff89a0aaf/library/core/src/fmt/rt.rs:177:76
[INFO] [stdout]    5:     0x574647f391e3 - core::fmt::write::h7550c97b06c86515
[INFO] [stdout]                                at /rustc/90b35a6239c3d8bdabc530a6a0816f7ff89a0aaf/library/core/src/fmt/mod.rs:1186:21
[INFO] [stdout]    6:     0x574647f0edb3 - std::io::Write::write_fmt::h509ff860e5956e5e
[INFO] [stdout]                                at /rustc/90b35a6239c3d8bdabc530a6a0816f7ff89a0aaf/library/std/src/io/mod.rs:1839:15
[INFO] [stdout]    7:     0x574647f12472 - std::sys::backtrace::BacktraceLock::print::h2395ccd2c84ba3aa
[INFO] [stdout]                                at /rustc/90b35a6239c3d8bdabc530a6a0816f7ff89a0aaf/library/std/src/sys/backtrace.rs:42:9
[INFO] [stdout]    8:     0x574647f13a8a - std::panicking::default_hook::{{closure}}::he19d4c7230e07961
[INFO] [stdout]                                at /rustc/90b35a6239c3d8bdabc530a6a0816f7ff89a0aaf/library/std/src/panicking.rs:268:22
[INFO] [stdout]    9:     0x574647f13894 - std::panicking::default_hook::hf614597d3c67bbdb
[INFO] [stdout]                                at /rustc/90b35a6239c3d8bdabc530a6a0816f7ff89a0aaf/library/std/src/panicking.rs:292:9
[INFO] [stdout]   10:     0x574647eb2699 - <alloc::boxed::Box<F,A> as core::ops::function::Fn<Args>>::call::h39b51ce4599c23d1
[INFO] [stdout]                                at /rustc/90b35a6239c3d8bdabc530a6a0816f7ff89a0aaf/library/alloc/src/boxed.rs:2468:9
[INFO] [stdout]   11:     0x574647eb2699 - test::test_main::{{closure}}::he977ae839a582784
[INFO] [stdout]                                at /rustc/90b35a6239c3d8bdabc530a6a0816f7ff89a0aaf/library/test/src/lib.rs:133:21
[INFO] [stdout]   12:     0x574647f14128 - <alloc::boxed::Box<F,A> as core::ops::function::Fn<Args>>::call::h9455091b6b06f9fb
[INFO] [stdout]                                at /rustc/90b35a6239c3d8bdabc530a6a0816f7ff89a0aaf/library/alloc/src/boxed.rs:2468:9
[INFO] [stdout]   13:     0x574647f14128 - std::panicking::rust_panic_with_hook::h8942133a8b252070
[INFO] [stdout]                                at /rustc/90b35a6239c3d8bdabc530a6a0816f7ff89a0aaf/library/std/src/panicking.rs:809:13
[INFO] [stdout]   14:     0x574647f13eb6 - std::panicking::begin_panic_handler::{{closure}}::hb5f5963570096b29
[INFO] [stdout]                                at /rustc/90b35a6239c3d8bdabc530a6a0816f7ff89a0aaf/library/std/src/panicking.rs:667:13
[INFO] [stdout]   15:     0x574647f12b09 - std::sys::backtrace::__rust_end_short_backtrace::h6208cedc1922feda
[INFO] [stdout]                                at /rustc/90b35a6239c3d8bdabc530a6a0816f7ff89a0aaf/library/std/src/sys/backtrace.rs:170:18
[INFO] [stdout]   16:     0x574647f13b7c - rust_begin_unwind
[INFO] [stdout]                                at /rustc/90b35a6239c3d8bdabc530a6a0816f7ff89a0aaf/library/std/src/panicking.rs:665:5
[INFO] [stdout]   17:     0x574647d6fab0 - core::panicking::panic_fmt::h0c3082644d1bf418
[INFO] [stdout]                                at /rustc/90b35a6239c3d8bdabc530a6a0816f7ff89a0aaf/library/core/src/panicking.rs:74:14
[INFO] [stdout]   18:     0x574647d6fb3c - core::panicking::panic::h957f98c65a3b3074
[INFO] [stdout]                                at /rustc/90b35a6239c3d8bdabc530a6a0816f7ff89a0aaf/library/core/src/panicking.rs:148:5
[INFO] [stdout]   19:     0x574647e0ff4c - panda::compiler::Compiler::compile::h7434919c24e93eef
[INFO] [stdout]                                at /opt/rustwide/workdir/src/compiler/mod.rs:621:26
[INFO] [stdout]   20:     0x574647e0a355 - panda::compiler::Compiler::compile::h7434919c24e93eef
[INFO] [stdout]                                at /opt/rustwide/workdir/src/compiler/mod.rs:112:21
[INFO] [stdout]   21:     0x574647e0a040 - panda::compiler::Compiler::compile::h7434919c24e93eef
[INFO] [stdout]                                at /opt/rustwide/workdir/src/compiler/mod.rs:102:21
[INFO] [stdout]   22:     0x574647e3b630 - panda::interpreters::tests::run_tests::h9e9cc2f3d13282c8
[INFO] [stdout]                                at /opt/rustwide/workdir/src/interpreters/tests.rs:44:27
[INFO] [stdout]   23:     0x574647e4628b - panda::interpreters::tests::test_assign_expressions::h276ffb53ebcccd3c
[INFO] [stdout]                                at /opt/rustwide/workdir/src/interpreters/tests.rs:1436:5
[INFO] [stdout]   24:     0x574647e46157 - panda::interpreters::tests::test_assign_expressions::{{closure}}::h1d30e9e5008a7d09
[INFO] [stdout]                                at /opt/rustwide/workdir/src/interpreters/tests.rs:1435:29
[INFO] [stdout]   25:     0x574647e2a0e6 - core::ops::function::FnOnce::call_once::h1115374ac740db56
[INFO] [stdout]                                at /rustc/90b35a6239c3d8bdabc530a6a0816f7ff89a0aaf/library/core/src/ops/function.rs:250:5
[INFO] [stdout]   26:     0x574647eb705b - core::ops::function::FnOnce::call_once::h109cf8051a59b34e
[INFO] [stdout]                                at /rustc/90b35a6239c3d8bdabc530a6a0816f7ff89a0aaf/library/core/src/ops/function.rs:250:5
[INFO] [stdout]   27:     0x574647eb705b - test::__rust_begin_short_backtrace::hf4fff89d377446ba
[INFO] [stdout]                                at /rustc/90b35a6239c3d8bdabc530a6a0816f7ff89a0aaf/library/test/src/lib.rs:621:18
[INFO] [stdout]   28:     0x574647eb6897 - test::run_test_in_process::{{closure}}::h0e39181dd7ee5a43
[INFO] [stdout]                                at /rustc/90b35a6239c3d8bdabc530a6a0816f7ff89a0aaf/library/test/src/lib.rs:644:60
[INFO] [stdout]   29:     0x574647eb6897 - <core::panic::unwind_safe::AssertUnwindSafe<F> as core::ops::function::FnOnce<()>>::call_once::hc5a66a30f0bdfd1f
[INFO] [stdout]                                at /rustc/90b35a6239c3d8bdabc530a6a0816f7ff89a0aaf/library/core/src/panic/unwind_safe.rs:272:9
[INFO] [stdout]   30:     0x574647eb6897 - std::panicking::try::do_call::h873b7cf639554a5e
[INFO] [stdout]                                at /rustc/90b35a6239c3d8bdabc530a6a0816f7ff89a0aaf/library/std/src/panicking.rs:557:40
[INFO] [stdout]   31:     0x574647eb6897 - std::panicking::try::hdb19862fad9c8bd1
[INFO] [stdout]                                at /rustc/90b35a6239c3d8bdabc530a6a0816f7ff89a0aaf/library/std/src/panicking.rs:520:19
[INFO] [stdout]   32:     0x574647eb6897 - std::panic::catch_unwind::h281fe732d236d260
[INFO] [stdout]                                at /rustc/90b35a6239c3d8bdabc530a6a0816f7ff89a0aaf/library/std/src/panic.rs:358:14
[INFO] [stdout]   33:     0x574647eb6897 - test::run_test_in_process::h949b6df8457ed338
[INFO] [stdout]                                at /rustc/90b35a6239c3d8bdabc530a6a0816f7ff89a0aaf/library/test/src/lib.rs:644:27
[INFO] [stdout]   34:     0x574647eb6897 - test::run_test::{{closure}}::h52c556a6d4740e10
[INFO] [stdout]                                at /rustc/90b35a6239c3d8bdabc530a6a0816f7ff89a0aaf/library/test/src/lib.rs:565:43
[INFO] [stdout]   35:     0x574647e7bb74 - test::run_test::{{closure}}::h4237f6381c45ccb9
[INFO] [stdout]                                at /rustc/90b35a6239c3d8bdabc530a6a0816f7ff89a0aaf/library/test/src/lib.rs:595:41
[INFO] [stdout]   36:     0x574647e7bb74 - std::sys::backtrace::__rust_begin_short_backtrace::h505c97a579eca628
[INFO] [stdout]                                at /rustc/90b35a6239c3d8bdabc530a6a0816f7ff89a0aaf/library/std/src/sys/backtrace.rs:154:18
[INFO] [stdout]   37:     0x574647e7f23e - std::thread::Builder::spawn_unchecked_::{{closure}}::{{closure}}::h9e86b2e2bc107ea3
[INFO] [stdout]                                at /rustc/90b35a6239c3d8bdabc530a6a0816f7ff89a0aaf/library/std/src/thread/mod.rs:538:17
[INFO] [stdout]   38:     0x574647e7f23e - <core::panic::unwind_safe::AssertUnwindSafe<F> as core::ops::function::FnOnce<()>>::call_once::h8b06ddb275ff4a25
[INFO] [stdout]                                at /rustc/90b35a6239c3d8bdabc530a6a0816f7ff89a0aaf/library/core/src/panic/unwind_safe.rs:272:9
[INFO] [stdout]   39:     0x574647e7f23e - std::panicking::try::do_call::hb26ecd7cd9a9355d
[INFO] [stdout]                                at /rustc/90b35a6239c3d8bdabc530a6a0816f7ff89a0aaf/library/std/src/panicking.rs:557:40
[INFO] [stdout]   40:     0x574647e7f23e - std::panicking::try::h8ddeca9d705f9069
[INFO] [stdout]                                at /rustc/90b35a6239c3d8bdabc530a6a0816f7ff89a0aaf/library/std/src/panicking.rs:520:19
[INFO] [stdout]   41:     0x574647e7f23e - std::panic::catch_unwind::h49e1c33078844c46
[INFO] [stdout]                                at /rustc/90b35a6239c3d8bdabc530a6a0816f7ff89a0aaf/library/std/src/panic.rs:358:14
[INFO] [stdout]   42:     0x574647e7f23e - std::thread::Builder::spawn_unchecked_::{{closure}}::h6073db6ff56ad35d
[INFO] [stdout]                                at /rustc/90b35a6239c3d8bdabc530a6a0816f7ff89a0aaf/library/std/src/thread/mod.rs:537:30
[INFO] [stdout]   43:     0x574647e7f23e - core::ops::function::FnOnce::call_once{{vtable.shim}}::h2c5a5f3779c774f1
[INFO] [stdout]                                at /rustc/90b35a6239c3d8bdabc530a6a0816f7ff89a0aaf/library/core/src/ops/function.rs:250:5
[INFO] [stdout]   44:     0x574647f17e7b - <alloc::boxed::Box<F,A> as core::ops::function::FnOnce<Args>>::call_once::hf75717d9f28faebf
[INFO] [stdout]                                at /rustc/90b35a6239c3d8bdabc530a6a0816f7ff89a0aaf/library/alloc/src/boxed.rs:2454:9
[INFO] [stdout]   45:     0x574647f17e7b - <alloc::boxed::Box<F,A> as core::ops::function::FnOnce<Args>>::call_once::h7bd883a5f3c5f3c1
[INFO] [stdout]                                at /rustc/90b35a6239c3d8bdabc530a6a0816f7ff89a0aaf/library/alloc/src/boxed.rs:2454:9
[INFO] [stdout]   46:     0x574647f17e7b - std::sys::pal::unix::thread::Thread::new::thread_start::hcc78f3943333fa94
[INFO] [stdout]                                at /rustc/90b35a6239c3d8bdabc530a6a0816f7ff89a0aaf/library/std/src/sys/pal/unix/thread.rs:105:17
[INFO] [stdout]   47:     0x7f5a30eb0ac3 - <unknown>
[INFO] [stdout]   48:     0x7f5a30f41a04 - clone
[INFO] [stdout]   49:                0x0 - <unknown>
[INFO] [stdout] 
[INFO] [stdout] 
[INFO] [stdout] failures:
[INFO] [stdout]     interpreters::tests::test_assign_expressions
[INFO] [stdout] 
[INFO] [stdout] test result: FAILED. 94 passed; 1 failed; 0 ignored; 0 measured; 0 filtered out; finished in 0.16s
[INFO] [stdout] 
[INFO] [stderr] error: test failed, to rerun pass `--bin panda`
[INFO] running `Command { std: "docker" "inspect" "4e1eec8032494ce9fe97273174d93cc0c833a558f5ea55832179cf8608cc927a", kill_on_drop: false }`
[INFO] running `Command { std: "docker" "rm" "-f" "4e1eec8032494ce9fe97273174d93cc0c833a558f5ea55832179cf8608cc927a", kill_on_drop: false }`
[INFO] [stdout] 4e1eec8032494ce9fe97273174d93cc0c833a558f5ea55832179cf8608cc927a
